I20260710 11:05:47.514808 17248 leader_election.cc:304] T 4028a133203142e2a0a2740e2b184d0b P dae770cf754f49d5b23144ead5b3a810 [CANDIDATE]: Term 1 pre-election: Election decided. Result: candidate won. Election summary: received 2 responses out of 3 voters: 2 yes votes; 0 no votes. yes voters: dae770cf754f49d5b23144ead5b3a810, ea86e35f3f954001a93a72463357fb55; no voters: 
I20260710 11:05:47.515115 17424 raft_consensus.cc:515] T 464956464bf4431e8b99d1797c226f9e P dae770cf754f49d5b23144ead5b3a810 [term 0 FOLLOWER]: Starting pre-election with config: opid_index: -1 OBSOLETE_local: false peers { permanent_uuid: "9f53d3829ef440439df19f44806fb6d1" member_type: VOTER last_known_addr { host: "127.16.172.129" port: 42243 } } peers { permanent_uuid: "dae770cf754f49d5b23144ead5b3a810" member_type: VOTER last_known_addr { host: "127.16.172.130" port: 36897 } } peers { permanent_uuid: "ea86e35f3f954001a93a72463357fb55" member_type: VOTER last_known_addr { host: "127.16.172.131" port: 41755 } }
I20260710 11:05:47.515712 17408 raft_consensus.cc:2804] T 4028a133203142e2a0a2740e2b184d0b P dae770cf754f49d5b23144ead5b3a810 [term 0 FOLLOWER]: Leader pre-election won for term 1
I20260710 11:05:47.516054 17408 raft_consensus.cc:493] T 4028a133203142e2a0a2740e2b184d0b P dae770cf754f49d5b23144ead5b3a810 [term 0 FOLLOWER]: Starting leader election (no leader contacted us within the election timeout)
I20260710 11:05:47.516372 17408 raft_consensus.cc:3060] T 4028a133203142e2a0a2740e2b184d0b P dae770cf754f49d5b23144ead5b3a810 [term 0 FOLLOWER]: Advancing to term 1
I20260710 11:05:47.517220 17424 leader_election.cc:290] T 464956464bf4431e8b99d1797c226f9e P dae770cf754f49d5b23144ead5b3a810 [CANDIDATE]: Term 1 pre-election: Requested pre-vote from peers 9f53d3829ef440439df19f44806fb6d1 (127.16.172.129:42243), ea86e35f3f954001a93a72463357fb55 (127.16.172.131:41755)
I20260710 11:05:47.520943 17409 raft_consensus.cc:493] T c185556348e64a54b41b6960da5eceb6 P ea86e35f3f954001a93a72463357fb55 [term 0 FOLLOWER]: Starting pre-election (no leader contacted us within the election timeout)
I20260710 11:05:47.521615 17409 raft_consensus.cc:515] T c185556348e64a54b41b6960da5eceb6 P ea86e35f3f954001a93a72463357fb55 [term 0 FOLLOWER]: Starting pre-election with config: opid_index: -1 OBSOLETE_local: false peers { permanent_uuid: "9f53d3829ef440439df19f44806fb6d1" member_type: VOTER last_known_addr { host: "127.16.172.129" port: 42243 } } peers { permanent_uuid: "dae770cf754f49d5b23144ead5b3a810" member_type: VOTER last_known_addr { host: "127.16.172.130" port: 36897 } } peers { permanent_uuid: "ea86e35f3f954001a93a72463357fb55" member_type: VOTER last_known_addr { host: "127.16.172.131" port: 41755 } }
I20260710 11:05:47.523742 17408 raft_consensus.cc:515] T 4028a133203142e2a0a2740e2b184d0b P dae770cf754f49d5b23144ead5b3a810 [term 1 FOLLOWER]: Starting leader election with config: opid_index: -1 OBSOLETE_local: false peers { permanent_uuid: "9f53d3829ef440439df19f44806fb6d1" member_type: VOTER last_known_addr { host: "127.16.172.129" port: 42243 } } peers { permanent_uuid: "dae770cf754f49d5b23144ead5b3a810" member_type: VOTER last_known_addr { host: "127.16.172.130" port: 36897 } } peers { permanent_uuid: "ea86e35f3f954001a93a72463357fb55" member_type: VOTER last_known_addr { host: "127.16.172.131" port: 41755 } }
I20260710 11:05:47.524272 17424 raft_consensus.cc:493] T 6cb33d843f034ca49ab1acd67352768b P dae770cf754f49d5b23144ead5b3a810 [term 0 FOLLOWER]: Starting pre-election (no leader contacted us within the election timeout)
I20260710 11:05:47.524724 17424 raft_consensus.cc:515] T 6cb33d843f034ca49ab1acd67352768b P dae770cf754f49d5b23144ead5b3a810 [term 0 FOLLOWER]: Starting pre-election with config: opid_index: -1 OBSOLETE_local: false peers { permanent_uuid: "9f53d3829ef440439df19f44806fb6d1" member_type: VOTER last_known_addr { host: "127.16.172.129" port: 42243 } } peers { permanent_uuid: "dae770cf754f49d5b23144ead5b3a810" member_type: VOTER last_known_addr { host: "127.16.172.130" port: 36897 } } peers { permanent_uuid: "ea86e35f3f954001a93a72463357fb55" member_type: VOTER last_known_addr { host: "127.16.172.131" port: 41755 } }
I20260710 11:05:47.526391 17358 tablet_service.cc:1917] Received RequestConsensusVote() RPC: tablet_id: "464956464bf4431e8b99d1797c226f9e" candidate_uuid: "dae770cf754f49d5b23144ead5b3a810" candidate_term: 1 candidate_status { last_received { term: 0 index: 0 } } ignore_live_leader: false dest_uuid: "ea86e35f3f954001a93a72463357fb55" is_pre_election: true
I20260710 11:05:47.526645 17424 leader_election.cc:290] T 6cb33d843f034ca49ab1acd67352768b P dae770cf754f49d5b23144ead5b3a810 [CANDIDATE]: Term 1 pre-election: Requested pre-vote from peers 9f53d3829ef440439df19f44806fb6d1 (127.16.172.129:42243), ea86e35f3f954001a93a72463357fb55 (127.16.172.131:41755)
I20260710 11:05:47.530516 17403 ts_tablet_manager.cc:1434] T b9381b27ed564dd1ac0d68717eacad17 P ea86e35f3f954001a93a72463357fb55: Time spent starting tablet: real 0.061s	user 0.008s	sys 0.000s
I20260710 11:05:47.536397 17408 leader_election.cc:290] T 4028a133203142e2a0a2740e2b184d0b P dae770cf754f49d5b23144ead5b3a810 [CANDIDATE]: Term 1 election: Requested vote from peers 9f53d3829ef440439df19f44806fb6d1 (127.16.172.129:42243), ea86e35f3f954001a93a72463357fb55 (127.16.172.131:41755)
W20260710 11:05:47.537813 17248 leader_election.cc:343] T 464956464bf4431e8b99d1797c226f9e P dae770cf754f49d5b23144ead5b3a810 [CANDIDATE]: Term 1 pre-election: Tablet error from VoteRequest() call to peer ea86e35f3f954001a93a72463357fb55 (127.16.172.131:41755): Illegal state: must be running to vote when last-logged opid is not known
I20260710 11:05:47.540570 17209 tablet_service.cc:1917] Received RequestConsensusVote() RPC: tablet_id: "4028a133203142e2a0a2740e2b184d0b" candidate_uuid: "dae770cf754f49d5b23144ead5b3a810" candidate_term: 1 candidate_status { last_received { term: 0 index: 0 } } ignore_live_leader: false dest_uuid: "9f53d3829ef440439df19f44806fb6d1" is_pre_election: true
I20260710 11:05:47.542948 17209 tablet_service.cc:1917] Received RequestConsensusVote() RPC: tablet_id: "464956464bf4431e8b99d1797c226f9e" candidate_uuid: "dae770cf754f49d5b23144ead5b3a810" candidate_term: 1 candidate_status { last_received { term: 0 index: 0 } } ignore_live_leader: false dest_uuid: "9f53d3829ef440439df19f44806fb6d1" is_pre_election: true
I20260710 11:05:47.543787 17209 raft_consensus.cc:2468] T 464956464bf4431e8b99d1797c226f9e P 9f53d3829ef440439df19f44806fb6d1 [term 0 FOLLOWER]: Leader pre-election vote request: Granting yes vote for candidate dae770cf754f49d5b23144ead5b3a810 in term 0.
I20260710 11:05:47.545208 17407 raft_consensus.cc:493] T 52cf3a67e09a4f12b066235b57454f6c P 9f53d3829ef440439df19f44806fb6d1 [term 0 FOLLOWER]: Starting pre-election (no leader contacted us within the election timeout)
I20260710 11:05:47.545994 17407 raft_consensus.cc:515] T 52cf3a67e09a4f12b066235b57454f6c P 9f53d3829ef440439df19f44806fb6d1 [term 0 FOLLOWER]: Starting pre-election with config: opid_index: -1 OBSOLETE_local: false peers { permanent_uuid: "9f53d3829ef440439df19f44806fb6d1" member_type: VOTER last_known_addr { host: "127.16.172.129" port: 42243 } } peers { permanent_uuid: "dae770cf754f49d5b23144ead5b3a810" member_type: VOTER last_known_addr { host: "127.16.172.130" port: 36897 } } peers { permanent_uuid: "ea86e35f3f954001a93a72463357fb55" member_type: VOTER last_known_addr { host: "127.16.172.131" port: 41755 } }
I20260710 11:05:47.548699 17407 leader_election.cc:290] T 52cf3a67e09a4f12b066235b57454f6c P 9f53d3829ef440439df19f44806fb6d1 [CANDIDATE]: Term 1 pre-election: Requested pre-vote from peers dae770cf754f49d5b23144ead5b3a810 (127.16.172.130:36897), ea86e35f3f954001a93a72463357fb55 (127.16.172.131:41755)
I20260710 11:05:47.527832 17409 leader_election.cc:290] T c185556348e64a54b41b6960da5eceb6 P ea86e35f3f954001a93a72463357fb55 [CANDIDATE]: Term 1 pre-election: Requested pre-vote from peers 9f53d3829ef440439df19f44806fb6d1 (127.16.172.129:42243), dae770cf754f49d5b23144ead5b3a810 (127.16.172.130:36897)
I20260710 11:05:47.558909 17209 tablet_service.cc:1917] Received RequestConsensusVote() RPC: tablet_id: "6cb33d843f034ca49ab1acd67352768b" candidate_uuid: "dae770cf754f49d5b23144ead5b3a810" candidate_term: 1 candidate_status { last_received { term: 0 index: 0 } } ignore_live_leader: false dest_uuid: "9f53d3829ef440439df19f44806fb6d1" is_pre_election: true
I20260710 11:05:47.565374 17358 tablet_service.cc:1917] Received RequestConsensusVote() RPC: tablet_id: "6cb33d843f034ca49ab1acd67352768b" candidate_uuid: "dae770cf754f49d5b23144ead5b3a810" candidate_term: 1 candidate_status { last_received { term: 0 index: 0 } } ignore_live_leader: false dest_uuid: "ea86e35f3f954001a93a72463357fb55" is_pre_election: true
I20260710 11:05:47.566064 17358 raft_consensus.cc:2468] T 6cb33d843f034ca49ab1acd67352768b P ea86e35f3f954001a93a72463357fb55 [term 0 FOLLOWER]: Leader pre-election vote request: Granting yes vote for candidate dae770cf754f49d5b23144ead5b3a810 in term 0.
I20260710 11:05:47.567320 17358 tablet_service.cc:1917] Received RequestConsensusVote() RPC: tablet_id: "4028a133203142e2a0a2740e2b184d0b" candidate_uuid: "dae770cf754f49d5b23144ead5b3a810" candidate_term: 1 candidate_status { last_received { term: 0 index: 0 } } ignore_live_leader: false dest_uuid: "ea86e35f3f954001a93a72463357fb55"
I20260710 11:05:47.566824 17209 tablet_service.cc:1917] Received RequestConsensusVote() RPC: tablet_id: "4028a133203142e2a0a2740e2b184d0b" candidate_uuid: "dae770cf754f49d5b23144ead5b3a810" candidate_term: 1 candidate_status { last_received { term: 0 index: 0 } } ignore_live_leader: false dest_uuid: "9f53d3829ef440439df19f44806fb6d1"
I20260710 11:05:47.568169 17358 raft_consensus.cc:3060] T 4028a133203142e2a0a2740e2b184d0b P ea86e35f3f954001a93a72463357fb55 [term 0 FOLLOWER]: Advancing to term 1
I20260710 11:05:47.569684 17403 tablet_bootstrap.cc:492] T 99299b549cbe4da68468f670b9fe3a4c P ea86e35f3f954001a93a72463357fb55: Bootstrap starting.
W20260710 11:05:47.570569 17250 leader_election.cc:343] T 4028a133203142e2a0a2740e2b184d0b P dae770cf754f49d5b23144ead5b3a810 [CANDIDATE]: Term 1 pre-election: Tablet error from VoteRequest() call to peer 9f53d3829ef440439df19f44806fb6d1 (127.16.172.129:42243): Illegal state: must be running to vote when last-logged opid is not known
I20260710 11:05:47.574898 17358 raft_consensus.cc:2468] T 4028a133203142e2a0a2740e2b184d0b P ea86e35f3f954001a93a72463357fb55 [term 1 FOLLOWER]: Leader election vote request: Granting yes vote for candidate dae770cf754f49d5b23144ead5b3a810 in term 1.
I20260710 11:05:47.591674 17401 tablet_bootstrap.cc:492] T cca860d797cf464898779c63ef83a8c5 P 9f53d3829ef440439df19f44806fb6d1: No bootstrap required, opened a new log
I20260710 11:05:47.592792 17248 leader_election.cc:304] T 6cb33d843f034ca49ab1acd67352768b P dae770cf754f49d5b23144ead5b3a810 [CANDIDATE]: Term 1 pre-election: Election decided. Result: candidate won. Election summary: received 2 responses out of 3 voters: 2 yes votes; 0 no votes. yes voters: dae770cf754f49d5b23144ead5b3a810, ea86e35f3f954001a93a72463357fb55; no voters: 
I20260710 11:05:47.592876 17401 ts_tablet_manager.cc:1403] T cca860d797cf464898779c63ef83a8c5 P 9f53d3829ef440439df19f44806fb6d1: Time spent bootstrapping tablet: real 0.151s	user 0.051s	sys 0.082s
I20260710 11:05:47.595577 17408 raft_consensus.cc:2804] T 6cb33d843f034ca49ab1acd67352768b P dae770cf754f49d5b23144ead5b3a810 [term 0 FOLLOWER]: Leader pre-election won for term 1
I20260710 11:05:47.596176 17408 raft_consensus.cc:493] T 6cb33d843f034ca49ab1acd67352768b P dae770cf754f49d5b23144ead5b3a810 [term 0 FOLLOWER]: Starting leader election (no leader contacted us within the election timeout)
I20260710 11:05:47.597085 17408 raft_consensus.cc:3060] T 6cb33d843f034ca49ab1acd67352768b P dae770cf754f49d5b23144ead5b3a810 [term 0 FOLLOWER]: Advancing to term 1
I20260710 11:05:47.599081 17401 raft_consensus.cc:359] T cca860d797cf464898779c63ef83a8c5 P 9f53d3829ef440439df19f44806fb6d1 [term 0 FOLLOWER]: Replica starting. Triggering 0 pending ops. Active config: opid_index: -1 OBSOLETE_local: false peers { permanent_uuid: "9f53d3829ef440439df19f44806fb6d1" member_type: VOTER last_known_addr { host: "127.16.172.129" port: 42243 } } peers { permanent_uuid: "dae770cf754f49d5b23144ead5b3a810" member_type: VOTER last_known_addr { host: "127.16.172.130" port: 36897 } } peers { permanent_uuid: "ea86e35f3f954001a93a72463357fb55" member_type: VOTER last_known_addr { host: "127.16.172.131" port: 41755 } }
I20260710 11:05:47.599824 17401 raft_consensus.cc:385] T cca860d797cf464898779c63ef83a8c5 P 9f53d3829ef440439df19f44806fb6d1 [term 0 FOLLOWER]: Consensus starting up: Expiring failure detector timer to make a prompt election more likely
I20260710 11:05:47.600112 17401 raft_consensus.cc:740] T cca860d797cf464898779c63ef83a8c5 P 9f53d3829ef440439df19f44806fb6d1 [term 0 FOLLOWER]: Becoming Follower/Learner. State: Replica: 9f53d3829ef440439df19f44806fb6d1, State: Initialized, Role: FOLLOWER
I20260710 11:05:47.594388 17250 leader_election.cc:304] T 464956464bf4431e8b99d1797c226f9e P dae770cf754f49d5b23144ead5b3a810 [CANDIDATE]: Term 1 pre-election: Election decided. Result: candidate won. Election summary: received 3 responses out of 3 voters: 2 yes votes; 1 no votes. yes voters: 9f53d3829ef440439df19f44806fb6d1, dae770cf754f49d5b23144ead5b3a810; no voters: ea86e35f3f954001a93a72463357fb55
I20260710 11:05:47.602393 17424 raft_consensus.cc:2804] T 464956464bf4431e8b99d1797c226f9e P dae770cf754f49d5b23144ead5b3a810 [term 0 FOLLOWER]: Leader pre-election won for term 1
I20260710 11:05:47.604499 17424 raft_consensus.cc:493] T 464956464bf4431e8b99d1797c226f9e P dae770cf754f49d5b23144ead5b3a810 [term 0 FOLLOWER]: Starting leader election (no leader contacted us within the election timeout)
I20260710 11:05:47.604995 17424 raft_consensus.cc:3060] T 464956464bf4431e8b99d1797c226f9e P dae770cf754f49d5b23144ead5b3a810 [term 0 FOLLOWER]: Advancing to term 1
W20260710 11:05:47.604398 17250 leader_election.cc:343] T 6cb33d843f034ca49ab1acd67352768b P dae770cf754f49d5b23144ead5b3a810 [CANDIDATE]: Term 1 pre-election: Tablet error from VoteRequest() call to peer 9f53d3829ef440439df19f44806fb6d1 (127.16.172.129:42243): Illegal state: must be running to vote when last-logged opid is not known
I20260710 11:05:47.607051 17423 raft_consensus.cc:493] T 52cf3a67e09a4f12b066235b57454f6c P dae770cf754f49d5b23144ead5b3a810 [term 0 FOLLOWER]: Starting pre-election (no leader contacted us within the election timeout)
I20260710 11:05:47.600867 17401 consensus_queue.cc:260] T cca860d797cf464898779c63ef83a8c5 P 9f53d3829ef440439df19f44806fb6d1 [NON_LEADER]: Queue going to NON_LEADER mode. State: All replicated index: 0, Majority replicated index: 0, Committed index: 0, Last appended: 0.0, Last appended by leader: 0, Current term: 0, Majority size: -1, State: 0, Mode: NON_LEADER, active raft config: opid_index: -1 OBSOLETE_local: false peers { permanent_uuid: "9f53d3829ef440439df19f44806fb6d1" member_type: VOTER last_known_addr { host: "127.16.172.129" port: 42243 } } peers { permanent_uuid: "dae770cf754f49d5b23144ead5b3a810" member_type: VOTER last_known_addr { host: "127.16.172.130" port: 36897 } } peers { permanent_uuid: "ea86e35f3f954001a93a72463357fb55" member_type: VOTER last_known_addr { host: "127.16.172.131" port: 41755 } }
I20260710 11:05:47.607544 17423 raft_consensus.cc:515] T 52cf3a67e09a4f12b066235b57454f6c P dae770cf754f49d5b23144ead5b3a810 [term 0 FOLLOWER]: Starting pre-election with config: opid_index: -1 OBSOLETE_local: false peers { permanent_uuid: "9f53d3829ef440439df19f44806fb6d1" member_type: VOTER last_known_addr { host: "127.16.172.129" port: 42243 } } peers { permanent_uuid: "dae770cf754f49d5b23144ead5b3a810" member_type: VOTER last_known_addr { host: "127.16.172.130" port: 36897 } } peers { permanent_uuid: "ea86e35f3f954001a93a72463357fb55" member_type: VOTER last_known_addr { host: "127.16.172.131" port: 41755 } }
W20260710 11:05:47.608669 17250 leader_election.cc:343] T 4028a133203142e2a0a2740e2b184d0b P dae770cf754f49d5b23144ead5b3a810 [CANDIDATE]: Term 1 election: Tablet error from VoteRequest() call to peer 9f53d3829ef440439df19f44806fb6d1 (127.16.172.129:42243): Illegal state: must be running to vote when last-logged opid is not known
I20260710 11:05:47.610143 17284 tablet_service.cc:1917] Received RequestConsensusVote() RPC: tablet_id: "c185556348e64a54b41b6960da5eceb6" candidate_uuid: "9f53d3829ef440439df19f44806fb6d1" candidate_term: 1 candidate_status { last_received { term: 0 index: 0 } } ignore_live_leader: false dest_uuid: "dae770cf754f49d5b23144ead5b3a810" is_pre_election: true
I20260710 11:05:47.613266 17402 tablet_bootstrap.cc:492] T 8ace4ff013ea476c8d5b6973483ef9b3 P dae770cf754f49d5b23144ead5b3a810: No bootstrap required, opened a new log
I20260710 11:05:47.613726 17402 ts_tablet_manager.cc:1403] T 8ace4ff013ea476c8d5b6973483ef9b3 P dae770cf754f49d5b23144ead5b3a810: Time spent bootstrapping tablet: real 0.144s	user 0.012s	sys 0.023s
I20260710 11:05:47.614542 17435 raft_consensus.cc:493] T 52cf3a67e09a4f12b066235b57454f6c P ea86e35f3f954001a93a72463357fb55 [term 0 FOLLOWER]: Starting pre-election (no leader contacted us within the election timeout)
I20260710 11:05:47.615048 17435 raft_consensus.cc:515] T 52cf3a67e09a4f12b066235b57454f6c P ea86e35f3f954001a93a72463357fb55 [term 0 FOLLOWER]: Starting pre-election with config: opid_index: -1 OBSOLETE_local: false peers { permanent_uuid: "9f53d3829ef440439df19f44806fb6d1" member_type: VOTER last_known_addr { host: "127.16.172.129" port: 42243 } } peers { permanent_uuid: "dae770cf754f49d5b23144ead5b3a810" member_type: VOTER last_known_addr { host: "127.16.172.130" port: 36897 } } peers { permanent_uuid: "ea86e35f3f954001a93a72463357fb55" member_type: VOTER last_known_addr { host: "127.16.172.131" port: 41755 } }
I20260710 11:05:47.620430 17284 tablet_service.cc:1917] Received RequestConsensusVote() RPC: tablet_id: "464956464bf4431e8b99d1797c226f9e" candidate_uuid: "9f53d3829ef440439df19f44806fb6d1" candidate_term: 1 candidate_status { last_received { term: 0 index: 0 } } ignore_live_leader: false dest_uuid: "dae770cf754f49d5b23144ead5b3a810" is_pre_election: true
I20260710 11:05:47.622875 17408 raft_consensus.cc:515] T 6cb33d843f034ca49ab1acd67352768b P dae770cf754f49d5b23144ead5b3a810 [term 1 FOLLOWER]: Starting leader election with config: opid_index: -1 OBSOLETE_local: false peers { permanent_uuid: "9f53d3829ef440439df19f44806fb6d1" member_type: VOTER last_known_addr { host: "127.16.172.129" port: 42243 } } peers { permanent_uuid: "dae770cf754f49d5b23144ead5b3a810" member_type: VOTER last_known_addr { host: "127.16.172.130" port: 36897 } } peers { permanent_uuid: "ea86e35f3f954001a93a72463357fb55" member_type: VOTER last_known_addr { host: "127.16.172.131" port: 41755 } }
I20260710 11:05:47.629012 17423 leader_election.cc:290] T 52cf3a67e09a4f12b066235b57454f6c P dae770cf754f49d5b23144ead5b3a810 [CANDIDATE]: Term 1 pre-election: Requested pre-vote from peers 9f53d3829ef440439df19f44806fb6d1 (127.16.172.129:42243), ea86e35f3f954001a93a72463357fb55 (127.16.172.131:41755)
I20260710 11:05:47.628542 17209 tablet_service.cc:1917] Received RequestConsensusVote() RPC: tablet_id: "c185556348e64a54b41b6960da5eceb6" candidate_uuid: "ea86e35f3f954001a93a72463357fb55" candidate_term: 1 candidate_status { last_received { term: 0 index: 0 } } ignore_live_leader: false dest_uuid: "9f53d3829ef440439df19f44806fb6d1" is_pre_election: true
I20260710 11:05:47.631831 17208 tablet_service.cc:1917] Received RequestConsensusVote() RPC: tablet_id: "52cf3a67e09a4f12b066235b57454f6c" candidate_uuid: "dae770cf754f49d5b23144ead5b3a810" candidate_term: 1 candidate_status { last_received { term: 0 index: 0 } } ignore_live_leader: false dest_uuid: "9f53d3829ef440439df19f44806fb6d1" is_pre_election: true
I20260710 11:05:47.634112 17208 raft_consensus.cc:2468] T 52cf3a67e09a4f12b066235b57454f6c P 9f53d3829ef440439df19f44806fb6d1 [term 0 FOLLOWER]: Leader pre-election vote request: Granting yes vote for candidate dae770cf754f49d5b23144ead5b3a810 in term 0.
I20260710 11:05:47.635751 17358 tablet_service.cc:1917] Received RequestConsensusVote() RPC: tablet_id: "c185556348e64a54b41b6960da5eceb6" candidate_uuid: "9f53d3829ef440439df19f44806fb6d1" candidate_term: 1 candidate_status { last_received { term: 0 index: 0 } } ignore_live_leader: false dest_uuid: "ea86e35f3f954001a93a72463357fb55" is_pre_election: true
I20260710 11:05:47.631052 17283 tablet_service.cc:1917] Received RequestConsensusVote() RPC: tablet_id: "52cf3a67e09a4f12b066235b57454f6c" candidate_uuid: "9f53d3829ef440439df19f44806fb6d1" candidate_term: 1 candidate_status { last_received { term: 0 index: 0 } } ignore_live_leader: false dest_uuid: "dae770cf754f49d5b23144ead5b3a810" is_pre_election: true
I20260710 11:05:47.634609 17209 raft_consensus.cc:2468] T c185556348e64a54b41b6960da5eceb6 P 9f53d3829ef440439df19f44806fb6d1 [term 0 FOLLOWER]: Leader pre-election vote request: Granting yes vote for candidate ea86e35f3f954001a93a72463357fb55 in term 0.
I20260710 11:05:47.626760 17248 leader_election.cc:304] T 4028a133203142e2a0a2740e2b184d0b P dae770cf754f49d5b23144ead5b3a810 [CANDIDATE]: Term 1 election: Election decided. Result: candidate won. Election summary: received 3 responses out of 3 voters: 2 yes votes; 1 no votes. yes voters: dae770cf754f49d5b23144ead5b3a810, ea86e35f3f954001a93a72463357fb55; no voters: 9f53d3829ef440439df19f44806fb6d1
I20260710 11:05:47.634384 17435 leader_election.cc:290] T 52cf3a67e09a4f12b066235b57454f6c P ea86e35f3f954001a93a72463357fb55 [CANDIDATE]: Term 1 pre-election: Requested pre-vote from peers 9f53d3829ef440439df19f44806fb6d1 (127.16.172.129:42243), dae770cf754f49d5b23144ead5b3a810 (127.16.172.130:36897)
I20260710 11:05:47.640076 17401 ts_tablet_manager.cc:1434] T cca860d797cf464898779c63ef83a8c5 P 9f53d3829ef440439df19f44806fb6d1: Time spent starting tablet: real 0.044s	user 0.005s	sys 0.003s
I20260710 11:05:47.641323 17358 raft_consensus.cc:2468] T c185556348e64a54b41b6960da5eceb6 P ea86e35f3f954001a93a72463357fb55 [term 0 FOLLOWER]: Leader pre-election vote request: Granting yes vote for candidate 9f53d3829ef440439df19f44806fb6d1 in term 0.
I20260710 11:05:47.644125 17423 raft_consensus.cc:2804] T 4028a133203142e2a0a2740e2b184d0b P dae770cf754f49d5b23144ead5b3a810 [term 1 FOLLOWER]: Leader election won for term 1
I20260710 11:05:47.644071 17408 leader_election.cc:290] T 6cb33d843f034ca49ab1acd67352768b P dae770cf754f49d5b23144ead5b3a810 [CANDIDATE]: Term 1 election: Requested vote from peers 9f53d3829ef440439df19f44806fb6d1 (127.16.172.129:42243), ea86e35f3f954001a93a72463357fb55 (127.16.172.131:41755)
I20260710 11:05:47.645195 17401 tablet_bootstrap.cc:492] T 4028a133203142e2a0a2740e2b184d0b P 9f53d3829ef440439df19f44806fb6d1: Bootstrap starting.
I20260710 11:05:47.640974 17283 raft_consensus.cc:2468] T 52cf3a67e09a4f12b066235b57454f6c P dae770cf754f49d5b23144ead5b3a810 [term 0 FOLLOWER]: Leader pre-election vote request: Granting yes vote for candidate 9f53d3829ef440439df19f44806fb6d1 in term 0.
I20260710 11:05:47.645239 17207 tablet_service.cc:1917] Received RequestConsensusVote() RPC: tablet_id: "52cf3a67e09a4f12b066235b57454f6c" candidate_uuid: "ea86e35f3f954001a93a72463357fb55" candidate_term: 1 candidate_status { last_received { term: 0 index: 0 } } ignore_live_leader: false dest_uuid: "9f53d3829ef440439df19f44806fb6d1" is_pre_election: true
I20260710 11:05:47.643743 17357 tablet_service.cc:1917] Received RequestConsensusVote() RPC: tablet_id: "464956464bf4431e8b99d1797c226f9e" candidate_uuid: "9f53d3829ef440439df19f44806fb6d1" candidate_term: 1 candidate_status { last_received { term: 0 index: 0 } } ignore_live_leader: false dest_uuid: "ea86e35f3f954001a93a72463357fb55" is_pre_election: true
I20260710 11:05:47.643353 17402 raft_consensus.cc:359] T 8ace4ff013ea476c8d5b6973483ef9b3 P dae770cf754f49d5b23144ead5b3a810 [term 0 FOLLOWER]: Replica starting. Triggering 0 pending ops. Active config: opid_index: -1 OBSOLETE_local: false peers { permanent_uuid: "9f53d3829ef440439df19f44806fb6d1" member_type: VOTER last_known_addr { host: "127.16.172.129" port: 42243 } } peers { permanent_uuid: "dae770cf754f49d5b23144ead5b3a810" member_type: VOTER last_known_addr { host: "127.16.172.130" port: 36897 } } peers { permanent_uuid: "ea86e35f3f954001a93a72463357fb55" member_type: VOTER last_known_addr { host: "127.16.172.131" port: 41755 } }
I20260710 11:05:47.644330 17250 leader_election.cc:304] T 52cf3a67e09a4f12b066235b57454f6c P dae770cf754f49d5b23144ead5b3a810 [CANDIDATE]: Term 1 pre-election: Election decided. Result: candidate won. Election summary: received 2 responses out of 3 voters: 2 yes votes; 0 no votes. yes voters: 9f53d3829ef440439df19f44806fb6d1, dae770cf754f49d5b23144ead5b3a810; no voters: 
I20260710 11:05:47.647472 17207 raft_consensus.cc:2468] T 52cf3a67e09a4f12b066235b57454f6c P 9f53d3829ef440439df19f44806fb6d1 [term 0 FOLLOWER]: Leader pre-election vote request: Granting yes vote for candidate ea86e35f3f954001a93a72463357fb55 in term 0.
I20260710 11:05:47.680923 17402 raft_consensus.cc:385] T 8ace4ff013ea476c8d5b6973483ef9b3 P dae770cf754f49d5b23144ead5b3a810 [term 0 FOLLOWER]: Consensus starting up: Expiring failure detector timer to make a prompt election more likely
I20260710 11:05:47.683560 17408 raft_consensus.cc:2804] T 52cf3a67e09a4f12b066235b57454f6c P dae770cf754f49d5b23144ead5b3a810 [term 0 FOLLOWER]: Leader pre-election won for term 1
I20260710 11:05:47.681262 17423 raft_consensus.cc:697] T 4028a133203142e2a0a2740e2b184d0b P dae770cf754f49d5b23144ead5b3a810 [term 1 LEADER]: Becoming Leader. State: Replica: dae770cf754f49d5b23144ead5b3a810, State: Running, Role: LEADER
W20260710 11:05:47.651806 17175 leader_election.cc:343] T c185556348e64a54b41b6960da5eceb6 P 9f53d3829ef440439df19f44806fb6d1 [CANDIDATE]: Term 1 pre-election: Tablet error from VoteRequest() call to peer dae770cf754f49d5b23144ead5b3a810 (127.16.172.130:36897): Illegal state: must be running to vote when last-logged opid is not known
I20260710 11:05:47.684316 17324 leader_election.cc:304] T c185556348e64a54b41b6960da5eceb6 P ea86e35f3f954001a93a72463357fb55 [CANDIDATE]: Term 1 pre-election: Election decided. Result: candidate won. Election summary: received 2 responses out of 3 voters: 2 yes votes; 0 no votes. yes voters: 9f53d3829ef440439df19f44806fb6d1, ea86e35f3f954001a93a72463357fb55; no voters: 
I20260710 11:05:47.684209 17402 raft_consensus.cc:740] T 8ace4ff013ea476c8d5b6973483ef9b3 P dae770cf754f49d5b23144ead5b3a810 [term 0 FOLLOWER]: Becoming Follower/Learner. State: Replica: dae770cf754f49d5b23144ead5b3a810, State: Initialized, Role: FOLLOWER
I20260710 11:05:47.688915 17401 tablet_bootstrap.cc:654] T 4028a133203142e2a0a2740e2b184d0b P 9f53d3829ef440439df19f44806fb6d1: Neither blocks nor log segments found. Creating new log.
I20260710 11:05:47.689286 17283 tablet_service.cc:1917] Received RequestConsensusVote() RPC: tablet_id: "c185556348e64a54b41b6960da5eceb6" candidate_uuid: "ea86e35f3f954001a93a72463357fb55" candidate_term: 1 candidate_status { last_received { term: 0 index: 0 } } ignore_live_leader: false dest_uuid: "dae770cf754f49d5b23144ead5b3a810" is_pre_election: true
I20260710 11:05:47.684532 17408 raft_consensus.cc:493] T 52cf3a67e09a4f12b066235b57454f6c P dae770cf754f49d5b23144ead5b3a810 [term 0 FOLLOWER]: Starting leader election (no leader contacted us within the election timeout)
I20260710 11:05:47.686443 17358 tablet_service.cc:1917] Received RequestConsensusVote() RPC: tablet_id: "52cf3a67e09a4f12b066235b57454f6c" candidate_uuid: "9f53d3829ef440439df19f44806fb6d1" candidate_term: 1 candidate_status { last_received { term: 0 index: 0 } } ignore_live_leader: false dest_uuid: "ea86e35f3f954001a93a72463357fb55" is_pre_election: true
I20260710 11:05:47.689569 17324 leader_election.cc:304] T 52cf3a67e09a4f12b066235b57454f6c P ea86e35f3f954001a93a72463357fb55 [CANDIDATE]: Term 1 pre-election: Election decided. Result: candidate won. Election summary: received 2 responses out of 3 voters: 2 yes votes; 0 no votes. yes voters: 9f53d3829ef440439df19f44806fb6d1, ea86e35f3f954001a93a72463357fb55; no voters: 
I20260710 11:05:47.691210 17435 raft_consensus.cc:2804] T c185556348e64a54b41b6960da5eceb6 P ea86e35f3f954001a93a72463357fb55 [term 0 FOLLOWER]: Leader pre-election won for term 1
I20260710 11:05:47.690312 17282 tablet_service.cc:1917] Received RequestConsensusVote() RPC: tablet_id: "52cf3a67e09a4f12b066235b57454f6c" candidate_uuid: "ea86e35f3f954001a93a72463357fb55" candidate_term: 1 candidate_status { last_received { term: 0 index: 0 } } ignore_live_leader: false dest_uuid: "dae770cf754f49d5b23144ead5b3a810" is_pre_election: true
I20260710 11:05:47.691723 17408 raft_consensus.cc:3060] T 52cf3a67e09a4f12b066235b57454f6c P dae770cf754f49d5b23144ead5b3a810 [term 0 FOLLOWER]: Advancing to term 1
I20260710 11:05:47.695245 17435 raft_consensus.cc:493] T c185556348e64a54b41b6960da5eceb6 P ea86e35f3f954001a93a72463357fb55 [term 0 FOLLOWER]: Starting leader election (no leader contacted us within the election timeout)
I20260710 11:05:47.695930 17356 tablet_service.cc:1917] Received RequestConsensusVote() RPC: tablet_id: "6cb33d843f034ca49ab1acd67352768b" candidate_uuid: "dae770cf754f49d5b23144ead5b3a810" candidate_term: 1 candidate_status { last_received { term: 0 index: 0 } } ignore_live_leader: false dest_uuid: "ea86e35f3f954001a93a72463357fb55"
I20260710 11:05:47.697623 17356 raft_consensus.cc:3060] T 6cb33d843f034ca49ab1acd67352768b P ea86e35f3f954001a93a72463357fb55 [term 0 FOLLOWER]: Advancing to term 1
I20260710 11:05:47.688541 17402 consensus_queue.cc:260] T 8ace4ff013ea476c8d5b6973483ef9b3 P dae770cf754f49d5b23144ead5b3a810 [NON_LEADER]: Queue going to NON_LEADER mode. State: All replicated index: 0, Majority replicated index: 0, Committed index: 0, Last appended: 0.0, Last appended by leader: 0, Current term: 0, Majority size: -1, State: 0, Mode: NON_LEADER, active raft config: opid_index: -1 OBSOLETE_local: false peers { permanent_uuid: "9f53d3829ef440439df19f44806fb6d1" member_type: VOTER last_known_addr { host: "127.16.172.129" port: 42243 } } peers { permanent_uuid: "dae770cf754f49d5b23144ead5b3a810" member_type: VOTER last_known_addr { host: "127.16.172.130" port: 36897 } } peers { permanent_uuid: "ea86e35f3f954001a93a72463357fb55" member_type: VOTER last_known_addr { host: "127.16.172.131" port: 41755 } }
I20260710 11:05:47.695725 17358 raft_consensus.cc:2468] T 52cf3a67e09a4f12b066235b57454f6c P ea86e35f3f954001a93a72463357fb55 [term 0 FOLLOWER]: Leader pre-election vote request: Granting yes vote for candidate 9f53d3829ef440439df19f44806fb6d1 in term 0.
I20260710 11:05:47.696940 17435 raft_consensus.cc:3060] T c185556348e64a54b41b6960da5eceb6 P ea86e35f3f954001a93a72463357fb55 [term 0 FOLLOWER]: Advancing to term 1
I20260710 11:05:47.699460 17409 raft_consensus.cc:2804] T 52cf3a67e09a4f12b066235b57454f6c P ea86e35f3f954001a93a72463357fb55 [term 0 FOLLOWER]: Leader pre-election won for term 1
W20260710 11:05:47.691471 17175 outbound_call.cc:321] RPC callback for RPC call kudu.consensus.ConsensusService.RequestConsensusVote -> {remote=127.16.172.130:36897, user_credentials={real_user=slave}} blocked reactor thread for 43973.6us
I20260710 11:05:47.696768 17357 tablet_service.cc:1917] Received RequestConsensusVote() RPC: tablet_id: "52cf3a67e09a4f12b066235b57454f6c" candidate_uuid: "dae770cf754f49d5b23144ead5b3a810" candidate_term: 1 candidate_status { last_received { term: 0 index: 0 } } ignore_live_leader: false dest_uuid: "ea86e35f3f954001a93a72463357fb55" is_pre_election: true
I20260710 11:05:47.697801 17424 raft_consensus.cc:515] T 464956464bf4431e8b99d1797c226f9e P dae770cf754f49d5b23144ead5b3a810 [term 1 FOLLOWER]: Starting leader election with config: opid_index: -1 OBSOLETE_local: false peers { permanent_uuid: "9f53d3829ef440439df19f44806fb6d1" member_type: VOTER last_known_addr { host: "127.16.172.129" port: 42243 } } peers { permanent_uuid: "dae770cf754f49d5b23144ead5b3a810" member_type: VOTER last_known_addr { host: "127.16.172.130" port: 36897 } } peers { permanent_uuid: "ea86e35f3f954001a93a72463357fb55" member_type: VOTER last_known_addr { host: "127.16.172.131" port: 41755 } }
W20260710 11:05:47.699805 17324 leader_election.cc:343] T c185556348e64a54b41b6960da5eceb6 P ea86e35f3f954001a93a72463357fb55 [CANDIDATE]: Term 1 pre-election: Tablet error from VoteRequest() call to peer dae770cf754f49d5b23144ead5b3a810 (127.16.172.130:36897): Illegal state: must be running to vote when last-logged opid is not known
I20260710 11:05:47.699944 17409 raft_consensus.cc:493] T 52cf3a67e09a4f12b066235b57454f6c P ea86e35f3f954001a93a72463357fb55 [term 0 FOLLOWER]: Starting leader election (no leader contacted us within the election timeout)
I20260710 11:05:47.702795 17409 raft_consensus.cc:3060] T 52cf3a67e09a4f12b066235b57454f6c P ea86e35f3f954001a93a72463357fb55 [term 0 FOLLOWER]: Advancing to term 1
I20260710 11:05:47.700294 17423 consensus_queue.cc:237] T 4028a133203142e2a0a2740e2b184d0b P dae770cf754f49d5b23144ead5b3a810 [LEADER]: Queue going to LEADER mode. State: All replicated index: 0, Majority replicated index: 0, Committed index: 0, Last appended: 0.0, Last appended by leader: 0, Current term: 1, Majority size: 2, State: 0, Mode: LEADER, active raft config: opid_index: -1 OBSOLETE_local: false peers { permanent_uuid: "9f53d3829ef440439df19f44806fb6d1" member_type: VOTER last_known_addr { host: "127.16.172.129" port: 42243 } } peers { permanent_uuid: "dae770cf754f49d5b23144ead5b3a810" member_type: VOTER last_known_addr { host: "127.16.172.130" port: 36897 } } peers { permanent_uuid: "ea86e35f3f954001a93a72463357fb55" member_type: VOTER last_known_addr { host: "127.16.172.131" port: 41755 } }
I20260710 11:05:47.705252 17284 raft_consensus.cc:2393] T 464956464bf4431e8b99d1797c226f9e P dae770cf754f49d5b23144ead5b3a810 [term 1 FOLLOWER]: Leader pre-election vote request: Denying vote to candidate 9f53d3829ef440439df19f44806fb6d1 in current term 1: Already voted for candidate dae770cf754f49d5b23144ead5b3a810 in this term.
I20260710 11:05:47.708005 17424 leader_election.cc:290] T 464956464bf4431e8b99d1797c226f9e P dae770cf754f49d5b23144ead5b3a810 [CANDIDATE]: Term 1 election: Requested vote from peers 9f53d3829ef440439df19f44806fb6d1 (127.16.172.129:42243), ea86e35f3f954001a93a72463357fb55 (127.16.172.131:41755)
I20260710 11:05:47.705406 17175 leader_election.cc:304] T 52cf3a67e09a4f12b066235b57454f6c P 9f53d3829ef440439df19f44806fb6d1 [CANDIDATE]: Term 1 pre-election: Election decided. Result: candidate won. Election summary: received 2 responses out of 3 voters: 2 yes votes; 0 no votes. yes voters: 9f53d3829ef440439df19f44806fb6d1, dae770cf754f49d5b23144ead5b3a810; no voters: 
I20260710 11:05:47.709532 17407 raft_consensus.cc:2804] T 52cf3a67e09a4f12b066235b57454f6c P 9f53d3829ef440439df19f44806fb6d1 [term 0 FOLLOWER]: Leader pre-election won for term 1
I20260710 11:05:47.710747 17358 tablet_service.cc:1917] Received RequestConsensusVote() RPC: tablet_id: "464956464bf4431e8b99d1797c226f9e" candidate_uuid: "dae770cf754f49d5b23144ead5b3a810" candidate_term: 1 candidate_status { last_received { term: 0 index: 0 } } ignore_live_leader: false dest_uuid: "ea86e35f3f954001a93a72463357fb55"
I20260710 11:05:47.710829 17407 raft_consensus.cc:493] T 52cf3a67e09a4f12b066235b57454f6c P 9f53d3829ef440439df19f44806fb6d1 [term 0 FOLLOWER]: Starting leader election (no leader contacted us within the election timeout)
I20260710 11:05:47.711375 17407 raft_consensus.cc:3060] T 52cf3a67e09a4f12b066235b57454f6c P 9f53d3829ef440439df19f44806fb6d1 [term 0 FOLLOWER]: Advancing to term 1
W20260710 11:05:47.715610 17248 leader_election.cc:343] T 464956464bf4431e8b99d1797c226f9e P dae770cf754f49d5b23144ead5b3a810 [CANDIDATE]: Term 1 election: Tablet error from VoteRequest() call to peer ea86e35f3f954001a93a72463357fb55 (127.16.172.131:41755): Illegal state: must be running to vote when last-logged opid is not known
I20260710 11:05:47.717445 17402 ts_tablet_manager.cc:1434] T 8ace4ff013ea476c8d5b6973483ef9b3 P dae770cf754f49d5b23144ead5b3a810: Time spent starting tablet: real 0.103s	user 0.011s	sys 0.003s
I20260710 11:05:47.717211 17409 raft_consensus.cc:515] T 52cf3a67e09a4f12b066235b57454f6c P ea86e35f3f954001a93a72463357fb55 [term 1 FOLLOWER]: Starting leader election with config: opid_index: -1 OBSOLETE_local: false peers { permanent_uuid: "9f53d3829ef440439df19f44806fb6d1" member_type: VOTER last_known_addr { host: "127.16.172.129" port: 42243 } } peers { permanent_uuid: "dae770cf754f49d5b23144ead5b3a810" member_type: VOTER last_known_addr { host: "127.16.172.130" port: 36897 } } peers { permanent_uuid: "ea86e35f3f954001a93a72463357fb55" member_type: VOTER last_known_addr { host: "127.16.172.131" port: 41755 } }
I20260710 11:05:47.715176 17356 raft_consensus.cc:2468] T 6cb33d843f034ca49ab1acd67352768b P ea86e35f3f954001a93a72463357fb55 [term 1 FOLLOWER]: Leader election vote request: Granting yes vote for candidate dae770cf754f49d5b23144ead5b3a810 in term 1.
I20260710 11:05:47.719549 17402 tablet_bootstrap.cc:492] T b9381b27ed564dd1ac0d68717eacad17 P dae770cf754f49d5b23144ead5b3a810: Bootstrap starting.
I20260710 11:05:47.719841 17248 leader_election.cc:304] T 6cb33d843f034ca49ab1acd67352768b P dae770cf754f49d5b23144ead5b3a810 [CANDIDATE]: Term 1 election: Election decided. Result: candidate won. Election summary: received 2 responses out of 3 voters: 2 yes votes; 0 no votes. yes voters: dae770cf754f49d5b23144ead5b3a810, ea86e35f3f954001a93a72463357fb55; no voters: 
I20260710 11:05:47.713897 17403 tablet_bootstrap.cc:654] T 99299b549cbe4da68468f670b9fe3a4c P ea86e35f3f954001a93a72463357fb55: Neither blocks nor log segments found. Creating new log.
I20260710 11:05:47.721150 17441 raft_consensus.cc:2804] T 6cb33d843f034ca49ab1acd67352768b P dae770cf754f49d5b23144ead5b3a810 [term 1 FOLLOWER]: Leader election won for term 1
I20260710 11:05:47.721160 17435 raft_consensus.cc:515] T c185556348e64a54b41b6960da5eceb6 P ea86e35f3f954001a93a72463357fb55 [term 1 FOLLOWER]: Starting leader election with config: opid_index: -1 OBSOLETE_local: false peers { permanent_uuid: "9f53d3829ef440439df19f44806fb6d1" member_type: VOTER last_known_addr { host: "127.16.172.129" port: 42243 } } peers { permanent_uuid: "dae770cf754f49d5b23144ead5b3a810" member_type: VOTER last_known_addr { host: "127.16.172.130" port: 36897 } } peers { permanent_uuid: "ea86e35f3f954001a93a72463357fb55" member_type: VOTER last_known_addr { host: "127.16.172.131" port: 41755 } }
I20260710 11:05:47.723609 17357 raft_consensus.cc:2393] T 52cf3a67e09a4f12b066235b57454f6c P ea86e35f3f954001a93a72463357fb55 [term 1 FOLLOWER]: Leader pre-election vote request: Denying vote to candidate dae770cf754f49d5b23144ead5b3a810 in current term 1: Already voted for candidate ea86e35f3f954001a93a72463357fb55 in this term.
I20260710 11:05:47.726679 17207 tablet_service.cc:1917] Received RequestConsensusVote() RPC: tablet_id: "c185556348e64a54b41b6960da5eceb6" candidate_uuid: "ea86e35f3f954001a93a72463357fb55" candidate_term: 1 candidate_status { last_received { term: 0 index: 0 } } ignore_live_leader: false dest_uuid: "9f53d3829ef440439df19f44806fb6d1"
I20260710 11:05:47.724077 17441 raft_consensus.cc:697] T 6cb33d843f034ca49ab1acd67352768b P dae770cf754f49d5b23144ead5b3a810 [term 1 LEADER]: Becoming Leader. State: Replica: dae770cf754f49d5b23144ead5b3a810, State: Running, Role: LEADER
I20260710 11:05:47.727592 17207 raft_consensus.cc:3060] T c185556348e64a54b41b6960da5eceb6 P 9f53d3829ef440439df19f44806fb6d1 [term 0 FOLLOWER]: Advancing to term 1
I20260710 11:05:47.726976 17408 raft_consensus.cc:515] T 52cf3a67e09a4f12b066235b57454f6c P dae770cf754f49d5b23144ead5b3a810 [term 1 FOLLOWER]: Starting leader election with config: opid_index: -1 OBSOLETE_local: false peers { permanent_uuid: "9f53d3829ef440439df19f44806fb6d1" member_type: VOTER last_known_addr { host: "127.16.172.129" port: 42243 } } peers { permanent_uuid: "dae770cf754f49d5b23144ead5b3a810" member_type: VOTER last_known_addr { host: "127.16.172.130" port: 36897 } } peers { permanent_uuid: "ea86e35f3f954001a93a72463357fb55" member_type: VOTER last_known_addr { host: "127.16.172.131" port: 41755 } }
I20260710 11:05:47.728668 17409 leader_election.cc:290] T 52cf3a67e09a4f12b066235b57454f6c P ea86e35f3f954001a93a72463357fb55 [CANDIDATE]: Term 1 election: Requested vote from peers 9f53d3829ef440439df19f44806fb6d1 (127.16.172.129:42243), dae770cf754f49d5b23144ead5b3a810 (127.16.172.130:36897)
I20260710 11:05:47.726972 17407 raft_consensus.cc:515] T 52cf3a67e09a4f12b066235b57454f6c P 9f53d3829ef440439df19f44806fb6d1 [term 1 FOLLOWER]: Starting leader election with config: opid_index: -1 OBSOLETE_local: false peers { permanent_uuid: "9f53d3829ef440439df19f44806fb6d1" member_type: VOTER last_known_addr { host: "127.16.172.129" port: 42243 } } peers { permanent_uuid: "dae770cf754f49d5b23144ead5b3a810" member_type: VOTER last_known_addr { host: "127.16.172.130" port: 36897 } } peers { permanent_uuid: "ea86e35f3f954001a93a72463357fb55" member_type: VOTER last_known_addr { host: "127.16.172.131" port: 41755 } }
I20260710 11:05:47.730376 17209 tablet_service.cc:1917] Received RequestConsensusVote() RPC: tablet_id: "52cf3a67e09a4f12b066235b57454f6c" candidate_uuid: "ea86e35f3f954001a93a72463357fb55" candidate_term: 1 candidate_status { last_received { term: 0 index: 0 } } ignore_live_leader: false dest_uuid: "9f53d3829ef440439df19f44806fb6d1"
I20260710 11:05:47.736111 17283 tablet_service.cc:1917] Received RequestConsensusVote() RPC: tablet_id: "52cf3a67e09a4f12b066235b57454f6c" candidate_uuid: "ea86e35f3f954001a93a72463357fb55" candidate_term: 1 candidate_status { last_received { term: 0 index: 0 } } ignore_live_leader: false dest_uuid: "dae770cf754f49d5b23144ead5b3a810"
I20260710 11:05:47.737495 17408 leader_election.cc:290] T 52cf3a67e09a4f12b066235b57454f6c P dae770cf754f49d5b23144ead5b3a810 [CANDIDATE]: Term 1 election: Requested vote from peers 9f53d3829ef440439df19f44806fb6d1 (127.16.172.129:42243), ea86e35f3f954001a93a72463357fb55 (127.16.172.131:41755)
I20260710 11:05:47.738047 17282 raft_consensus.cc:2393] T 52cf3a67e09a4f12b066235b57454f6c P dae770cf754f49d5b23144ead5b3a810 [term 1 FOLLOWER]: Leader pre-election vote request: Denying vote to candidate ea86e35f3f954001a93a72463357fb55 in current term 1: Already voted for candidate dae770cf754f49d5b23144ead5b3a810 in this term.
I20260710 11:05:47.738358 17435 leader_election.cc:290] T c185556348e64a54b41b6960da5eceb6 P ea86e35f3f954001a93a72463357fb55 [CANDIDATE]: Term 1 election: Requested vote from peers 9f53d3829ef440439df19f44806fb6d1 (127.16.172.129:42243), dae770cf754f49d5b23144ead5b3a810 (127.16.172.130:36897)
I20260710 11:05:47.740034 17209 raft_consensus.cc:2393] T 52cf3a67e09a4f12b066235b57454f6c P 9f53d3829ef440439df19f44806fb6d1 [term 1 FOLLOWER]: Leader election vote request: Denying vote to candidate ea86e35f3f954001a93a72463357fb55 in current term 1: Already voted for candidate 9f53d3829ef440439df19f44806fb6d1 in this term.
I20260710 11:05:47.740833 17356 tablet_service.cc:1917] Received RequestConsensusVote() RPC: tablet_id: "52cf3a67e09a4f12b066235b57454f6c" candidate_uuid: "dae770cf754f49d5b23144ead5b3a810" candidate_term: 1 candidate_status { last_received { term: 0 index: 0 } } ignore_live_leader: false dest_uuid: "ea86e35f3f954001a93a72463357fb55"
I20260710 11:05:47.741074 17283 tablet_service.cc:1917] Received RequestConsensusVote() RPC: tablet_id: "c185556348e64a54b41b6960da5eceb6" candidate_uuid: "ea86e35f3f954001a93a72463357fb55" candidate_term: 1 candidate_status { last_received { term: 0 index: 0 } } ignore_live_leader: false dest_uuid: "dae770cf754f49d5b23144ead5b3a810"
I20260710 11:05:47.740391 17441 consensus_queue.cc:237] T 6cb33d843f034ca49ab1acd67352768b P dae770cf754f49d5b23144ead5b3a810 [LEADER]: Queue going to LEADER mode. State: All replicated index: 0, Majority replicated index: 0, Committed index: 0, Last appended: 0.0, Last appended by leader: 0, Current term: 1, Majority size: 2, State: 0, Mode: LEADER, active raft config: opid_index: -1 OBSOLETE_local: false peers { permanent_uuid: "9f53d3829ef440439df19f44806fb6d1" member_type: VOTER last_known_addr { host: "127.16.172.129" port: 42243 } } peers { permanent_uuid: "dae770cf754f49d5b23144ead5b3a810" member_type: VOTER last_known_addr { host: "127.16.172.130" port: 36897 } } peers { permanent_uuid: "ea86e35f3f954001a93a72463357fb55" member_type: VOTER last_known_addr { host: "127.16.172.131" port: 41755 } }
W20260710 11:05:47.744472 17324 leader_election.cc:343] T c185556348e64a54b41b6960da5eceb6 P ea86e35f3f954001a93a72463357fb55 [CANDIDATE]: Term 1 election: Tablet error from VoteRequest() call to peer dae770cf754f49d5b23144ead5b3a810 (127.16.172.130:36897): Illegal state: must be running to vote when last-logged opid is not known
I20260710 11:05:47.745675 17401 tablet_bootstrap.cc:492] T 4028a133203142e2a0a2740e2b184d0b P 9f53d3829ef440439df19f44806fb6d1: No bootstrap required, opened a new log
I20260710 11:05:47.746312 17401 ts_tablet_manager.cc:1403] T 4028a133203142e2a0a2740e2b184d0b P 9f53d3829ef440439df19f44806fb6d1: Time spent bootstrapping tablet: real 0.102s	user 0.008s	sys 0.015s
I20260710 11:05:47.746654 17207 raft_consensus.cc:2468] T c185556348e64a54b41b6960da5eceb6 P 9f53d3829ef440439df19f44806fb6d1 [term 1 FOLLOWER]: Leader election vote request: Granting yes vote for candidate ea86e35f3f954001a93a72463357fb55 in term 1.
I20260710 11:05:47.747674 17324 leader_election.cc:304] T c185556348e64a54b41b6960da5eceb6 P ea86e35f3f954001a93a72463357fb55 [CANDIDATE]: Term 1 election: Election decided. Result: candidate won. Election summary: received 3 responses out of 3 voters: 2 yes votes; 1 no votes. yes voters: 9f53d3829ef440439df19f44806fb6d1, ea86e35f3f954001a93a72463357fb55; no voters: dae770cf754f49d5b23144ead5b3a810
I20260710 11:05:47.748819 17435 raft_consensus.cc:2804] T c185556348e64a54b41b6960da5eceb6 P ea86e35f3f954001a93a72463357fb55 [term 1 FOLLOWER]: Leader election won for term 1
I20260710 11:05:47.749320 17435 raft_consensus.cc:697] T c185556348e64a54b41b6960da5eceb6 P ea86e35f3f954001a93a72463357fb55 [term 1 LEADER]: Becoming Leader. State: Replica: ea86e35f3f954001a93a72463357fb55, State: Running, Role: LEADER
I20260710 11:05:47.749353 17407 leader_election.cc:290] T 52cf3a67e09a4f12b066235b57454f6c P 9f53d3829ef440439df19f44806fb6d1 [CANDIDATE]: Term 1 election: Requested vote from peers dae770cf754f49d5b23144ead5b3a810 (127.16.172.130:36897), ea86e35f3f954001a93a72463357fb55 (127.16.172.131:41755)
I20260710 11:05:47.750283 17435 consensus_queue.cc:237] T c185556348e64a54b41b6960da5eceb6 P ea86e35f3f954001a93a72463357fb55 [LEADER]: Queue going to LEADER mode. State: All replicated index: 0, Majority replicated index: 0, Committed index: 0, Last appended: 0.0, Last appended by leader: 0, Current term: 1, Majority size: 2, State: 0, Mode: LEADER, active raft config: opid_index: -1 OBSOLETE_local: false peers { permanent_uuid: "9f53d3829ef440439df19f44806fb6d1" member_type: VOTER last_known_addr { host: "127.16.172.129" port: 42243 } } peers { permanent_uuid: "dae770cf754f49d5b23144ead5b3a810" member_type: VOTER last_known_addr { host: "127.16.172.130" port: 36897 } } peers { permanent_uuid: "ea86e35f3f954001a93a72463357fb55" member_type: VOTER last_known_addr { host: "127.16.172.131" port: 41755 } }
I20260710 11:05:47.756899 17402 tablet_bootstrap.cc:654] T b9381b27ed564dd1ac0d68717eacad17 P dae770cf754f49d5b23144ead5b3a810: Neither blocks nor log segments found. Creating new log.
I20260710 11:05:47.756302 17283 tablet_service.cc:1917] Received RequestConsensusVote() RPC: tablet_id: "52cf3a67e09a4f12b066235b57454f6c" candidate_uuid: "9f53d3829ef440439df19f44806fb6d1" candidate_term: 1 candidate_status { last_received { term: 0 index: 0 } } ignore_live_leader: false dest_uuid: "dae770cf754f49d5b23144ead5b3a810"
I20260710 11:05:47.758291 17401 raft_consensus.cc:359] T 4028a133203142e2a0a2740e2b184d0b P 9f53d3829ef440439df19f44806fb6d1 [term 0 FOLLOWER]: Replica starting. Triggering 0 pending ops. Active config: opid_index: -1 OBSOLETE_local: false peers { permanent_uuid: "9f53d3829ef440439df19f44806fb6d1" member_type: VOTER last_known_addr { host: "127.16.172.129" port: 42243 } } peers { permanent_uuid: "dae770cf754f49d5b23144ead5b3a810" member_type: VOTER last_known_addr { host: "127.16.172.130" port: 36897 } } peers { permanent_uuid: "ea86e35f3f954001a93a72463357fb55" member_type: VOTER last_known_addr { host: "127.16.172.131" port: 41755 } }
I20260710 11:05:47.760627 17401 raft_consensus.cc:385] T 4028a133203142e2a0a2740e2b184d0b P 9f53d3829ef440439df19f44806fb6d1 [term 0 FOLLOWER]: Consensus starting up: Expiring failure detector timer to make a prompt election more likely
I20260710 11:05:47.761377 17401 raft_consensus.cc:740] T 4028a133203142e2a0a2740e2b184d0b P 9f53d3829ef440439df19f44806fb6d1 [term 0 FOLLOWER]: Becoming Follower/Learner. State: Replica: 9f53d3829ef440439df19f44806fb6d1, State: Initialized, Role: FOLLOWER
