[==========] Running 8 tests from 2 test suites.
[----------] Global test environment set-up.
[----------] 6 tests from LeaderRebalancerTest
[ RUN      ] LeaderRebalancerTest.FunctionalTestForDivided
WARNING: Logging before InitGoogleLogging() is written to STDERR
I20260710 11:05:44.323632 26546 internal_mini_cluster.cc:156] Creating distributed mini masters. Addrs: 127.25.236.190:43017
I20260710 11:05:44.325315 26546 env_posix.cc:2285] Not raising this process' open files per process limit of 1048576; it is already as high as it can go
I20260710 11:05:44.326297 26546 file_cache.cc:504] Constructed file cache file cache with capacity 419430
W20260710 11:05:44.343402 26552 instance_detector.cc:116] could not retrieve AWS instance metadata: Network error: curl error: HTTP response code said error: The requested URL returned error: 404
W20260710 11:05:44.343397 26555 instance_detector.cc:116] could not retrieve OpenStack instance metadata: Network error: curl error: HTTP response code said error: The requested URL returned error: 404
W20260710 11:05:44.343891 26553 instance_detector.cc:116] could not retrieve Azure instance metadata: Network error: curl error: HTTP response code said error: The requested URL returned error: 404
I20260710 11:05:44.345782 26546 server_base.cc:1061] running on GCE node
I20260710 11:05:45.608000 26546 hybrid_clock.cc:584] initializing the hybrid clock with 'system_unsync' time source
W20260710 11:05:45.608340 26546 system_unsync_time.cc:38] NTP support is disabled. Clock error bounds will not be accurate. This configuration is not suitable for distributed clusters.
I20260710 11:05:45.608582 26546 hybrid_clock.cc:648] HybridClock initialized: now 1783681545608555 us; error 0 us; skew 500 ppm
I20260710 11:05:45.609447 26546 server_base.cc:861] Flag tcmalloc_max_total_thread_cache_bytes is not working since tcmalloc is not enabled.
I20260710 11:05:45.616009 26546 webserver.cc:533] Webserver started at http://127.25.236.190:45387/ using document root <none> and password file <none>
I20260710 11:05:45.616942 26546 fs_manager.cc:362] Metadata directory not provided
I20260710 11:05:45.617172 26546 fs_manager.cc:368] Using write-ahead log directory (fs_wal_dir) as metadata directory
I20260710 11:05:45.617640 26546 server_base.cc:909] This appears to be a new deployment of Kudu; creating new FS layout
I20260710 11:05:45.623646 26546 fs_manager.cc:1068] Generated new instance metadata in path /tmp/dist-test-taskqOSiI2/test-tmp/auto_leader_rebalancer-test.0.LeaderRebalancerTest.FunctionalTestForDivided.1783681544152587-26546-0/minicluster-data/master-0-root/instance:
uuid: "497fdb630831402f94e8303b8a4cef33"
format_stamp: "Formatted at 2026-07-10 11:05:45 on dist-test-slave-lzm4"
I20260710 11:05:45.631508 26546 fs_manager.cc:696] Time spent creating directory manager: real 0.007s	user 0.006s	sys 0.000s
I20260710 11:05:45.637137 26561 log_block_manager.cc:4127] Time spent loading block containers with low live blocks: real 0.000s	user 0.000s	sys 0.000s
I20260710 11:05:45.638307 26546 fs_manager.cc:730] Time spent opening block manager: real 0.004s	user 0.005s	sys 0.000s
I20260710 11:05:45.638721 26546 fs_manager.cc:647] Opened local filesystem: /tmp/dist-test-taskqOSiI2/test-tmp/auto_leader_rebalancer-test.0.LeaderRebalancerTest.FunctionalTestForDivided.1783681544152587-26546-0/minicluster-data/master-0-root
uuid: "497fdb630831402f94e8303b8a4cef33"
format_stamp: "Formatted at 2026-07-10 11:05:45 on dist-test-slave-lzm4"
I20260710 11:05:45.639043 26546 fs_report.cc:389] FS layout report
--------------------
wal directory: /tmp/dist-test-taskqOSiI2/test-tmp/auto_leader_rebalancer-test.0.LeaderRebalancerTest.FunctionalTestForDivided.1783681544152587-26546-0/minicluster-data/master-0-root
metadata directory: /tmp/dist-test-taskqOSiI2/test-tmp/auto_leader_rebalancer-test.0.LeaderRebalancerTest.FunctionalTestForDivided.1783681544152587-26546-0/minicluster-data/master-0-root
1 data directories: /tmp/dist-test-taskqOSiI2/test-tmp/auto_leader_rebalancer-test.0.LeaderRebalancerTest.FunctionalTestForDivided.1783681544152587-26546-0/minicluster-data/master-0-root/data
Total live blocks: 0
Total live bytes: 0
Total live bytes (after alignment): 0
Total number of LBM containers: 0 (0 full)
Did not check for missing blocks
Did not check for orphaned blocks
Total full LBM containers with extra space: 0 (0 repaired)
Total full LBM container extra space in bytes: 0 (0 repaired)
Total incomplete LBM containers: 0 (0 repaired)
Total LBM partial records: 0 (0 repaired)
Total corrupted LBM metadata records in RocksDB: 0 (0 repaired)
I20260710 11:05:45.700537 26546 rpc_server.cc:225] running with OpenSSL 1.1.1  11 Sep 2018
I20260710 11:05:45.702528 26546 env_posix.cc:2285] Not raising this process' running threads per effective uid limit of 18446744073709551615; it is already as high as it can go
I20260710 11:05:45.703262 26546 kserver.cc:163] Server-wide thread pool size limit: 3276
I20260710 11:05:45.777415 26546 rpc_server.cc:307] RPC server started. Bound to: 127.25.236.190:43017
I20260710 11:05:45.777504 26612 acceptor_pool.cc:272] collecting diagnostics on the listening RPC socket 127.25.236.190:43017 every 8 connection(s)
I20260710 11:05:45.785857 26613 data_dirs.cc:400] Could only allocate 1 dirs of requested 3 for tablet 00000000000000000000000000000000. 1 dirs total, 0 dirs full, 0 dirs failed
I20260710 11:05:45.806910 26613 tablet_bootstrap.cc:492] T 00000000000000000000000000000000 P 497fdb630831402f94e8303b8a4cef33: Bootstrap starting.
I20260710 11:05:45.812786 26613 tablet_bootstrap.cc:654] T 00000000000000000000000000000000 P 497fdb630831402f94e8303b8a4cef33: Neither blocks nor log segments found. Creating new log.
I20260710 11:05:45.814574 26613 log.cc:826] T 00000000000000000000000000000000 P 497fdb630831402f94e8303b8a4cef33: Log is configured to *not* fsync() on all Append() calls
I20260710 11:05:45.819720 26613 tablet_bootstrap.cc:492] T 00000000000000000000000000000000 P 497fdb630831402f94e8303b8a4cef33: No bootstrap required, opened a new log
I20260710 11:05:45.841291 26613 raft_consensus.cc:359] T 00000000000000000000000000000000 P 497fdb630831402f94e8303b8a4cef33 [term 0 FOLLOWER]: Replica starting. Triggering 0 pending ops. Active config: opid_index: -1 OBSOLETE_local: true peers { permanent_uuid: "497fdb630831402f94e8303b8a4cef33" member_type: VOTER }
I20260710 11:05:45.841835 26613 raft_consensus.cc:385] T 00000000000000000000000000000000 P 497fdb630831402f94e8303b8a4cef33 [term 0 FOLLOWER]: Consensus starting up: Expiring failure detector timer to make a prompt election more likely
I20260710 11:05:45.842032 26613 raft_consensus.cc:740] T 00000000000000000000000000000000 P 497fdb630831402f94e8303b8a4cef33 [term 0 FOLLOWER]: Becoming Follower/Learner. State: Replica: 497fdb630831402f94e8303b8a4cef33, State: Initialized, Role: FOLLOWER
I20260710 11:05:45.842852 26613 consensus_queue.cc:260] T 00000000000000000000000000000000 P 497fdb630831402f94e8303b8a4cef33 [NON_LEADER]: Queue going to NON_LEADER mode. State: All replicated index: 0, Majority replicated index: 0, Committed index: 0, Last appended: 0.0, Last appended by leader: 0, Current term: 0, Majority size: -1, State: 0, Mode: NON_LEADER, active raft config: opid_index: -1 OBSOLETE_local: true peers { permanent_uuid: "497fdb630831402f94e8303b8a4cef33" member_type: VOTER }
I20260710 11:05:45.843302 26613 raft_consensus.cc:399] T 00000000000000000000000000000000 P 497fdb630831402f94e8303b8a4cef33 [term 0 FOLLOWER]: Only one voter in the Raft config. Triggering election immediately
I20260710 11:05:45.843538 26613 raft_consensus.cc:493] T 00000000000000000000000000000000 P 497fdb630831402f94e8303b8a4cef33 [term 0 FOLLOWER]: Starting leader election (initial election of a single-replica configuration)
I20260710 11:05:45.843858 26613 raft_consensus.cc:3060] T 00000000000000000000000000000000 P 497fdb630831402f94e8303b8a4cef33 [term 0 FOLLOWER]: Advancing to term 1
I20260710 11:05:45.847882 26613 raft_consensus.cc:515] T 00000000000000000000000000000000 P 497fdb630831402f94e8303b8a4cef33 [term 1 FOLLOWER]: Starting leader election with config: opid_index: -1 OBSOLETE_local: true peers { permanent_uuid: "497fdb630831402f94e8303b8a4cef33" member_type: VOTER }
I20260710 11:05:45.848685 26613 leader_election.cc:304] T 00000000000000000000000000000000 P 497fdb630831402f94e8303b8a4cef33 [CANDIDATE]: Term 1 election: Election decided. Result: candidate won. Election summary: received 1 responses out of 1 voters: 1 yes votes; 0 no votes. yes voters: 497fdb630831402f94e8303b8a4cef33; no voters: 
I20260710 11:05:45.850384 26613 leader_election.cc:290] T 00000000000000000000000000000000 P 497fdb630831402f94e8303b8a4cef33 [CANDIDATE]: Term 1 election: Requested vote from peers 
I20260710 11:05:45.850778 26616 raft_consensus.cc:2804] T 00000000000000000000000000000000 P 497fdb630831402f94e8303b8a4cef33 [term 1 FOLLOWER]: Leader election won for term 1
I20260710 11:05:45.853653 26616 raft_consensus.cc:697] T 00000000000000000000000000000000 P 497fdb630831402f94e8303b8a4cef33 [term 1 LEADER]: Becoming Leader. State: Replica: 497fdb630831402f94e8303b8a4cef33, State: Running, Role: LEADER
I20260710 11:05:45.854939 26616 consensus_queue.cc:237] T 00000000000000000000000000000000 P 497fdb630831402f94e8303b8a4cef33 [LEADER]: Queue going to LEADER mode. State: All replicated index: 0, Majority replicated index: 0, Committed index: 0, Last appended: 0.0, Last appended by leader: 0, Current term: 1, Majority size: 1, State: 0, Mode: LEADER, active raft config: opid_index: -1 OBSOLETE_local: true peers { permanent_uuid: "497fdb630831402f94e8303b8a4cef33" member_type: VOTER }
I20260710 11:05:45.855283 26613 sys_catalog.cc:565] T 00000000000000000000000000000000 P 497fdb630831402f94e8303b8a4cef33 [sys.catalog]: configured and running, proceeding with master startup.
I20260710 11:05:45.867156 26617 sys_catalog.cc:455] T 00000000000000000000000000000000 P 497fdb630831402f94e8303b8a4cef33 [sys.catalog]: SysCatalogTable state changed. Reason: RaftConsensus started. Latest consensus state: current_term: 1 leader_uuid: "497fdb630831402f94e8303b8a4cef33" committed_config { opid_index: -1 OBSOLETE_local: true peers { permanent_uuid: "497fdb630831402f94e8303b8a4cef33" member_type: VOTER } }
I20260710 11:05:45.868065 26617 sys_catalog.cc:458] T 00000000000000000000000000000000 P 497fdb630831402f94e8303b8a4cef33 [sys.catalog]: This master's current role is: LEADER
I20260710 11:05:45.868790 26618 sys_catalog.cc:455] T 00000000000000000000000000000000 P 497fdb630831402f94e8303b8a4cef33 [sys.catalog]: SysCatalogTable state changed. Reason: New leader 497fdb630831402f94e8303b8a4cef33. Latest consensus state: current_term: 1 leader_uuid: "497fdb630831402f94e8303b8a4cef33" committed_config { opid_index: -1 OBSOLETE_local: true peers { permanent_uuid: "497fdb630831402f94e8303b8a4cef33" member_type: VOTER } }
I20260710 11:05:45.869437 26618 sys_catalog.cc:458] T 00000000000000000000000000000000 P 497fdb630831402f94e8303b8a4cef33 [sys.catalog]: This master's current role is: LEADER
I20260710 11:05:45.874087 26626 catalog_manager.cc:1511] Loading table and tablet metadata into memory...
I20260710 11:05:45.886564 26626 catalog_manager.cc:1520] Initializing Kudu cluster ID...
I20260710 11:05:45.889112 26546 internal_mini_cluster.cc:184] Waiting to initialize catalog manager on master 0
I20260710 11:05:45.903601 26626 catalog_manager.cc:1383] Generated new cluster ID: a31d2128b59a4a33b569b3df61ff4316
I20260710 11:05:45.903931 26626 catalog_manager.cc:1531] Initializing Kudu internal certificate authority...
I20260710 11:05:45.923627 26626 catalog_manager.cc:1406] Generated new certificate authority record
I20260710 11:05:45.925288 26626 catalog_manager.cc:1540] Loading token signing keys...
I20260710 11:05:45.938055 26626 catalog_manager.cc:6070] T 00000000000000000000000000000000 P 497fdb630831402f94e8303b8a4cef33: Generated new TSK 0
I20260710 11:05:45.939218 26626 catalog_manager.cc:1550] Initializing in-progress tserver states...
I20260710 11:05:45.955557 26546 file_cache.cc:504] Constructed file cache file cache with capacity 419430
W20260710 11:05:45.964407 26635 instance_detector.cc:116] could not retrieve AWS instance metadata: Network error: curl error: HTTP response code said error: The requested URL returned error: 404
W20260710 11:05:45.965763 26636 instance_detector.cc:116] could not retrieve Azure instance metadata: Network error: curl error: HTTP response code said error: The requested URL returned error: 404
W20260710 11:05:45.969691 26638 instance_detector.cc:116] could not retrieve OpenStack instance metadata: Network error: curl error: HTTP response code said error: The requested URL returned error: 404
I20260710 11:05:45.976507 26546 server_base.cc:1061] running on GCE node
I20260710 11:05:45.977361 26546 hybrid_clock.cc:584] initializing the hybrid clock with 'system_unsync' time source
W20260710 11:05:45.977770 26546 system_unsync_time.cc:38] NTP support is disabled. Clock error bounds will not be accurate. This configuration is not suitable for distributed clusters.
I20260710 11:05:45.978134 26546 hybrid_clock.cc:648] HybridClock initialized: now 1783681545978102 us; error 0 us; skew 500 ppm
I20260710 11:05:45.978834 26546 server_base.cc:861] Flag tcmalloc_max_total_thread_cache_bytes is not working since tcmalloc is not enabled.
I20260710 11:05:45.983305 26546 webserver.cc:533] Webserver started at http://127.25.236.129:45953/ using document root <none> and password file <none>
I20260710 11:05:45.983891 26546 fs_manager.cc:362] Metadata directory not provided
I20260710 11:05:45.984151 26546 fs_manager.cc:368] Using write-ahead log directory (fs_wal_dir) as metadata directory
I20260710 11:05:45.984467 26546 server_base.cc:909] This appears to be a new deployment of Kudu; creating new FS layout
I20260710 11:05:45.985621 26546 fs_manager.cc:1068] Generated new instance metadata in path /tmp/dist-test-taskqOSiI2/test-tmp/auto_leader_rebalancer-test.0.LeaderRebalancerTest.FunctionalTestForDivided.1783681544152587-26546-0/minicluster-data/ts-0-root/instance:
uuid: "ab4152e0157f4087ad80a425d17b14a9"
format_stamp: "Formatted at 2026-07-10 11:05:45 on dist-test-slave-lzm4"
I20260710 11:05:45.991470 26546 fs_manager.cc:696] Time spent creating directory manager: real 0.005s	user 0.006s	sys 0.001s
I20260710 11:05:45.996313 26643 log_block_manager.cc:4127] Time spent loading block containers with low live blocks: real 0.000s	user 0.000s	sys 0.000s
I20260710 11:05:45.997442 26546 fs_manager.cc:730] Time spent opening block manager: real 0.004s	user 0.004s	sys 0.000s
I20260710 11:05:45.997816 26546 fs_manager.cc:647] Opened local filesystem: /tmp/dist-test-taskqOSiI2/test-tmp/auto_leader_rebalancer-test.0.LeaderRebalancerTest.FunctionalTestForDivided.1783681544152587-26546-0/minicluster-data/ts-0-root
uuid: "ab4152e0157f4087ad80a425d17b14a9"
format_stamp: "Formatted at 2026-07-10 11:05:45 on dist-test-slave-lzm4"
I20260710 11:05:45.998219 26546 fs_report.cc:389] FS layout report
--------------------
wal directory: /tmp/dist-test-taskqOSiI2/test-tmp/auto_leader_rebalancer-test.0.LeaderRebalancerTest.FunctionalTestForDivided.1783681544152587-26546-0/minicluster-data/ts-0-root
metadata directory: /tmp/dist-test-taskqOSiI2/test-tmp/auto_leader_rebalancer-test.0.LeaderRebalancerTest.FunctionalTestForDivided.1783681544152587-26546-0/minicluster-data/ts-0-root
1 data directories: /tmp/dist-test-taskqOSiI2/test-tmp/auto_leader_rebalancer-test.0.LeaderRebalancerTest.FunctionalTestForDivided.1783681544152587-26546-0/minicluster-data/ts-0-root/data
Total live blocks: 0
Total live bytes: 0
Total live bytes (after alignment): 0
Total number of LBM containers: 0 (0 full)
Did not check for missing blocks
Did not check for orphaned blocks
Total full LBM containers with extra space: 0 (0 repaired)
Total full LBM container extra space in bytes: 0 (0 repaired)
Total incomplete LBM containers: 0 (0 repaired)
Total LBM partial records: 0 (0 repaired)
Total corrupted LBM metadata records in RocksDB: 0 (0 repaired)
I20260710 11:05:46.034250 26546 rpc_server.cc:225] running with OpenSSL 1.1.1  11 Sep 2018
I20260710 11:05:46.036286 26546 kserver.cc:163] Server-wide thread pool size limit: 3276
I20260710 11:05:46.039281 26546 txn_system_client.cc:432] TxnSystemClient initialization is disabled...
I20260710 11:05:46.043563 26546 ts_tablet_manager.cc:585] Loaded tablet metadata (0 total tablets, 0 live tablets)
I20260710 11:05:46.043843 26546 ts_tablet_manager.cc:531] Time spent load tablet metadata: real 0.000s	user 0.000s	sys 0.000s
I20260710 11:05:46.044175 26546 ts_tablet_manager.cc:616] Registered 0 tablets
I20260710 11:05:46.044382 26546 ts_tablet_manager.cc:595] Time spent register tablets: real 0.000s	user 0.000s	sys 0.000s
I20260710 11:05:46.152834 26546 rpc_server.cc:307] RPC server started. Bound to: 127.25.236.129:43949
I20260710 11:05:46.152896 26705 acceptor_pool.cc:272] collecting diagnostics on the listening RPC socket 127.25.236.129:43949 every 8 connection(s)
I20260710 11:05:46.161473 26546 file_cache.cc:504] Constructed file cache file cache with capacity 419430
W20260710 11:05:46.171792 26710 instance_detector.cc:116] could not retrieve AWS instance metadata: Network error: curl error: HTTP response code said error: The requested URL returned error: 404
W20260710 11:05:46.180675 26711 instance_detector.cc:116] could not retrieve Azure instance metadata: Network error: curl error: HTTP response code said error: The requested URL returned error: 404
I20260710 11:05:46.192824 26546 server_base.cc:1061] running on GCE node
I20260710 11:05:46.194191 26706 heartbeater.cc:344] Connected to a master server at 127.25.236.190:43017
I20260710 11:05:46.194687 26706 heartbeater.cc:461] Registering TS with master...
W20260710 11:05:46.195436 26713 instance_detector.cc:116] could not retrieve OpenStack instance metadata: Network error: curl error: HTTP response code said error: The requested URL returned error: 404
I20260710 11:05:46.196448 26706 heartbeater.cc:507] Master 127.25.236.190:43017 requested a full tablet report, sending...
I20260710 11:05:46.196602 26546 hybrid_clock.cc:584] initializing the hybrid clock with 'system_unsync' time source
W20260710 11:05:46.196897 26546 system_unsync_time.cc:38] NTP support is disabled. Clock error bounds will not be accurate. This configuration is not suitable for distributed clusters.
I20260710 11:05:46.197086 26546 hybrid_clock.cc:648] HybridClock initialized: now 1783681546197068 us; error 0 us; skew 500 ppm
I20260710 11:05:46.197690 26546 server_base.cc:861] Flag tcmalloc_max_total_thread_cache_bytes is not working since tcmalloc is not enabled.
I20260710 11:05:46.199921 26578 ts_manager.cc:194] Registered new tserver with Master: ab4152e0157f4087ad80a425d17b14a9 (127.25.236.129:43949)
I20260710 11:05:46.201018 26546 webserver.cc:533] Webserver started at http://127.25.236.130:39299/ using document root <none> and password file <none>
I20260710 11:05:46.201593 26546 fs_manager.cc:362] Metadata directory not provided
I20260710 11:05:46.201812 26546 fs_manager.cc:368] Using write-ahead log directory (fs_wal_dir) as metadata directory
I20260710 11:05:46.202113 26546 server_base.cc:909] This appears to be a new deployment of Kudu; creating new FS layout
I20260710 11:05:46.202877 26578 master_service.cc:502] Signed X509 certificate for tserver {username='slave'} at 127.0.0.1:56588
I20260710 11:05:46.203472 26546 fs_manager.cc:1068] Generated new instance metadata in path /tmp/dist-test-taskqOSiI2/test-tmp/auto_leader_rebalancer-test.0.LeaderRebalancerTest.FunctionalTestForDivided.1783681544152587-26546-0/minicluster-data/ts-1-root/instance:
uuid: "4192a4dfccb54fa387c88b1ecbc782bb"
format_stamp: "Formatted at 2026-07-10 11:05:46 on dist-test-slave-lzm4"
I20260710 11:05:46.209888 26546 fs_manager.cc:696] Time spent creating directory manager: real 0.006s	user 0.004s	sys 0.004s
I20260710 11:05:46.214545 26718 log_block_manager.cc:4127] Time spent loading block containers with low live blocks: real 0.000s	user 0.000s	sys 0.000s
I20260710 11:05:46.215389 26546 fs_manager.cc:730] Time spent opening block manager: real 0.004s	user 0.003s	sys 0.001s
I20260710 11:05:46.215678 26546 fs_manager.cc:647] Opened local filesystem: /tmp/dist-test-taskqOSiI2/test-tmp/auto_leader_rebalancer-test.0.LeaderRebalancerTest.FunctionalTestForDivided.1783681544152587-26546-0/minicluster-data/ts-1-root
uuid: "4192a4dfccb54fa387c88b1ecbc782bb"
format_stamp: "Formatted at 2026-07-10 11:05:46 on dist-test-slave-lzm4"
I20260710 11:05:46.216002 26546 fs_report.cc:389] FS layout report
--------------------
wal directory: /tmp/dist-test-taskqOSiI2/test-tmp/auto_leader_rebalancer-test.0.LeaderRebalancerTest.FunctionalTestForDivided.1783681544152587-26546-0/minicluster-data/ts-1-root
metadata directory: /tmp/dist-test-taskqOSiI2/test-tmp/auto_leader_rebalancer-test.0.LeaderRebalancerTest.FunctionalTestForDivided.1783681544152587-26546-0/minicluster-data/ts-1-root
1 data directories: /tmp/dist-test-taskqOSiI2/test-tmp/auto_leader_rebalancer-test.0.LeaderRebalancerTest.FunctionalTestForDivided.1783681544152587-26546-0/minicluster-data/ts-1-root/data
Total live blocks: 0
Total live bytes: 0
Total live bytes (after alignment): 0
Total number of LBM containers: 0 (0 full)
Did not check for missing blocks
Did not check for orphaned blocks
Total full LBM containers with extra space: 0 (0 repaired)
Total full LBM container extra space in bytes: 0 (0 repaired)
Total incomplete LBM containers: 0 (0 repaired)
Total LBM partial records: 0 (0 repaired)
Total corrupted LBM metadata records in RocksDB: 0 (0 repaired)
I20260710 11:05:46.251477 26546 rpc_server.cc:225] running with OpenSSL 1.1.1  11 Sep 2018
I20260710 11:05:46.252810 26546 kserver.cc:163] Server-wide thread pool size limit: 3276
I20260710 11:05:46.255358 26546 txn_system_client.cc:432] TxnSystemClient initialization is disabled...
I20260710 11:05:46.258545 26546 ts_tablet_manager.cc:585] Loaded tablet metadata (0 total tablets, 0 live tablets)
I20260710 11:05:46.258774 26546 ts_tablet_manager.cc:531] Time spent load tablet metadata: real 0.000s	user 0.000s	sys 0.000s
I20260710 11:05:46.259042 26546 ts_tablet_manager.cc:616] Registered 0 tablets
I20260710 11:05:46.259215 26546 ts_tablet_manager.cc:595] Time spent register tablets: real 0.000s	user 0.000s	sys 0.000s
I20260710 11:05:46.352171 26546 rpc_server.cc:307] RPC server started. Bound to: 127.25.236.130:36647
I20260710 11:05:46.352454 26780 acceptor_pool.cc:272] collecting diagnostics on the listening RPC socket 127.25.236.130:36647 every 8 connection(s)
I20260710 11:05:46.359742 26546 file_cache.cc:504] Constructed file cache file cache with capacity 419430
W20260710 11:05:46.368336 26784 instance_detector.cc:116] could not retrieve AWS instance metadata: Network error: curl error: HTTP response code said error: The requested URL returned error: 404
W20260710 11:05:46.370648 26785 instance_detector.cc:116] could not retrieve Azure instance metadata: Network error: curl error: HTTP response code said error: The requested URL returned error: 404
I20260710 11:05:46.374001 26781 heartbeater.cc:344] Connected to a master server at 127.25.236.190:43017
I20260710 11:05:46.374390 26781 heartbeater.cc:461] Registering TS with master...
I20260710 11:05:46.375497 26781 heartbeater.cc:507] Master 127.25.236.190:43017 requested a full tablet report, sending...
W20260710 11:05:46.377349 26787 instance_detector.cc:116] could not retrieve OpenStack instance metadata: Network error: curl error: HTTP response code said error: The requested URL returned error: 404
I20260710 11:05:46.377869 26546 server_base.cc:1061] running on GCE node
I20260710 11:05:46.377959 26578 ts_manager.cc:194] Registered new tserver with Master: 4192a4dfccb54fa387c88b1ecbc782bb (127.25.236.130:36647)
I20260710 11:05:46.378991 26546 hybrid_clock.cc:584] initializing the hybrid clock with 'system_unsync' time source
W20260710 11:05:46.379256 26546 system_unsync_time.cc:38] NTP support is disabled. Clock error bounds will not be accurate. This configuration is not suitable for distributed clusters.
I20260710 11:05:46.379464 26546 hybrid_clock.cc:648] HybridClock initialized: now 1783681546379446 us; error 0 us; skew 500 ppm
I20260710 11:05:46.379777 26578 master_service.cc:502] Signed X509 certificate for tserver {username='slave'} at 127.0.0.1:56594
I20260710 11:05:46.380195 26546 server_base.cc:861] Flag tcmalloc_max_total_thread_cache_bytes is not working since tcmalloc is not enabled.
I20260710 11:05:46.383906 26546 webserver.cc:533] Webserver started at http://127.25.236.131:38809/ using document root <none> and password file <none>
I20260710 11:05:46.384397 26546 fs_manager.cc:362] Metadata directory not provided
I20260710 11:05:46.384593 26546 fs_manager.cc:368] Using write-ahead log directory (fs_wal_dir) as metadata directory
I20260710 11:05:46.384904 26546 server_base.cc:909] This appears to be a new deployment of Kudu; creating new FS layout
I20260710 11:05:46.386016 26546 fs_manager.cc:1068] Generated new instance metadata in path /tmp/dist-test-taskqOSiI2/test-tmp/auto_leader_rebalancer-test.0.LeaderRebalancerTest.FunctionalTestForDivided.1783681544152587-26546-0/minicluster-data/ts-2-root/instance:
uuid: "39f95826245543ad80078911471b3982"
format_stamp: "Formatted at 2026-07-10 11:05:46 on dist-test-slave-lzm4"
I20260710 11:05:46.390475 26546 fs_manager.cc:696] Time spent creating directory manager: real 0.004s	user 0.006s	sys 0.000s
I20260710 11:05:46.393652 26792 log_block_manager.cc:4127] Time spent loading block containers with low live blocks: real 0.000s	user 0.000s	sys 0.000s
I20260710 11:05:46.394448 26546 fs_manager.cc:730] Time spent opening block manager: real 0.002s	user 0.001s	sys 0.000s
I20260710 11:05:46.394726 26546 fs_manager.cc:647] Opened local filesystem: /tmp/dist-test-taskqOSiI2/test-tmp/auto_leader_rebalancer-test.0.LeaderRebalancerTest.FunctionalTestForDivided.1783681544152587-26546-0/minicluster-data/ts-2-root
uuid: "39f95826245543ad80078911471b3982"
format_stamp: "Formatted at 2026-07-10 11:05:46 on dist-test-slave-lzm4"
I20260710 11:05:46.395025 26546 fs_report.cc:389] FS layout report
--------------------
wal directory: /tmp/dist-test-taskqOSiI2/test-tmp/auto_leader_rebalancer-test.0.LeaderRebalancerTest.FunctionalTestForDivided.1783681544152587-26546-0/minicluster-data/ts-2-root
metadata directory: /tmp/dist-test-taskqOSiI2/test-tmp/auto_leader_rebalancer-test.0.LeaderRebalancerTest.FunctionalTestForDivided.1783681544152587-26546-0/minicluster-data/ts-2-root
1 data directories: /tmp/dist-test-taskqOSiI2/test-tmp/auto_leader_rebalancer-test.0.LeaderRebalancerTest.FunctionalTestForDivided.1783681544152587-26546-0/minicluster-data/ts-2-root/data
Total live blocks: 0
Total live bytes: 0
Total live bytes (after alignment): 0
Total number of LBM containers: 0 (0 full)
Did not check for missing blocks
Did not check for orphaned blocks
Total full LBM containers with extra space: 0 (0 repaired)
Total full LBM container extra space in bytes: 0 (0 repaired)
Total incomplete LBM containers: 0 (0 repaired)
Total LBM partial records: 0 (0 repaired)
Total corrupted LBM metadata records in RocksDB: 0 (0 repaired)
I20260710 11:05:46.418164 26546 rpc_server.cc:225] running with OpenSSL 1.1.1  11 Sep 2018
I20260710 11:05:46.419492 26546 kserver.cc:163] Server-wide thread pool size limit: 3276
I20260710 11:05:46.421626 26546 txn_system_client.cc:432] TxnSystemClient initialization is disabled...
I20260710 11:05:46.425020 26546 ts_tablet_manager.cc:585] Loaded tablet metadata (0 total tablets, 0 live tablets)
I20260710 11:05:46.425271 26546 ts_tablet_manager.cc:531] Time spent load tablet metadata: real 0.000s	user 0.000s	sys 0.000s
I20260710 11:05:46.425525 26546 ts_tablet_manager.cc:616] Registered 0 tablets
I20260710 11:05:46.425706 26546 ts_tablet_manager.cc:595] Time spent register tablets: real 0.000s	user 0.000s	sys 0.000s
I20260710 11:05:46.517776 26546 rpc_server.cc:307] RPC server started. Bound to: 127.25.236.131:40743
I20260710 11:05:46.517892 26854 acceptor_pool.cc:272] collecting diagnostics on the listening RPC socket 127.25.236.131:40743 every 8 connection(s)
I20260710 11:05:46.534883 26855 heartbeater.cc:344] Connected to a master server at 127.25.236.190:43017
I20260710 11:05:46.535306 26855 heartbeater.cc:461] Registering TS with master...
I20260710 11:05:46.536309 26855 heartbeater.cc:507] Master 127.25.236.190:43017 requested a full tablet report, sending...
I20260710 11:05:46.538627 26578 ts_manager.cc:194] Registered new tserver with Master: 39f95826245543ad80078911471b3982 (127.25.236.131:40743)
I20260710 11:05:46.539585 26546 internal_mini_cluster.cc:371] 3 TS(s) registered with all masters after 0.01678194s
I20260710 11:05:46.540212 26578 master_service.cc:502] Signed X509 certificate for tserver {username='slave'} at 127.0.0.1:56610
I20260710 11:05:46.594074 26578 catalog_manager.cc:2283] Servicing CreateTable request from {username='slave'} at 127.0.0.1:56620:
name: "test-workload"
schema {
  columns {
    name: "key"
    type: INT32
    is_key: true
    is_nullable: false
    encoding: AUTO_ENCODING
    compression: DEFAULT_COMPRESSION
    cfile_block_size: 0
    immutable: false
  }
  columns {
    name: "int_val"
    type: INT32
    is_key: false
    is_nullable: false
    encoding: AUTO_ENCODING
    compression: DEFAULT_COMPRESSION
    cfile_block_size: 0
    immutable: false
  }
  columns {
    name: "string_val"
    type: STRING
    is_key: false
    is_nullable: true
    encoding: AUTO_ENCODING
    compression: DEFAULT_COMPRESSION
    cfile_block_size: 0
    immutable: false
  }
}
num_replicas: 3
split_rows_range_bounds {
  rows: "\004\001\000\216\3438\016\004\001\000\034\307q\034\004\001\000\252\252\252*\004\001\0008\216\3438\004\001\000\306q\034G\004\001\000TUUU\004\001\000\3428\216c\004\001\000p\034\307q""\004\001\000\216\3438\016\004\001\000\034\307q\034\004\001\000\252\252\252*\004\001\0008\216\3438\004\001\000\306q\034G\004\001\000TUUU\004\001\000\3428\216c\004\001\000p\034\307q"
  indirect_data: """"
}
partition_schema {
  range_schema {
    columns {
      name: "key"
    }
  }
}
W20260710 11:05:46.598232 26578 catalog_manager.cc:7077] The number of live tablet servers is not enough to re-replicate a tablet replica of the newly created table test-workload in case of a server failure: 4 tablet servers would be needed, 3 are available. Consider bringing up more tablet servers.
I20260710 11:05:46.719237 26746 tablet_service.cc:1511] Processing CreateTablet for tablet 6cd175e186ba4ed4ac7a37fd3fd6ac9f (DEFAULT_TABLE table=test-workload [id=991c9a1ec29a472fb44f5caaf312234a]), partition=RANGE (key) PARTITION VALUES < 238609294
I20260710 11:05:46.721148 26745 tablet_service.cc:1511] Processing CreateTablet for tablet 539824155a5d49588b087f8dfdc87c3c (DEFAULT_TABLE table=test-workload [id=991c9a1ec29a472fb44f5caaf312234a]), partition=RANGE (key) PARTITION 238609294 <= VALUES < 477218588
I20260710 11:05:46.722797 26744 tablet_service.cc:1511] Processing CreateTablet for tablet 77b5c3daf86744f9aa3bd3c19efc7c25 (DEFAULT_TABLE table=test-workload [id=991c9a1ec29a472fb44f5caaf312234a]), partition=RANGE (key) PARTITION 477218588 <= VALUES < 715827882
I20260710 11:05:46.726248 26746 data_dirs.cc:400] Could only allocate 1 dirs of requested 3 for tablet 6cd175e186ba4ed4ac7a37fd3fd6ac9f. 1 dirs total, 0 dirs full, 0 dirs failed
I20260710 11:05:46.726913 26745 data_dirs.cc:400] Could only allocate 1 dirs of requested 3 for tablet 539824155a5d49588b087f8dfdc87c3c. 1 dirs total, 0 dirs full, 0 dirs failed
I20260710 11:05:46.727581 26744 data_dirs.cc:400] Could only allocate 1 dirs of requested 3 for tablet 77b5c3daf86744f9aa3bd3c19efc7c25. 1 dirs total, 0 dirs full, 0 dirs failed
I20260710 11:05:46.734011 26743 tablet_service.cc:1511] Processing CreateTablet for tablet 8c15c7f3ac6a4cbf8d1fa7f3edd9a831 (DEFAULT_TABLE table=test-workload [id=991c9a1ec29a472fb44f5caaf312234a]), partition=RANGE (key) PARTITION 715827882 <= VALUES < 954437176
I20260710 11:05:46.736382 26743 data_dirs.cc:400] Could only allocate 1 dirs of requested 3 for tablet 8c15c7f3ac6a4cbf8d1fa7f3edd9a831. 1 dirs total, 0 dirs full, 0 dirs failed
I20260710 11:05:46.744663 26671 tablet_service.cc:1511] Processing CreateTablet for tablet 6cd175e186ba4ed4ac7a37fd3fd6ac9f (DEFAULT_TABLE table=test-workload [id=991c9a1ec29a472fb44f5caaf312234a]), partition=RANGE (key) PARTITION VALUES < 238609294
I20260710 11:05:46.745010 26668 tablet_service.cc:1511] Processing CreateTablet for tablet 8c15c7f3ac6a4cbf8d1fa7f3edd9a831 (DEFAULT_TABLE table=test-workload [id=991c9a1ec29a472fb44f5caaf312234a]), partition=RANGE (key) PARTITION 715827882 <= VALUES < 954437176
I20260710 11:05:46.750509 26668 data_dirs.cc:400] Could only allocate 1 dirs of requested 3 for tablet 8c15c7f3ac6a4cbf8d1fa7f3edd9a831. 1 dirs total, 0 dirs full, 0 dirs failed
I20260710 11:05:46.745141 26670 tablet_service.cc:1511] Processing CreateTablet for tablet 539824155a5d49588b087f8dfdc87c3c (DEFAULT_TABLE table=test-workload [id=991c9a1ec29a472fb44f5caaf312234a]), partition=RANGE (key) PARTITION 238609294 <= VALUES < 477218588
I20260710 11:05:46.746244 26669 tablet_service.cc:1511] Processing CreateTablet for tablet 77b5c3daf86744f9aa3bd3c19efc7c25 (DEFAULT_TABLE table=test-workload [id=991c9a1ec29a472fb44f5caaf312234a]), partition=RANGE (key) PARTITION 477218588 <= VALUES < 715827882
I20260710 11:05:46.756378 26671 data_dirs.cc:400] Could only allocate 1 dirs of requested 3 for tablet 6cd175e186ba4ed4ac7a37fd3fd6ac9f. 1 dirs total, 0 dirs full, 0 dirs failed
I20260710 11:05:46.754930 26742 tablet_service.cc:1511] Processing CreateTablet for tablet 5ee39108aa8345428351855c88e61238 (DEFAULT_TABLE table=test-workload [id=991c9a1ec29a472fb44f5caaf312234a]), partition=RANGE (key) PARTITION 954437176 <= VALUES < 1193046470
I20260710 11:05:46.758805 26667 tablet_service.cc:1511] Processing CreateTablet for tablet 5ee39108aa8345428351855c88e61238 (DEFAULT_TABLE table=test-workload [id=991c9a1ec29a472fb44f5caaf312234a]), partition=RANGE (key) PARTITION 954437176 <= VALUES < 1193046470
I20260710 11:05:46.760689 26742 data_dirs.cc:400] Could only allocate 1 dirs of requested 3 for tablet 5ee39108aa8345428351855c88e61238. 1 dirs total, 0 dirs full, 0 dirs failed
I20260710 11:05:46.762174 26669 data_dirs.cc:400] Could only allocate 1 dirs of requested 3 for tablet 77b5c3daf86744f9aa3bd3c19efc7c25. 1 dirs total, 0 dirs full, 0 dirs failed
I20260710 11:05:46.764529 26670 data_dirs.cc:400] Could only allocate 1 dirs of requested 3 for tablet 539824155a5d49588b087f8dfdc87c3c. 1 dirs total, 0 dirs full, 0 dirs failed
I20260710 11:05:46.766314 26667 data_dirs.cc:400] Could only allocate 1 dirs of requested 3 for tablet 5ee39108aa8345428351855c88e61238. 1 dirs total, 0 dirs full, 0 dirs failed
I20260710 11:05:46.792073 26666 tablet_service.cc:1511] Processing CreateTablet for tablet dbf4fdedf8034b0c825fb40bd240480d (DEFAULT_TABLE table=test-workload [id=991c9a1ec29a472fb44f5caaf312234a]), partition=RANGE (key) PARTITION 1193046470 <= VALUES < 1431655764
I20260710 11:05:46.798156 26666 data_dirs.cc:400] Could only allocate 1 dirs of requested 3 for tablet dbf4fdedf8034b0c825fb40bd240480d. 1 dirs total, 0 dirs full, 0 dirs failed
I20260710 11:05:46.800557 26741 tablet_service.cc:1511] Processing CreateTablet for tablet dbf4fdedf8034b0c825fb40bd240480d (DEFAULT_TABLE table=test-workload [id=991c9a1ec29a472fb44f5caaf312234a]), partition=RANGE (key) PARTITION 1193046470 <= VALUES < 1431655764
I20260710 11:05:46.809526 26820 tablet_service.cc:1511] Processing CreateTablet for tablet 6cd175e186ba4ed4ac7a37fd3fd6ac9f (DEFAULT_TABLE table=test-workload [id=991c9a1ec29a472fb44f5caaf312234a]), partition=RANGE (key) PARTITION VALUES < 238609294
I20260710 11:05:46.806397 26741 data_dirs.cc:400] Could only allocate 1 dirs of requested 3 for tablet dbf4fdedf8034b0c825fb40bd240480d. 1 dirs total, 0 dirs full, 0 dirs failed
I20260710 11:05:46.814272 26820 data_dirs.cc:400] Could only allocate 1 dirs of requested 3 for tablet 6cd175e186ba4ed4ac7a37fd3fd6ac9f. 1 dirs total, 0 dirs full, 0 dirs failed
I20260710 11:05:46.821869 26819 tablet_service.cc:1511] Processing CreateTablet for tablet 539824155a5d49588b087f8dfdc87c3c (DEFAULT_TABLE table=test-workload [id=991c9a1ec29a472fb44f5caaf312234a]), partition=RANGE (key) PARTITION 238609294 <= VALUES < 477218588
I20260710 11:05:46.824330 26819 data_dirs.cc:400] Could only allocate 1 dirs of requested 3 for tablet 539824155a5d49588b087f8dfdc87c3c. 1 dirs total, 0 dirs full, 0 dirs failed
I20260710 11:05:46.826326 26665 tablet_service.cc:1511] Processing CreateTablet for tablet 6fd99843a861471c967809d514e50489 (DEFAULT_TABLE table=test-workload [id=991c9a1ec29a472fb44f5caaf312234a]), partition=RANGE (key) PARTITION 1431655764 <= VALUES < 1670265058
I20260710 11:05:46.828886 26665 data_dirs.cc:400] Could only allocate 1 dirs of requested 3 for tablet 6fd99843a861471c967809d514e50489. 1 dirs total, 0 dirs full, 0 dirs failed
I20260710 11:05:46.846757 26818 tablet_service.cc:1511] Processing CreateTablet for tablet 77b5c3daf86744f9aa3bd3c19efc7c25 (DEFAULT_TABLE table=test-workload [id=991c9a1ec29a472fb44f5caaf312234a]), partition=RANGE (key) PARTITION 477218588 <= VALUES < 715827882
I20260710 11:05:46.854492 26815 tablet_service.cc:1511] Processing CreateTablet for tablet dbf4fdedf8034b0c825fb40bd240480d (DEFAULT_TABLE table=test-workload [id=991c9a1ec29a472fb44f5caaf312234a]), partition=RANGE (key) PARTITION 1193046470 <= VALUES < 1431655764
I20260710 11:05:46.853488 26816 tablet_service.cc:1511] Processing CreateTablet for tablet 5ee39108aa8345428351855c88e61238 (DEFAULT_TABLE table=test-workload [id=991c9a1ec29a472fb44f5caaf312234a]), partition=RANGE (key) PARTITION 954437176 <= VALUES < 1193046470
I20260710 11:05:46.859558 26818 data_dirs.cc:400] Could only allocate 1 dirs of requested 3 for tablet 77b5c3daf86744f9aa3bd3c19efc7c25. 1 dirs total, 0 dirs full, 0 dirs failed
I20260710 11:05:46.854432 26817 tablet_service.cc:1511] Processing CreateTablet for tablet 8c15c7f3ac6a4cbf8d1fa7f3edd9a831 (DEFAULT_TABLE table=test-workload [id=991c9a1ec29a472fb44f5caaf312234a]), partition=RANGE (key) PARTITION 715827882 <= VALUES < 954437176
I20260710 11:05:46.869163 26817 data_dirs.cc:400] Could only allocate 1 dirs of requested 3 for tablet 8c15c7f3ac6a4cbf8d1fa7f3edd9a831. 1 dirs total, 0 dirs full, 0 dirs failed
I20260710 11:05:46.870731 26815 data_dirs.cc:400] Could only allocate 1 dirs of requested 3 for tablet dbf4fdedf8034b0c825fb40bd240480d. 1 dirs total, 0 dirs full, 0 dirs failed
W20260710 11:05:46.878494 26625 auto_rebalancer.cc:288] Could not retrieve cluster info: Service unavailable: Tablet not running
I20260710 11:05:46.881290 26816 data_dirs.cc:400] Could only allocate 1 dirs of requested 3 for tablet 5ee39108aa8345428351855c88e61238. 1 dirs total, 0 dirs full, 0 dirs failed
I20260710 11:05:46.912202 26740 tablet_service.cc:1511] Processing CreateTablet for tablet 6fd99843a861471c967809d514e50489 (DEFAULT_TABLE table=test-workload [id=991c9a1ec29a472fb44f5caaf312234a]), partition=RANGE (key) PARTITION 1431655764 <= VALUES < 1670265058
I20260710 11:05:46.913565 26740 data_dirs.cc:400] Could only allocate 1 dirs of requested 3 for tablet 6fd99843a861471c967809d514e50489. 1 dirs total, 0 dirs full, 0 dirs failed
I20260710 11:05:46.957422 26814 tablet_service.cc:1511] Processing CreateTablet for tablet 6fd99843a861471c967809d514e50489 (DEFAULT_TABLE table=test-workload [id=991c9a1ec29a472fb44f5caaf312234a]), partition=RANGE (key) PARTITION 1431655764 <= VALUES < 1670265058
I20260710 11:05:46.960693 26814 data_dirs.cc:400] Could only allocate 1 dirs of requested 3 for tablet 6fd99843a861471c967809d514e50489. 1 dirs total, 0 dirs full, 0 dirs failed
I20260710 11:05:46.977294 26669 tablet_service.cc:1511] Processing CreateTablet for tablet e5614e34fff140c0927c64c262e20927 (DEFAULT_TABLE table=test-workload [id=991c9a1ec29a472fb44f5caaf312234a]), partition=RANGE (key) PARTITION 1670265058 <= VALUES < 1908874352
I20260710 11:05:46.978652 26669 data_dirs.cc:400] Could only allocate 1 dirs of requested 3 for tablet e5614e34fff140c0927c64c262e20927. 1 dirs total, 0 dirs full, 0 dirs failed
I20260710 11:05:46.982879 26873 tablet_bootstrap.cc:492] T 77b5c3daf86744f9aa3bd3c19efc7c25 P ab4152e0157f4087ad80a425d17b14a9: Bootstrap starting.
I20260710 11:05:46.988710 26744 tablet_service.cc:1511] Processing CreateTablet for tablet e5614e34fff140c0927c64c262e20927 (DEFAULT_TABLE table=test-workload [id=991c9a1ec29a472fb44f5caaf312234a]), partition=RANGE (key) PARTITION 1670265058 <= VALUES < 1908874352
I20260710 11:05:46.992889 26744 data_dirs.cc:400] Could only allocate 1 dirs of requested 3 for tablet e5614e34fff140c0927c64c262e20927. 1 dirs total, 0 dirs full, 0 dirs failed
I20260710 11:05:46.992949 26813 tablet_service.cc:1511] Processing CreateTablet for tablet e5614e34fff140c0927c64c262e20927 (DEFAULT_TABLE table=test-workload [id=991c9a1ec29a472fb44f5caaf312234a]), partition=RANGE (key) PARTITION 1670265058 <= VALUES < 1908874352
I20260710 11:05:46.998739 26874 tablet_bootstrap.cc:492] T 6fd99843a861471c967809d514e50489 P 4192a4dfccb54fa387c88b1ecbc782bb: Bootstrap starting.
I20260710 11:05:46.998811 26813 data_dirs.cc:400] Could only allocate 1 dirs of requested 3 for tablet e5614e34fff140c0927c64c262e20927. 1 dirs total, 0 dirs full, 0 dirs failed
I20260710 11:05:46.996780 26671 tablet_service.cc:1511] Processing CreateTablet for tablet 7107b294e03f4cf8ba118d2187598c46 (DEFAULT_TABLE table=test-workload [id=991c9a1ec29a472fb44f5caaf312234a]), partition=RANGE (key) PARTITION 1908874352 <= VALUES
I20260710 11:05:47.003247 26740 tablet_service.cc:1511] Processing CreateTablet for tablet 7107b294e03f4cf8ba118d2187598c46 (DEFAULT_TABLE table=test-workload [id=991c9a1ec29a472fb44f5caaf312234a]), partition=RANGE (key) PARTITION 1908874352 <= VALUES
I20260710 11:05:47.005108 26671 data_dirs.cc:400] Could only allocate 1 dirs of requested 3 for tablet 7107b294e03f4cf8ba118d2187598c46. 1 dirs total, 0 dirs full, 0 dirs failed
I20260710 11:05:47.005465 26740 data_dirs.cc:400] Could only allocate 1 dirs of requested 3 for tablet 7107b294e03f4cf8ba118d2187598c46. 1 dirs total, 0 dirs full, 0 dirs failed
I20260710 11:05:47.017438 26875 tablet_bootstrap.cc:492] T 6cd175e186ba4ed4ac7a37fd3fd6ac9f P 39f95826245543ad80078911471b3982: Bootstrap starting.
I20260710 11:05:47.023733 26820 tablet_service.cc:1511] Processing CreateTablet for tablet 7107b294e03f4cf8ba118d2187598c46 (DEFAULT_TABLE table=test-workload [id=991c9a1ec29a472fb44f5caaf312234a]), partition=RANGE (key) PARTITION 1908874352 <= VALUES
I20260710 11:05:47.025017 26820 data_dirs.cc:400] Could only allocate 1 dirs of requested 3 for tablet 7107b294e03f4cf8ba118d2187598c46. 1 dirs total, 0 dirs full, 0 dirs failed
I20260710 11:05:47.067658 26874 tablet_bootstrap.cc:654] T 6fd99843a861471c967809d514e50489 P 4192a4dfccb54fa387c88b1ecbc782bb: Neither blocks nor log segments found. Creating new log.
I20260710 11:05:47.070506 26873 tablet_bootstrap.cc:654] T 77b5c3daf86744f9aa3bd3c19efc7c25 P ab4152e0157f4087ad80a425d17b14a9: Neither blocks nor log segments found. Creating new log.
I20260710 11:05:47.075965 26874 tablet_bootstrap.cc:492] T 6fd99843a861471c967809d514e50489 P 4192a4dfccb54fa387c88b1ecbc782bb: No bootstrap required, opened a new log
I20260710 11:05:47.076445 26874 ts_tablet_manager.cc:1403] T 6fd99843a861471c967809d514e50489 P 4192a4dfccb54fa387c88b1ecbc782bb: Time spent bootstrapping tablet: real 0.102s	user 0.007s	sys 0.007s
I20260710 11:05:47.077031 26875 tablet_bootstrap.cc:654] T 6cd175e186ba4ed4ac7a37fd3fd6ac9f P 39f95826245543ad80078911471b3982: Neither blocks nor log segments found. Creating new log.
I20260710 11:05:47.078642 26874 raft_consensus.cc:359] T 6fd99843a861471c967809d514e50489 P 4192a4dfccb54fa387c88b1ecbc782bb [term 0 FOLLOWER]: Replica starting. Triggering 0 pending ops. Active config: opid_index: -1 OBSOLETE_local: false peers { permanent_uuid: "ab4152e0157f4087ad80a425d17b14a9" member_type: VOTER last_known_addr { host: "127.25.236.129" port: 43949 } } peers { permanent_uuid: "4192a4dfccb54fa387c88b1ecbc782bb" member_type: VOTER last_known_addr { host: "127.25.236.130" port: 36647 } } peers { permanent_uuid: "39f95826245543ad80078911471b3982" member_type: VOTER last_known_addr { host: "127.25.236.131" port: 40743 } }
I20260710 11:05:47.079252 26874 raft_consensus.cc:385] T 6fd99843a861471c967809d514e50489 P 4192a4dfccb54fa387c88b1ecbc782bb [term 0 FOLLOWER]: Consensus starting up: Expiring failure detector timer to make a prompt election more likely
I20260710 11:05:47.079567 26874 raft_consensus.cc:740] T 6fd99843a861471c967809d514e50489 P 4192a4dfccb54fa387c88b1ecbc782bb [term 0 FOLLOWER]: Becoming Follower/Learner. State: Replica: 4192a4dfccb54fa387c88b1ecbc782bb, State: Initialized, Role: FOLLOWER
I20260710 11:05:47.080432 26874 consensus_queue.cc:260] T 6fd99843a861471c967809d514e50489 P 4192a4dfccb54fa387c88b1ecbc782bb [NON_LEADER]: Queue going to NON_LEADER mode. State: All replicated index: 0, Majority replicated index: 0, Committed index: 0, Last appended: 0.0, Last appended by leader: 0, Current term: 0, Majority size: -1, State: 0, Mode: NON_LEADER, active raft config: opid_index: -1 OBSOLETE_local: false peers { permanent_uuid: "ab4152e0157f4087ad80a425d17b14a9" member_type: VOTER last_known_addr { host: "127.25.236.129" port: 43949 } } peers { permanent_uuid: "4192a4dfccb54fa387c88b1ecbc782bb" member_type: VOTER last_known_addr { host: "127.25.236.130" port: 36647 } } peers { permanent_uuid: "39f95826245543ad80078911471b3982" member_type: VOTER last_known_addr { host: "127.25.236.131" port: 40743 } }
I20260710 11:05:47.081696 26873 tablet_bootstrap.cc:492] T 77b5c3daf86744f9aa3bd3c19efc7c25 P ab4152e0157f4087ad80a425d17b14a9: No bootstrap required, opened a new log
I20260710 11:05:47.082270 26873 ts_tablet_manager.cc:1403] T 77b5c3daf86744f9aa3bd3c19efc7c25 P ab4152e0157f4087ad80a425d17b14a9: Time spent bootstrapping tablet: real 0.115s	user 0.009s	sys 0.005s
I20260710 11:05:47.086114 26873 raft_consensus.cc:359] T 77b5c3daf86744f9aa3bd3c19efc7c25 P ab4152e0157f4087ad80a425d17b14a9 [term 0 FOLLOWER]: Replica starting. Triggering 0 pending ops. Active config: opid_index: -1 OBSOLETE_local: false peers { permanent_uuid: "ab4152e0157f4087ad80a425d17b14a9" member_type: VOTER last_known_addr { host: "127.25.236.129" port: 43949 } } peers { permanent_uuid: "4192a4dfccb54fa387c88b1ecbc782bb" member_type: VOTER last_known_addr { host: "127.25.236.130" port: 36647 } } peers { permanent_uuid: "39f95826245543ad80078911471b3982" member_type: VOTER last_known_addr { host: "127.25.236.131" port: 40743 } }
I20260710 11:05:47.087149 26873 raft_consensus.cc:385] T 77b5c3daf86744f9aa3bd3c19efc7c25 P ab4152e0157f4087ad80a425d17b14a9 [term 0 FOLLOWER]: Consensus starting up: Expiring failure detector timer to make a prompt election more likely
I20260710 11:05:47.087618 26873 raft_consensus.cc:740] T 77b5c3daf86744f9aa3bd3c19efc7c25 P ab4152e0157f4087ad80a425d17b14a9 [term 0 FOLLOWER]: Becoming Follower/Learner. State: Replica: ab4152e0157f4087ad80a425d17b14a9, State: Initialized, Role: FOLLOWER
I20260710 11:05:47.088632 26875 tablet_bootstrap.cc:492] T 6cd175e186ba4ed4ac7a37fd3fd6ac9f P 39f95826245543ad80078911471b3982: No bootstrap required, opened a new log
I20260710 11:05:47.089234 26875 ts_tablet_manager.cc:1403] T 6cd175e186ba4ed4ac7a37fd3fd6ac9f P 39f95826245543ad80078911471b3982: Time spent bootstrapping tablet: real 0.077s	user 0.011s	sys 0.008s
I20260710 11:05:47.088625 26873 consensus_queue.cc:260] T 77b5c3daf86744f9aa3bd3c19efc7c25 P ab4152e0157f4087ad80a425d17b14a9 [NON_LEADER]: Queue going to NON_LEADER mode. State: All replicated index: 0, Majority replicated index: 0, Committed index: 0, Last appended: 0.0, Last appended by leader: 0, Current term: 0, Majority size: -1, State: 0, Mode: NON_LEADER, active raft config: opid_index: -1 OBSOLETE_local: false peers { permanent_uuid: "ab4152e0157f4087ad80a425d17b14a9" member_type: VOTER last_known_addr { host: "127.25.236.129" port: 43949 } } peers { permanent_uuid: "4192a4dfccb54fa387c88b1ecbc782bb" member_type: VOTER last_known_addr { host: "127.25.236.130" port: 36647 } } peers { permanent_uuid: "39f95826245543ad80078911471b3982" member_type: VOTER last_known_addr { host: "127.25.236.131" port: 40743 } }
I20260710 11:05:47.092085 26875 raft_consensus.cc:359] T 6cd175e186ba4ed4ac7a37fd3fd6ac9f P 39f95826245543ad80078911471b3982 [term 0 FOLLOWER]: Replica starting. Triggering 0 pending ops. Active config: opid_index: -1 OBSOLETE_local: false peers { permanent_uuid: "4192a4dfccb54fa387c88b1ecbc782bb" member_type: VOTER last_known_addr { host: "127.25.236.130" port: 36647 } } peers { permanent_uuid: "ab4152e0157f4087ad80a425d17b14a9" member_type: VOTER last_known_addr { host: "127.25.236.129" port: 43949 } } peers { permanent_uuid: "39f95826245543ad80078911471b3982" member_type: VOTER last_known_addr { host: "127.25.236.131" port: 40743 } }
I20260710 11:05:47.092819 26875 raft_consensus.cc:385] T 6cd175e186ba4ed4ac7a37fd3fd6ac9f P 39f95826245543ad80078911471b3982 [term 0 FOLLOWER]: Consensus starting up: Expiring failure detector timer to make a prompt election more likely
I20260710 11:05:47.093102 26875 raft_consensus.cc:740] T 6cd175e186ba4ed4ac7a37fd3fd6ac9f P 39f95826245543ad80078911471b3982 [term 0 FOLLOWER]: Becoming Follower/Learner. State: Replica: 39f95826245543ad80078911471b3982, State: Initialized, Role: FOLLOWER
