W20260710 11:06:24.727816 22251 consensus_peers.cc:597] T ed500a3e48bd40f68fdba4deea11091c P 513d02a744a4418fa9b7faccb909e047 -> Peer c9ffd86b4e0d4876ae36a4e4564650d0 (127.20.170.68:40343): Couldn't send request to peer c9ffd86b4e0d4876ae36a4e4564650d0. Error code: TABLET_NOT_FOUND (6). Status: Not found: Tablet not found: ed500a3e48bd40f68fdba4deea11091c. This is attempt 1: this message will repeat every 5th retry.
I20260710 11:06:24.729226 22938 consensus_queue.cc:1048] T ed500a3e48bd40f68fdba4deea11091c P 513d02a744a4418fa9b7faccb909e047 [LEADER]: Connected to new peer: Peer: permanent_uuid: "a788495f27ba49a890e91527e6eba07a" member_type: VOTER last_known_addr { host: "127.20.170.66" port: 41561 }, Status: LMP_MISMATCH, Last received: 0.0, Next index: 2, Last known committed idx: 1, Time since last communication: 0.000s
I20260710 11:06:24.743180 22962 raft_consensus.cc:2955] T ed500a3e48bd40f68fdba4deea11091c P 513d02a744a4418fa9b7faccb909e047 [term 1 LEADER]: Committing config change with OpId 1.2: config changed from index -1 to 2, NON_VOTER c9ffd86b4e0d4876ae36a4e4564650d0 (127.20.170.68) added. New config: { opid_index: 2 OBSOLETE_local: false peers { permanent_uuid: "513d02a744a4418fa9b7faccb909e047" member_type: VOTER last_known_addr { host: "127.20.170.65" port: 45055 } } peers { permanent_uuid: "a788495f27ba49a890e91527e6eba07a" member_type: VOTER last_known_addr { host: "127.20.170.66" port: 41561 } } peers { permanent_uuid: "fb97acf417cd4ffda971a37330e4735c" member_type: VOTER last_known_addr { host: "127.20.170.67" port: 39689 } attrs { replace: true } } peers { permanent_uuid: "c9ffd86b4e0d4876ae36a4e4564650d0" member_type: NON_VOTER last_known_addr { host: "127.20.170.68" port: 40343 } attrs { promote: true } } }
I20260710 11:06:24.745407 22362 raft_consensus.cc:2955] T ed500a3e48bd40f68fdba4deea11091c P a788495f27ba49a890e91527e6eba07a [term 1 FOLLOWER]: Committing config change with OpId 1.2: config changed from index -1 to 2, NON_VOTER c9ffd86b4e0d4876ae36a4e4564650d0 (127.20.170.68) added. New config: { opid_index: 2 OBSOLETE_local: false peers { permanent_uuid: "513d02a744a4418fa9b7faccb909e047" member_type: VOTER last_known_addr { host: "127.20.170.65" port: 45055 } } peers { permanent_uuid: "a788495f27ba49a890e91527e6eba07a" member_type: VOTER last_known_addr { host: "127.20.170.66" port: 41561 } } peers { permanent_uuid: "fb97acf417cd4ffda971a37330e4735c" member_type: VOTER last_known_addr { host: "127.20.170.67" port: 39689 } attrs { replace: true } } peers { permanent_uuid: "c9ffd86b4e0d4876ae36a4e4564650d0" member_type: NON_VOTER last_known_addr { host: "127.20.170.68" port: 40343 } attrs { promote: true } } }
I20260710 11:06:24.758275 22361 consensus_queue.cc:237] T 6ea7e26da88348958fd342b6fd9de8f7 P a788495f27ba49a890e91527e6eba07a [LEADER]: Queue going to LEADER mode. State: All replicated index: 0, Majority replicated index: 1, Committed index: 1, Last appended: 1.1, Last appended by leader: 0, Current term: 1, Majority size: 2, State: 0, Mode: LEADER, active raft config: opid_index: 2 OBSOLETE_local: false peers { permanent_uuid: "a788495f27ba49a890e91527e6eba07a" member_type: VOTER last_known_addr { host: "127.20.170.66" port: 41561 } } peers { permanent_uuid: "fb97acf417cd4ffda971a37330e4735c" member_type: VOTER last_known_addr { host: "127.20.170.67" port: 39689 } } peers { permanent_uuid: "513d02a744a4418fa9b7faccb909e047" member_type: VOTER last_known_addr { host: "127.20.170.65" port: 45055 } attrs { replace: true } } peers { permanent_uuid: "c9ffd86b4e0d4876ae36a4e4564650d0" member_type: NON_VOTER last_known_addr { host: "127.20.170.68" port: 40343 } attrs { promote: true } }
I20260710 11:06:24.771234 22184 catalog_manager.cc:5697] T ed500a3e48bd40f68fdba4deea11091c P a788495f27ba49a890e91527e6eba07a reported cstate change: config changed from index -1 to 2, NON_VOTER c9ffd86b4e0d4876ae36a4e4564650d0 (127.20.170.68) added. New cstate: current_term: 1 leader_uuid: "513d02a744a4418fa9b7faccb909e047" committed_config { opid_index: 2 OBSOLETE_local: false peers { permanent_uuid: "513d02a744a4418fa9b7faccb909e047" member_type: VOTER last_known_addr { host: "127.20.170.65" port: 45055 } } peers { permanent_uuid: "a788495f27ba49a890e91527e6eba07a" member_type: VOTER last_known_addr { host: "127.20.170.66" port: 41561 } } peers { permanent_uuid: "fb97acf417cd4ffda971a37330e4735c" member_type: VOTER last_known_addr { host: "127.20.170.67" port: 39689 } attrs { replace: true } } peers { permanent_uuid: "c9ffd86b4e0d4876ae36a4e4564650d0" member_type: NON_VOTER last_known_addr { host: "127.20.170.68" port: 40343 } attrs { promote: true } } }
W20260710 11:06:24.789561 22253 outbound_call.cc:321] RPC callback for RPC call kudu.consensus.ConsensusService.UpdateConsensus -> {remote=127.20.170.67:39689, user_credentials={real_user=slave}} blocked reactor thread for 46150us
I20260710 11:06:24.792623 22435 raft_consensus.cc:2955] T ed500a3e48bd40f68fdba4deea11091c P fb97acf417cd4ffda971a37330e4735c [term 1 FOLLOWER]: Committing config change with OpId 1.2: config changed from index -1 to 2, NON_VOTER c9ffd86b4e0d4876ae36a4e4564650d0 (127.20.170.68) added. New config: { opid_index: 2 OBSOLETE_local: false peers { permanent_uuid: "513d02a744a4418fa9b7faccb909e047" member_type: VOTER last_known_addr { host: "127.20.170.65" port: 45055 } } peers { permanent_uuid: "a788495f27ba49a890e91527e6eba07a" member_type: VOTER last_known_addr { host: "127.20.170.66" port: 41561 } } peers { permanent_uuid: "fb97acf417cd4ffda971a37330e4735c" member_type: VOTER last_known_addr { host: "127.20.170.67" port: 39689 } attrs { replace: true } } peers { permanent_uuid: "c9ffd86b4e0d4876ae36a4e4564650d0" member_type: NON_VOTER last_known_addr { host: "127.20.170.68" port: 40343 } attrs { promote: true } } }
W20260710 11:06:24.804571 22326 consensus_peers.cc:597] T 6ea7e26da88348958fd342b6fd9de8f7 P a788495f27ba49a890e91527e6eba07a -> Peer c9ffd86b4e0d4876ae36a4e4564650d0 (127.20.170.68:40343): Couldn't send request to peer c9ffd86b4e0d4876ae36a4e4564650d0. Error code: TABLET_NOT_FOUND (6). Status: Not found: Tablet not found: 6ea7e26da88348958fd342b6fd9de8f7. This is attempt 1: this message will repeat every 5th retry.
I20260710 11:06:24.804829 22285 raft_consensus.cc:1275] T 6ea7e26da88348958fd342b6fd9de8f7 P 513d02a744a4418fa9b7faccb909e047 [term 1 FOLLOWER]: Refusing update from remote peer a788495f27ba49a890e91527e6eba07a: Log matching property violated. Preceding OpId in replica: term: 1 index: 1. Preceding OpId from leader: term: 1 index: 2. (index mismatch)
I20260710 11:06:24.805437 22434 raft_consensus.cc:1275] T 6ea7e26da88348958fd342b6fd9de8f7 P fb97acf417cd4ffda971a37330e4735c [term 1 FOLLOWER]: Refusing update from remote peer a788495f27ba49a890e91527e6eba07a: Log matching property violated. Preceding OpId in replica: term: 1 index: 1. Preceding OpId from leader: term: 1 index: 2. (index mismatch)
I20260710 11:06:24.806629 22982 consensus_queue.cc:1048] T 6ea7e26da88348958fd342b6fd9de8f7 P a788495f27ba49a890e91527e6eba07a [LEADER]: Connected to new peer: Peer: permanent_uuid: "513d02a744a4418fa9b7faccb909e047" member_type: VOTER last_known_addr { host: "127.20.170.65" port: 45055 } attrs { replace: true }, Status: LMP_MISMATCH, Last received: 0.0, Next index: 2, Last known committed idx: 1, Time since last communication: 0.001s
I20260710 11:06:24.807715 22933 consensus_queue.cc:1048] T 6ea7e26da88348958fd342b6fd9de8f7 P a788495f27ba49a890e91527e6eba07a [LEADER]: Connected to new peer: Peer: permanent_uuid: "fb97acf417cd4ffda971a37330e4735c" member_type: VOTER last_known_addr { host: "127.20.170.67" port: 39689 }, Status: LMP_MISMATCH, Last received: 0.0, Next index: 2, Last known committed idx: 1, Time since last communication: 0.000s
I20260710 11:06:24.859023 22933 raft_consensus.cc:2955] T 6ea7e26da88348958fd342b6fd9de8f7 P a788495f27ba49a890e91527e6eba07a [term 1 LEADER]: Committing config change with OpId 1.2: config changed from index -1 to 2, NON_VOTER c9ffd86b4e0d4876ae36a4e4564650d0 (127.20.170.68) added. New config: { opid_index: 2 OBSOLETE_local: false peers { permanent_uuid: "a788495f27ba49a890e91527e6eba07a" member_type: VOTER last_known_addr { host: "127.20.170.66" port: 41561 } } peers { permanent_uuid: "fb97acf417cd4ffda971a37330e4735c" member_type: VOTER last_known_addr { host: "127.20.170.67" port: 39689 } } peers { permanent_uuid: "513d02a744a4418fa9b7faccb909e047" member_type: VOTER last_known_addr { host: "127.20.170.65" port: 45055 } attrs { replace: true } } peers { permanent_uuid: "c9ffd86b4e0d4876ae36a4e4564650d0" member_type: NON_VOTER last_known_addr { host: "127.20.170.68" port: 40343 } attrs { promote: true } } }
I20260710 11:06:24.861721 22434 raft_consensus.cc:2955] T 6ea7e26da88348958fd342b6fd9de8f7 P fb97acf417cd4ffda971a37330e4735c [term 1 FOLLOWER]: Committing config change with OpId 1.2: config changed from index -1 to 2, NON_VOTER c9ffd86b4e0d4876ae36a4e4564650d0 (127.20.170.68) added. New config: { opid_index: 2 OBSOLETE_local: false peers { permanent_uuid: "a788495f27ba49a890e91527e6eba07a" member_type: VOTER last_known_addr { host: "127.20.170.66" port: 41561 } } peers { permanent_uuid: "fb97acf417cd4ffda971a37330e4735c" member_type: VOTER last_known_addr { host: "127.20.170.67" port: 39689 } } peers { permanent_uuid: "513d02a744a4418fa9b7faccb909e047" member_type: VOTER last_known_addr { host: "127.20.170.65" port: 45055 } attrs { replace: true } } peers { permanent_uuid: "c9ffd86b4e0d4876ae36a4e4564650d0" member_type: NON_VOTER last_known_addr { host: "127.20.170.68" port: 40343 } attrs { promote: true } } }
I20260710 11:06:24.893589 22434 consensus_queue.cc:237] T cde1a3225b194f0d946342f820a1bf7d P fb97acf417cd4ffda971a37330e4735c [LEADER]: Queue going to LEADER mode. State: All replicated index: 0, Majority replicated index: 1, Committed index: 1, Last appended: 1.1, Last appended by leader: 0, Current term: 1, Majority size: 2, State: 0, Mode: LEADER, active raft config: opid_index: 2 OBSOLETE_local: false peers { permanent_uuid: "513d02a744a4418fa9b7faccb909e047" member_type: VOTER last_known_addr { host: "127.20.170.65" port: 45055 } attrs { replace: true } } peers { permanent_uuid: "a788495f27ba49a890e91527e6eba07a" member_type: VOTER last_known_addr { host: "127.20.170.66" port: 41561 } } peers { permanent_uuid: "fb97acf417cd4ffda971a37330e4735c" member_type: VOTER last_known_addr { host: "127.20.170.67" port: 39689 } } peers { permanent_uuid: "c9ffd86b4e0d4876ae36a4e4564650d0" member_type: NON_VOTER last_known_addr { host: "127.20.170.68" port: 40343 } attrs { promote: true } }
I20260710 11:06:24.895438 22183 catalog_manager.cc:5697] T 6ea7e26da88348958fd342b6fd9de8f7 P fb97acf417cd4ffda971a37330e4735c reported cstate change: config changed from index -1 to 2, NON_VOTER c9ffd86b4e0d4876ae36a4e4564650d0 (127.20.170.68) added. New cstate: current_term: 1 leader_uuid: "a788495f27ba49a890e91527e6eba07a" committed_config { opid_index: 2 OBSOLETE_local: false peers { permanent_uuid: "a788495f27ba49a890e91527e6eba07a" member_type: VOTER last_known_addr { host: "127.20.170.66" port: 41561 } } peers { permanent_uuid: "fb97acf417cd4ffda971a37330e4735c" member_type: VOTER last_known_addr { host: "127.20.170.67" port: 39689 } } peers { permanent_uuid: "513d02a744a4418fa9b7faccb909e047" member_type: VOTER last_known_addr { host: "127.20.170.65" port: 45055 } attrs { replace: true } } peers { permanent_uuid: "c9ffd86b4e0d4876ae36a4e4564650d0" member_type: NON_VOTER last_known_addr { host: "127.20.170.68" port: 40343 } attrs { promote: true } } }
I20260710 11:06:24.899941 22285 raft_consensus.cc:2955] T 6ea7e26da88348958fd342b6fd9de8f7 P 513d02a744a4418fa9b7faccb909e047 [term 1 FOLLOWER]: Committing config change with OpId 1.2: config changed from index -1 to 2, NON_VOTER c9ffd86b4e0d4876ae36a4e4564650d0 (127.20.170.68) added. New config: { opid_index: 2 OBSOLETE_local: false peers { permanent_uuid: "a788495f27ba49a890e91527e6eba07a" member_type: VOTER last_known_addr { host: "127.20.170.66" port: 41561 } } peers { permanent_uuid: "fb97acf417cd4ffda971a37330e4735c" member_type: VOTER last_known_addr { host: "127.20.170.67" port: 39689 } } peers { permanent_uuid: "513d02a744a4418fa9b7faccb909e047" member_type: VOTER last_known_addr { host: "127.20.170.65" port: 45055 } attrs { replace: true } } peers { permanent_uuid: "c9ffd86b4e0d4876ae36a4e4564650d0" member_type: NON_VOTER last_known_addr { host: "127.20.170.68" port: 40343 } attrs { promote: true } } }
I20260710 11:06:24.907658 22288 raft_consensus.cc:1275] T cde1a3225b194f0d946342f820a1bf7d P 513d02a744a4418fa9b7faccb909e047 [term 1 FOLLOWER]: Refusing update from remote peer fb97acf417cd4ffda971a37330e4735c: Log matching property violated. Preceding OpId in replica: term: 1 index: 1. Preceding OpId from leader: term: 1 index: 2. (index mismatch)
I20260710 11:06:24.908797 22362 raft_consensus.cc:1275] T cde1a3225b194f0d946342f820a1bf7d P a788495f27ba49a890e91527e6eba07a [term 1 FOLLOWER]: Refusing update from remote peer fb97acf417cd4ffda971a37330e4735c: Log matching property violated. Preceding OpId in replica: term: 1 index: 1. Preceding OpId from leader: term: 1 index: 2. (index mismatch)
W20260710 11:06:24.909739 22400 consensus_peers.cc:597] T cde1a3225b194f0d946342f820a1bf7d P fb97acf417cd4ffda971a37330e4735c -> Peer c9ffd86b4e0d4876ae36a4e4564650d0 (127.20.170.68:40343): Couldn't send request to peer c9ffd86b4e0d4876ae36a4e4564650d0. Error code: TABLET_NOT_FOUND (6). Status: Not found: Tablet not found: cde1a3225b194f0d946342f820a1bf7d. This is attempt 1: this message will repeat every 5th retry.
I20260710 11:06:24.911087 22966 consensus_queue.cc:1048] T cde1a3225b194f0d946342f820a1bf7d P fb97acf417cd4ffda971a37330e4735c [LEADER]: Connected to new peer: Peer: permanent_uuid: "a788495f27ba49a890e91527e6eba07a" member_type: VOTER last_known_addr { host: "127.20.170.66" port: 41561 }, Status: LMP_MISMATCH, Last received: 0.0, Next index: 2, Last known committed idx: 1, Time since last communication: 0.001s
I20260710 11:06:24.912240 22875 consensus_queue.cc:1048] T cde1a3225b194f0d946342f820a1bf7d P fb97acf417cd4ffda971a37330e4735c [LEADER]: Connected to new peer: Peer: permanent_uuid: "513d02a744a4418fa9b7faccb909e047" member_type: VOTER last_known_addr { host: "127.20.170.65" port: 45055 } attrs { replace: true }, Status: LMP_MISMATCH, Last received: 0.0, Next index: 2, Last known committed idx: 1, Time since last communication: 0.000s
I20260710 11:06:24.932978 22875 raft_consensus.cc:2955] T cde1a3225b194f0d946342f820a1bf7d P fb97acf417cd4ffda971a37330e4735c [term 1 LEADER]: Committing config change with OpId 1.2: config changed from index -1 to 2, NON_VOTER c9ffd86b4e0d4876ae36a4e4564650d0 (127.20.170.68) added. New config: { opid_index: 2 OBSOLETE_local: false peers { permanent_uuid: "513d02a744a4418fa9b7faccb909e047" member_type: VOTER last_known_addr { host: "127.20.170.65" port: 45055 } attrs { replace: true } } peers { permanent_uuid: "a788495f27ba49a890e91527e6eba07a" member_type: VOTER last_known_addr { host: "127.20.170.66" port: 41561 } } peers { permanent_uuid: "fb97acf417cd4ffda971a37330e4735c" member_type: VOTER last_known_addr { host: "127.20.170.67" port: 39689 } } peers { permanent_uuid: "c9ffd86b4e0d4876ae36a4e4564650d0" member_type: NON_VOTER last_known_addr { host: "127.20.170.68" port: 40343 } attrs { promote: true } } }
I20260710 11:06:24.935442 22288 raft_consensus.cc:2955] T cde1a3225b194f0d946342f820a1bf7d P 513d02a744a4418fa9b7faccb909e047 [term 1 FOLLOWER]: Committing config change with OpId 1.2: config changed from index -1 to 2, NON_VOTER c9ffd86b4e0d4876ae36a4e4564650d0 (127.20.170.68) added. New config: { opid_index: 2 OBSOLETE_local: false peers { permanent_uuid: "513d02a744a4418fa9b7faccb909e047" member_type: VOTER last_known_addr { host: "127.20.170.65" port: 45055 } attrs { replace: true } } peers { permanent_uuid: "a788495f27ba49a890e91527e6eba07a" member_type: VOTER last_known_addr { host: "127.20.170.66" port: 41561 } } peers { permanent_uuid: "fb97acf417cd4ffda971a37330e4735c" member_type: VOTER last_known_addr { host: "127.20.170.67" port: 39689 } } peers { permanent_uuid: "c9ffd86b4e0d4876ae36a4e4564650d0" member_type: NON_VOTER last_known_addr { host: "127.20.170.68" port: 40343 } attrs { promote: true } } }
I20260710 11:06:24.948773 22362 raft_consensus.cc:2955] T cde1a3225b194f0d946342f820a1bf7d P a788495f27ba49a890e91527e6eba07a [term 1 FOLLOWER]: Committing config change with OpId 1.2: config changed from index -1 to 2, NON_VOTER c9ffd86b4e0d4876ae36a4e4564650d0 (127.20.170.68) added. New config: { opid_index: 2 OBSOLETE_local: false peers { permanent_uuid: "513d02a744a4418fa9b7faccb909e047" member_type: VOTER last_known_addr { host: "127.20.170.65" port: 45055 } attrs { replace: true } } peers { permanent_uuid: "a788495f27ba49a890e91527e6eba07a" member_type: VOTER last_known_addr { host: "127.20.170.66" port: 41561 } } peers { permanent_uuid: "fb97acf417cd4ffda971a37330e4735c" member_type: VOTER last_known_addr { host: "127.20.170.67" port: 39689 } } peers { permanent_uuid: "c9ffd86b4e0d4876ae36a4e4564650d0" member_type: NON_VOTER last_known_addr { host: "127.20.170.68" port: 40343 } attrs { promote: true } } }
I20260710 11:06:24.956561 22186 catalog_manager.cc:5697] T cde1a3225b194f0d946342f820a1bf7d P fb97acf417cd4ffda971a37330e4735c reported cstate change: config changed from index -1 to 2, NON_VOTER c9ffd86b4e0d4876ae36a4e4564650d0 (127.20.170.68) added. New cstate: current_term: 1 leader_uuid: "fb97acf417cd4ffda971a37330e4735c" committed_config { opid_index: 2 OBSOLETE_local: false peers { permanent_uuid: "513d02a744a4418fa9b7faccb909e047" member_type: VOTER last_known_addr { host: "127.20.170.65" port: 45055 } attrs { replace: true } health_report { overall_health: HEALTHY } } peers { permanent_uuid: "a788495f27ba49a890e91527e6eba07a" member_type: VOTER last_known_addr { host: "127.20.170.66" port: 41561 } health_report { overall_health: HEALTHY } } peers { permanent_uuid: "fb97acf417cd4ffda971a37330e4735c" member_type: VOTER last_known_addr { host: "127.20.170.67" port: 39689 } health_report { overall_health: HEALTHY } } peers { permanent_uuid: "c9ffd86b4e0d4876ae36a4e4564650d0" member_type: NON_VOTER last_known_addr { host: "127.20.170.68" port: 40343 } attrs { promote: true } health_report { overall_health: UNKNOWN } } }
I20260710 11:06:25.198931 22989 ts_tablet_manager.cc:933] T ed500a3e48bd40f68fdba4deea11091c P c9ffd86b4e0d4876ae36a4e4564650d0: Initiating tablet copy from peer 513d02a744a4418fa9b7faccb909e047 (127.20.170.65:45055)
I20260710 11:06:25.201157 22989 tablet_copy_client.cc:323] T ed500a3e48bd40f68fdba4deea11091c P c9ffd86b4e0d4876ae36a4e4564650d0: tablet copy: Beginning tablet copy session from remote peer at address 127.20.170.65:45055
I20260710 11:06:25.203330 22298 tablet_copy_service.cc:140] P 513d02a744a4418fa9b7faccb909e047: Received BeginTabletCopySession request for tablet ed500a3e48bd40f68fdba4deea11091c from peer c9ffd86b4e0d4876ae36a4e4564650d0 ({username='slave'} at 127.0.0.1:40024)
I20260710 11:06:25.203894 22298 tablet_copy_service.cc:161] P 513d02a744a4418fa9b7faccb909e047: Beginning new tablet copy session on tablet ed500a3e48bd40f68fdba4deea11091c from peer c9ffd86b4e0d4876ae36a4e4564650d0 at {username='slave'} at 127.0.0.1:40024: session id = c9ffd86b4e0d4876ae36a4e4564650d0-ed500a3e48bd40f68fdba4deea11091c
I20260710 11:06:25.212390 22298 tablet_copy_source_session.cc:215] T ed500a3e48bd40f68fdba4deea11091c P 513d02a744a4418fa9b7faccb909e047: Tablet Copy: opened 0 blocks and 1 log segments
I20260710 11:06:25.216892 22989 data_dirs.cc:400] Could only allocate 1 dirs of requested 3 for tablet ed500a3e48bd40f68fdba4deea11091c. 1 dirs total, 0 dirs full, 0 dirs failed
I20260710 11:06:25.234645 22989 tablet_copy_client.cc:806] T ed500a3e48bd40f68fdba4deea11091c P c9ffd86b4e0d4876ae36a4e4564650d0: tablet copy: Starting download of 0 data blocks...
I20260710 11:06:25.235430 22989 tablet_copy_client.cc:670] T ed500a3e48bd40f68fdba4deea11091c P c9ffd86b4e0d4876ae36a4e4564650d0: tablet copy: Starting download of 1 WAL segments...
I20260710 11:06:25.239363 22989 tablet_copy_client.cc:538] T ed500a3e48bd40f68fdba4deea11091c P c9ffd86b4e0d4876ae36a4e4564650d0: tablet copy: Tablet Copy complete. Replacing tablet superblock.
I20260710 11:06:25.246809 22991 ts_tablet_manager.cc:933] T 6ea7e26da88348958fd342b6fd9de8f7 P c9ffd86b4e0d4876ae36a4e4564650d0: Initiating tablet copy from peer a788495f27ba49a890e91527e6eba07a (127.20.170.66:41561)
I20260710 11:06:25.248919 22991 tablet_copy_client.cc:323] T 6ea7e26da88348958fd342b6fd9de8f7 P c9ffd86b4e0d4876ae36a4e4564650d0: tablet copy: Beginning tablet copy session from remote peer at address 127.20.170.66:41561
I20260710 11:06:25.250317 22989 tablet_bootstrap.cc:492] T ed500a3e48bd40f68fdba4deea11091c P c9ffd86b4e0d4876ae36a4e4564650d0: Bootstrap starting.
I20260710 11:06:25.251322 22373 tablet_copy_service.cc:140] P a788495f27ba49a890e91527e6eba07a: Received BeginTabletCopySession request for tablet 6ea7e26da88348958fd342b6fd9de8f7 from peer c9ffd86b4e0d4876ae36a4e4564650d0 ({username='slave'} at 127.0.0.1:41968)
I20260710 11:06:25.252000 22373 tablet_copy_service.cc:161] P a788495f27ba49a890e91527e6eba07a: Beginning new tablet copy session on tablet 6ea7e26da88348958fd342b6fd9de8f7 from peer c9ffd86b4e0d4876ae36a4e4564650d0 at {username='slave'} at 127.0.0.1:41968: session id = c9ffd86b4e0d4876ae36a4e4564650d0-6ea7e26da88348958fd342b6fd9de8f7
I20260710 11:06:25.263444 22373 tablet_copy_source_session.cc:215] T 6ea7e26da88348958fd342b6fd9de8f7 P a788495f27ba49a890e91527e6eba07a: Tablet Copy: opened 0 blocks and 1 log segments
I20260710 11:06:25.268093 22991 data_dirs.cc:400] Could only allocate 1 dirs of requested 3 for tablet 6ea7e26da88348958fd342b6fd9de8f7. 1 dirs total, 0 dirs full, 0 dirs failed
I20260710 11:06:25.284447 22993 ts_tablet_manager.cc:933] T 8cb4f20f68ce44809e79555e5767eed7 P c9ffd86b4e0d4876ae36a4e4564650d0: Initiating tablet copy from peer fb97acf417cd4ffda971a37330e4735c (127.20.170.67:39689)
I20260710 11:06:25.293625 22991 tablet_copy_client.cc:806] T 6ea7e26da88348958fd342b6fd9de8f7 P c9ffd86b4e0d4876ae36a4e4564650d0: tablet copy: Starting download of 0 data blocks...
I20260710 11:06:25.292903 22993 tablet_copy_client.cc:323] T 8cb4f20f68ce44809e79555e5767eed7 P c9ffd86b4e0d4876ae36a4e4564650d0: tablet copy: Beginning tablet copy session from remote peer at address 127.20.170.67:39689
I20260710 11:06:25.294620 22991 tablet_copy_client.cc:670] T 6ea7e26da88348958fd342b6fd9de8f7 P c9ffd86b4e0d4876ae36a4e4564650d0: tablet copy: Starting download of 1 WAL segments...
I20260710 11:06:25.296669 22447 tablet_copy_service.cc:140] P fb97acf417cd4ffda971a37330e4735c: Received BeginTabletCopySession request for tablet 8cb4f20f68ce44809e79555e5767eed7 from peer c9ffd86b4e0d4876ae36a4e4564650d0 ({username='slave'} at 127.0.0.1:42526)
I20260710 11:06:25.297401 22447 tablet_copy_service.cc:161] P fb97acf417cd4ffda971a37330e4735c: Beginning new tablet copy session on tablet 8cb4f20f68ce44809e79555e5767eed7 from peer c9ffd86b4e0d4876ae36a4e4564650d0 at {username='slave'} at 127.0.0.1:42526: session id = c9ffd86b4e0d4876ae36a4e4564650d0-8cb4f20f68ce44809e79555e5767eed7
I20260710 11:06:25.301422 22989 tablet_bootstrap.cc:492] T ed500a3e48bd40f68fdba4deea11091c P c9ffd86b4e0d4876ae36a4e4564650d0: Bootstrap replayed 1/1 log segments. Stats: ops{read=2 overwritten=0 applied=2 ignored=0} inserts{seen=0 ignored=0} mutations{seen=0 ignored=0} orphaned_commits=0. Pending: 0 replicates
I20260710 11:06:25.302521 22989 tablet_bootstrap.cc:492] T ed500a3e48bd40f68fdba4deea11091c P c9ffd86b4e0d4876ae36a4e4564650d0: Bootstrap complete.
I20260710 11:06:25.303333 22989 ts_tablet_manager.cc:1403] T ed500a3e48bd40f68fdba4deea11091c P c9ffd86b4e0d4876ae36a4e4564650d0: Time spent bootstrapping tablet: real 0.053s	user 0.023s	sys 0.011s
I20260710 11:06:25.306700 22989 raft_consensus.cc:359] T ed500a3e48bd40f68fdba4deea11091c P c9ffd86b4e0d4876ae36a4e4564650d0 [term 1 LEARNER]: Replica starting. Triggering 0 pending ops. Active config: opid_index: 2 OBSOLETE_local: false peers { permanent_uuid: "513d02a744a4418fa9b7faccb909e047" member_type: VOTER last_known_addr { host: "127.20.170.65" port: 45055 } } peers { permanent_uuid: "a788495f27ba49a890e91527e6eba07a" member_type: VOTER last_known_addr { host: "127.20.170.66" port: 41561 } } peers { permanent_uuid: "fb97acf417cd4ffda971a37330e4735c" member_type: VOTER last_known_addr { host: "127.20.170.67" port: 39689 } attrs { replace: true } } peers { permanent_uuid: "c9ffd86b4e0d4876ae36a4e4564650d0" member_type: NON_VOTER last_known_addr { host: "127.20.170.68" port: 40343 } attrs { promote: true } }
I20260710 11:06:25.307694 22989 raft_consensus.cc:740] T ed500a3e48bd40f68fdba4deea11091c P c9ffd86b4e0d4876ae36a4e4564650d0 [term 1 LEARNER]: Becoming Follower/Learner. State: Replica: c9ffd86b4e0d4876ae36a4e4564650d0, State: Initialized, Role: LEARNER
I20260710 11:06:25.308290 22447 tablet_copy_source_session.cc:215] T 8cb4f20f68ce44809e79555e5767eed7 P fb97acf417cd4ffda971a37330e4735c: Tablet Copy: opened 0 blocks and 1 log segments
I20260710 11:06:25.308470 22989 consensus_queue.cc:260] T ed500a3e48bd40f68fdba4deea11091c P c9ffd86b4e0d4876ae36a4e4564650d0 [NON_LEADER]: Queue going to NON_LEADER mode. State: All replicated index: 0, Majority replicated index: 0, Committed index: 2, Last appended: 1.2, Last appended by leader: 2, Current term: 0, Majority size: -1, State: 0, Mode: NON_LEADER, active raft config: opid_index: 2 OBSOLETE_local: false peers { permanent_uuid: "513d02a744a4418fa9b7faccb909e047" member_type: VOTER last_known_addr { host: "127.20.170.65" port: 45055 } } peers { permanent_uuid: "a788495f27ba49a890e91527e6eba07a" member_type: VOTER last_known_addr { host: "127.20.170.66" port: 41561 } } peers { permanent_uuid: "fb97acf417cd4ffda971a37330e4735c" member_type: VOTER last_known_addr { host: "127.20.170.67" port: 39689 } attrs { replace: true } } peers { permanent_uuid: "c9ffd86b4e0d4876ae36a4e4564650d0" member_type: NON_VOTER last_known_addr { host: "127.20.170.68" port: 40343 } attrs { promote: true } }
I20260710 11:06:25.313088 22993 data_dirs.cc:400] Could only allocate 1 dirs of requested 3 for tablet 8cb4f20f68ce44809e79555e5767eed7. 1 dirs total, 0 dirs full, 0 dirs failed
I20260710 11:06:25.316983 22989 ts_tablet_manager.cc:1434] T ed500a3e48bd40f68fdba4deea11091c P c9ffd86b4e0d4876ae36a4e4564650d0: Time spent starting tablet: real 0.013s	user 0.007s	sys 0.000s
I20260710 11:06:25.318959 22298 tablet_copy_service.cc:342] P 513d02a744a4418fa9b7faccb909e047: Request end of tablet copy session c9ffd86b4e0d4876ae36a4e4564650d0-ed500a3e48bd40f68fdba4deea11091c received from {username='slave'} at 127.0.0.1:40024
I20260710 11:06:25.319448 22298 tablet_copy_service.cc:434] P 513d02a744a4418fa9b7faccb909e047: ending tablet copy session c9ffd86b4e0d4876ae36a4e4564650d0-ed500a3e48bd40f68fdba4deea11091c on tablet ed500a3e48bd40f68fdba4deea11091c with peer c9ffd86b4e0d4876ae36a4e4564650d0
I20260710 11:06:25.324503 22991 tablet_copy_client.cc:538] T 6ea7e26da88348958fd342b6fd9de8f7 P c9ffd86b4e0d4876ae36a4e4564650d0: tablet copy: Tablet Copy complete. Replacing tablet superblock.
I20260710 11:06:25.334277 22991 tablet_bootstrap.cc:492] T 6ea7e26da88348958fd342b6fd9de8f7 P c9ffd86b4e0d4876ae36a4e4564650d0: Bootstrap starting.
I20260710 11:06:25.339223 22993 tablet_copy_client.cc:806] T 8cb4f20f68ce44809e79555e5767eed7 P c9ffd86b4e0d4876ae36a4e4564650d0: tablet copy: Starting download of 0 data blocks...
I20260710 11:06:25.339962 22993 tablet_copy_client.cc:670] T 8cb4f20f68ce44809e79555e5767eed7 P c9ffd86b4e0d4876ae36a4e4564650d0: tablet copy: Starting download of 1 WAL segments...
I20260710 11:06:25.344522 22993 tablet_copy_client.cc:538] T 8cb4f20f68ce44809e79555e5767eed7 P c9ffd86b4e0d4876ae36a4e4564650d0: tablet copy: Tablet Copy complete. Replacing tablet superblock.
I20260710 11:06:25.359243 22993 tablet_bootstrap.cc:492] T 8cb4f20f68ce44809e79555e5767eed7 P c9ffd86b4e0d4876ae36a4e4564650d0: Bootstrap starting.
I20260710 11:06:25.360666 22991 tablet_bootstrap.cc:492] T 6ea7e26da88348958fd342b6fd9de8f7 P c9ffd86b4e0d4876ae36a4e4564650d0: Bootstrap replayed 1/1 log segments. Stats: ops{read=2 overwritten=0 applied=2 ignored=0} inserts{seen=0 ignored=0} mutations{seen=0 ignored=0} orphaned_commits=0. Pending: 0 replicates
I20260710 11:06:25.361712 22991 tablet_bootstrap.cc:492] T 6ea7e26da88348958fd342b6fd9de8f7 P c9ffd86b4e0d4876ae36a4e4564650d0: Bootstrap complete.
I20260710 11:06:25.362437 22991 ts_tablet_manager.cc:1403] T 6ea7e26da88348958fd342b6fd9de8f7 P c9ffd86b4e0d4876ae36a4e4564650d0: Time spent bootstrapping tablet: real 0.028s	user 0.018s	sys 0.008s
I20260710 11:06:25.365746 22991 raft_consensus.cc:359] T 6ea7e26da88348958fd342b6fd9de8f7 P c9ffd86b4e0d4876ae36a4e4564650d0 [term 1 LEARNER]: Replica starting. Triggering 0 pending ops. Active config: opid_index: 2 OBSOLETE_local: false peers { permanent_uuid: "a788495f27ba49a890e91527e6eba07a" member_type: VOTER last_known_addr { host: "127.20.170.66" port: 41561 } } peers { permanent_uuid: "fb97acf417cd4ffda971a37330e4735c" member_type: VOTER last_known_addr { host: "127.20.170.67" port: 39689 } } peers { permanent_uuid: "513d02a744a4418fa9b7faccb909e047" member_type: VOTER last_known_addr { host: "127.20.170.65" port: 45055 } attrs { replace: true } } peers { permanent_uuid: "c9ffd86b4e0d4876ae36a4e4564650d0" member_type: NON_VOTER last_known_addr { host: "127.20.170.68" port: 40343 } attrs { promote: true } }
I20260710 11:06:25.366683 22991 raft_consensus.cc:740] T 6ea7e26da88348958fd342b6fd9de8f7 P c9ffd86b4e0d4876ae36a4e4564650d0 [term 1 LEARNER]: Becoming Follower/Learner. State: Replica: c9ffd86b4e0d4876ae36a4e4564650d0, State: Initialized, Role: LEARNER
I20260710 11:06:25.367976 22991 consensus_queue.cc:260] T 6ea7e26da88348958fd342b6fd9de8f7 P c9ffd86b4e0d4876ae36a4e4564650d0 [NON_LEADER]: Queue going to NON_LEADER mode. State: All replicated index: 0, Majority replicated index: 0, Committed index: 2, Last appended: 1.2, Last appended by leader: 2, Current term: 0, Majority size: -1, State: 0, Mode: NON_LEADER, active raft config: opid_index: 2 OBSOLETE_local: false peers { permanent_uuid: "a788495f27ba49a890e91527e6eba07a" member_type: VOTER last_known_addr { host: "127.20.170.66" port: 41561 } } peers { permanent_uuid: "fb97acf417cd4ffda971a37330e4735c" member_type: VOTER last_known_addr { host: "127.20.170.67" port: 39689 } } peers { permanent_uuid: "513d02a744a4418fa9b7faccb909e047" member_type: VOTER last_known_addr { host: "127.20.170.65" port: 45055 } attrs { replace: true } } peers { permanent_uuid: "c9ffd86b4e0d4876ae36a4e4564650d0" member_type: NON_VOTER last_known_addr { host: "127.20.170.68" port: 40343 } attrs { promote: true } }
I20260710 11:06:25.370464 22991 ts_tablet_manager.cc:1434] T 6ea7e26da88348958fd342b6fd9de8f7 P c9ffd86b4e0d4876ae36a4e4564650d0: Time spent starting tablet: real 0.008s	user 0.005s	sys 0.003s
I20260710 11:06:25.372352 22373 tablet_copy_service.cc:342] P a788495f27ba49a890e91527e6eba07a: Request end of tablet copy session c9ffd86b4e0d4876ae36a4e4564650d0-6ea7e26da88348958fd342b6fd9de8f7 received from {username='slave'} at 127.0.0.1:41968
I20260710 11:06:25.372828 22373 tablet_copy_service.cc:434] P a788495f27ba49a890e91527e6eba07a: ending tablet copy session c9ffd86b4e0d4876ae36a4e4564650d0-6ea7e26da88348958fd342b6fd9de8f7 on tablet 6ea7e26da88348958fd342b6fd9de8f7 with peer c9ffd86b4e0d4876ae36a4e4564650d0
I20260710 11:06:25.385658 22993 tablet_bootstrap.cc:492] T 8cb4f20f68ce44809e79555e5767eed7 P c9ffd86b4e0d4876ae36a4e4564650d0: Bootstrap replayed 1/1 log segments. Stats: ops{read=2 overwritten=0 applied=2 ignored=0} inserts{seen=0 ignored=0} mutations{seen=0 ignored=0} orphaned_commits=0. Pending: 0 replicates
I20260710 11:06:25.386624 22993 tablet_bootstrap.cc:492] T 8cb4f20f68ce44809e79555e5767eed7 P c9ffd86b4e0d4876ae36a4e4564650d0: Bootstrap complete.
I20260710 11:06:25.387327 22993 ts_tablet_manager.cc:1403] T 8cb4f20f68ce44809e79555e5767eed7 P c9ffd86b4e0d4876ae36a4e4564650d0: Time spent bootstrapping tablet: real 0.028s	user 0.013s	sys 0.008s
I20260710 11:06:25.390316 22993 raft_consensus.cc:359] T 8cb4f20f68ce44809e79555e5767eed7 P c9ffd86b4e0d4876ae36a4e4564650d0 [term 1 LEARNER]: Replica starting. Triggering 0 pending ops. Active config: opid_index: 2 OBSOLETE_local: false peers { permanent_uuid: "513d02a744a4418fa9b7faccb909e047" member_type: VOTER last_known_addr { host: "127.20.170.65" port: 45055 } } peers { permanent_uuid: "a788495f27ba49a890e91527e6eba07a" member_type: VOTER last_known_addr { host: "127.20.170.66" port: 41561 } attrs { replace: true } } peers { permanent_uuid: "fb97acf417cd4ffda971a37330e4735c" member_type: VOTER last_known_addr { host: "127.20.170.67" port: 39689 } } peers { permanent_uuid: "c9ffd86b4e0d4876ae36a4e4564650d0" member_type: NON_VOTER last_known_addr { host: "127.20.170.68" port: 40343 } attrs { promote: true } }
I20260710 11:06:25.391165 22993 raft_consensus.cc:740] T 8cb4f20f68ce44809e79555e5767eed7 P c9ffd86b4e0d4876ae36a4e4564650d0 [term 1 LEARNER]: Becoming Follower/Learner. State: Replica: c9ffd86b4e0d4876ae36a4e4564650d0, State: Initialized, Role: LEARNER
I20260710 11:06:25.391855 22993 consensus_queue.cc:260] T 8cb4f20f68ce44809e79555e5767eed7 P c9ffd86b4e0d4876ae36a4e4564650d0 [NON_LEADER]: Queue going to NON_LEADER mode. State: All replicated index: 0, Majority replicated index: 0, Committed index: 2, Last appended: 1.2, Last appended by leader: 2, Current term: 0, Majority size: -1, State: 0, Mode: NON_LEADER, active raft config: opid_index: 2 OBSOLETE_local: false peers { permanent_uuid: "513d02a744a4418fa9b7faccb909e047" member_type: VOTER last_known_addr { host: "127.20.170.65" port: 45055 } } peers { permanent_uuid: "a788495f27ba49a890e91527e6eba07a" member_type: VOTER last_known_addr { host: "127.20.170.66" port: 41561 } attrs { replace: true } } peers { permanent_uuid: "fb97acf417cd4ffda971a37330e4735c" member_type: VOTER last_known_addr { host: "127.20.170.67" port: 39689 } } peers { permanent_uuid: "c9ffd86b4e0d4876ae36a4e4564650d0" member_type: NON_VOTER last_known_addr { host: "127.20.170.68" port: 40343 } attrs { promote: true } }
I20260710 11:06:25.394309 22993 ts_tablet_manager.cc:1434] T 8cb4f20f68ce44809e79555e5767eed7 P c9ffd86b4e0d4876ae36a4e4564650d0: Time spent starting tablet: real 0.007s	user 0.001s	sys 0.003s
I20260710 11:06:25.396042 22447 tablet_copy_service.cc:342] P fb97acf417cd4ffda971a37330e4735c: Request end of tablet copy session c9ffd86b4e0d4876ae36a4e4564650d0-8cb4f20f68ce44809e79555e5767eed7 received from {username='slave'} at 127.0.0.1:42526
I20260710 11:06:25.396483 22447 tablet_copy_service.cc:434] P fb97acf417cd4ffda971a37330e4735c: ending tablet copy session c9ffd86b4e0d4876ae36a4e4564650d0-8cb4f20f68ce44809e79555e5767eed7 on tablet 8cb4f20f68ce44809e79555e5767eed7 with peer c9ffd86b4e0d4876ae36a4e4564650d0
I20260710 11:06:25.492462 22993 ts_tablet_manager.cc:933] T cde1a3225b194f0d946342f820a1bf7d P c9ffd86b4e0d4876ae36a4e4564650d0: Initiating tablet copy from peer fb97acf417cd4ffda971a37330e4735c (127.20.170.67:39689)
I20260710 11:06:25.494107 22993 tablet_copy_client.cc:323] T cde1a3225b194f0d946342f820a1bf7d P c9ffd86b4e0d4876ae36a4e4564650d0: tablet copy: Beginning tablet copy session from remote peer at address 127.20.170.67:39689
I20260710 11:06:25.495570 22447 tablet_copy_service.cc:140] P fb97acf417cd4ffda971a37330e4735c: Received BeginTabletCopySession request for tablet cde1a3225b194f0d946342f820a1bf7d from peer c9ffd86b4e0d4876ae36a4e4564650d0 ({username='slave'} at 127.0.0.1:42526)
I20260710 11:06:25.496091 22447 tablet_copy_service.cc:161] P fb97acf417cd4ffda971a37330e4735c: Beginning new tablet copy session on tablet cde1a3225b194f0d946342f820a1bf7d from peer c9ffd86b4e0d4876ae36a4e4564650d0 at {username='slave'} at 127.0.0.1:42526: session id = c9ffd86b4e0d4876ae36a4e4564650d0-cde1a3225b194f0d946342f820a1bf7d
I20260710 11:06:25.502313 22447 tablet_copy_source_session.cc:215] T cde1a3225b194f0d946342f820a1bf7d P fb97acf417cd4ffda971a37330e4735c: Tablet Copy: opened 0 blocks and 1 log segments
I20260710 11:06:25.505578 22993 data_dirs.cc:400] Could only allocate 1 dirs of requested 3 for tablet cde1a3225b194f0d946342f820a1bf7d. 1 dirs total, 0 dirs full, 0 dirs failed
I20260710 11:06:25.521340 22993 tablet_copy_client.cc:806] T cde1a3225b194f0d946342f820a1bf7d P c9ffd86b4e0d4876ae36a4e4564650d0: tablet copy: Starting download of 0 data blocks...
I20260710 11:06:25.521941 22993 tablet_copy_client.cc:670] T cde1a3225b194f0d946342f820a1bf7d P c9ffd86b4e0d4876ae36a4e4564650d0: tablet copy: Starting download of 1 WAL segments...
I20260710 11:06:25.525607 22993 tablet_copy_client.cc:538] T cde1a3225b194f0d946342f820a1bf7d P c9ffd86b4e0d4876ae36a4e4564650d0: tablet copy: Tablet Copy complete. Replacing tablet superblock.
I20260710 11:06:25.532801 22993 tablet_bootstrap.cc:492] T cde1a3225b194f0d946342f820a1bf7d P c9ffd86b4e0d4876ae36a4e4564650d0: Bootstrap starting.
I20260710 11:06:25.551560 22993 tablet_bootstrap.cc:492] T cde1a3225b194f0d946342f820a1bf7d P c9ffd86b4e0d4876ae36a4e4564650d0: Bootstrap replayed 1/1 log segments. Stats: ops{read=2 overwritten=0 applied=2 ignored=0} inserts{seen=0 ignored=0} mutations{seen=0 ignored=0} orphaned_commits=0. Pending: 0 replicates
I20260710 11:06:25.552415 22993 tablet_bootstrap.cc:492] T cde1a3225b194f0d946342f820a1bf7d P c9ffd86b4e0d4876ae36a4e4564650d0: Bootstrap complete.
I20260710 11:06:25.552981 22993 ts_tablet_manager.cc:1403] T cde1a3225b194f0d946342f820a1bf7d P c9ffd86b4e0d4876ae36a4e4564650d0: Time spent bootstrapping tablet: real 0.020s	user 0.008s	sys 0.011s
I20260710 11:06:25.555181 22993 raft_consensus.cc:359] T cde1a3225b194f0d946342f820a1bf7d P c9ffd86b4e0d4876ae36a4e4564650d0 [term 1 LEARNER]: Replica starting. Triggering 0 pending ops. Active config: opid_index: 2 OBSOLETE_local: false peers { permanent_uuid: "513d02a744a4418fa9b7faccb909e047" member_type: VOTER last_known_addr { host: "127.20.170.65" port: 45055 } attrs { replace: true } } peers { permanent_uuid: "a788495f27ba49a890e91527e6eba07a" member_type: VOTER last_known_addr { host: "127.20.170.66" port: 41561 } } peers { permanent_uuid: "fb97acf417cd4ffda971a37330e4735c" member_type: VOTER last_known_addr { host: "127.20.170.67" port: 39689 } } peers { permanent_uuid: "c9ffd86b4e0d4876ae36a4e4564650d0" member_type: NON_VOTER last_known_addr { host: "127.20.170.68" port: 40343 } attrs { promote: true } }
I20260710 11:06:25.555871 22993 raft_consensus.cc:740] T cde1a3225b194f0d946342f820a1bf7d P c9ffd86b4e0d4876ae36a4e4564650d0 [term 1 LEARNER]: Becoming Follower/Learner. State: Replica: c9ffd86b4e0d4876ae36a4e4564650d0, State: Initialized, Role: LEARNER
I20260710 11:06:25.556401 22993 consensus_queue.cc:260] T cde1a3225b194f0d946342f820a1bf7d P c9ffd86b4e0d4876ae36a4e4564650d0 [NON_LEADER]: Queue going to NON_LEADER mode. State: All replicated index: 0, Majority replicated index: 0, Committed index: 2, Last appended: 1.2, Last appended by leader: 2, Current term: 0, Majority size: -1, State: 0, Mode: NON_LEADER, active raft config: opid_index: 2 OBSOLETE_local: false peers { permanent_uuid: "513d02a744a4418fa9b7faccb909e047" member_type: VOTER last_known_addr { host: "127.20.170.65" port: 45055 } attrs { replace: true } } peers { permanent_uuid: "a788495f27ba49a890e91527e6eba07a" member_type: VOTER last_known_addr { host: "127.20.170.66" port: 41561 } } peers { permanent_uuid: "fb97acf417cd4ffda971a37330e4735c" member_type: VOTER last_known_addr { host: "127.20.170.67" port: 39689 } } peers { permanent_uuid: "c9ffd86b4e0d4876ae36a4e4564650d0" member_type: NON_VOTER last_known_addr { host: "127.20.170.68" port: 40343 } attrs { promote: true } }
I20260710 11:06:25.558265 22993 ts_tablet_manager.cc:1434] T cde1a3225b194f0d946342f820a1bf7d P c9ffd86b4e0d4876ae36a4e4564650d0: Time spent starting tablet: real 0.005s	user 0.003s	sys 0.001s
I20260710 11:06:25.560424 22447 tablet_copy_service.cc:342] P fb97acf417cd4ffda971a37330e4735c: Request end of tablet copy session c9ffd86b4e0d4876ae36a4e4564650d0-cde1a3225b194f0d946342f820a1bf7d received from {username='slave'} at 127.0.0.1:42526
I20260710 11:06:25.560844 22447 tablet_copy_service.cc:434] P fb97acf417cd4ffda971a37330e4735c: ending tablet copy session c9ffd86b4e0d4876ae36a4e4564650d0-cde1a3225b194f0d946342f820a1bf7d on tablet cde1a3225b194f0d946342f820a1bf7d with peer c9ffd86b4e0d4876ae36a4e4564650d0
I20260710 11:06:25.644892 22710 raft_consensus.cc:1217] T 8cb4f20f68ce44809e79555e5767eed7 P c9ffd86b4e0d4876ae36a4e4564650d0 [term 1 LEARNER]: Deduplicated request from leader. Original: 1.1->[1.2-1.2]   Dedup: 1.2->[]
I20260710 11:06:25.728293 22710 raft_consensus.cc:1217] T ed500a3e48bd40f68fdba4deea11091c P c9ffd86b4e0d4876ae36a4e4564650d0 [term 1 LEARNER]: Deduplicated request from leader. Original: 1.1->[1.2-1.2]   Dedup: 1.2->[]
I20260710 11:06:25.759101 22710 raft_consensus.cc:1217] T 6ea7e26da88348958fd342b6fd9de8f7 P c9ffd86b4e0d4876ae36a4e4564650d0 [term 1 LEARNER]: Deduplicated request from leader. Original: 1.1->[1.2-1.2]   Dedup: 1.2->[]
I20260710 11:06:26.056385 22710 raft_consensus.cc:1217] T cde1a3225b194f0d946342f820a1bf7d P c9ffd86b4e0d4876ae36a4e4564650d0 [term 1 LEARNER]: Deduplicated request from leader. Original: 1.1->[1.2-1.2]   Dedup: 1.2->[]
I20260710 11:06:26.179651 22966 raft_consensus.cc:1064] T 8cb4f20f68ce44809e79555e5767eed7 P fb97acf417cd4ffda971a37330e4735c: attempting to promote NON_VOTER c9ffd86b4e0d4876ae36a4e4564650d0 to VOTER
I20260710 11:06:26.182024 22966 consensus_queue.cc:237] T 8cb4f20f68ce44809e79555e5767eed7 P fb97acf417cd4ffda971a37330e4735c [LEADER]: Queue going to LEADER mode. State: All replicated index: 0, Majority replicated index: 2, Committed index: 2, Last appended: 1.2, Last appended by leader: 0, Current term: 1, Majority size: 3, State: 0, Mode: LEADER, active raft config: opid_index: 3 OBSOLETE_local: false peers { permanent_uuid: "513d02a744a4418fa9b7faccb909e047" member_type: VOTER last_known_addr { host: "127.20.170.65" port: 45055 } } peers { permanent_uuid: "a788495f27ba49a890e91527e6eba07a" member_type: VOTER last_known_addr { host: "127.20.170.66" port: 41561 } attrs { replace: true } } peers { permanent_uuid: "fb97acf417cd4ffda971a37330e4735c" member_type: VOTER last_known_addr { host: "127.20.170.67" port: 39689 } } peers { permanent_uuid: "c9ffd86b4e0d4876ae36a4e4564650d0" member_type: VOTER last_known_addr { host: "127.20.170.68" port: 40343 } attrs { promote: false } }
I20260710 11:06:26.190233 22361 raft_consensus.cc:1275] T 8cb4f20f68ce44809e79555e5767eed7 P a788495f27ba49a890e91527e6eba07a [term 1 FOLLOWER]: Refusing update from remote peer fb97acf417cd4ffda971a37330e4735c: Log matching property violated. Preceding OpId in replica: term: 1 index: 2. Preceding OpId from leader: term: 1 index: 3. (index mismatch)
I20260710 11:06:26.190490 22710 raft_consensus.cc:1275] T 8cb4f20f68ce44809e79555e5767eed7 P c9ffd86b4e0d4876ae36a4e4564650d0 [term 1 LEARNER]: Refusing update from remote peer fb97acf417cd4ffda971a37330e4735c: Log matching property violated. Preceding OpId in replica: term: 1 index: 2. Preceding OpId from leader: term: 1 index: 3. (index mismatch)
I20260710 11:06:26.191758 22875 consensus_queue.cc:1048] T 8cb4f20f68ce44809e79555e5767eed7 P fb97acf417cd4ffda971a37330e4735c [LEADER]: Connected to new peer: Peer: permanent_uuid: "a788495f27ba49a890e91527e6eba07a" member_type: VOTER last_known_addr { host: "127.20.170.66" port: 41561 } attrs { replace: true }, Status: LMP_MISMATCH, Last received: 0.0, Next index: 3, Last known committed idx: 2, Time since last communication: 0.000s
I20260710 11:06:26.192723 22288 raft_consensus.cc:1275] T 8cb4f20f68ce44809e79555e5767eed7 P 513d02a744a4418fa9b7faccb909e047 [term 1 FOLLOWER]: Refusing update from remote peer fb97acf417cd4ffda971a37330e4735c: Log matching property violated. Preceding OpId in replica: term: 1 index: 2. Preceding OpId from leader: term: 1 index: 3. (index mismatch)
I20260710 11:06:26.192612 23002 consensus_queue.cc:1048] T 8cb4f20f68ce44809e79555e5767eed7 P fb97acf417cd4ffda971a37330e4735c [LEADER]: Connected to new peer: Peer: permanent_uuid: "c9ffd86b4e0d4876ae36a4e4564650d0" member_type: VOTER last_known_addr { host: "127.20.170.68" port: 40343 } attrs { promote: false }, Status: LMP_MISMATCH, Last received: 0.0, Next index: 3, Last known committed idx: 2, Time since last communication: 0.000s
I20260710 11:06:26.194319 23006 consensus_queue.cc:1048] T 8cb4f20f68ce44809e79555e5767eed7 P fb97acf417cd4ffda971a37330e4735c [LEADER]: Connected to new peer: Peer: permanent_uuid: "513d02a744a4418fa9b7faccb909e047" member_type: VOTER last_known_addr { host: "127.20.170.65" port: 45055 }, Status: LMP_MISMATCH, Last received: 0.0, Next index: 3, Last known committed idx: 2, Time since last communication: 0.000s
I20260710 11:06:26.205463 22875 raft_consensus.cc:2955] T 8cb4f20f68ce44809e79555e5767eed7 P fb97acf417cd4ffda971a37330e4735c [term 1 LEADER]: Committing config change with OpId 1.3: config changed from index 2 to 3, c9ffd86b4e0d4876ae36a4e4564650d0 (127.20.170.68) changed from NON_VOTER to VOTER. New config: { opid_index: 3 OBSOLETE_local: false peers { permanent_uuid: "513d02a744a4418fa9b7faccb909e047" member_type: VOTER last_known_addr { host: "127.20.170.65" port: 45055 } } peers { permanent_uuid: "a788495f27ba49a890e91527e6eba07a" member_type: VOTER last_known_addr { host: "127.20.170.66" port: 41561 } attrs { replace: true } } peers { permanent_uuid: "fb97acf417cd4ffda971a37330e4735c" member_type: VOTER last_known_addr { host: "127.20.170.67" port: 39689 } } peers { permanent_uuid: "c9ffd86b4e0d4876ae36a4e4564650d0" member_type: VOTER last_known_addr { host: "127.20.170.68" port: 40343 } attrs { promote: false } } }
I20260710 11:06:26.207876 22361 raft_consensus.cc:2955] T 8cb4f20f68ce44809e79555e5767eed7 P a788495f27ba49a890e91527e6eba07a [term 1 FOLLOWER]: Committing config change with OpId 1.3: config changed from index 2 to 3, c9ffd86b4e0d4876ae36a4e4564650d0 (127.20.170.68) changed from NON_VOTER to VOTER. New config: { opid_index: 3 OBSOLETE_local: false peers { permanent_uuid: "513d02a744a4418fa9b7faccb909e047" member_type: VOTER last_known_addr { host: "127.20.170.65" port: 45055 } } peers { permanent_uuid: "a788495f27ba49a890e91527e6eba07a" member_type: VOTER last_known_addr { host: "127.20.170.66" port: 41561 } attrs { replace: true } } peers { permanent_uuid: "fb97acf417cd4ffda971a37330e4735c" member_type: VOTER last_known_addr { host: "127.20.170.67" port: 39689 } } peers { permanent_uuid: "c9ffd86b4e0d4876ae36a4e4564650d0" member_type: VOTER last_known_addr { host: "127.20.170.68" port: 40343 } attrs { promote: false } } }
I20260710 11:06:26.210655 22288 raft_consensus.cc:2955] T 8cb4f20f68ce44809e79555e5767eed7 P 513d02a744a4418fa9b7faccb909e047 [term 1 FOLLOWER]: Committing config change with OpId 1.3: config changed from index 2 to 3, c9ffd86b4e0d4876ae36a4e4564650d0 (127.20.170.68) changed from NON_VOTER to VOTER. New config: { opid_index: 3 OBSOLETE_local: false peers { permanent_uuid: "513d02a744a4418fa9b7faccb909e047" member_type: VOTER last_known_addr { host: "127.20.170.65" port: 45055 } } peers { permanent_uuid: "a788495f27ba49a890e91527e6eba07a" member_type: VOTER last_known_addr { host: "127.20.170.66" port: 41561 } attrs { replace: true } } peers { permanent_uuid: "fb97acf417cd4ffda971a37330e4735c" member_type: VOTER last_known_addr { host: "127.20.170.67" port: 39689 } } peers { permanent_uuid: "c9ffd86b4e0d4876ae36a4e4564650d0" member_type: VOTER last_known_addr { host: "127.20.170.68" port: 40343 } attrs { promote: false } } }
I20260710 11:06:26.220144 22710 raft_consensus.cc:2955] T 8cb4f20f68ce44809e79555e5767eed7 P c9ffd86b4e0d4876ae36a4e4564650d0 [term 1 FOLLOWER]: Committing config change with OpId 1.3: config changed from index 2 to 3, c9ffd86b4e0d4876ae36a4e4564650d0 (127.20.170.68) changed from NON_VOTER to VOTER. New config: { opid_index: 3 OBSOLETE_local: false peers { permanent_uuid: "513d02a744a4418fa9b7faccb909e047" member_type: VOTER last_known_addr { host: "127.20.170.65" port: 45055 } } peers { permanent_uuid: "a788495f27ba49a890e91527e6eba07a" member_type: VOTER last_known_addr { host: "127.20.170.66" port: 41561 } attrs { replace: true } } peers { permanent_uuid: "fb97acf417cd4ffda971a37330e4735c" member_type: VOTER last_known_addr { host: "127.20.170.67" port: 39689 } } peers { permanent_uuid: "c9ffd86b4e0d4876ae36a4e4564650d0" member_type: VOTER last_known_addr { host: "127.20.170.68" port: 40343 } attrs { promote: false } } }
