I20260710 11:00:11.143416  4185 tablet_service.cc:1917] Received RequestConsensusVote() RPC: tablet_id: "18636300d821496eb8f42dfc2c327cd2" candidate_uuid: "78de0a4923c848fea6d3c7016065bc3a" candidate_term: 1 candidate_status { last_received { term: 0 index: 0 } } ignore_live_leader: false dest_uuid: "65a38a937553493090d2597b0135890f" is_pre_election: true
I20260710 11:00:11.143752  4225 tablet_bootstrap.cc:654] T 6985556adedc47caba5ae6857b09145f P 65a38a937553493090d2597b0135890f: Neither blocks nor log segments found. Creating new log.
W20260710 11:00:11.145642  4074 leader_election.cc:343] T 18636300d821496eb8f42dfc2c327cd2 P 78de0a4923c848fea6d3c7016065bc3a [CANDIDATE]: Term 1 pre-election: Tablet error from VoteRequest() call to peer 65a38a937553493090d2597b0135890f (127.2.218.3:38295): Illegal state: must be running to vote when last-logged opid is not known
I20260710 11:00:11.147603  4033 tablet_service.cc:1917] Received RequestConsensusVote() RPC: tablet_id: "18636300d821496eb8f42dfc2c327cd2" candidate_uuid: "78de0a4923c848fea6d3c7016065bc3a" candidate_term: 1 candidate_status { last_received { term: 0 index: 0 } } ignore_live_leader: false dest_uuid: "55e987548efc4046888086407c326340" is_pre_election: true
W20260710 11:00:11.149400  4077 leader_election.cc:343] T 18636300d821496eb8f42dfc2c327cd2 P 78de0a4923c848fea6d3c7016065bc3a [CANDIDATE]: Term 1 pre-election: Tablet error from VoteRequest() call to peer 55e987548efc4046888086407c326340 (127.2.218.1:45989): Illegal state: must be running to vote when last-logged opid is not known
I20260710 11:00:11.149837  4077 leader_election.cc:304] T 18636300d821496eb8f42dfc2c327cd2 P 78de0a4923c848fea6d3c7016065bc3a [CANDIDATE]: Term 1 pre-election: Election decided. Result: candidate lost. Election summary: received 3 responses out of 3 voters: 1 yes votes; 2 no votes. yes voters: 78de0a4923c848fea6d3c7016065bc3a; no voters: 55e987548efc4046888086407c326340, 65a38a937553493090d2597b0135890f
I20260710 11:00:11.151329  4227 tablet_bootstrap.cc:492] T 249abf1d11204949bb879b28b8272f24 P 78de0a4923c848fea6d3c7016065bc3a: No bootstrap required, opened a new log
I20260710 11:00:11.151237  4295 raft_consensus.cc:2749] T 18636300d821496eb8f42dfc2c327cd2 P 78de0a4923c848fea6d3c7016065bc3a [term 0 FOLLOWER]: Leader pre-election lost for term 1. Reason: could not achieve majority
I20260710 11:00:11.152247  4227 ts_tablet_manager.cc:1403] T 249abf1d11204949bb879b28b8272f24 P 78de0a4923c848fea6d3c7016065bc3a: Time spent bootstrapping tablet: real 0.043s	user 0.018s	sys 0.020s
I20260710 11:00:11.154948  4227 raft_consensus.cc:359] T 249abf1d11204949bb879b28b8272f24 P 78de0a4923c848fea6d3c7016065bc3a [term 0 FOLLOWER]: Replica starting. Triggering 0 pending ops. Active config: opid_index: -1 OBSOLETE_local: false peers { permanent_uuid: "55e987548efc4046888086407c326340" member_type: VOTER last_known_addr { host: "127.2.218.1" port: 45989 } } peers { permanent_uuid: "78de0a4923c848fea6d3c7016065bc3a" member_type: VOTER last_known_addr { host: "127.2.218.2" port: 33785 } } peers { permanent_uuid: "65a38a937553493090d2597b0135890f" member_type: VOTER last_known_addr { host: "127.2.218.3" port: 38295 } }
I20260710 11:00:11.155719  4227 raft_consensus.cc:385] T 249abf1d11204949bb879b28b8272f24 P 78de0a4923c848fea6d3c7016065bc3a [term 0 FOLLOWER]: Consensus starting up: Expiring failure detector timer to make a prompt election more likely
I20260710 11:00:11.156008  4227 raft_consensus.cc:740] T 249abf1d11204949bb879b28b8272f24 P 78de0a4923c848fea6d3c7016065bc3a [term 0 FOLLOWER]: Becoming Follower/Learner. State: Replica: 78de0a4923c848fea6d3c7016065bc3a, State: Initialized, Role: FOLLOWER
I20260710 11:00:11.156724  4227 consensus_queue.cc:260] T 249abf1d11204949bb879b28b8272f24 P 78de0a4923c848fea6d3c7016065bc3a [NON_LEADER]: Queue going to NON_LEADER mode. State: All replicated index: 0, Majority replicated index: 0, Committed index: 0, Last appended: 0.0, Last appended by leader: 0, Current term: 0, Majority size: -1, State: 0, Mode: NON_LEADER, active raft config: opid_index: -1 OBSOLETE_local: false peers { permanent_uuid: "55e987548efc4046888086407c326340" member_type: VOTER last_known_addr { host: "127.2.218.1" port: 45989 } } peers { permanent_uuid: "78de0a4923c848fea6d3c7016065bc3a" member_type: VOTER last_known_addr { host: "127.2.218.2" port: 33785 } } peers { permanent_uuid: "65a38a937553493090d2597b0135890f" member_type: VOTER last_known_addr { host: "127.2.218.3" port: 38295 } }
I20260710 11:00:11.159869  4228 tablet_bootstrap.cc:492] T e16d9942adbf4be082c8a2b52e6be907 P 55e987548efc4046888086407c326340: No bootstrap required, opened a new log
I20260710 11:00:11.160156  4228 ts_tablet_manager.cc:1403] T e16d9942adbf4be082c8a2b52e6be907 P 55e987548efc4046888086407c326340: Time spent bootstrapping tablet: real 0.045s	user 0.009s	sys 0.005s
I20260710 11:00:11.161492  4227 ts_tablet_manager.cc:1434] T 249abf1d11204949bb879b28b8272f24 P 78de0a4923c848fea6d3c7016065bc3a: Time spent starting tablet: real 0.009s	user 0.005s	sys 0.000s
I20260710 11:00:11.162494  4227 tablet_bootstrap.cc:492] T 0088119bc00e4c34b78e0de6b5218ca5 P 78de0a4923c848fea6d3c7016065bc3a: Bootstrap starting.
I20260710 11:00:11.162832  4228 raft_consensus.cc:359] T e16d9942adbf4be082c8a2b52e6be907 P 55e987548efc4046888086407c326340 [term 0 FOLLOWER]: Replica starting. Triggering 0 pending ops. Active config: opid_index: -1 OBSOLETE_local: false peers { permanent_uuid: "55e987548efc4046888086407c326340" member_type: VOTER last_known_addr { host: "127.2.218.1" port: 45989 } } peers { permanent_uuid: "78de0a4923c848fea6d3c7016065bc3a" member_type: VOTER last_known_addr { host: "127.2.218.2" port: 33785 } } peers { permanent_uuid: "65a38a937553493090d2597b0135890f" member_type: VOTER last_known_addr { host: "127.2.218.3" port: 38295 } }
I20260710 11:00:11.163384  4228 raft_consensus.cc:385] T e16d9942adbf4be082c8a2b52e6be907 P 55e987548efc4046888086407c326340 [term 0 FOLLOWER]: Consensus starting up: Expiring failure detector timer to make a prompt election more likely
I20260710 11:00:11.163628  4228 raft_consensus.cc:740] T e16d9942adbf4be082c8a2b52e6be907 P 55e987548efc4046888086407c326340 [term 0 FOLLOWER]: Becoming Follower/Learner. State: Replica: 55e987548efc4046888086407c326340, State: Initialized, Role: FOLLOWER
I20260710 11:00:11.164206  4228 consensus_queue.cc:260] T e16d9942adbf4be082c8a2b52e6be907 P 55e987548efc4046888086407c326340 [NON_LEADER]: Queue going to NON_LEADER mode. State: All replicated index: 0, Majority replicated index: 0, Committed index: 0, Last appended: 0.0, Last appended by leader: 0, Current term: 0, Majority size: -1, State: 0, Mode: NON_LEADER, active raft config: opid_index: -1 OBSOLETE_local: false peers { permanent_uuid: "55e987548efc4046888086407c326340" member_type: VOTER last_known_addr { host: "127.2.218.1" port: 45989 } } peers { permanent_uuid: "78de0a4923c848fea6d3c7016065bc3a" member_type: VOTER last_known_addr { host: "127.2.218.2" port: 33785 } } peers { permanent_uuid: "65a38a937553493090d2597b0135890f" member_type: VOTER last_known_addr { host: "127.2.218.3" port: 38295 } }
I20260710 11:00:11.166565  4225 tablet_bootstrap.cc:492] T 6985556adedc47caba5ae6857b09145f P 65a38a937553493090d2597b0135890f: No bootstrap required, opened a new log
I20260710 11:00:11.166949  4225 ts_tablet_manager.cc:1403] T 6985556adedc47caba5ae6857b09145f P 65a38a937553493090d2597b0135890f: Time spent bootstrapping tablet: real 0.035s	user 0.008s	sys 0.008s
I20260710 11:00:11.169327  4227 tablet_bootstrap.cc:654] T 0088119bc00e4c34b78e0de6b5218ca5 P 78de0a4923c848fea6d3c7016065bc3a: Neither blocks nor log segments found. Creating new log.
I20260710 11:00:11.169415  4225 raft_consensus.cc:359] T 6985556adedc47caba5ae6857b09145f P 65a38a937553493090d2597b0135890f [term 0 FOLLOWER]: Replica starting. Triggering 0 pending ops. Active config: opid_index: -1 OBSOLETE_local: false peers { permanent_uuid: "55e987548efc4046888086407c326340" member_type: VOTER last_known_addr { host: "127.2.218.1" port: 45989 } } peers { permanent_uuid: "78de0a4923c848fea6d3c7016065bc3a" member_type: VOTER last_known_addr { host: "127.2.218.2" port: 33785 } } peers { permanent_uuid: "65a38a937553493090d2597b0135890f" member_type: VOTER last_known_addr { host: "127.2.218.3" port: 38295 } }
I20260710 11:00:11.170095  4225 raft_consensus.cc:385] T 6985556adedc47caba5ae6857b09145f P 65a38a937553493090d2597b0135890f [term 0 FOLLOWER]: Consensus starting up: Expiring failure detector timer to make a prompt election more likely
I20260710 11:00:11.170363  4225 raft_consensus.cc:740] T 6985556adedc47caba5ae6857b09145f P 65a38a937553493090d2597b0135890f [term 0 FOLLOWER]: Becoming Follower/Learner. State: Replica: 65a38a937553493090d2597b0135890f, State: Initialized, Role: FOLLOWER
I20260710 11:00:11.171017  4225 consensus_queue.cc:260] T 6985556adedc47caba5ae6857b09145f P 65a38a937553493090d2597b0135890f [NON_LEADER]: Queue going to NON_LEADER mode. State: All replicated index: 0, Majority replicated index: 0, Committed index: 0, Last appended: 0.0, Last appended by leader: 0, Current term: 0, Majority size: -1, State: 0, Mode: NON_LEADER, active raft config: opid_index: -1 OBSOLETE_local: false peers { permanent_uuid: "55e987548efc4046888086407c326340" member_type: VOTER last_known_addr { host: "127.2.218.1" port: 45989 } } peers { permanent_uuid: "78de0a4923c848fea6d3c7016065bc3a" member_type: VOTER last_known_addr { host: "127.2.218.2" port: 33785 } } peers { permanent_uuid: "65a38a937553493090d2597b0135890f" member_type: VOTER last_known_addr { host: "127.2.218.3" port: 38295 } }
I20260710 11:00:11.173264  4228 ts_tablet_manager.cc:1434] T e16d9942adbf4be082c8a2b52e6be907 P 55e987548efc4046888086407c326340: Time spent starting tablet: real 0.013s	user 0.005s	sys 0.001s
I20260710 11:00:11.174916  4225 ts_tablet_manager.cc:1434] T 6985556adedc47caba5ae6857b09145f P 65a38a937553493090d2597b0135890f: Time spent starting tablet: real 0.008s	user 0.006s	sys 0.000s
I20260710 11:00:11.175781  4228 tablet_bootstrap.cc:492] T 249abf1d11204949bb879b28b8272f24 P 55e987548efc4046888086407c326340: Bootstrap starting.
I20260710 11:00:11.180195  4227 tablet_bootstrap.cc:492] T 0088119bc00e4c34b78e0de6b5218ca5 P 78de0a4923c848fea6d3c7016065bc3a: No bootstrap required, opened a new log
I20260710 11:00:11.180645  4227 ts_tablet_manager.cc:1403] T 0088119bc00e4c34b78e0de6b5218ca5 P 78de0a4923c848fea6d3c7016065bc3a: Time spent bootstrapping tablet: real 0.018s	user 0.010s	sys 0.007s
I20260710 11:00:11.183053  4227 raft_consensus.cc:359] T 0088119bc00e4c34b78e0de6b5218ca5 P 78de0a4923c848fea6d3c7016065bc3a [term 0 FOLLOWER]: Replica starting. Triggering 0 pending ops. Active config: opid_index: -1 OBSOLETE_local: false peers { permanent_uuid: "55e987548efc4046888086407c326340" member_type: VOTER last_known_addr { host: "127.2.218.1" port: 45989 } } peers { permanent_uuid: "78de0a4923c848fea6d3c7016065bc3a" member_type: VOTER last_known_addr { host: "127.2.218.2" port: 33785 } } peers { permanent_uuid: "65a38a937553493090d2597b0135890f" member_type: VOTER last_known_addr { host: "127.2.218.3" port: 38295 } }
I20260710 11:00:11.183549  4227 raft_consensus.cc:385] T 0088119bc00e4c34b78e0de6b5218ca5 P 78de0a4923c848fea6d3c7016065bc3a [term 0 FOLLOWER]: Consensus starting up: Expiring failure detector timer to make a prompt election more likely
I20260710 11:00:11.183755  4227 raft_consensus.cc:740] T 0088119bc00e4c34b78e0de6b5218ca5 P 78de0a4923c848fea6d3c7016065bc3a [term 0 FOLLOWER]: Becoming Follower/Learner. State: Replica: 78de0a4923c848fea6d3c7016065bc3a, State: Initialized, Role: FOLLOWER
I20260710 11:00:11.184299  4227 consensus_queue.cc:260] T 0088119bc00e4c34b78e0de6b5218ca5 P 78de0a4923c848fea6d3c7016065bc3a [NON_LEADER]: Queue going to NON_LEADER mode. State: All replicated index: 0, Majority replicated index: 0, Committed index: 0, Last appended: 0.0, Last appended by leader: 0, Current term: 0, Majority size: -1, State: 0, Mode: NON_LEADER, active raft config: opid_index: -1 OBSOLETE_local: false peers { permanent_uuid: "55e987548efc4046888086407c326340" member_type: VOTER last_known_addr { host: "127.2.218.1" port: 45989 } } peers { permanent_uuid: "78de0a4923c848fea6d3c7016065bc3a" member_type: VOTER last_known_addr { host: "127.2.218.2" port: 33785 } } peers { permanent_uuid: "65a38a937553493090d2597b0135890f" member_type: VOTER last_known_addr { host: "127.2.218.3" port: 38295 } }
I20260710 11:00:11.185436  4227 ts_tablet_manager.cc:1434] T 0088119bc00e4c34b78e0de6b5218ca5 P 78de0a4923c848fea6d3c7016065bc3a: Time spent starting tablet: real 0.004s	user 0.001s	sys 0.000s
I20260710 11:00:11.188513  4227 tablet_bootstrap.cc:492] T 8d1632f1803f443097ef3ded213c2244 P 78de0a4923c848fea6d3c7016065bc3a: Bootstrap starting.
I20260710 11:00:11.189169  4225 tablet_bootstrap.cc:492] T f7c510b601e84b26b3389bedf1c41168 P 65a38a937553493090d2597b0135890f: Bootstrap starting.
I20260710 11:00:11.194514  4227 tablet_bootstrap.cc:654] T 8d1632f1803f443097ef3ded213c2244 P 78de0a4923c848fea6d3c7016065bc3a: Neither blocks nor log segments found. Creating new log.
I20260710 11:00:11.194514  4228 tablet_bootstrap.cc:654] T 249abf1d11204949bb879b28b8272f24 P 55e987548efc4046888086407c326340: Neither blocks nor log segments found. Creating new log.
I20260710 11:00:11.200178  4225 tablet_bootstrap.cc:654] T f7c510b601e84b26b3389bedf1c41168 P 65a38a937553493090d2597b0135890f: Neither blocks nor log segments found. Creating new log.
I20260710 11:00:11.212713  4185 raft_consensus.cc:3060] T 19c9c39a485c4e9489e6e876e329a599 P 65a38a937553493090d2597b0135890f [term 0 FOLLOWER]: Advancing to term 1
I20260710 11:00:11.214540  4228 tablet_bootstrap.cc:492] T 249abf1d11204949bb879b28b8272f24 P 55e987548efc4046888086407c326340: No bootstrap required, opened a new log
I20260710 11:00:11.214664  4225 tablet_bootstrap.cc:492] T f7c510b601e84b26b3389bedf1c41168 P 65a38a937553493090d2597b0135890f: No bootstrap required, opened a new log
I20260710 11:00:11.214998  4228 ts_tablet_manager.cc:1403] T 249abf1d11204949bb879b28b8272f24 P 55e987548efc4046888086407c326340: Time spent bootstrapping tablet: real 0.039s	user 0.005s	sys 0.012s
I20260710 11:00:11.215135  4225 ts_tablet_manager.cc:1403] T f7c510b601e84b26b3389bedf1c41168 P 65a38a937553493090d2597b0135890f: Time spent bootstrapping tablet: real 0.026s	user 0.008s	sys 0.004s
I20260710 11:00:11.217768  4225 raft_consensus.cc:359] T f7c510b601e84b26b3389bedf1c41168 P 65a38a937553493090d2597b0135890f [term 0 FOLLOWER]: Replica starting. Triggering 0 pending ops. Active config: opid_index: -1 OBSOLETE_local: false peers { permanent_uuid: "55e987548efc4046888086407c326340" member_type: VOTER last_known_addr { host: "127.2.218.1" port: 45989 } } peers { permanent_uuid: "78de0a4923c848fea6d3c7016065bc3a" member_type: VOTER last_known_addr { host: "127.2.218.2" port: 33785 } } peers { permanent_uuid: "65a38a937553493090d2597b0135890f" member_type: VOTER last_known_addr { host: "127.2.218.3" port: 38295 } }
I20260710 11:00:11.218530  4225 raft_consensus.cc:385] T f7c510b601e84b26b3389bedf1c41168 P 65a38a937553493090d2597b0135890f [term 0 FOLLOWER]: Consensus starting up: Expiring failure detector timer to make a prompt election more likely
I20260710 11:00:11.217924  4228 raft_consensus.cc:359] T 249abf1d11204949bb879b28b8272f24 P 55e987548efc4046888086407c326340 [term 0 FOLLOWER]: Replica starting. Triggering 0 pending ops. Active config: opid_index: -1 OBSOLETE_local: false peers { permanent_uuid: "55e987548efc4046888086407c326340" member_type: VOTER last_known_addr { host: "127.2.218.1" port: 45989 } } peers { permanent_uuid: "78de0a4923c848fea6d3c7016065bc3a" member_type: VOTER last_known_addr { host: "127.2.218.2" port: 33785 } } peers { permanent_uuid: "65a38a937553493090d2597b0135890f" member_type: VOTER last_known_addr { host: "127.2.218.3" port: 38295 } }
I20260710 11:00:11.218837  4225 raft_consensus.cc:740] T f7c510b601e84b26b3389bedf1c41168 P 65a38a937553493090d2597b0135890f [term 0 FOLLOWER]: Becoming Follower/Learner. State: Replica: 65a38a937553493090d2597b0135890f, State: Initialized, Role: FOLLOWER
I20260710 11:00:11.219051  4228 raft_consensus.cc:385] T 249abf1d11204949bb879b28b8272f24 P 55e987548efc4046888086407c326340 [term 0 FOLLOWER]: Consensus starting up: Expiring failure detector timer to make a prompt election more likely
I20260710 11:00:11.219406  4228 raft_consensus.cc:740] T 249abf1d11204949bb879b28b8272f24 P 55e987548efc4046888086407c326340 [term 0 FOLLOWER]: Becoming Follower/Learner. State: Replica: 55e987548efc4046888086407c326340, State: Initialized, Role: FOLLOWER
I20260710 11:00:11.219660  4225 consensus_queue.cc:260] T f7c510b601e84b26b3389bedf1c41168 P 65a38a937553493090d2597b0135890f [NON_LEADER]: Queue going to NON_LEADER mode. State: All replicated index: 0, Majority replicated index: 0, Committed index: 0, Last appended: 0.0, Last appended by leader: 0, Current term: 0, Majority size: -1, State: 0, Mode: NON_LEADER, active raft config: opid_index: -1 OBSOLETE_local: false peers { permanent_uuid: "55e987548efc4046888086407c326340" member_type: VOTER last_known_addr { host: "127.2.218.1" port: 45989 } } peers { permanent_uuid: "78de0a4923c848fea6d3c7016065bc3a" member_type: VOTER last_known_addr { host: "127.2.218.2" port: 33785 } } peers { permanent_uuid: "65a38a937553493090d2597b0135890f" member_type: VOTER last_known_addr { host: "127.2.218.3" port: 38295 } }
I20260710 11:00:11.220147  4228 consensus_queue.cc:260] T 249abf1d11204949bb879b28b8272f24 P 55e987548efc4046888086407c326340 [NON_LEADER]: Queue going to NON_LEADER mode. State: All replicated index: 0, Majority replicated index: 0, Committed index: 0, Last appended: 0.0, Last appended by leader: 0, Current term: 0, Majority size: -1, State: 0, Mode: NON_LEADER, active raft config: opid_index: -1 OBSOLETE_local: false peers { permanent_uuid: "55e987548efc4046888086407c326340" member_type: VOTER last_known_addr { host: "127.2.218.1" port: 45989 } } peers { permanent_uuid: "78de0a4923c848fea6d3c7016065bc3a" member_type: VOTER last_known_addr { host: "127.2.218.2" port: 33785 } } peers { permanent_uuid: "65a38a937553493090d2597b0135890f" member_type: VOTER last_known_addr { host: "127.2.218.3" port: 38295 } }
I20260710 11:00:11.222920  4225 ts_tablet_manager.cc:1434] T f7c510b601e84b26b3389bedf1c41168 P 65a38a937553493090d2597b0135890f: Time spent starting tablet: real 0.007s	user 0.005s	sys 0.002s
I20260710 11:00:11.223824  4225 tablet_bootstrap.cc:492] T ffc1a7f6c42f4e8e8ddb1cc2760c58bc P 65a38a937553493090d2597b0135890f: Bootstrap starting.
I20260710 11:00:11.225675  4228 ts_tablet_manager.cc:1434] T 249abf1d11204949bb879b28b8272f24 P 55e987548efc4046888086407c326340: Time spent starting tablet: real 0.010s	user 0.007s	sys 0.000s
I20260710 11:00:11.226583  4228 tablet_bootstrap.cc:492] T f7c510b601e84b26b3389bedf1c41168 P 55e987548efc4046888086407c326340: Bootstrap starting.
I20260710 11:00:11.231046  4225 tablet_bootstrap.cc:654] T ffc1a7f6c42f4e8e8ddb1cc2760c58bc P 65a38a937553493090d2597b0135890f: Neither blocks nor log segments found. Creating new log.
I20260710 11:00:11.233613  4227 tablet_bootstrap.cc:492] T 8d1632f1803f443097ef3ded213c2244 P 78de0a4923c848fea6d3c7016065bc3a: No bootstrap required, opened a new log
I20260710 11:00:11.234009  4227 ts_tablet_manager.cc:1403] T 8d1632f1803f443097ef3ded213c2244 P 78de0a4923c848fea6d3c7016065bc3a: Time spent bootstrapping tablet: real 0.046s	user 0.013s	sys 0.000s
I20260710 11:00:11.236331  4227 raft_consensus.cc:359] T 8d1632f1803f443097ef3ded213c2244 P 78de0a4923c848fea6d3c7016065bc3a [term 0 FOLLOWER]: Replica starting. Triggering 0 pending ops. Active config: opid_index: -1 OBSOLETE_local: false peers { permanent_uuid: "55e987548efc4046888086407c326340" member_type: VOTER last_known_addr { host: "127.2.218.1" port: 45989 } } peers { permanent_uuid: "78de0a4923c848fea6d3c7016065bc3a" member_type: VOTER last_known_addr { host: "127.2.218.2" port: 33785 } } peers { permanent_uuid: "65a38a937553493090d2597b0135890f" member_type: VOTER last_known_addr { host: "127.2.218.3" port: 38295 } }
I20260710 11:00:11.237026  4227 raft_consensus.cc:385] T 8d1632f1803f443097ef3ded213c2244 P 78de0a4923c848fea6d3c7016065bc3a [term 0 FOLLOWER]: Consensus starting up: Expiring failure detector timer to make a prompt election more likely
I20260710 11:00:11.237363  4227 raft_consensus.cc:740] T 8d1632f1803f443097ef3ded213c2244 P 78de0a4923c848fea6d3c7016065bc3a [term 0 FOLLOWER]: Becoming Follower/Learner. State: Replica: 78de0a4923c848fea6d3c7016065bc3a, State: Initialized, Role: FOLLOWER
I20260710 11:00:11.238178  4227 consensus_queue.cc:260] T 8d1632f1803f443097ef3ded213c2244 P 78de0a4923c848fea6d3c7016065bc3a [NON_LEADER]: Queue going to NON_LEADER mode. State: All replicated index: 0, Majority replicated index: 0, Committed index: 0, Last appended: 0.0, Last appended by leader: 0, Current term: 0, Majority size: -1, State: 0, Mode: NON_LEADER, active raft config: opid_index: -1 OBSOLETE_local: false peers { permanent_uuid: "55e987548efc4046888086407c326340" member_type: VOTER last_known_addr { host: "127.2.218.1" port: 45989 } } peers { permanent_uuid: "78de0a4923c848fea6d3c7016065bc3a" member_type: VOTER last_known_addr { host: "127.2.218.2" port: 33785 } } peers { permanent_uuid: "65a38a937553493090d2597b0135890f" member_type: VOTER last_known_addr { host: "127.2.218.3" port: 38295 } }
I20260710 11:00:11.239195  4315 raft_consensus.cc:493] T 8019149a3b024dd5b40d654390dd9fd3 P 55e987548efc4046888086407c326340 [term 0 FOLLOWER]: Starting pre-election (no leader contacted us within the election timeout)
I20260710 11:00:11.239794  4315 raft_consensus.cc:515] T 8019149a3b024dd5b40d654390dd9fd3 P 55e987548efc4046888086407c326340 [term 0 FOLLOWER]: Starting pre-election with config: opid_index: -1 OBSOLETE_local: false peers { permanent_uuid: "55e987548efc4046888086407c326340" member_type: VOTER last_known_addr { host: "127.2.218.1" port: 45989 } } peers { permanent_uuid: "78de0a4923c848fea6d3c7016065bc3a" member_type: VOTER last_known_addr { host: "127.2.218.2" port: 33785 } } peers { permanent_uuid: "65a38a937553493090d2597b0135890f" member_type: VOTER last_known_addr { host: "127.2.218.3" port: 38295 } }
I20260710 11:00:11.243369  4228 tablet_bootstrap.cc:654] T f7c510b601e84b26b3389bedf1c41168 P 55e987548efc4046888086407c326340: Neither blocks nor log segments found. Creating new log.
I20260710 11:00:11.243170  4111 tablet_service.cc:1917] Received RequestConsensusVote() RPC: tablet_id: "8019149a3b024dd5b40d654390dd9fd3" candidate_uuid: "55e987548efc4046888086407c326340" candidate_term: 1 candidate_status { last_received { term: 0 index: 0 } } ignore_live_leader: false dest_uuid: "78de0a4923c848fea6d3c7016065bc3a" is_pre_election: true
I20260710 11:00:11.243907  4111 raft_consensus.cc:2468] T 8019149a3b024dd5b40d654390dd9fd3 P 78de0a4923c848fea6d3c7016065bc3a [term 0 FOLLOWER]: Leader pre-election vote request: Granting yes vote for candidate 55e987548efc4046888086407c326340 in term 0.
I20260710 11:00:11.245378  4002 leader_election.cc:304] T 8019149a3b024dd5b40d654390dd9fd3 P 55e987548efc4046888086407c326340 [CANDIDATE]: Term 1 pre-election: Election decided. Result: candidate won. Election summary: received 2 responses out of 3 voters: 2 yes votes; 0 no votes. yes voters: 55e987548efc4046888086407c326340, 78de0a4923c848fea6d3c7016065bc3a; no voters: 
I20260710 11:00:11.246394  4265 raft_consensus.cc:2804] T 8019149a3b024dd5b40d654390dd9fd3 P 55e987548efc4046888086407c326340 [term 0 FOLLOWER]: Leader pre-election won for term 1
I20260710 11:00:11.246744  4227 ts_tablet_manager.cc:1434] T 8d1632f1803f443097ef3ded213c2244 P 78de0a4923c848fea6d3c7016065bc3a: Time spent starting tablet: real 0.012s	user 0.005s	sys 0.001s
I20260710 11:00:11.246835  4265 raft_consensus.cc:493] T 8019149a3b024dd5b40d654390dd9fd3 P 55e987548efc4046888086407c326340 [term 0 FOLLOWER]: Starting leader election (no leader contacted us within the election timeout)
I20260710 11:00:11.247380  4265 raft_consensus.cc:3060] T 8019149a3b024dd5b40d654390dd9fd3 P 55e987548efc4046888086407c326340 [term 0 FOLLOWER]: Advancing to term 1
I20260710 11:00:11.247663  4227 tablet_bootstrap.cc:492] T ffc1a7f6c42f4e8e8ddb1cc2760c58bc P 78de0a4923c848fea6d3c7016065bc3a: Bootstrap starting.
I20260710 11:00:11.251662  4181 tablet_service.cc:1917] Received RequestConsensusVote() RPC: tablet_id: "8019149a3b024dd5b40d654390dd9fd3" candidate_uuid: "55e987548efc4046888086407c326340" candidate_term: 1 candidate_status { last_received { term: 0 index: 0 } } ignore_live_leader: false dest_uuid: "65a38a937553493090d2597b0135890f" is_pre_election: true
I20260710 11:00:11.252455  4181 raft_consensus.cc:2468] T 8019149a3b024dd5b40d654390dd9fd3 P 65a38a937553493090d2597b0135890f [term 0 FOLLOWER]: Leader pre-election vote request: Granting yes vote for candidate 55e987548efc4046888086407c326340 in term 0.
I20260710 11:00:11.253888  4227 tablet_bootstrap.cc:654] T ffc1a7f6c42f4e8e8ddb1cc2760c58bc P 78de0a4923c848fea6d3c7016065bc3a: Neither blocks nor log segments found. Creating new log.
I20260710 11:00:11.254114  4315 leader_election.cc:290] T 8019149a3b024dd5b40d654390dd9fd3 P 55e987548efc4046888086407c326340 [CANDIDATE]: Term 1 pre-election: Requested pre-vote from peers 78de0a4923c848fea6d3c7016065bc3a (127.2.218.2:33785), 65a38a937553493090d2597b0135890f (127.2.218.3:38295)
I20260710 11:00:11.261381  4265 raft_consensus.cc:515] T 8019149a3b024dd5b40d654390dd9fd3 P 55e987548efc4046888086407c326340 [term 1 FOLLOWER]: Starting leader election with config: opid_index: -1 OBSOLETE_local: false peers { permanent_uuid: "55e987548efc4046888086407c326340" member_type: VOTER last_known_addr { host: "127.2.218.1" port: 45989 } } peers { permanent_uuid: "78de0a4923c848fea6d3c7016065bc3a" member_type: VOTER last_known_addr { host: "127.2.218.2" port: 33785 } } peers { permanent_uuid: "65a38a937553493090d2597b0135890f" member_type: VOTER last_known_addr { host: "127.2.218.3" port: 38295 } }
I20260710 11:00:11.270128  4111 tablet_service.cc:1917] Received RequestConsensusVote() RPC: tablet_id: "8019149a3b024dd5b40d654390dd9fd3" candidate_uuid: "55e987548efc4046888086407c326340" candidate_term: 1 candidate_status { last_received { term: 0 index: 0 } } ignore_live_leader: false dest_uuid: "78de0a4923c848fea6d3c7016065bc3a"
I20260710 11:00:11.270844  4111 raft_consensus.cc:3060] T 8019149a3b024dd5b40d654390dd9fd3 P 78de0a4923c848fea6d3c7016065bc3a [term 0 FOLLOWER]: Advancing to term 1
I20260710 11:00:11.274554  4228 tablet_bootstrap.cc:492] T f7c510b601e84b26b3389bedf1c41168 P 55e987548efc4046888086407c326340: No bootstrap required, opened a new log
I20260710 11:00:11.274884  4228 ts_tablet_manager.cc:1403] T f7c510b601e84b26b3389bedf1c41168 P 55e987548efc4046888086407c326340: Time spent bootstrapping tablet: real 0.049s	user 0.004s	sys 0.015s
I20260710 11:00:11.277127  4228 raft_consensus.cc:359] T f7c510b601e84b26b3389bedf1c41168 P 55e987548efc4046888086407c326340 [term 0 FOLLOWER]: Replica starting. Triggering 0 pending ops. Active config: opid_index: -1 OBSOLETE_local: false peers { permanent_uuid: "55e987548efc4046888086407c326340" member_type: VOTER last_known_addr { host: "127.2.218.1" port: 45989 } } peers { permanent_uuid: "78de0a4923c848fea6d3c7016065bc3a" member_type: VOTER last_known_addr { host: "127.2.218.2" port: 33785 } } peers { permanent_uuid: "65a38a937553493090d2597b0135890f" member_type: VOTER last_known_addr { host: "127.2.218.3" port: 38295 } }
I20260710 11:00:11.277701  4228 raft_consensus.cc:385] T f7c510b601e84b26b3389bedf1c41168 P 55e987548efc4046888086407c326340 [term 0 FOLLOWER]: Consensus starting up: Expiring failure detector timer to make a prompt election more likely
I20260710 11:00:11.277956  4228 raft_consensus.cc:740] T f7c510b601e84b26b3389bedf1c41168 P 55e987548efc4046888086407c326340 [term 0 FOLLOWER]: Becoming Follower/Learner. State: Replica: 55e987548efc4046888086407c326340, State: Initialized, Role: FOLLOWER
I20260710 11:00:11.278523  4227 tablet_bootstrap.cc:492] T ffc1a7f6c42f4e8e8ddb1cc2760c58bc P 78de0a4923c848fea6d3c7016065bc3a: No bootstrap required, opened a new log
I20260710 11:00:11.278970  4227 ts_tablet_manager.cc:1403] T ffc1a7f6c42f4e8e8ddb1cc2760c58bc P 78de0a4923c848fea6d3c7016065bc3a: Time spent bootstrapping tablet: real 0.031s	user 0.012s	sys 0.005s
I20260710 11:00:11.278623  4228 consensus_queue.cc:260] T f7c510b601e84b26b3389bedf1c41168 P 55e987548efc4046888086407c326340 [NON_LEADER]: Queue going to NON_LEADER mode. State: All replicated index: 0, Majority replicated index: 0, Committed index: 0, Last appended: 0.0, Last appended by leader: 0, Current term: 0, Majority size: -1, State: 0, Mode: NON_LEADER, active raft config: opid_index: -1 OBSOLETE_local: false peers { permanent_uuid: "55e987548efc4046888086407c326340" member_type: VOTER last_known_addr { host: "127.2.218.1" port: 45989 } } peers { permanent_uuid: "78de0a4923c848fea6d3c7016065bc3a" member_type: VOTER last_known_addr { host: "127.2.218.2" port: 33785 } } peers { permanent_uuid: "65a38a937553493090d2597b0135890f" member_type: VOTER last_known_addr { host: "127.2.218.3" port: 38295 } }
I20260710 11:00:11.281268  4227 raft_consensus.cc:359] T ffc1a7f6c42f4e8e8ddb1cc2760c58bc P 78de0a4923c848fea6d3c7016065bc3a [term 0 FOLLOWER]: Replica starting. Triggering 0 pending ops. Active config: opid_index: -1 OBSOLETE_local: false peers { permanent_uuid: "55e987548efc4046888086407c326340" member_type: VOTER last_known_addr { host: "127.2.218.1" port: 45989 } } peers { permanent_uuid: "78de0a4923c848fea6d3c7016065bc3a" member_type: VOTER last_known_addr { host: "127.2.218.2" port: 33785 } } peers { permanent_uuid: "65a38a937553493090d2597b0135890f" member_type: VOTER last_known_addr { host: "127.2.218.3" port: 38295 } }
I20260710 11:00:11.281962  4227 raft_consensus.cc:385] T ffc1a7f6c42f4e8e8ddb1cc2760c58bc P 78de0a4923c848fea6d3c7016065bc3a [term 0 FOLLOWER]: Consensus starting up: Expiring failure detector timer to make a prompt election more likely
I20260710 11:00:11.282238  4227 raft_consensus.cc:740] T ffc1a7f6c42f4e8e8ddb1cc2760c58bc P 78de0a4923c848fea6d3c7016065bc3a [term 0 FOLLOWER]: Becoming Follower/Learner. State: Replica: 78de0a4923c848fea6d3c7016065bc3a, State: Initialized, Role: FOLLOWER
I20260710 11:00:11.282949  4227 consensus_queue.cc:260] T ffc1a7f6c42f4e8e8ddb1cc2760c58bc P 78de0a4923c848fea6d3c7016065bc3a [NON_LEADER]: Queue going to NON_LEADER mode. State: All replicated index: 0, Majority replicated index: 0, Committed index: 0, Last appended: 0.0, Last appended by leader: 0, Current term: 0, Majority size: -1, State: 0, Mode: NON_LEADER, active raft config: opid_index: -1 OBSOLETE_local: false peers { permanent_uuid: "55e987548efc4046888086407c326340" member_type: VOTER last_known_addr { host: "127.2.218.1" port: 45989 } } peers { permanent_uuid: "78de0a4923c848fea6d3c7016065bc3a" member_type: VOTER last_known_addr { host: "127.2.218.2" port: 33785 } } peers { permanent_uuid: "65a38a937553493090d2597b0135890f" member_type: VOTER last_known_addr { host: "127.2.218.3" port: 38295 } }
I20260710 11:00:11.284747  4227 ts_tablet_manager.cc:1434] T ffc1a7f6c42f4e8e8ddb1cc2760c58bc P 78de0a4923c848fea6d3c7016065bc3a: Time spent starting tablet: real 0.005s	user 0.005s	sys 0.000s
I20260710 11:00:11.287762  4185 tablet_service.cc:1917] Received RequestConsensusVote() RPC: tablet_id: "8019149a3b024dd5b40d654390dd9fd3" candidate_uuid: "55e987548efc4046888086407c326340" candidate_term: 1 candidate_status { last_received { term: 0 index: 0 } } ignore_live_leader: false dest_uuid: "65a38a937553493090d2597b0135890f"
I20260710 11:00:11.287914  4228 ts_tablet_manager.cc:1434] T f7c510b601e84b26b3389bedf1c41168 P 55e987548efc4046888086407c326340: Time spent starting tablet: real 0.013s	user 0.006s	sys 0.000s
I20260710 11:00:11.288554  4185 raft_consensus.cc:3060] T 8019149a3b024dd5b40d654390dd9fd3 P 65a38a937553493090d2597b0135890f [term 0 FOLLOWER]: Advancing to term 1
I20260710 11:00:11.289108  4227 tablet_bootstrap.cc:492] T 6985556adedc47caba5ae6857b09145f P 78de0a4923c848fea6d3c7016065bc3a: Bootstrap starting.
I20260710 11:00:11.294484  4227 tablet_bootstrap.cc:654] T 6985556adedc47caba5ae6857b09145f P 78de0a4923c848fea6d3c7016065bc3a: Neither blocks nor log segments found. Creating new log.
I20260710 11:00:11.297236  4185 raft_consensus.cc:2468] T 8019149a3b024dd5b40d654390dd9fd3 P 65a38a937553493090d2597b0135890f [term 1 FOLLOWER]: Leader election vote request: Granting yes vote for candidate 55e987548efc4046888086407c326340 in term 1.
I20260710 11:00:11.298297  3999 leader_election.cc:304] T 8019149a3b024dd5b40d654390dd9fd3 P 55e987548efc4046888086407c326340 [CANDIDATE]: Term 1 election: Election decided. Result: candidate won. Election summary: received 2 responses out of 3 voters: 2 yes votes; 0 no votes. yes voters: 55e987548efc4046888086407c326340, 65a38a937553493090d2597b0135890f; no voters: 
I20260710 11:00:11.299069  4315 raft_consensus.cc:2804] T 8019149a3b024dd5b40d654390dd9fd3 P 55e987548efc4046888086407c326340 [term 1 FOLLOWER]: Leader election won for term 1
I20260710 11:00:11.299491  4315 raft_consensus.cc:697] T 8019149a3b024dd5b40d654390dd9fd3 P 55e987548efc4046888086407c326340 [term 1 LEADER]: Becoming Leader. State: Replica: 55e987548efc4046888086407c326340, State: Running, Role: LEADER
I20260710 11:00:11.300238  4315 consensus_queue.cc:237] T 8019149a3b024dd5b40d654390dd9fd3 P 55e987548efc4046888086407c326340 [LEADER]: Queue going to LEADER mode. State: All replicated index: 0, Majority replicated index: 0, Committed index: 0, Last appended: 0.0, Last appended by leader: 0, Current term: 1, Majority size: 2, State: 0, Mode: LEADER, active raft config: opid_index: -1 OBSOLETE_local: false peers { permanent_uuid: "55e987548efc4046888086407c326340" member_type: VOTER last_known_addr { host: "127.2.218.1" port: 45989 } } peers { permanent_uuid: "78de0a4923c848fea6d3c7016065bc3a" member_type: VOTER last_known_addr { host: "127.2.218.2" port: 33785 } } peers { permanent_uuid: "65a38a937553493090d2597b0135890f" member_type: VOTER last_known_addr { host: "127.2.218.3" port: 38295 } }
I20260710 11:00:11.301401  4228 tablet_bootstrap.cc:492] T 18636300d821496eb8f42dfc2c327cd2 P 55e987548efc4046888086407c326340: Bootstrap starting.
I20260710 11:00:11.314085  4265 leader_election.cc:290] T 8019149a3b024dd5b40d654390dd9fd3 P 55e987548efc4046888086407c326340 [CANDIDATE]: Term 1 election: Requested vote from peers 78de0a4923c848fea6d3c7016065bc3a (127.2.218.2:33785), 65a38a937553493090d2597b0135890f (127.2.218.3:38295)
I20260710 11:00:11.315001  4111 raft_consensus.cc:2468] T 8019149a3b024dd5b40d654390dd9fd3 P 78de0a4923c848fea6d3c7016065bc3a [term 1 FOLLOWER]: Leader election vote request: Granting yes vote for candidate 55e987548efc4046888086407c326340 in term 1.
W20260710 11:00:11.314388  3982 auto_rebalancer.cc:288] Could not retrieve cluster info: Service unavailable: Tablet not running
I20260710 11:00:11.317344  4225 tablet_bootstrap.cc:492] T ffc1a7f6c42f4e8e8ddb1cc2760c58bc P 65a38a937553493090d2597b0135890f: No bootstrap required, opened a new log
I20260710 11:00:11.318003  4225 ts_tablet_manager.cc:1403] T ffc1a7f6c42f4e8e8ddb1cc2760c58bc P 65a38a937553493090d2597b0135890f: Time spent bootstrapping tablet: real 0.094s	user 0.018s	sys 0.052s
I20260710 11:00:11.317288  3934 catalog_manager.cc:5697] T 8019149a3b024dd5b40d654390dd9fd3 P 55e987548efc4046888086407c326340 reported cstate change: term changed from 0 to 1, leader changed from <none> to 55e987548efc4046888086407c326340 (127.2.218.1). New cstate: current_term: 1 leader_uuid: "55e987548efc4046888086407c326340" committed_config { opid_index: -1 OBSOLETE_local: false peers { permanent_uuid: "55e987548efc4046888086407c326340" member_type: VOTER last_known_addr { host: "127.2.218.1" port: 45989 } health_report { overall_health: HEALTHY } } peers { permanent_uuid: "78de0a4923c848fea6d3c7016065bc3a" member_type: VOTER last_known_addr { host: "127.2.218.2" port: 33785 } health_report { overall_health: UNKNOWN } } peers { permanent_uuid: "65a38a937553493090d2597b0135890f" member_type: VOTER last_known_addr { host: "127.2.218.3" port: 38295 } health_report { overall_health: UNKNOWN } } }
I20260710 11:00:11.320485  4225 raft_consensus.cc:359] T ffc1a7f6c42f4e8e8ddb1cc2760c58bc P 65a38a937553493090d2597b0135890f [term 0 FOLLOWER]: Replica starting. Triggering 0 pending ops. Active config: opid_index: -1 OBSOLETE_local: false peers { permanent_uuid: "55e987548efc4046888086407c326340" member_type: VOTER last_known_addr { host: "127.2.218.1" port: 45989 } } peers { permanent_uuid: "78de0a4923c848fea6d3c7016065bc3a" member_type: VOTER last_known_addr { host: "127.2.218.2" port: 33785 } } peers { permanent_uuid: "65a38a937553493090d2597b0135890f" member_type: VOTER last_known_addr { host: "127.2.218.3" port: 38295 } }
I20260710 11:00:11.321283  4225 raft_consensus.cc:385] T ffc1a7f6c42f4e8e8ddb1cc2760c58bc P 65a38a937553493090d2597b0135890f [term 0 FOLLOWER]: Consensus starting up: Expiring failure detector timer to make a prompt election more likely
I20260710 11:00:11.321601  4225 raft_consensus.cc:740] T ffc1a7f6c42f4e8e8ddb1cc2760c58bc P 65a38a937553493090d2597b0135890f [term 0 FOLLOWER]: Becoming Follower/Learner. State: Replica: 65a38a937553493090d2597b0135890f, State: Initialized, Role: FOLLOWER
I20260710 11:00:11.322633  4225 consensus_queue.cc:260] T ffc1a7f6c42f4e8e8ddb1cc2760c58bc P 65a38a937553493090d2597b0135890f [NON_LEADER]: Queue going to NON_LEADER mode. State: All replicated index: 0, Majority replicated index: 0, Committed index: 0, Last appended: 0.0, Last appended by leader: 0, Current term: 0, Majority size: -1, State: 0, Mode: NON_LEADER, active raft config: opid_index: -1 OBSOLETE_local: false peers { permanent_uuid: "55e987548efc4046888086407c326340" member_type: VOTER last_known_addr { host: "127.2.218.1" port: 45989 } } peers { permanent_uuid: "78de0a4923c848fea6d3c7016065bc3a" member_type: VOTER last_known_addr { host: "127.2.218.2" port: 33785 } } peers { permanent_uuid: "65a38a937553493090d2597b0135890f" member_type: VOTER last_known_addr { host: "127.2.218.3" port: 38295 } }
I20260710 11:00:11.325472  4225 ts_tablet_manager.cc:1434] T ffc1a7f6c42f4e8e8ddb1cc2760c58bc P 65a38a937553493090d2597b0135890f: Time spent starting tablet: real 0.007s	user 0.003s	sys 0.001s
I20260710 11:00:11.333125  4225 tablet_bootstrap.cc:492] T e16d9942adbf4be082c8a2b52e6be907 P 65a38a937553493090d2597b0135890f: Bootstrap starting.
I20260710 11:00:11.326102  4295 raft_consensus.cc:493] T ffc1a7f6c42f4e8e8ddb1cc2760c58bc P 78de0a4923c848fea6d3c7016065bc3a [term 0 FOLLOWER]: Starting pre-election (no leader contacted us within the election timeout)
I20260710 11:00:11.334422  4295 raft_consensus.cc:515] T ffc1a7f6c42f4e8e8ddb1cc2760c58bc P 78de0a4923c848fea6d3c7016065bc3a [term 0 FOLLOWER]: Starting pre-election with config: opid_index: -1 OBSOLETE_local: false peers { permanent_uuid: "55e987548efc4046888086407c326340" member_type: VOTER last_known_addr { host: "127.2.218.1" port: 45989 } } peers { permanent_uuid: "78de0a4923c848fea6d3c7016065bc3a" member_type: VOTER last_known_addr { host: "127.2.218.2" port: 33785 } } peers { permanent_uuid: "65a38a937553493090d2597b0135890f" member_type: VOTER last_known_addr { host: "127.2.218.3" port: 38295 } }
I20260710 11:00:11.336889  4295 leader_election.cc:290] T ffc1a7f6c42f4e8e8ddb1cc2760c58bc P 78de0a4923c848fea6d3c7016065bc3a [CANDIDATE]: Term 1 pre-election: Requested pre-vote from peers 55e987548efc4046888086407c326340 (127.2.218.1:45989), 65a38a937553493090d2597b0135890f (127.2.218.3:38295)
I20260710 11:00:11.339005  4225 tablet_bootstrap.cc:654] T e16d9942adbf4be082c8a2b52e6be907 P 65a38a937553493090d2597b0135890f: Neither blocks nor log segments found. Creating new log.
I20260710 11:00:11.332233  4227 tablet_bootstrap.cc:492] T 6985556adedc47caba5ae6857b09145f P 78de0a4923c848fea6d3c7016065bc3a: No bootstrap required, opened a new log
I20260710 11:00:11.339751  4227 ts_tablet_manager.cc:1403] T 6985556adedc47caba5ae6857b09145f P 78de0a4923c848fea6d3c7016065bc3a: Time spent bootstrapping tablet: real 0.051s	user 0.031s	sys 0.007s
I20260710 11:00:11.340488  4033 tablet_service.cc:1917] Received RequestConsensusVote() RPC: tablet_id: "ffc1a7f6c42f4e8e8ddb1cc2760c58bc" candidate_uuid: "78de0a4923c848fea6d3c7016065bc3a" candidate_term: 1 candidate_status { last_received { term: 0 index: 0 } } ignore_live_leader: false dest_uuid: "55e987548efc4046888086407c326340" is_pre_election: true
I20260710 11:00:11.338824  4185 tablet_service.cc:1917] Received RequestConsensusVote() RPC: tablet_id: "ffc1a7f6c42f4e8e8ddb1cc2760c58bc" candidate_uuid: "78de0a4923c848fea6d3c7016065bc3a" candidate_term: 1 candidate_status { last_received { term: 0 index: 0 } } ignore_live_leader: false dest_uuid: "65a38a937553493090d2597b0135890f" is_pre_election: true
I20260710 11:00:11.330369  4228 tablet_bootstrap.cc:654] T 18636300d821496eb8f42dfc2c327cd2 P 55e987548efc4046888086407c326340: Neither blocks nor log segments found. Creating new log.
I20260710 11:00:11.342636  4185 raft_consensus.cc:2468] T ffc1a7f6c42f4e8e8ddb1cc2760c58bc P 65a38a937553493090d2597b0135890f [term 0 FOLLOWER]: Leader pre-election vote request: Granting yes vote for candidate 78de0a4923c848fea6d3c7016065bc3a in term 0.
I20260710 11:00:11.343276  4227 raft_consensus.cc:359] T 6985556adedc47caba5ae6857b09145f P 78de0a4923c848fea6d3c7016065bc3a [term 0 FOLLOWER]: Replica starting. Triggering 0 pending ops. Active config: opid_index: -1 OBSOLETE_local: false peers { permanent_uuid: "55e987548efc4046888086407c326340" member_type: VOTER last_known_addr { host: "127.2.218.1" port: 45989 } } peers { permanent_uuid: "78de0a4923c848fea6d3c7016065bc3a" member_type: VOTER last_known_addr { host: "127.2.218.2" port: 33785 } } peers { permanent_uuid: "65a38a937553493090d2597b0135890f" member_type: VOTER last_known_addr { host: "127.2.218.3" port: 38295 } }
I20260710 11:00:11.344087  4227 raft_consensus.cc:385] T 6985556adedc47caba5ae6857b09145f P 78de0a4923c848fea6d3c7016065bc3a [term 0 FOLLOWER]: Consensus starting up: Expiring failure detector timer to make a prompt election more likely
I20260710 11:00:11.344389  4074 leader_election.cc:304] T ffc1a7f6c42f4e8e8ddb1cc2760c58bc P 78de0a4923c848fea6d3c7016065bc3a [CANDIDATE]: Term 1 pre-election: Election decided. Result: candidate won. Election summary: received 2 responses out of 3 voters: 2 yes votes; 0 no votes. yes voters: 65a38a937553493090d2597b0135890f, 78de0a4923c848fea6d3c7016065bc3a; no voters: 
W20260710 11:00:11.345427  4077 leader_election.cc:343] T ffc1a7f6c42f4e8e8ddb1cc2760c58bc P 78de0a4923c848fea6d3c7016065bc3a [CANDIDATE]: Term 1 pre-election: Tablet error from VoteRequest() call to peer 55e987548efc4046888086407c326340 (127.2.218.1:45989): Illegal state: must be running to vote when last-logged opid is not known
I20260710 11:00:11.346650  4295 raft_consensus.cc:2804] T ffc1a7f6c42f4e8e8ddb1cc2760c58bc P 78de0a4923c848fea6d3c7016065bc3a [term 0 FOLLOWER]: Leader pre-election won for term 1
I20260710 11:00:11.347169  4295 raft_consensus.cc:493] T ffc1a7f6c42f4e8e8ddb1cc2760c58bc P 78de0a4923c848fea6d3c7016065bc3a [term 0 FOLLOWER]: Starting leader election (no leader contacted us within the election timeout)
I20260710 11:00:11.347533  4295 raft_consensus.cc:3060] T ffc1a7f6c42f4e8e8ddb1cc2760c58bc P 78de0a4923c848fea6d3c7016065bc3a [term 0 FOLLOWER]: Advancing to term 1
I20260710 11:00:11.348188  4265 raft_consensus.cc:493] T 3b30240588ac40d18fb96b4a6386ca7e P 55e987548efc4046888086407c326340 [term 0 FOLLOWER]: Starting pre-election (no leader contacted us within the election timeout)
I20260710 11:00:11.349007  4265 raft_consensus.cc:515] T 3b30240588ac40d18fb96b4a6386ca7e P 55e987548efc4046888086407c326340 [term 0 FOLLOWER]: Starting pre-election with config: opid_index: -1 OBSOLETE_local: false peers { permanent_uuid: "55e987548efc4046888086407c326340" member_type: VOTER last_known_addr { host: "127.2.218.1" port: 45989 } } peers { permanent_uuid: "78de0a4923c848fea6d3c7016065bc3a" member_type: VOTER last_known_addr { host: "127.2.218.2" port: 33785 } } peers { permanent_uuid: "65a38a937553493090d2597b0135890f" member_type: VOTER last_known_addr { host: "127.2.218.3" port: 38295 } }
I20260710 11:00:11.354218  4111 tablet_service.cc:1917] Received RequestConsensusVote() RPC: tablet_id: "3b30240588ac40d18fb96b4a6386ca7e" candidate_uuid: "55e987548efc4046888086407c326340" candidate_term: 1 candidate_status { last_received { term: 0 index: 0 } } ignore_live_leader: false dest_uuid: "78de0a4923c848fea6d3c7016065bc3a" is_pre_election: true
I20260710 11:00:11.355407  4111 raft_consensus.cc:2393] T 3b30240588ac40d18fb96b4a6386ca7e P 78de0a4923c848fea6d3c7016065bc3a [term 1 FOLLOWER]: Leader pre-election vote request: Denying vote to candidate 55e987548efc4046888086407c326340 in current term 1: Already voted for candidate 65a38a937553493090d2597b0135890f in this term.
I20260710 11:00:11.344424  4227 raft_consensus.cc:740] T 6985556adedc47caba5ae6857b09145f P 78de0a4923c848fea6d3c7016065bc3a [term 0 FOLLOWER]: Becoming Follower/Learner. State: Replica: 78de0a4923c848fea6d3c7016065bc3a, State: Initialized, Role: FOLLOWER
I20260710 11:00:11.356950  4227 consensus_queue.cc:260] T 6985556adedc47caba5ae6857b09145f P 78de0a4923c848fea6d3c7016065bc3a [NON_LEADER]: Queue going to NON_LEADER mode. State: All replicated index: 0, Majority replicated index: 0, Committed index: 0, Last appended: 0.0, Last appended by leader: 0, Current term: 0, Majority size: -1, State: 0, Mode: NON_LEADER, active raft config: opid_index: -1 OBSOLETE_local: false peers { permanent_uuid: "55e987548efc4046888086407c326340" member_type: VOTER last_known_addr { host: "127.2.218.1" port: 45989 } } peers { permanent_uuid: "78de0a4923c848fea6d3c7016065bc3a" member_type: VOTER last_known_addr { host: "127.2.218.2" port: 33785 } } peers { permanent_uuid: "65a38a937553493090d2597b0135890f" member_type: VOTER last_known_addr { host: "127.2.218.3" port: 38295 } }
I20260710 11:00:11.359754  4185 tablet_service.cc:1917] Received RequestConsensusVote() RPC: tablet_id: "3b30240588ac40d18fb96b4a6386ca7e" candidate_uuid: "55e987548efc4046888086407c326340" candidate_term: 1 candidate_status { last_received { term: 0 index: 0 } } ignore_live_leader: false dest_uuid: "65a38a937553493090d2597b0135890f" is_pre_election: true
I20260710 11:00:11.367645  3999 leader_election.cc:304] T 3b30240588ac40d18fb96b4a6386ca7e P 55e987548efc4046888086407c326340 [CANDIDATE]: Term 1 pre-election: Election decided. Result: candidate lost. Election summary: received 3 responses out of 3 voters: 1 yes votes; 2 no votes. yes voters: 55e987548efc4046888086407c326340; no voters: 65a38a937553493090d2597b0135890f, 78de0a4923c848fea6d3c7016065bc3a
I20260710 11:00:11.370739  4315 raft_consensus.cc:3060] T 3b30240588ac40d18fb96b4a6386ca7e P 55e987548efc4046888086407c326340 [term 0 FOLLOWER]: Advancing to term 1
I20260710 11:00:11.375931  4295 raft_consensus.cc:515] T ffc1a7f6c42f4e8e8ddb1cc2760c58bc P 78de0a4923c848fea6d3c7016065bc3a [term 1 FOLLOWER]: Starting leader election with config: opid_index: -1 OBSOLETE_local: false peers { permanent_uuid: "55e987548efc4046888086407c326340" member_type: VOTER last_known_addr { host: "127.2.218.1" port: 45989 } } peers { permanent_uuid: "78de0a4923c848fea6d3c7016065bc3a" member_type: VOTER last_known_addr { host: "127.2.218.2" port: 33785 } } peers { permanent_uuid: "65a38a937553493090d2597b0135890f" member_type: VOTER last_known_addr { host: "127.2.218.3" port: 38295 } }
I20260710 11:00:11.377614  4227 ts_tablet_manager.cc:1434] T 6985556adedc47caba5ae6857b09145f P 78de0a4923c848fea6d3c7016065bc3a: Time spent starting tablet: real 0.037s	user 0.000s	sys 0.008s
W20260710 11:00:11.378933  4151 consensus_peers.cc:597] T 63d061d42b5c42119234915c58807eac P 65a38a937553493090d2597b0135890f -> Peer 55e987548efc4046888086407c326340 (127.2.218.1:45989): Couldn't send request to peer 55e987548efc4046888086407c326340. Error code: TABLET_NOT_RUNNING (12). Status: Illegal state: Tablet not RUNNING: INITIALIZED. This is attempt 1: this message will repeat every 5th retry.
I20260710 11:00:11.379871  4295 leader_election.cc:290] T ffc1a7f6c42f4e8e8ddb1cc2760c58bc P 78de0a4923c848fea6d3c7016065bc3a [CANDIDATE]: Term 1 election: Requested vote from peers 55e987548efc4046888086407c326340 (127.2.218.1:45989), 65a38a937553493090d2597b0135890f (127.2.218.3:38295)
I20260710 11:00:11.383378  4181 tablet_service.cc:1917] Received RequestConsensusVote() RPC: tablet_id: "ffc1a7f6c42f4e8e8ddb1cc2760c58bc" candidate_uuid: "78de0a4923c848fea6d3c7016065bc3a" candidate_term: 1 candidate_status { last_received { term: 0 index: 0 } } ignore_live_leader: false dest_uuid: "65a38a937553493090d2597b0135890f"
I20260710 11:00:11.384191  4181 raft_consensus.cc:3060] T ffc1a7f6c42f4e8e8ddb1cc2760c58bc P 65a38a937553493090d2597b0135890f [term 0 FOLLOWER]: Advancing to term 1
I20260710 11:00:11.361735  4265 leader_election.cc:290] T 3b30240588ac40d18fb96b4a6386ca7e P 55e987548efc4046888086407c326340 [CANDIDATE]: Term 1 pre-election: Requested pre-vote from peers 78de0a4923c848fea6d3c7016065bc3a (127.2.218.2:33785), 65a38a937553493090d2597b0135890f (127.2.218.3:38295)
I20260710 11:00:11.389408  4035 tablet_service.cc:1917] Received RequestConsensusVote() RPC: tablet_id: "ffc1a7f6c42f4e8e8ddb1cc2760c58bc" candidate_uuid: "78de0a4923c848fea6d3c7016065bc3a" candidate_term: 1 candidate_status { last_received { term: 0 index: 0 } } ignore_live_leader: false dest_uuid: "55e987548efc4046888086407c326340"
