I20260710 11:06:24.278121  6658 raft_consensus.cc:1275] T a86a4f9cc74d4724b64226ff4bce97ac P 6139f5f7ce724a3d901dc828b302e86d [term 1 LEARNER]: Refusing update from remote peer 62dc920a5d6745959f79720a63705da6: Log matching property violated. Preceding OpId in replica: term: 1 index: 2. Preceding OpId from leader: term: 1 index: 3. (index mismatch)
I20260710 11:06:24.279718  6726 consensus_queue.cc:1048] T a86a4f9cc74d4724b64226ff4bce97ac P 62dc920a5d6745959f79720a63705da6 [LEADER]: Connected to new peer: Peer: permanent_uuid: "6139f5f7ce724a3d901dc828b302e86d" member_type: VOTER last_known_addr { host: "127.4.243.132" port: 45429 } attrs { promote: false }, Status: LMP_MISMATCH, Last received: 0.0, Next index: 3, Last known committed idx: 2, Time since last communication: 0.000s
I20260710 11:06:24.295004  6300 raft_consensus.cc:1275] T a86a4f9cc74d4724b64226ff4bce97ac P 0c9bd9fc2a4d4e3d9b03c6637d58c4ab [term 1 FOLLOWER]: Refusing update from remote peer 62dc920a5d6745959f79720a63705da6: Log matching property violated. Preceding OpId in replica: term: 1 index: 2. Preceding OpId from leader: term: 1 index: 3. (index mismatch)
I20260710 11:06:24.297317  6223 raft_consensus.cc:1275] T dd2c63165b4e4467a54994cf34c96baa P 62dc920a5d6745959f79720a63705da6 [term 1 FOLLOWER]: Refusing update from remote peer 0c9bd9fc2a4d4e3d9b03c6637d58c4ab: Log matching property violated. Preceding OpId in replica: term: 1 index: 3. Preceding OpId from leader: term: 1 index: 4. (index mismatch)
I20260710 11:06:24.298074  6726 consensus_queue.cc:1048] T a86a4f9cc74d4724b64226ff4bce97ac P 62dc920a5d6745959f79720a63705da6 [LEADER]: Connected to new peer: Peer: permanent_uuid: "0c9bd9fc2a4d4e3d9b03c6637d58c4ab" member_type: VOTER last_known_addr { host: "127.4.243.130" port: 46753 } attrs { replace: true }, Status: LMP_MISMATCH, Last received: 0.0, Next index: 3, Last known committed idx: 2, Time since last communication: 0.001s
I20260710 11:06:24.305055  6550 consensus_queue.cc:1048] T dd2c63165b4e4467a54994cf34c96baa P 0c9bd9fc2a4d4e3d9b03c6637d58c4ab [LEADER]: Connected to new peer: Peer: permanent_uuid: "62dc920a5d6745959f79720a63705da6" member_type: VOTER last_known_addr { host: "127.4.243.129" port: 37921 }, Status: LMP_MISMATCH, Last received: 0.0, Next index: 4, Last known committed idx: 3, Time since last communication: 0.001s
I20260710 11:06:24.320066  6506 raft_consensus.cc:2955] T 679b135d9044445ebfed8078c06d2e78 P ee6d28156b5b42c2909045e0054ca80c [term 1 LEADER]: Committing config change with OpId 1.3: config changed from index 2 to 3, 6139f5f7ce724a3d901dc828b302e86d (127.4.243.132) changed from NON_VOTER to VOTER. New config: { opid_index: 3 OBSOLETE_local: false peers { permanent_uuid: "62dc920a5d6745959f79720a63705da6" member_type: VOTER last_known_addr { host: "127.4.243.129" port: 37921 } attrs { replace: true } } peers { permanent_uuid: "0c9bd9fc2a4d4e3d9b03c6637d58c4ab" member_type: VOTER last_known_addr { host: "127.4.243.130" port: 46753 } } peers { permanent_uuid: "ee6d28156b5b42c2909045e0054ca80c" member_type: VOTER last_known_addr { host: "127.4.243.131" port: 44067 } } peers { permanent_uuid: "6139f5f7ce724a3d901dc828b302e86d" member_type: VOTER last_known_addr { host: "127.4.243.132" port: 45429 } attrs { promote: false } } }
I20260710 11:06:24.322503  6227 raft_consensus.cc:2955] T 679b135d9044445ebfed8078c06d2e78 P 62dc920a5d6745959f79720a63705da6 [term 1 FOLLOWER]: Committing config change with OpId 1.3: config changed from index 2 to 3, 6139f5f7ce724a3d901dc828b302e86d (127.4.243.132) changed from NON_VOTER to VOTER. New config: { opid_index: 3 OBSOLETE_local: false peers { permanent_uuid: "62dc920a5d6745959f79720a63705da6" member_type: VOTER last_known_addr { host: "127.4.243.129" port: 37921 } attrs { replace: true } } peers { permanent_uuid: "0c9bd9fc2a4d4e3d9b03c6637d58c4ab" member_type: VOTER last_known_addr { host: "127.4.243.130" port: 46753 } } peers { permanent_uuid: "ee6d28156b5b42c2909045e0054ca80c" member_type: VOTER last_known_addr { host: "127.4.243.131" port: 44067 } } peers { permanent_uuid: "6139f5f7ce724a3d901dc828b302e86d" member_type: VOTER last_known_addr { host: "127.4.243.132" port: 45429 } attrs { promote: false } } }
I20260710 11:06:24.326797  6725 raft_consensus.cc:2955] T a86a4f9cc74d4724b64226ff4bce97ac P 62dc920a5d6745959f79720a63705da6 [term 1 LEADER]: Committing config change with OpId 1.3: config changed from index 2 to 3, 6139f5f7ce724a3d901dc828b302e86d (127.4.243.132) changed from NON_VOTER to VOTER. New config: { opid_index: 3 OBSOLETE_local: false peers { permanent_uuid: "62dc920a5d6745959f79720a63705da6" member_type: VOTER last_known_addr { host: "127.4.243.129" port: 37921 } } peers { permanent_uuid: "0c9bd9fc2a4d4e3d9b03c6637d58c4ab" member_type: VOTER last_known_addr { host: "127.4.243.130" port: 46753 } attrs { replace: true } } peers { permanent_uuid: "ee6d28156b5b42c2909045e0054ca80c" member_type: VOTER last_known_addr { host: "127.4.243.131" port: 44067 } } peers { permanent_uuid: "6139f5f7ce724a3d901dc828b302e86d" member_type: VOTER last_known_addr { host: "127.4.243.132" port: 45429 } attrs { promote: false } } }
I20260710 11:06:24.328716  6300 raft_consensus.cc:2955] T a86a4f9cc74d4724b64226ff4bce97ac P 0c9bd9fc2a4d4e3d9b03c6637d58c4ab [term 1 FOLLOWER]: Committing config change with OpId 1.3: config changed from index 2 to 3, 6139f5f7ce724a3d901dc828b302e86d (127.4.243.132) changed from NON_VOTER to VOTER. New config: { opid_index: 3 OBSOLETE_local: false peers { permanent_uuid: "62dc920a5d6745959f79720a63705da6" member_type: VOTER last_known_addr { host: "127.4.243.129" port: 37921 } } peers { permanent_uuid: "0c9bd9fc2a4d4e3d9b03c6637d58c4ab" member_type: VOTER last_known_addr { host: "127.4.243.130" port: 46753 } attrs { replace: true } } peers { permanent_uuid: "ee6d28156b5b42c2909045e0054ca80c" member_type: VOTER last_known_addr { host: "127.4.243.131" port: 44067 } } peers { permanent_uuid: "6139f5f7ce724a3d901dc828b302e86d" member_type: VOTER last_known_addr { host: "127.4.243.132" port: 45429 } attrs { promote: false } } }
W20260710 11:06:24.332746  6343 outbound_call.cc:321] RPC callback for RPC call kudu.consensus.ConsensusService.UpdateConsensus -> {remote=127.4.243.132:45429, user_credentials={real_user=slave}} blocked reactor thread for 215711us
I20260710 11:06:24.334484  6365 tablet_service.cc:1558] Processing DeleteTablet for tablet dd2c63165b4e4467a54994cf34c96baa with delete_type TABLET_DATA_TOMBSTONED (TS ee6d28156b5b42c2909045e0054ca80c not found in new config with opid_index 4) from {username='slave'} at 127.0.0.1:38672
I20260710 11:06:24.319796  6225 raft_consensus.cc:2955] T dd2c63165b4e4467a54994cf34c96baa P 62dc920a5d6745959f79720a63705da6 [term 1 FOLLOWER]: Committing config change with OpId 1.4: config changed from index 3 to 4, VOTER ee6d28156b5b42c2909045e0054ca80c (127.4.243.131) evicted. New config: { opid_index: 4 OBSOLETE_local: false peers { permanent_uuid: "62dc920a5d6745959f79720a63705da6" member_type: VOTER last_known_addr { host: "127.4.243.129" port: 37921 } } peers { permanent_uuid: "0c9bd9fc2a4d4e3d9b03c6637d58c4ab" member_type: VOTER last_known_addr { host: "127.4.243.130" port: 46753 } } peers { permanent_uuid: "6139f5f7ce724a3d901dc828b302e86d" member_type: VOTER last_known_addr { host: "127.4.243.132" port: 45429 } attrs { promote: false } } }
I20260710 11:06:24.396311  6121 catalog_manager.cc:5697] T a86a4f9cc74d4724b64226ff4bce97ac P 62dc920a5d6745959f79720a63705da6 reported cstate change: config changed from index 2 to 3, 6139f5f7ce724a3d901dc828b302e86d (127.4.243.132) changed from NON_VOTER to VOTER. New cstate: current_term: 1 leader_uuid: "62dc920a5d6745959f79720a63705da6" committed_config { opid_index: 3 OBSOLETE_local: false peers { permanent_uuid: "62dc920a5d6745959f79720a63705da6" member_type: VOTER last_known_addr { host: "127.4.243.129" port: 37921 } health_report { overall_health: HEALTHY } } peers { permanent_uuid: "0c9bd9fc2a4d4e3d9b03c6637d58c4ab" member_type: VOTER last_known_addr { host: "127.4.243.130" port: 46753 } attrs { replace: true } health_report { overall_health: HEALTHY } } peers { permanent_uuid: "ee6d28156b5b42c2909045e0054ca80c" member_type: VOTER last_known_addr { host: "127.4.243.131" port: 44067 } health_report { overall_health: UNKNOWN } } peers { permanent_uuid: "6139f5f7ce724a3d901dc828b302e86d" member_type: VOTER last_known_addr { host: "127.4.243.132" port: 45429 } attrs { promote: false } health_report { overall_health: HEALTHY } } }
I20260710 11:06:24.348817  6303 raft_consensus.cc:2955] T 679b135d9044445ebfed8078c06d2e78 P 0c9bd9fc2a4d4e3d9b03c6637d58c4ab [term 1 FOLLOWER]: Committing config change with OpId 1.3: config changed from index 2 to 3, 6139f5f7ce724a3d901dc828b302e86d (127.4.243.132) changed from NON_VOTER to VOTER. New config: { opid_index: 3 OBSOLETE_local: false peers { permanent_uuid: "62dc920a5d6745959f79720a63705da6" member_type: VOTER last_known_addr { host: "127.4.243.129" port: 37921 } attrs { replace: true } } peers { permanent_uuid: "0c9bd9fc2a4d4e3d9b03c6637d58c4ab" member_type: VOTER last_known_addr { host: "127.4.243.130" port: 46753 } } peers { permanent_uuid: "ee6d28156b5b42c2909045e0054ca80c" member_type: VOTER last_known_addr { host: "127.4.243.131" port: 44067 } } peers { permanent_uuid: "6139f5f7ce724a3d901dc828b302e86d" member_type: VOTER last_known_addr { host: "127.4.243.132" port: 45429 } attrs { promote: false } } }
I20260710 11:06:24.431429  6376 raft_consensus.cc:2955] T a86a4f9cc74d4724b64226ff4bce97ac P ee6d28156b5b42c2909045e0054ca80c [term 1 FOLLOWER]: Committing config change with OpId 1.3: config changed from index 2 to 3, 6139f5f7ce724a3d901dc828b302e86d (127.4.243.132) changed from NON_VOTER to VOTER. New config: { opid_index: 3 OBSOLETE_local: false peers { permanent_uuid: "62dc920a5d6745959f79720a63705da6" member_type: VOTER last_known_addr { host: "127.4.243.129" port: 37921 } } peers { permanent_uuid: "0c9bd9fc2a4d4e3d9b03c6637d58c4ab" member_type: VOTER last_known_addr { host: "127.4.243.130" port: 46753 } attrs { replace: true } } peers { permanent_uuid: "ee6d28156b5b42c2909045e0054ca80c" member_type: VOTER last_known_addr { host: "127.4.243.131" port: 44067 } } peers { permanent_uuid: "6139f5f7ce724a3d901dc828b302e86d" member_type: VOTER last_known_addr { host: "127.4.243.132" port: 45429 } attrs { promote: false } } }
I20260710 11:06:24.345793  6755 tablet_replica.cc:333] T dd2c63165b4e4467a54994cf34c96baa P ee6d28156b5b42c2909045e0054ca80c: stopping tablet replica
I20260710 11:06:24.340185  6657 raft_consensus.cc:2955] T a86a4f9cc74d4724b64226ff4bce97ac P 6139f5f7ce724a3d901dc828b302e86d [term 1 FOLLOWER]: Committing config change with OpId 1.3: config changed from index 2 to 3, 6139f5f7ce724a3d901dc828b302e86d (127.4.243.132) changed from NON_VOTER to VOTER. New config: { opid_index: 3 OBSOLETE_local: false peers { permanent_uuid: "62dc920a5d6745959f79720a63705da6" member_type: VOTER last_known_addr { host: "127.4.243.129" port: 37921 } } peers { permanent_uuid: "0c9bd9fc2a4d4e3d9b03c6637d58c4ab" member_type: VOTER last_known_addr { host: "127.4.243.130" port: 46753 } attrs { replace: true } } peers { permanent_uuid: "ee6d28156b5b42c2909045e0054ca80c" member_type: VOTER last_known_addr { host: "127.4.243.131" port: 44067 } } peers { permanent_uuid: "6139f5f7ce724a3d901dc828b302e86d" member_type: VOTER last_known_addr { host: "127.4.243.132" port: 45429 } attrs { promote: false } } }
I20260710 11:06:24.357717  6658 raft_consensus.cc:2955] T 679b135d9044445ebfed8078c06d2e78 P 6139f5f7ce724a3d901dc828b302e86d [term 1 FOLLOWER]: Committing config change with OpId 1.3: config changed from index 2 to 3, 6139f5f7ce724a3d901dc828b302e86d (127.4.243.132) changed from NON_VOTER to VOTER. New config: { opid_index: 3 OBSOLETE_local: false peers { permanent_uuid: "62dc920a5d6745959f79720a63705da6" member_type: VOTER last_known_addr { host: "127.4.243.129" port: 37921 } attrs { replace: true } } peers { permanent_uuid: "0c9bd9fc2a4d4e3d9b03c6637d58c4ab" member_type: VOTER last_known_addr { host: "127.4.243.130" port: 46753 } } peers { permanent_uuid: "ee6d28156b5b42c2909045e0054ca80c" member_type: VOTER last_known_addr { host: "127.4.243.131" port: 44067 } } peers { permanent_uuid: "6139f5f7ce724a3d901dc828b302e86d" member_type: VOTER last_known_addr { host: "127.4.243.132" port: 45429 } attrs { promote: false } } }
I20260710 11:06:24.453197  6755 raft_consensus.cc:2243] T dd2c63165b4e4467a54994cf34c96baa P ee6d28156b5b42c2909045e0054ca80c [term 1 FOLLOWER]: Raft consensus shutting down.
I20260710 11:06:24.455035  6755 raft_consensus.cc:2272] T dd2c63165b4e4467a54994cf34c96baa P ee6d28156b5b42c2909045e0054ca80c [term 1 FOLLOWER]: Raft consensus is shut down!
I20260710 11:06:24.460297  6755 ts_tablet_manager.cc:1916] T dd2c63165b4e4467a54994cf34c96baa P ee6d28156b5b42c2909045e0054ca80c: Deleting tablet data with delete state TABLET_DATA_TOMBSTONED
I20260710 11:06:24.464952  6126 catalog_manager.cc:5697] T 679b135d9044445ebfed8078c06d2e78 P ee6d28156b5b42c2909045e0054ca80c reported cstate change: config changed from index 2 to 3, 6139f5f7ce724a3d901dc828b302e86d (127.4.243.132) changed from NON_VOTER to VOTER. New cstate: current_term: 1 leader_uuid: "ee6d28156b5b42c2909045e0054ca80c" committed_config { opid_index: 3 OBSOLETE_local: false peers { permanent_uuid: "62dc920a5d6745959f79720a63705da6" member_type: VOTER last_known_addr { host: "127.4.243.129" port: 37921 } attrs { replace: true } health_report { overall_health: HEALTHY } } peers { permanent_uuid: "0c9bd9fc2a4d4e3d9b03c6637d58c4ab" member_type: VOTER last_known_addr { host: "127.4.243.130" port: 46753 } health_report { overall_health: HEALTHY } } peers { permanent_uuid: "ee6d28156b5b42c2909045e0054ca80c" member_type: VOTER last_known_addr { host: "127.4.243.131" port: 44067 } health_report { overall_health: HEALTHY } } peers { permanent_uuid: "6139f5f7ce724a3d901dc828b302e86d" member_type: VOTER last_known_addr { host: "127.4.243.132" port: 45429 } attrs { promote: false } health_report { overall_health: UNKNOWN } } }
I20260710 11:06:24.490942  6755 ts_tablet_manager.cc:1929] T dd2c63165b4e4467a54994cf34c96baa P ee6d28156b5b42c2909045e0054ca80c: tablet deleted with delete type TABLET_DATA_TOMBSTONED: last-logged OpId 1.3
I20260710 11:06:24.491673  6755 log.cc:1199] T dd2c63165b4e4467a54994cf34c96baa P ee6d28156b5b42c2909045e0054ca80c: Deleting WAL directory at /tmp/dist-test-taskjUimnB/test-tmp/auto_leader_rebalancer-test.0.LeaderRebalancerTest.AddTserver.1783681543862398-5070-0/minicluster-data/ts-2-root/wals/dd2c63165b4e4467a54994cf34c96baa
I20260710 11:06:24.494240  6112 catalog_manager.cc:5028] TS ee6d28156b5b42c2909045e0054ca80c (127.4.243.131:44067): tablet dd2c63165b4e4467a54994cf34c96baa (table test-workload [id=12f9432bc5924546a72da71c81ac59e4]) successfully deleted
I20260710 11:06:24.516043  6225 consensus_queue.cc:237] T a86a4f9cc74d4724b64226ff4bce97ac P 62dc920a5d6745959f79720a63705da6 [LEADER]: Queue going to LEADER mode. State: All replicated index: 0, Majority replicated index: 3, Committed index: 3, Last appended: 1.3, Last appended by leader: 0, Current term: 1, Majority size: 2, State: 0, Mode: LEADER, active raft config: opid_index: 4 OBSOLETE_local: false peers { permanent_uuid: "62dc920a5d6745959f79720a63705da6" member_type: VOTER last_known_addr { host: "127.4.243.129" port: 37921 } } peers { permanent_uuid: "ee6d28156b5b42c2909045e0054ca80c" member_type: VOTER last_known_addr { host: "127.4.243.131" port: 44067 } } peers { permanent_uuid: "6139f5f7ce724a3d901dc828b302e86d" member_type: VOTER last_known_addr { host: "127.4.243.132" port: 45429 } attrs { promote: false } }
I20260710 11:06:24.525010  6657 raft_consensus.cc:1275] T a86a4f9cc74d4724b64226ff4bce97ac P 6139f5f7ce724a3d901dc828b302e86d [term 1 FOLLOWER]: Refusing update from remote peer 62dc920a5d6745959f79720a63705da6: Log matching property violated. Preceding OpId in replica: term: 1 index: 3. Preceding OpId from leader: term: 1 index: 4. (index mismatch)
I20260710 11:06:24.526441  6374 raft_consensus.cc:1275] T a86a4f9cc74d4724b64226ff4bce97ac P ee6d28156b5b42c2909045e0054ca80c [term 1 FOLLOWER]: Refusing update from remote peer 62dc920a5d6745959f79720a63705da6: Log matching property violated. Preceding OpId in replica: term: 1 index: 3. Preceding OpId from leader: term: 1 index: 4. (index mismatch)
I20260710 11:06:24.526458  6458 consensus_queue.cc:1048] T a86a4f9cc74d4724b64226ff4bce97ac P 62dc920a5d6745959f79720a63705da6 [LEADER]: Connected to new peer: Peer: permanent_uuid: "6139f5f7ce724a3d901dc828b302e86d" member_type: VOTER last_known_addr { host: "127.4.243.132" port: 45429 } attrs { promote: false }, Status: LMP_MISMATCH, Last received: 0.0, Next index: 4, Last known committed idx: 3, Time since last communication: 0.001s
I20260710 11:06:24.528146  6726 consensus_queue.cc:1048] T a86a4f9cc74d4724b64226ff4bce97ac P 62dc920a5d6745959f79720a63705da6 [LEADER]: Connected to new peer: Peer: permanent_uuid: "ee6d28156b5b42c2909045e0054ca80c" member_type: VOTER last_known_addr { host: "127.4.243.131" port: 44067 }, Status: LMP_MISMATCH, Last received: 0.0, Next index: 4, Last known committed idx: 3, Time since last communication: 0.001s
I20260710 11:06:24.533481  6458 raft_consensus.cc:2955] T a86a4f9cc74d4724b64226ff4bce97ac P 62dc920a5d6745959f79720a63705da6 [term 1 LEADER]: Committing config change with OpId 1.4: config changed from index 3 to 4, VOTER 0c9bd9fc2a4d4e3d9b03c6637d58c4ab (127.4.243.130) evicted. New config: { opid_index: 4 OBSOLETE_local: false peers { permanent_uuid: "62dc920a5d6745959f79720a63705da6" member_type: VOTER last_known_addr { host: "127.4.243.129" port: 37921 } } peers { permanent_uuid: "ee6d28156b5b42c2909045e0054ca80c" member_type: VOTER last_known_addr { host: "127.4.243.131" port: 44067 } } peers { permanent_uuid: "6139f5f7ce724a3d901dc828b302e86d" member_type: VOTER last_known_addr { host: "127.4.243.132" port: 45429 } attrs { promote: false } } }
I20260710 11:06:24.538235  6374 raft_consensus.cc:2955] T a86a4f9cc74d4724b64226ff4bce97ac P ee6d28156b5b42c2909045e0054ca80c [term 1 FOLLOWER]: Committing config change with OpId 1.4: config changed from index 3 to 4, VOTER 0c9bd9fc2a4d4e3d9b03c6637d58c4ab (127.4.243.130) evicted. New config: { opid_index: 4 OBSOLETE_local: false peers { permanent_uuid: "62dc920a5d6745959f79720a63705da6" member_type: VOTER last_known_addr { host: "127.4.243.129" port: 37921 } } peers { permanent_uuid: "ee6d28156b5b42c2909045e0054ca80c" member_type: VOTER last_known_addr { host: "127.4.243.131" port: 44067 } } peers { permanent_uuid: "6139f5f7ce724a3d901dc828b302e86d" member_type: VOTER last_known_addr { host: "127.4.243.132" port: 45429 } attrs { promote: false } } }
I20260710 11:06:24.537227  6657 raft_consensus.cc:2955] T a86a4f9cc74d4724b64226ff4bce97ac P 6139f5f7ce724a3d901dc828b302e86d [term 1 FOLLOWER]: Committing config change with OpId 1.4: config changed from index 3 to 4, VOTER 0c9bd9fc2a4d4e3d9b03c6637d58c4ab (127.4.243.130) evicted. New config: { opid_index: 4 OBSOLETE_local: false peers { permanent_uuid: "62dc920a5d6745959f79720a63705da6" member_type: VOTER last_known_addr { host: "127.4.243.129" port: 37921 } } peers { permanent_uuid: "ee6d28156b5b42c2909045e0054ca80c" member_type: VOTER last_known_addr { host: "127.4.243.131" port: 44067 } } peers { permanent_uuid: "6139f5f7ce724a3d901dc828b302e86d" member_type: VOTER last_known_addr { host: "127.4.243.132" port: 45429 } attrs { promote: false } } }
I20260710 11:06:24.548856  6110 catalog_manager.cc:5210] ChangeConfig:REMOVE_PEER RPC for tablet a86a4f9cc74d4724b64226ff4bce97ac with cas_config_opid_index 3: ChangeConfig:REMOVE_PEER succeeded (attempt 1)
I20260710 11:06:24.560259  6122 catalog_manager.cc:5697] T a86a4f9cc74d4724b64226ff4bce97ac P ee6d28156b5b42c2909045e0054ca80c reported cstate change: config changed from index 3 to 4, VOTER 0c9bd9fc2a4d4e3d9b03c6637d58c4ab (127.4.243.130) evicted. New cstate: current_term: 1 leader_uuid: "62dc920a5d6745959f79720a63705da6" committed_config { opid_index: 4 OBSOLETE_local: false peers { permanent_uuid: "62dc920a5d6745959f79720a63705da6" member_type: VOTER last_known_addr { host: "127.4.243.129" port: 37921 } } peers { permanent_uuid: "ee6d28156b5b42c2909045e0054ca80c" member_type: VOTER last_known_addr { host: "127.4.243.131" port: 44067 } } peers { permanent_uuid: "6139f5f7ce724a3d901dc828b302e86d" member_type: VOTER last_known_addr { host: "127.4.243.132" port: 45429 } attrs { promote: false } } }
I20260710 11:06:24.572551  6289 tablet_service.cc:1558] Processing DeleteTablet for tablet a86a4f9cc74d4724b64226ff4bce97ac with delete_type TABLET_DATA_TOMBSTONED (TS 0c9bd9fc2a4d4e3d9b03c6637d58c4ab not found in new config with opid_index 4) from {username='slave'} at 127.0.0.1:50908
I20260710 11:06:24.581365  6758 tablet_replica.cc:333] T a86a4f9cc74d4724b64226ff4bce97ac P 0c9bd9fc2a4d4e3d9b03c6637d58c4ab: stopping tablet replica
I20260710 11:06:24.586691  6758 raft_consensus.cc:2243] T a86a4f9cc74d4724b64226ff4bce97ac P 0c9bd9fc2a4d4e3d9b03c6637d58c4ab [term 1 FOLLOWER]: Raft consensus shutting down.
I20260710 11:06:24.587774  6758 raft_consensus.cc:2272] T a86a4f9cc74d4724b64226ff4bce97ac P 0c9bd9fc2a4d4e3d9b03c6637d58c4ab [term 1 FOLLOWER]: Raft consensus is shut down!
I20260710 11:06:24.591269  6758 ts_tablet_manager.cc:1916] T a86a4f9cc74d4724b64226ff4bce97ac P 0c9bd9fc2a4d4e3d9b03c6637d58c4ab: Deleting tablet data with delete state TABLET_DATA_TOMBSTONED
I20260710 11:06:24.606858  6758 ts_tablet_manager.cc:1929] T a86a4f9cc74d4724b64226ff4bce97ac P 0c9bd9fc2a4d4e3d9b03c6637d58c4ab: tablet deleted with delete type TABLET_DATA_TOMBSTONED: last-logged OpId 1.3
I20260710 11:06:24.607295  6758 log.cc:1199] T a86a4f9cc74d4724b64226ff4bce97ac P 0c9bd9fc2a4d4e3d9b03c6637d58c4ab: Deleting WAL directory at /tmp/dist-test-taskjUimnB/test-tmp/auto_leader_rebalancer-test.0.LeaderRebalancerTest.AddTserver.1783681543862398-5070-0/minicluster-data/ts-1-root/wals/a86a4f9cc74d4724b64226ff4bce97ac
I20260710 11:06:24.609124  6111 catalog_manager.cc:5028] TS 0c9bd9fc2a4d4e3d9b03c6637d58c4ab (127.4.243.130:46753): tablet a86a4f9cc74d4724b64226ff4bce97ac (table test-workload [id=12f9432bc5924546a72da71c81ac59e4]) successfully deleted
I20260710 11:06:24.787819  6374 consensus_queue.cc:237] T 679b135d9044445ebfed8078c06d2e78 P ee6d28156b5b42c2909045e0054ca80c [LEADER]: Queue going to LEADER mode. State: All replicated index: 0, Majority replicated index: 3, Committed index: 3, Last appended: 1.3, Last appended by leader: 0, Current term: 1, Majority size: 2, State: 0, Mode: LEADER, active raft config: opid_index: 4 OBSOLETE_local: false peers { permanent_uuid: "0c9bd9fc2a4d4e3d9b03c6637d58c4ab" member_type: VOTER last_known_addr { host: "127.4.243.130" port: 46753 } } peers { permanent_uuid: "ee6d28156b5b42c2909045e0054ca80c" member_type: VOTER last_known_addr { host: "127.4.243.131" port: 44067 } } peers { permanent_uuid: "6139f5f7ce724a3d901dc828b302e86d" member_type: VOTER last_known_addr { host: "127.4.243.132" port: 45429 } attrs { promote: false } }
I20260710 11:06:24.793470  6657 raft_consensus.cc:1275] T 679b135d9044445ebfed8078c06d2e78 P 6139f5f7ce724a3d901dc828b302e86d [term 1 FOLLOWER]: Refusing update from remote peer ee6d28156b5b42c2909045e0054ca80c: Log matching property violated. Preceding OpId in replica: term: 1 index: 3. Preceding OpId from leader: term: 1 index: 4. (index mismatch)
I20260710 11:06:24.795238  6727 consensus_queue.cc:1048] T 679b135d9044445ebfed8078c06d2e78 P ee6d28156b5b42c2909045e0054ca80c [LEADER]: Connected to new peer: Peer: permanent_uuid: "6139f5f7ce724a3d901dc828b302e86d" member_type: VOTER last_known_addr { host: "127.4.243.132" port: 45429 } attrs { promote: false }, Status: LMP_MISMATCH, Last received: 0.0, Next index: 4, Last known committed idx: 3, Time since last communication: 0.001s
I20260710 11:06:24.796218  6300 raft_consensus.cc:1275] T 679b135d9044445ebfed8078c06d2e78 P 0c9bd9fc2a4d4e3d9b03c6637d58c4ab [term 1 FOLLOWER]: Refusing update from remote peer ee6d28156b5b42c2909045e0054ca80c: Log matching property violated. Preceding OpId in replica: term: 1 index: 3. Preceding OpId from leader: term: 1 index: 4. (index mismatch)
I20260710 11:06:24.799239  6727 consensus_queue.cc:1048] T 679b135d9044445ebfed8078c06d2e78 P ee6d28156b5b42c2909045e0054ca80c [LEADER]: Connected to new peer: Peer: permanent_uuid: "0c9bd9fc2a4d4e3d9b03c6637d58c4ab" member_type: VOTER last_known_addr { host: "127.4.243.130" port: 46753 }, Status: LMP_MISMATCH, Last received: 0.0, Next index: 4, Last known committed idx: 3, Time since last communication: 0.000s
I20260710 11:06:24.807129  6506 raft_consensus.cc:2955] T 679b135d9044445ebfed8078c06d2e78 P ee6d28156b5b42c2909045e0054ca80c [term 1 LEADER]: Committing config change with OpId 1.4: config changed from index 3 to 4, VOTER 62dc920a5d6745959f79720a63705da6 (127.4.243.129) evicted. New config: { opid_index: 4 OBSOLETE_local: false peers { permanent_uuid: "0c9bd9fc2a4d4e3d9b03c6637d58c4ab" member_type: VOTER last_known_addr { host: "127.4.243.130" port: 46753 } } peers { permanent_uuid: "ee6d28156b5b42c2909045e0054ca80c" member_type: VOTER last_known_addr { host: "127.4.243.131" port: 44067 } } peers { permanent_uuid: "6139f5f7ce724a3d901dc828b302e86d" member_type: VOTER last_known_addr { host: "127.4.243.132" port: 45429 } attrs { promote: false } } }
I20260710 11:06:24.816543  6300 raft_consensus.cc:2955] T 679b135d9044445ebfed8078c06d2e78 P 0c9bd9fc2a4d4e3d9b03c6637d58c4ab [term 1 FOLLOWER]: Committing config change with OpId 1.4: config changed from index 3 to 4, VOTER 62dc920a5d6745959f79720a63705da6 (127.4.243.129) evicted. New config: { opid_index: 4 OBSOLETE_local: false peers { permanent_uuid: "0c9bd9fc2a4d4e3d9b03c6637d58c4ab" member_type: VOTER last_known_addr { host: "127.4.243.130" port: 46753 } } peers { permanent_uuid: "ee6d28156b5b42c2909045e0054ca80c" member_type: VOTER last_known_addr { host: "127.4.243.131" port: 44067 } } peers { permanent_uuid: "6139f5f7ce724a3d901dc828b302e86d" member_type: VOTER last_known_addr { host: "127.4.243.132" port: 45429 } attrs { promote: false } } }
I20260710 11:06:24.817442  6657 raft_consensus.cc:2955] T 679b135d9044445ebfed8078c06d2e78 P 6139f5f7ce724a3d901dc828b302e86d [term 1 FOLLOWER]: Committing config change with OpId 1.4: config changed from index 3 to 4, VOTER 62dc920a5d6745959f79720a63705da6 (127.4.243.129) evicted. New config: { opid_index: 4 OBSOLETE_local: false peers { permanent_uuid: "0c9bd9fc2a4d4e3d9b03c6637d58c4ab" member_type: VOTER last_known_addr { host: "127.4.243.130" port: 46753 } } peers { permanent_uuid: "ee6d28156b5b42c2909045e0054ca80c" member_type: VOTER last_known_addr { host: "127.4.243.131" port: 44067 } } peers { permanent_uuid: "6139f5f7ce724a3d901dc828b302e86d" member_type: VOTER last_known_addr { host: "127.4.243.132" port: 45429 } attrs { promote: false } } }
I20260710 11:06:24.821388  6112 catalog_manager.cc:5210] ChangeConfig:REMOVE_PEER RPC for tablet 679b135d9044445ebfed8078c06d2e78 with cas_config_opid_index 3: ChangeConfig:REMOVE_PEER succeeded (attempt 1)
I20260710 11:06:24.827863  6125 catalog_manager.cc:5697] T 679b135d9044445ebfed8078c06d2e78 P ee6d28156b5b42c2909045e0054ca80c reported cstate change: config changed from index 3 to 4, VOTER 62dc920a5d6745959f79720a63705da6 (127.4.243.129) evicted. New cstate: current_term: 1 leader_uuid: "ee6d28156b5b42c2909045e0054ca80c" committed_config { opid_index: 4 OBSOLETE_local: false peers { permanent_uuid: "0c9bd9fc2a4d4e3d9b03c6637d58c4ab" member_type: VOTER last_known_addr { host: "127.4.243.130" port: 46753 } health_report { overall_health: HEALTHY } } peers { permanent_uuid: "ee6d28156b5b42c2909045e0054ca80c" member_type: VOTER last_known_addr { host: "127.4.243.131" port: 44067 } health_report { overall_health: HEALTHY } } peers { permanent_uuid: "6139f5f7ce724a3d901dc828b302e86d" member_type: VOTER last_known_addr { host: "127.4.243.132" port: 45429 } attrs { promote: false } health_report { overall_health: HEALTHY } } }
I20260710 11:06:24.840834  6212 tablet_service.cc:1558] Processing DeleteTablet for tablet 679b135d9044445ebfed8078c06d2e78 with delete_type TABLET_DATA_TOMBSTONED (TS 62dc920a5d6745959f79720a63705da6 not found in new config with opid_index 4) from {username='slave'} at 127.0.0.1:47888
I20260710 11:06:24.848878  6759 tablet_replica.cc:333] T 679b135d9044445ebfed8078c06d2e78 P 62dc920a5d6745959f79720a63705da6: stopping tablet replica
I20260710 11:06:24.849766  6759 raft_consensus.cc:2243] T 679b135d9044445ebfed8078c06d2e78 P 62dc920a5d6745959f79720a63705da6 [term 1 FOLLOWER]: Raft consensus shutting down.
I20260710 11:06:24.850414  6759 raft_consensus.cc:2272] T 679b135d9044445ebfed8078c06d2e78 P 62dc920a5d6745959f79720a63705da6 [term 1 FOLLOWER]: Raft consensus is shut down!
I20260710 11:06:24.853060  6759 ts_tablet_manager.cc:1916] T 679b135d9044445ebfed8078c06d2e78 P 62dc920a5d6745959f79720a63705da6: Deleting tablet data with delete state TABLET_DATA_TOMBSTONED
I20260710 11:06:24.863690  6759 ts_tablet_manager.cc:1929] T 679b135d9044445ebfed8078c06d2e78 P 62dc920a5d6745959f79720a63705da6: tablet deleted with delete type TABLET_DATA_TOMBSTONED: last-logged OpId 1.3
I20260710 11:06:24.864085  6759 log.cc:1199] T 679b135d9044445ebfed8078c06d2e78 P 62dc920a5d6745959f79720a63705da6: Deleting WAL directory at /tmp/dist-test-taskjUimnB/test-tmp/auto_leader_rebalancer-test.0.LeaderRebalancerTest.AddTserver.1783681543862398-5070-0/minicluster-data/ts-0-root/wals/679b135d9044445ebfed8078c06d2e78
I20260710 11:06:24.865738  6110 catalog_manager.cc:5028] TS 62dc920a5d6745959f79720a63705da6 (127.4.243.129:37921): tablet 679b135d9044445ebfed8078c06d2e78 (table test-workload [id=12f9432bc5924546a72da71c81ac59e4]) successfully deleted
I20260710 11:06:25.879971  6303 consensus_queue.cc:237] T 7ad73d665b9f4f55b949e2e26b2a6606 P 0c9bd9fc2a4d4e3d9b03c6637d58c4ab [LEADER]: Queue going to LEADER mode. State: All replicated index: 0, Majority replicated index: 1, Committed index: 1, Last appended: 1.1, Last appended by leader: 0, Current term: 1, Majority size: 2, State: 0, Mode: LEADER, active raft config: opid_index: 2 OBSOLETE_local: false peers { permanent_uuid: "62dc920a5d6745959f79720a63705da6" member_type: VOTER last_known_addr { host: "127.4.243.129" port: 37921 } attrs { replace: true } } peers { permanent_uuid: "0c9bd9fc2a4d4e3d9b03c6637d58c4ab" member_type: VOTER last_known_addr { host: "127.4.243.130" port: 46753 } } peers { permanent_uuid: "ee6d28156b5b42c2909045e0054ca80c" member_type: VOTER last_known_addr { host: "127.4.243.131" port: 44067 } } peers { permanent_uuid: "6139f5f7ce724a3d901dc828b302e86d" member_type: NON_VOTER last_known_addr { host: "127.4.243.132" port: 45429 } attrs { promote: true } }
I20260710 11:06:25.886600  6374 raft_consensus.cc:1275] T 7ad73d665b9f4f55b949e2e26b2a6606 P ee6d28156b5b42c2909045e0054ca80c [term 1 FOLLOWER]: Refusing update from remote peer 0c9bd9fc2a4d4e3d9b03c6637d58c4ab: Log matching property violated. Preceding OpId in replica: term: 1 index: 1. Preceding OpId from leader: term: 1 index: 2. (index mismatch)
I20260710 11:06:25.886983  6225 raft_consensus.cc:1275] T 7ad73d665b9f4f55b949e2e26b2a6606 P 62dc920a5d6745959f79720a63705da6 [term 1 FOLLOWER]: Refusing update from remote peer 0c9bd9fc2a4d4e3d9b03c6637d58c4ab: Log matching property violated. Preceding OpId in replica: term: 1 index: 1. Preceding OpId from leader: term: 1 index: 2. (index mismatch)
W20260710 11:06:25.887948  6269 consensus_peers.cc:597] T 7ad73d665b9f4f55b949e2e26b2a6606 P 0c9bd9fc2a4d4e3d9b03c6637d58c4ab -> Peer 6139f5f7ce724a3d901dc828b302e86d (127.4.243.132:45429): Couldn't send request to peer 6139f5f7ce724a3d901dc828b302e86d. Error code: TABLET_NOT_FOUND (6). Status: Not found: Tablet not found: 7ad73d665b9f4f55b949e2e26b2a6606. This is attempt 1: this message will repeat every 5th retry.
I20260710 11:06:25.888733  6550 consensus_queue.cc:1048] T 7ad73d665b9f4f55b949e2e26b2a6606 P 0c9bd9fc2a4d4e3d9b03c6637d58c4ab [LEADER]: Connected to new peer: Peer: permanent_uuid: "ee6d28156b5b42c2909045e0054ca80c" member_type: VOTER last_known_addr { host: "127.4.243.131" port: 44067 }, Status: LMP_MISMATCH, Last received: 0.0, Next index: 2, Last known committed idx: 1, Time since last communication: 0.001s
I20260710 11:06:25.889760  6760 consensus_queue.cc:1048] T 7ad73d665b9f4f55b949e2e26b2a6606 P 0c9bd9fc2a4d4e3d9b03c6637d58c4ab [LEADER]: Connected to new peer: Peer: permanent_uuid: "62dc920a5d6745959f79720a63705da6" member_type: VOTER last_known_addr { host: "127.4.243.129" port: 37921 } attrs { replace: true }, Status: LMP_MISMATCH, Last received: 0.0, Next index: 2, Last known committed idx: 1, Time since last communication: 0.000s
I20260710 11:06:25.899644  6225 raft_consensus.cc:2955] T 7ad73d665b9f4f55b949e2e26b2a6606 P 62dc920a5d6745959f79720a63705da6 [term 1 FOLLOWER]: Committing config change with OpId 1.2: config changed from index -1 to 2, NON_VOTER 6139f5f7ce724a3d901dc828b302e86d (127.4.243.132) added. New config: { opid_index: 2 OBSOLETE_local: false peers { permanent_uuid: "62dc920a5d6745959f79720a63705da6" member_type: VOTER last_known_addr { host: "127.4.243.129" port: 37921 } attrs { replace: true } } peers { permanent_uuid: "0c9bd9fc2a4d4e3d9b03c6637d58c4ab" member_type: VOTER last_known_addr { host: "127.4.243.130" port: 46753 } } peers { permanent_uuid: "ee6d28156b5b42c2909045e0054ca80c" member_type: VOTER last_known_addr { host: "127.4.243.131" port: 44067 } } peers { permanent_uuid: "6139f5f7ce724a3d901dc828b302e86d" member_type: NON_VOTER last_known_addr { host: "127.4.243.132" port: 45429 } attrs { promote: true } } }
I20260710 11:06:25.899560  6374 raft_consensus.cc:2955] T 7ad73d665b9f4f55b949e2e26b2a6606 P ee6d28156b5b42c2909045e0054ca80c [term 1 FOLLOWER]: Committing config change with OpId 1.2: config changed from index -1 to 2, NON_VOTER 6139f5f7ce724a3d901dc828b302e86d (127.4.243.132) added. New config: { opid_index: 2 OBSOLETE_local: false peers { permanent_uuid: "62dc920a5d6745959f79720a63705da6" member_type: VOTER last_known_addr { host: "127.4.243.129" port: 37921 } attrs { replace: true } } peers { permanent_uuid: "0c9bd9fc2a4d4e3d9b03c6637d58c4ab" member_type: VOTER last_known_addr { host: "127.4.243.130" port: 46753 } } peers { permanent_uuid: "ee6d28156b5b42c2909045e0054ca80c" member_type: VOTER last_known_addr { host: "127.4.243.131" port: 44067 } } peers { permanent_uuid: "6139f5f7ce724a3d901dc828b302e86d" member_type: NON_VOTER last_known_addr { host: "127.4.243.132" port: 45429 } attrs { promote: true } } }
I20260710 11:06:25.897713  6762 raft_consensus.cc:2955] T 7ad73d665b9f4f55b949e2e26b2a6606 P 0c9bd9fc2a4d4e3d9b03c6637d58c4ab [term 1 LEADER]: Committing config change with OpId 1.2: config changed from index -1 to 2, NON_VOTER 6139f5f7ce724a3d901dc828b302e86d (127.4.243.132) added. New config: { opid_index: 2 OBSOLETE_local: false peers { permanent_uuid: "62dc920a5d6745959f79720a63705da6" member_type: VOTER last_known_addr { host: "127.4.243.129" port: 37921 } attrs { replace: true } } peers { permanent_uuid: "0c9bd9fc2a4d4e3d9b03c6637d58c4ab" member_type: VOTER last_known_addr { host: "127.4.243.130" port: 46753 } } peers { permanent_uuid: "ee6d28156b5b42c2909045e0054ca80c" member_type: VOTER last_known_addr { host: "127.4.243.131" port: 44067 } } peers { permanent_uuid: "6139f5f7ce724a3d901dc828b302e86d" member_type: NON_VOTER last_known_addr { host: "127.4.243.132" port: 45429 } attrs { promote: true } } }
I20260710 11:06:25.916330  6126 catalog_manager.cc:5697] T 7ad73d665b9f4f55b949e2e26b2a6606 P 62dc920a5d6745959f79720a63705da6 reported cstate change: config changed from index -1 to 2, NON_VOTER 6139f5f7ce724a3d901dc828b302e86d (127.4.243.132) added. New cstate: current_term: 1 leader_uuid: "0c9bd9fc2a4d4e3d9b03c6637d58c4ab" committed_config { opid_index: 2 OBSOLETE_local: false peers { permanent_uuid: "62dc920a5d6745959f79720a63705da6" member_type: VOTER last_known_addr { host: "127.4.243.129" port: 37921 } attrs { replace: true } } peers { permanent_uuid: "0c9bd9fc2a4d4e3d9b03c6637d58c4ab" member_type: VOTER last_known_addr { host: "127.4.243.130" port: 46753 } } peers { permanent_uuid: "ee6d28156b5b42c2909045e0054ca80c" member_type: VOTER last_known_addr { host: "127.4.243.131" port: 44067 } } peers { permanent_uuid: "6139f5f7ce724a3d901dc828b302e86d" member_type: NON_VOTER last_known_addr { host: "127.4.243.132" port: 45429 } attrs { promote: true } } }
I20260710 11:06:25.919235  6225 consensus_queue.cc:237] T 67d08c23985f4a25bda229d69403436e P 62dc920a5d6745959f79720a63705da6 [LEADER]: Queue going to LEADER mode. State: All replicated index: 0, Majority replicated index: 1, Committed index: 1, Last appended: 1.1, Last appended by leader: 0, Current term: 1, Majority size: 2, State: 0, Mode: LEADER, active raft config: opid_index: 2 OBSOLETE_local: false peers { permanent_uuid: "62dc920a5d6745959f79720a63705da6" member_type: VOTER last_known_addr { host: "127.4.243.129" port: 37921 } } peers { permanent_uuid: "0c9bd9fc2a4d4e3d9b03c6637d58c4ab" member_type: VOTER last_known_addr { host: "127.4.243.130" port: 46753 } } peers { permanent_uuid: "ee6d28156b5b42c2909045e0054ca80c" member_type: VOTER last_known_addr { host: "127.4.243.131" port: 44067 } attrs { replace: true } } peers { permanent_uuid: "6139f5f7ce724a3d901dc828b302e86d" member_type: NON_VOTER last_known_addr { host: "127.4.243.132" port: 45429 } attrs { promote: true } }
I20260710 11:06:25.931310  6376 raft_consensus.cc:1275] T 67d08c23985f4a25bda229d69403436e P ee6d28156b5b42c2909045e0054ca80c [term 1 FOLLOWER]: Refusing update from remote peer 62dc920a5d6745959f79720a63705da6: Log matching property violated. Preceding OpId in replica: term: 1 index: 1. Preceding OpId from leader: term: 1 index: 2. (index mismatch)
W20260710 11:06:25.933033  6194 consensus_peers.cc:597] T 67d08c23985f4a25bda229d69403436e P 62dc920a5d6745959f79720a63705da6 -> Peer 6139f5f7ce724a3d901dc828b302e86d (127.4.243.132:45429): Couldn't send request to peer 6139f5f7ce724a3d901dc828b302e86d. Error code: TABLET_NOT_FOUND (6). Status: Not found: Tablet not found: 67d08c23985f4a25bda229d69403436e. This is attempt 1: this message will repeat every 5th retry.
I20260710 11:06:25.936910  6757 consensus_queue.cc:1048] T 67d08c23985f4a25bda229d69403436e P 62dc920a5d6745959f79720a63705da6 [LEADER]: Connected to new peer: Peer: permanent_uuid: "ee6d28156b5b42c2909045e0054ca80c" member_type: VOTER last_known_addr { host: "127.4.243.131" port: 44067 } attrs { replace: true }, Status: LMP_MISMATCH, Last received: 0.0, Next index: 2, Last known committed idx: 1, Time since last communication: 0.001s
I20260710 11:06:25.953426  6303 raft_consensus.cc:1275] T 67d08c23985f4a25bda229d69403436e P 0c9bd9fc2a4d4e3d9b03c6637d58c4ab [term 1 FOLLOWER]: Refusing update from remote peer 62dc920a5d6745959f79720a63705da6: Log matching property violated. Preceding OpId in replica: term: 1 index: 1. Preceding OpId from leader: term: 1 index: 2. (index mismatch)
I20260710 11:06:25.958508  6768 consensus_queue.cc:1048] T 67d08c23985f4a25bda229d69403436e P 62dc920a5d6745959f79720a63705da6 [LEADER]: Connected to new peer: Peer: permanent_uuid: "0c9bd9fc2a4d4e3d9b03c6637d58c4ab" member_type: VOTER last_known_addr { host: "127.4.243.130" port: 46753 }, Status: LMP_MISMATCH, Last received: 0.0, Next index: 2, Last known committed idx: 1, Time since last communication: 0.001s
I20260710 11:06:25.968868  6768 raft_consensus.cc:2955] T 67d08c23985f4a25bda229d69403436e P 62dc920a5d6745959f79720a63705da6 [term 1 LEADER]: Committing config change with OpId 1.2: config changed from index -1 to 2, NON_VOTER 6139f5f7ce724a3d901dc828b302e86d (127.4.243.132) added. New config: { opid_index: 2 OBSOLETE_local: false peers { permanent_uuid: "62dc920a5d6745959f79720a63705da6" member_type: VOTER last_known_addr { host: "127.4.243.129" port: 37921 } } peers { permanent_uuid: "0c9bd9fc2a4d4e3d9b03c6637d58c4ab" member_type: VOTER last_known_addr { host: "127.4.243.130" port: 46753 } } peers { permanent_uuid: "ee6d28156b5b42c2909045e0054ca80c" member_type: VOTER last_known_addr { host: "127.4.243.131" port: 44067 } attrs { replace: true } } peers { permanent_uuid: "6139f5f7ce724a3d901dc828b302e86d" member_type: NON_VOTER last_known_addr { host: "127.4.243.132" port: 45429 } attrs { promote: true } } }
I20260710 11:06:25.972309  6374 raft_consensus.cc:2955] T 67d08c23985f4a25bda229d69403436e P ee6d28156b5b42c2909045e0054ca80c [term 1 FOLLOWER]: Committing config change with OpId 1.2: config changed from index -1 to 2, NON_VOTER 6139f5f7ce724a3d901dc828b302e86d (127.4.243.132) added. New config: { opid_index: 2 OBSOLETE_local: false peers { permanent_uuid: "62dc920a5d6745959f79720a63705da6" member_type: VOTER last_known_addr { host: "127.4.243.129" port: 37921 } } peers { permanent_uuid: "0c9bd9fc2a4d4e3d9b03c6637d58c4ab" member_type: VOTER last_known_addr { host: "127.4.243.130" port: 46753 } } peers { permanent_uuid: "ee6d28156b5b42c2909045e0054ca80c" member_type: VOTER last_known_addr { host: "127.4.243.131" port: 44067 } attrs { replace: true } } peers { permanent_uuid: "6139f5f7ce724a3d901dc828b302e86d" member_type: NON_VOTER last_known_addr { host: "127.4.243.132" port: 45429 } attrs { promote: true } } }
I20260710 11:06:25.981968  6303 raft_consensus.cc:2955] T 67d08c23985f4a25bda229d69403436e P 0c9bd9fc2a4d4e3d9b03c6637d58c4ab [term 1 FOLLOWER]: Committing config change with OpId 1.2: config changed from index -1 to 2, NON_VOTER 6139f5f7ce724a3d901dc828b302e86d (127.4.243.132) added. New config: { opid_index: 2 OBSOLETE_local: false peers { permanent_uuid: "62dc920a5d6745959f79720a63705da6" member_type: VOTER last_known_addr { host: "127.4.243.129" port: 37921 } } peers { permanent_uuid: "0c9bd9fc2a4d4e3d9b03c6637d58c4ab" member_type: VOTER last_known_addr { host: "127.4.243.130" port: 46753 } } peers { permanent_uuid: "ee6d28156b5b42c2909045e0054ca80c" member_type: VOTER last_known_addr { host: "127.4.243.131" port: 44067 } attrs { replace: true } } peers { permanent_uuid: "6139f5f7ce724a3d901dc828b302e86d" member_type: NON_VOTER last_known_addr { host: "127.4.243.132" port: 45429 } attrs { promote: true } } }
I20260710 11:06:25.995007  6225 consensus_queue.cc:237] T 52378c29a6aa44c68d3faea84a4afc76 P 62dc920a5d6745959f79720a63705da6 [LEADER]: Queue going to LEADER mode. State: All replicated index: 0, Majority replicated index: 1, Committed index: 1, Last appended: 1.1, Last appended by leader: 0, Current term: 1, Majority size: 2, State: 0, Mode: LEADER, active raft config: opid_index: 2 OBSOLETE_local: false peers { permanent_uuid: "62dc920a5d6745959f79720a63705da6" member_type: VOTER last_known_addr { host: "127.4.243.129" port: 37921 } } peers { permanent_uuid: "0c9bd9fc2a4d4e3d9b03c6637d58c4ab" member_type: VOTER last_known_addr { host: "127.4.243.130" port: 46753 } attrs { replace: true } } peers { permanent_uuid: "ee6d28156b5b42c2909045e0054ca80c" member_type: VOTER last_known_addr { host: "127.4.243.131" port: 44067 } } peers { permanent_uuid: "6139f5f7ce724a3d901dc828b302e86d" member_type: NON_VOTER last_known_addr { host: "127.4.243.132" port: 45429 } attrs { promote: true } }
I20260710 11:06:25.998967  6126 catalog_manager.cc:5697] T 67d08c23985f4a25bda229d69403436e P 62dc920a5d6745959f79720a63705da6 reported cstate change: config changed from index -1 to 2, NON_VOTER 6139f5f7ce724a3d901dc828b302e86d (127.4.243.132) added. New cstate: current_term: 1 leader_uuid: "62dc920a5d6745959f79720a63705da6" committed_config { opid_index: 2 OBSOLETE_local: false peers { permanent_uuid: "62dc920a5d6745959f79720a63705da6" member_type: VOTER last_known_addr { host: "127.4.243.129" port: 37921 } health_report { overall_health: HEALTHY } } peers { permanent_uuid: "0c9bd9fc2a4d4e3d9b03c6637d58c4ab" member_type: VOTER last_known_addr { host: "127.4.243.130" port: 46753 } health_report { overall_health: UNKNOWN } } peers { permanent_uuid: "ee6d28156b5b42c2909045e0054ca80c" member_type: VOTER last_known_addr { host: "127.4.243.131" port: 44067 } attrs { replace: true } health_report { overall_health: HEALTHY } } peers { permanent_uuid: "6139f5f7ce724a3d901dc828b302e86d" member_type: NON_VOTER last_known_addr { host: "127.4.243.132" port: 45429 } attrs { promote: true } health_report { overall_health: UNKNOWN } } }
W20260710 11:06:26.006446  6194 consensus_peers.cc:597] T 52378c29a6aa44c68d3faea84a4afc76 P 62dc920a5d6745959f79720a63705da6 -> Peer 6139f5f7ce724a3d901dc828b302e86d (127.4.243.132:45429): Couldn't send request to peer 6139f5f7ce724a3d901dc828b302e86d. Error code: TABLET_NOT_FOUND (6). Status: Not found: Tablet not found: 52378c29a6aa44c68d3faea84a4afc76. This is attempt 1: this message will repeat every 5th retry.
I20260710 11:06:26.008647  6374 raft_consensus.cc:1275] T 52378c29a6aa44c68d3faea84a4afc76 P ee6d28156b5b42c2909045e0054ca80c [term 1 FOLLOWER]: Refusing update from remote peer 62dc920a5d6745959f79720a63705da6: Log matching property violated. Preceding OpId in replica: term: 1 index: 1. Preceding OpId from leader: term: 1 index: 2. (index mismatch)
I20260710 11:06:26.009887  6303 raft_consensus.cc:1275] T 52378c29a6aa44c68d3faea84a4afc76 P 0c9bd9fc2a4d4e3d9b03c6637d58c4ab [term 1 FOLLOWER]: Refusing update from remote peer 62dc920a5d6745959f79720a63705da6: Log matching property violated. Preceding OpId in replica: term: 1 index: 1. Preceding OpId from leader: term: 1 index: 2. (index mismatch)
I20260710 11:06:26.010255  6773 consensus_queue.cc:1048] T 52378c29a6aa44c68d3faea84a4afc76 P 62dc920a5d6745959f79720a63705da6 [LEADER]: Connected to new peer: Peer: permanent_uuid: "ee6d28156b5b42c2909045e0054ca80c" member_type: VOTER last_known_addr { host: "127.4.243.131" port: 44067 }, Status: LMP_MISMATCH, Last received: 0.0, Next index: 2, Last known committed idx: 1, Time since last communication: 0.000s
I20260710 11:06:26.011690  6772 consensus_queue.cc:1048] T 52378c29a6aa44c68d3faea84a4afc76 P 62dc920a5d6745959f79720a63705da6 [LEADER]: Connected to new peer: Peer: permanent_uuid: "0c9bd9fc2a4d4e3d9b03c6637d58c4ab" member_type: VOTER last_known_addr { host: "127.4.243.130" port: 46753 } attrs { replace: true }, Status: LMP_MISMATCH, Last received: 0.0, Next index: 2, Last known committed idx: 1, Time since last communication: 0.001s
I20260710 11:06:26.025264  6772 raft_consensus.cc:2955] T 52378c29a6aa44c68d3faea84a4afc76 P 62dc920a5d6745959f79720a63705da6 [term 1 LEADER]: Committing config change with OpId 1.2: config changed from index -1 to 2, NON_VOTER 6139f5f7ce724a3d901dc828b302e86d (127.4.243.132) added. New config: { opid_index: 2 OBSOLETE_local: false peers { permanent_uuid: "62dc920a5d6745959f79720a63705da6" member_type: VOTER last_known_addr { host: "127.4.243.129" port: 37921 } } peers { permanent_uuid: "0c9bd9fc2a4d4e3d9b03c6637d58c4ab" member_type: VOTER last_known_addr { host: "127.4.243.130" port: 46753 } attrs { replace: true } } peers { permanent_uuid: "ee6d28156b5b42c2909045e0054ca80c" member_type: VOTER last_known_addr { host: "127.4.243.131" port: 44067 } } peers { permanent_uuid: "6139f5f7ce724a3d901dc828b302e86d" member_type: NON_VOTER last_known_addr { host: "127.4.243.132" port: 45429 } attrs { promote: true } } }
I20260710 11:06:26.027197  6374 raft_consensus.cc:2955] T 52378c29a6aa44c68d3faea84a4afc76 P ee6d28156b5b42c2909045e0054ca80c [term 1 FOLLOWER]: Committing config change with OpId 1.2: config changed from index -1 to 2, NON_VOTER 6139f5f7ce724a3d901dc828b302e86d (127.4.243.132) added. New config: { opid_index: 2 OBSOLETE_local: false peers { permanent_uuid: "62dc920a5d6745959f79720a63705da6" member_type: VOTER last_known_addr { host: "127.4.243.129" port: 37921 } } peers { permanent_uuid: "0c9bd9fc2a4d4e3d9b03c6637d58c4ab" member_type: VOTER last_known_addr { host: "127.4.243.130" port: 46753 } attrs { replace: true } } peers { permanent_uuid: "ee6d28156b5b42c2909045e0054ca80c" member_type: VOTER last_known_addr { host: "127.4.243.131" port: 44067 } } peers { permanent_uuid: "6139f5f7ce724a3d901dc828b302e86d" member_type: NON_VOTER last_known_addr { host: "127.4.243.132" port: 45429 } attrs { promote: true } } }
I20260710 11:06:26.029042  6303 raft_consensus.cc:2955] T 52378c29a6aa44c68d3faea84a4afc76 P 0c9bd9fc2a4d4e3d9b03c6637d58c4ab [term 1 FOLLOWER]: Committing config change with OpId 1.2: config changed from index -1 to 2, NON_VOTER 6139f5f7ce724a3d901dc828b302e86d (127.4.243.132) added. New config: { opid_index: 2 OBSOLETE_local: false peers { permanent_uuid: "62dc920a5d6745959f79720a63705da6" member_type: VOTER last_known_addr { host: "127.4.243.129" port: 37921 } } peers { permanent_uuid: "0c9bd9fc2a4d4e3d9b03c6637d58c4ab" member_type: VOTER last_known_addr { host: "127.4.243.130" port: 46753 } attrs { replace: true } } peers { permanent_uuid: "ee6d28156b5b42c2909045e0054ca80c" member_type: VOTER last_known_addr { host: "127.4.243.131" port: 44067 } } peers { permanent_uuid: "6139f5f7ce724a3d901dc828b302e86d" member_type: NON_VOTER last_known_addr { host: "127.4.243.132" port: 45429 } attrs { promote: true } } }
