I20260710 11:06:01.742782  4786 raft_consensus.cc:493] T df7832b4354442a98e94132fb115fbc8 P 328c5a83754f4504818ea943d10205e7 [term 0 FOLLOWER]: Starting pre-election (no leader contacted us within the election timeout)
I20260710 11:06:01.752174  4746 tablet_bootstrap.cc:654] T 90378670e80f440b9551f49f854cf795 P 1f9b1c3c67b240019ab67cfc01673b33: Neither blocks nor log segments found. Creating new log.
I20260710 11:06:01.752760  4449 catalog_manager.cc:5697] T 59461f7a3bf247fb827c170750e3e000 P 328c5a83754f4504818ea943d10205e7 reported cstate change: term changed from 1 to 2, leader changed from ac22c9e6f11a4e9b9ebf7265ebb428d4 (127.3.208.194) to 328c5a83754f4504818ea943d10205e7 (127.3.208.193). New cstate: current_term: 2 leader_uuid: "328c5a83754f4504818ea943d10205e7" committed_config { opid_index: -1 OBSOLETE_local: false peers { permanent_uuid: "328c5a83754f4504818ea943d10205e7" member_type: VOTER last_known_addr { host: "127.3.208.193" port: 38775 } health_report { overall_health: HEALTHY } } peers { permanent_uuid: "ac22c9e6f11a4e9b9ebf7265ebb428d4" member_type: VOTER last_known_addr { host: "127.3.208.194" port: 38479 } health_report { overall_health: UNKNOWN } } peers { permanent_uuid: "1f9b1c3c67b240019ab67cfc01673b33" member_type: VOTER last_known_addr { host: "127.3.208.195" port: 39143 } health_report { overall_health: UNKNOWN } } }
I20260710 11:06:01.755734  4449 catalog_manager.cc:5697] T 1516ad9fa9e04eb48150c898cb16f323 P 328c5a83754f4504818ea943d10205e7 reported cstate change: term changed from 0 to 1, leader changed from <none> to 328c5a83754f4504818ea943d10205e7 (127.3.208.193). New cstate: current_term: 1 leader_uuid: "328c5a83754f4504818ea943d10205e7" committed_config { opid_index: -1 OBSOLETE_local: false peers { permanent_uuid: "328c5a83754f4504818ea943d10205e7" member_type: VOTER last_known_addr { host: "127.3.208.193" port: 38775 } health_report { overall_health: HEALTHY } } peers { permanent_uuid: "ac22c9e6f11a4e9b9ebf7265ebb428d4" member_type: VOTER last_known_addr { host: "127.3.208.194" port: 38479 } health_report { overall_health: UNKNOWN } } peers { permanent_uuid: "1f9b1c3c67b240019ab67cfc01673b33" member_type: VOTER last_known_addr { host: "127.3.208.195" port: 39143 } health_report { overall_health: UNKNOWN } } }
I20260710 11:06:01.743659  4786 raft_consensus.cc:515] T df7832b4354442a98e94132fb115fbc8 P 328c5a83754f4504818ea943d10205e7 [term 0 FOLLOWER]: Starting pre-election with config: opid_index: -1 OBSOLETE_local: false peers { permanent_uuid: "328c5a83754f4504818ea943d10205e7" member_type: VOTER last_known_addr { host: "127.3.208.193" port: 38775 } } peers { permanent_uuid: "ac22c9e6f11a4e9b9ebf7265ebb428d4" member_type: VOTER last_known_addr { host: "127.3.208.194" port: 38479 } } peers { permanent_uuid: "1f9b1c3c67b240019ab67cfc01673b33" member_type: VOTER last_known_addr { host: "127.3.208.195" port: 39143 } }
I20260710 11:06:01.762526  4746 tablet_bootstrap.cc:492] T 90378670e80f440b9551f49f854cf795 P 1f9b1c3c67b240019ab67cfc01673b33: No bootstrap required, opened a new log
I20260710 11:06:01.763294  4746 ts_tablet_manager.cc:1403] T 90378670e80f440b9551f49f854cf795 P 1f9b1c3c67b240019ab67cfc01673b33: Time spent bootstrapping tablet: real 0.027s	user 0.012s	sys 0.006s
I20260710 11:06:01.763765  4628 tablet_service.cc:1917] Received RequestConsensusVote() RPC: tablet_id: "df7832b4354442a98e94132fb115fbc8" candidate_uuid: "328c5a83754f4504818ea943d10205e7" candidate_term: 1 candidate_status { last_received { term: 0 index: 0 } } ignore_live_leader: false dest_uuid: "ac22c9e6f11a4e9b9ebf7265ebb428d4" is_pre_election: true
I20260710 11:06:01.766554  4746 raft_consensus.cc:359] T 90378670e80f440b9551f49f854cf795 P 1f9b1c3c67b240019ab67cfc01673b33 [term 0 FOLLOWER]: Replica starting. Triggering 0 pending ops. Active config: opid_index: -1 OBSOLETE_local: false peers { permanent_uuid: "328c5a83754f4504818ea943d10205e7" member_type: VOTER last_known_addr { host: "127.3.208.193" port: 38775 } } peers { permanent_uuid: "ac22c9e6f11a4e9b9ebf7265ebb428d4" member_type: VOTER last_known_addr { host: "127.3.208.194" port: 38479 } } peers { permanent_uuid: "1f9b1c3c67b240019ab67cfc01673b33" member_type: VOTER last_known_addr { host: "127.3.208.195" port: 39143 } }
I20260710 11:06:01.767331  4746 raft_consensus.cc:385] T 90378670e80f440b9551f49f854cf795 P 1f9b1c3c67b240019ab67cfc01673b33 [term 0 FOLLOWER]: Consensus starting up: Expiring failure detector timer to make a prompt election more likely
I20260710 11:06:01.767663  4746 raft_consensus.cc:740] T 90378670e80f440b9551f49f854cf795 P 1f9b1c3c67b240019ab67cfc01673b33 [term 0 FOLLOWER]: Becoming Follower/Learner. State: Replica: 1f9b1c3c67b240019ab67cfc01673b33, State: Initialized, Role: FOLLOWER
I20260710 11:06:01.768451  4746 consensus_queue.cc:260] T 90378670e80f440b9551f49f854cf795 P 1f9b1c3c67b240019ab67cfc01673b33 [NON_LEADER]: Queue going to NON_LEADER mode. State: All replicated index: 0, Majority replicated index: 0, Committed index: 0, Last appended: 0.0, Last appended by leader: 0, Current term: 0, Majority size: -1, State: 0, Mode: NON_LEADER, active raft config: opid_index: -1 OBSOLETE_local: false peers { permanent_uuid: "328c5a83754f4504818ea943d10205e7" member_type: VOTER last_known_addr { host: "127.3.208.193" port: 38775 } } peers { permanent_uuid: "ac22c9e6f11a4e9b9ebf7265ebb428d4" member_type: VOTER last_known_addr { host: "127.3.208.194" port: 38479 } } peers { permanent_uuid: "1f9b1c3c67b240019ab67cfc01673b33" member_type: VOTER last_known_addr { host: "127.3.208.195" port: 39143 } }
I20260710 11:06:01.770491  4701 tablet_service.cc:1917] Received RequestConsensusVote() RPC: tablet_id: "df7832b4354442a98e94132fb115fbc8" candidate_uuid: "328c5a83754f4504818ea943d10205e7" candidate_term: 1 candidate_status { last_received { term: 0 index: 0 } } ignore_live_leader: false dest_uuid: "1f9b1c3c67b240019ab67cfc01673b33" is_pre_election: true
I20260710 11:06:01.770795  4786 leader_election.cc:290] T df7832b4354442a98e94132fb115fbc8 P 328c5a83754f4504818ea943d10205e7 [CANDIDATE]: Term 1 pre-election: Requested pre-vote from peers ac22c9e6f11a4e9b9ebf7265ebb428d4 (127.3.208.194:38479), 1f9b1c3c67b240019ab67cfc01673b33 (127.3.208.195:39143)
I20260710 11:06:01.771449  4701 raft_consensus.cc:2393] T df7832b4354442a98e94132fb115fbc8 P 1f9b1c3c67b240019ab67cfc01673b33 [term 1 FOLLOWER]: Leader pre-election vote request: Denying vote to candidate 328c5a83754f4504818ea943d10205e7 in current term 1: Already voted for candidate ac22c9e6f11a4e9b9ebf7265ebb428d4 in this term.
I20260710 11:06:01.772414  4744 tablet_bootstrap.cc:492] T e4f19faed74e4d298f09f0211ecbeec5 P 328c5a83754f4504818ea943d10205e7: No bootstrap required, opened a new log
I20260710 11:06:01.773116  4744 ts_tablet_manager.cc:1403] T e4f19faed74e4d298f09f0211ecbeec5 P 328c5a83754f4504818ea943d10205e7: Time spent bootstrapping tablet: real 0.139s	user 0.018s	sys 0.000s
I20260710 11:06:01.773465  4520 leader_election.cc:304] T df7832b4354442a98e94132fb115fbc8 P 328c5a83754f4504818ea943d10205e7 [CANDIDATE]: Term 1 pre-election: Election decided. Result: candidate lost. Election summary: received 3 responses out of 3 voters: 1 yes votes; 2 no votes. yes voters: 328c5a83754f4504818ea943d10205e7; no voters: 1f9b1c3c67b240019ab67cfc01673b33, ac22c9e6f11a4e9b9ebf7265ebb428d4
I20260710 11:06:01.773867  4746 ts_tablet_manager.cc:1434] T 90378670e80f440b9551f49f854cf795 P 1f9b1c3c67b240019ab67cfc01673b33: Time spent starting tablet: real 0.010s	user 0.003s	sys 0.004s
I20260710 11:06:01.774963  4746 tablet_bootstrap.cc:492] T 1516ad9fa9e04eb48150c898cb16f323 P 1f9b1c3c67b240019ab67cfc01673b33: Bootstrap starting.
I20260710 11:06:01.776669  4744 raft_consensus.cc:359] T e4f19faed74e4d298f09f0211ecbeec5 P 328c5a83754f4504818ea943d10205e7 [term 0 FOLLOWER]: Replica starting. Triggering 0 pending ops. Active config: opid_index: -1 OBSOLETE_local: false peers { permanent_uuid: "328c5a83754f4504818ea943d10205e7" member_type: VOTER last_known_addr { host: "127.3.208.193" port: 38775 } } peers { permanent_uuid: "ac22c9e6f11a4e9b9ebf7265ebb428d4" member_type: VOTER last_known_addr { host: "127.3.208.194" port: 38479 } } peers { permanent_uuid: "1f9b1c3c67b240019ab67cfc01673b33" member_type: VOTER last_known_addr { host: "127.3.208.195" port: 39143 } }
I20260710 11:06:01.777509  4744 raft_consensus.cc:385] T e4f19faed74e4d298f09f0211ecbeec5 P 328c5a83754f4504818ea943d10205e7 [term 0 FOLLOWER]: Consensus starting up: Expiring failure detector timer to make a prompt election more likely
I20260710 11:06:01.777956  4744 raft_consensus.cc:740] T e4f19faed74e4d298f09f0211ecbeec5 P 328c5a83754f4504818ea943d10205e7 [term 0 FOLLOWER]: Becoming Follower/Learner. State: Replica: 328c5a83754f4504818ea943d10205e7, State: Initialized, Role: FOLLOWER
I20260710 11:06:01.778426  4786 raft_consensus.cc:3060] T df7832b4354442a98e94132fb115fbc8 P 328c5a83754f4504818ea943d10205e7 [term 0 FOLLOWER]: Advancing to term 1
I20260710 11:06:01.778864  4744 consensus_queue.cc:260] T e4f19faed74e4d298f09f0211ecbeec5 P 328c5a83754f4504818ea943d10205e7 [NON_LEADER]: Queue going to NON_LEADER mode. State: All replicated index: 0, Majority replicated index: 0, Committed index: 0, Last appended: 0.0, Last appended by leader: 0, Current term: 0, Majority size: -1, State: 0, Mode: NON_LEADER, active raft config: opid_index: -1 OBSOLETE_local: false peers { permanent_uuid: "328c5a83754f4504818ea943d10205e7" member_type: VOTER last_known_addr { host: "127.3.208.193" port: 38775 } } peers { permanent_uuid: "ac22c9e6f11a4e9b9ebf7265ebb428d4" member_type: VOTER last_known_addr { host: "127.3.208.194" port: 38479 } } peers { permanent_uuid: "1f9b1c3c67b240019ab67cfc01673b33" member_type: VOTER last_known_addr { host: "127.3.208.195" port: 39143 } }
I20260710 11:06:01.781920  4744 ts_tablet_manager.cc:1434] T e4f19faed74e4d298f09f0211ecbeec5 P 328c5a83754f4504818ea943d10205e7: Time spent starting tablet: real 0.008s	user 0.007s	sys 0.000s
I20260710 11:06:01.784569  4746 tablet_bootstrap.cc:654] T 1516ad9fa9e04eb48150c898cb16f323 P 1f9b1c3c67b240019ab67cfc01673b33: Neither blocks nor log segments found. Creating new log.
I20260710 11:06:01.790330  4786 raft_consensus.cc:2749] T df7832b4354442a98e94132fb115fbc8 P 328c5a83754f4504818ea943d10205e7 [term 1 FOLLOWER]: Leader pre-election lost for term 1. Reason: could not achieve majority
I20260710 11:06:01.793668  4746 tablet_bootstrap.cc:492] T 1516ad9fa9e04eb48150c898cb16f323 P 1f9b1c3c67b240019ab67cfc01673b33: No bootstrap required, opened a new log
I20260710 11:06:01.794224  4746 ts_tablet_manager.cc:1403] T 1516ad9fa9e04eb48150c898cb16f323 P 1f9b1c3c67b240019ab67cfc01673b33: Time spent bootstrapping tablet: real 0.020s	user 0.013s	sys 0.000s
I20260710 11:06:01.795423  4808 consensus_queue.cc:1048] T df7832b4354442a98e94132fb115fbc8 P ac22c9e6f11a4e9b9ebf7265ebb428d4 [LEADER]: Connected to new peer: Peer: permanent_uuid: "1f9b1c3c67b240019ab67cfc01673b33" member_type: VOTER last_known_addr { host: "127.3.208.195" port: 39143 }, Status: LMP_MISMATCH, Last received: 0.0, Next index: 1, Last known committed idx: 0, Time since last communication: 0.001s
I20260710 11:06:01.801358  4746 raft_consensus.cc:359] T 1516ad9fa9e04eb48150c898cb16f323 P 1f9b1c3c67b240019ab67cfc01673b33 [term 0 FOLLOWER]: Replica starting. Triggering 0 pending ops. Active config: opid_index: -1 OBSOLETE_local: false peers { permanent_uuid: "328c5a83754f4504818ea943d10205e7" member_type: VOTER last_known_addr { host: "127.3.208.193" port: 38775 } } peers { permanent_uuid: "ac22c9e6f11a4e9b9ebf7265ebb428d4" member_type: VOTER last_known_addr { host: "127.3.208.194" port: 38479 } } peers { permanent_uuid: "1f9b1c3c67b240019ab67cfc01673b33" member_type: VOTER last_known_addr { host: "127.3.208.195" port: 39143 } }
I20260710 11:06:01.802129  4746 raft_consensus.cc:385] T 1516ad9fa9e04eb48150c898cb16f323 P 1f9b1c3c67b240019ab67cfc01673b33 [term 0 FOLLOWER]: Consensus starting up: Expiring failure detector timer to make a prompt election more likely
I20260710 11:06:01.802426  4746 raft_consensus.cc:740] T 1516ad9fa9e04eb48150c898cb16f323 P 1f9b1c3c67b240019ab67cfc01673b33 [term 0 FOLLOWER]: Becoming Follower/Learner. State: Replica: 1f9b1c3c67b240019ab67cfc01673b33, State: Initialized, Role: FOLLOWER
I20260710 11:06:01.803188  4746 consensus_queue.cc:260] T 1516ad9fa9e04eb48150c898cb16f323 P 1f9b1c3c67b240019ab67cfc01673b33 [NON_LEADER]: Queue going to NON_LEADER mode. State: All replicated index: 0, Majority replicated index: 0, Committed index: 0, Last appended: 0.0, Last appended by leader: 0, Current term: 0, Majority size: -1, State: 0, Mode: NON_LEADER, active raft config: opid_index: -1 OBSOLETE_local: false peers { permanent_uuid: "328c5a83754f4504818ea943d10205e7" member_type: VOTER last_known_addr { host: "127.3.208.193" port: 38775 } } peers { permanent_uuid: "ac22c9e6f11a4e9b9ebf7265ebb428d4" member_type: VOTER last_known_addr { host: "127.3.208.194" port: 38479 } } peers { permanent_uuid: "1f9b1c3c67b240019ab67cfc01673b33" member_type: VOTER last_known_addr { host: "127.3.208.195" port: 39143 } }
I20260710 11:06:01.805306  4746 ts_tablet_manager.cc:1434] T 1516ad9fa9e04eb48150c898cb16f323 P 1f9b1c3c67b240019ab67cfc01673b33: Time spent starting tablet: real 0.011s	user 0.006s	sys 0.001s
I20260710 11:06:01.806306  4746 tablet_bootstrap.cc:492] T 231d17a4264941c991df1d4bd6d42520 P 1f9b1c3c67b240019ab67cfc01673b33: Bootstrap starting.
I20260710 11:06:01.812898  4746 tablet_bootstrap.cc:654] T 231d17a4264941c991df1d4bd6d42520 P 1f9b1c3c67b240019ab67cfc01673b33: Neither blocks nor log segments found. Creating new log.
I20260710 11:06:01.814975  4760 consensus_queue.cc:1048] T df7832b4354442a98e94132fb115fbc8 P ac22c9e6f11a4e9b9ebf7265ebb428d4 [LEADER]: Connected to new peer: Peer: permanent_uuid: "328c5a83754f4504818ea943d10205e7" member_type: VOTER last_known_addr { host: "127.3.208.193" port: 38775 }, Status: LMP_MISMATCH, Last received: 0.0, Next index: 1, Last known committed idx: 0, Time since last communication: 0.001s
I20260710 11:06:01.824792  4746 tablet_bootstrap.cc:492] T 231d17a4264941c991df1d4bd6d42520 P 1f9b1c3c67b240019ab67cfc01673b33: No bootstrap required, opened a new log
I20260710 11:06:01.825337  4746 ts_tablet_manager.cc:1403] T 231d17a4264941c991df1d4bd6d42520 P 1f9b1c3c67b240019ab67cfc01673b33: Time spent bootstrapping tablet: real 0.019s	user 0.008s	sys 0.008s
I20260710 11:06:01.828193  4746 raft_consensus.cc:359] T 231d17a4264941c991df1d4bd6d42520 P 1f9b1c3c67b240019ab67cfc01673b33 [term 0 FOLLOWER]: Replica starting. Triggering 0 pending ops. Active config: opid_index: -1 OBSOLETE_local: false peers { permanent_uuid: "328c5a83754f4504818ea943d10205e7" member_type: VOTER last_known_addr { host: "127.3.208.193" port: 38775 } } peers { permanent_uuid: "ac22c9e6f11a4e9b9ebf7265ebb428d4" member_type: VOTER last_known_addr { host: "127.3.208.194" port: 38479 } } peers { permanent_uuid: "1f9b1c3c67b240019ab67cfc01673b33" member_type: VOTER last_known_addr { host: "127.3.208.195" port: 39143 } }
I20260710 11:06:01.828929  4746 raft_consensus.cc:385] T 231d17a4264941c991df1d4bd6d42520 P 1f9b1c3c67b240019ab67cfc01673b33 [term 0 FOLLOWER]: Consensus starting up: Expiring failure detector timer to make a prompt election more likely
I20260710 11:06:01.829226  4746 raft_consensus.cc:740] T 231d17a4264941c991df1d4bd6d42520 P 1f9b1c3c67b240019ab67cfc01673b33 [term 0 FOLLOWER]: Becoming Follower/Learner. State: Replica: 1f9b1c3c67b240019ab67cfc01673b33, State: Initialized, Role: FOLLOWER
I20260710 11:06:01.829928  4746 consensus_queue.cc:260] T 231d17a4264941c991df1d4bd6d42520 P 1f9b1c3c67b240019ab67cfc01673b33 [NON_LEADER]: Queue going to NON_LEADER mode. State: All replicated index: 0, Majority replicated index: 0, Committed index: 0, Last appended: 0.0, Last appended by leader: 0, Current term: 0, Majority size: -1, State: 0, Mode: NON_LEADER, active raft config: opid_index: -1 OBSOLETE_local: false peers { permanent_uuid: "328c5a83754f4504818ea943d10205e7" member_type: VOTER last_known_addr { host: "127.3.208.193" port: 38775 } } peers { permanent_uuid: "ac22c9e6f11a4e9b9ebf7265ebb428d4" member_type: VOTER last_known_addr { host: "127.3.208.194" port: 38479 } } peers { permanent_uuid: "1f9b1c3c67b240019ab67cfc01673b33" member_type: VOTER last_known_addr { host: "127.3.208.195" port: 39143 } }
I20260710 11:06:01.832106  4746 ts_tablet_manager.cc:1434] T 231d17a4264941c991df1d4bd6d42520 P 1f9b1c3c67b240019ab67cfc01673b33: Time spent starting tablet: real 0.006s	user 0.008s	sys 0.000s
I20260710 11:06:01.906369  4783 consensus_queue.cc:1048] T 2353ad984f1d4258bf855fef8d3194cf P 1f9b1c3c67b240019ab67cfc01673b33 [LEADER]: Connected to new peer: Peer: permanent_uuid: "328c5a83754f4504818ea943d10205e7" member_type: VOTER last_known_addr { host: "127.3.208.193" port: 38775 }, Status: LMP_MISMATCH, Last received: 0.0, Next index: 1, Last known committed idx: 0, Time since last communication: 0.000s
I20260710 11:06:01.914657  4750 raft_consensus.cc:493] T 1516ad9fa9e04eb48150c898cb16f323 P 1f9b1c3c67b240019ab67cfc01673b33 [term 0 FOLLOWER]: Starting pre-election (no leader contacted us within the election timeout)
I20260710 11:06:01.915311  4750 raft_consensus.cc:515] T 1516ad9fa9e04eb48150c898cb16f323 P 1f9b1c3c67b240019ab67cfc01673b33 [term 0 FOLLOWER]: Starting pre-election with config: opid_index: -1 OBSOLETE_local: false peers { permanent_uuid: "328c5a83754f4504818ea943d10205e7" member_type: VOTER last_known_addr { host: "127.3.208.193" port: 38775 } } peers { permanent_uuid: "ac22c9e6f11a4e9b9ebf7265ebb428d4" member_type: VOTER last_known_addr { host: "127.3.208.194" port: 38479 } } peers { permanent_uuid: "1f9b1c3c67b240019ab67cfc01673b33" member_type: VOTER last_known_addr { host: "127.3.208.195" port: 39143 } }
I20260710 11:06:01.917604  4750 leader_election.cc:290] T 1516ad9fa9e04eb48150c898cb16f323 P 1f9b1c3c67b240019ab67cfc01673b33 [CANDIDATE]: Term 1 pre-election: Requested pre-vote from peers 328c5a83754f4504818ea943d10205e7 (127.3.208.193:38775), ac22c9e6f11a4e9b9ebf7265ebb428d4 (127.3.208.194:38479)
I20260710 11:06:01.918056  4800 consensus_queue.cc:1048] T 2353ad984f1d4258bf855fef8d3194cf P 1f9b1c3c67b240019ab67cfc01673b33 [LEADER]: Connected to new peer: Peer: permanent_uuid: "ac22c9e6f11a4e9b9ebf7265ebb428d4" member_type: VOTER last_known_addr { host: "127.3.208.194" port: 38479 }, Status: LMP_MISMATCH, Last received: 0.0, Next index: 1, Last known committed idx: 0, Time since last communication: 0.001s
I20260710 11:06:01.919178  4553 tablet_service.cc:1917] Received RequestConsensusVote() RPC: tablet_id: "1516ad9fa9e04eb48150c898cb16f323" candidate_uuid: "1f9b1c3c67b240019ab67cfc01673b33" candidate_term: 1 candidate_status { last_received { term: 0 index: 0 } } ignore_live_leader: false dest_uuid: "328c5a83754f4504818ea943d10205e7" is_pre_election: true
I20260710 11:06:01.919549  4800 raft_consensus.cc:493] T 90378670e80f440b9551f49f854cf795 P 1f9b1c3c67b240019ab67cfc01673b33 [term 0 FOLLOWER]: Starting pre-election (no leader contacted us within the election timeout)
I20260710 11:06:01.920050  4800 raft_consensus.cc:515] T 90378670e80f440b9551f49f854cf795 P 1f9b1c3c67b240019ab67cfc01673b33 [term 0 FOLLOWER]: Starting pre-election with config: opid_index: -1 OBSOLETE_local: false peers { permanent_uuid: "328c5a83754f4504818ea943d10205e7" member_type: VOTER last_known_addr { host: "127.3.208.193" port: 38775 } } peers { permanent_uuid: "ac22c9e6f11a4e9b9ebf7265ebb428d4" member_type: VOTER last_known_addr { host: "127.3.208.194" port: 38479 } } peers { permanent_uuid: "1f9b1c3c67b240019ab67cfc01673b33" member_type: VOTER last_known_addr { host: "127.3.208.195" port: 39143 } }
I20260710 11:06:01.920552  4628 tablet_service.cc:1917] Received RequestConsensusVote() RPC: tablet_id: "1516ad9fa9e04eb48150c898cb16f323" candidate_uuid: "1f9b1c3c67b240019ab67cfc01673b33" candidate_term: 1 candidate_status { last_received { term: 0 index: 0 } } ignore_live_leader: false dest_uuid: "ac22c9e6f11a4e9b9ebf7265ebb428d4" is_pre_election: true
I20260710 11:06:01.921372  4628 raft_consensus.cc:2393] T 1516ad9fa9e04eb48150c898cb16f323 P ac22c9e6f11a4e9b9ebf7265ebb428d4 [term 1 FOLLOWER]: Leader pre-election vote request: Denying vote to candidate 1f9b1c3c67b240019ab67cfc01673b33 in current term 1: Already voted for candidate 328c5a83754f4504818ea943d10205e7 in this term.
I20260710 11:06:01.922544  4669 leader_election.cc:304] T 1516ad9fa9e04eb48150c898cb16f323 P 1f9b1c3c67b240019ab67cfc01673b33 [CANDIDATE]: Term 1 pre-election: Election decided. Result: candidate lost. Election summary: received 3 responses out of 3 voters: 1 yes votes; 2 no votes. yes voters: 1f9b1c3c67b240019ab67cfc01673b33; no voters: 328c5a83754f4504818ea943d10205e7, ac22c9e6f11a4e9b9ebf7265ebb428d4
I20260710 11:06:01.923869  4783 raft_consensus.cc:3060] T 1516ad9fa9e04eb48150c898cb16f323 P 1f9b1c3c67b240019ab67cfc01673b33 [term 0 FOLLOWER]: Advancing to term 1
I20260710 11:06:01.924769  4750 raft_consensus.cc:493] T 231d17a4264941c991df1d4bd6d42520 P 1f9b1c3c67b240019ab67cfc01673b33 [term 0 FOLLOWER]: Starting pre-election (no leader contacted us within the election timeout)
I20260710 11:06:01.925380  4750 raft_consensus.cc:515] T 231d17a4264941c991df1d4bd6d42520 P 1f9b1c3c67b240019ab67cfc01673b33 [term 0 FOLLOWER]: Starting pre-election with config: opid_index: -1 OBSOLETE_local: false peers { permanent_uuid: "328c5a83754f4504818ea943d10205e7" member_type: VOTER last_known_addr { host: "127.3.208.193" port: 38775 } } peers { permanent_uuid: "ac22c9e6f11a4e9b9ebf7265ebb428d4" member_type: VOTER last_known_addr { host: "127.3.208.194" port: 38479 } } peers { permanent_uuid: "1f9b1c3c67b240019ab67cfc01673b33" member_type: VOTER last_known_addr { host: "127.3.208.195" port: 39143 } }
I20260710 11:06:01.926249  4800 leader_election.cc:290] T 90378670e80f440b9551f49f854cf795 P 1f9b1c3c67b240019ab67cfc01673b33 [CANDIDATE]: Term 1 pre-election: Requested pre-vote from peers 328c5a83754f4504818ea943d10205e7 (127.3.208.193:38775), ac22c9e6f11a4e9b9ebf7265ebb428d4 (127.3.208.194:38479)
I20260710 11:06:01.927474  4628 tablet_service.cc:1917] Received RequestConsensusVote() RPC: tablet_id: "90378670e80f440b9551f49f854cf795" candidate_uuid: "1f9b1c3c67b240019ab67cfc01673b33" candidate_term: 1 candidate_status { last_received { term: 0 index: 0 } } ignore_live_leader: false dest_uuid: "ac22c9e6f11a4e9b9ebf7265ebb428d4" is_pre_election: true
I20260710 11:06:01.928287  4628 raft_consensus.cc:2393] T 90378670e80f440b9551f49f854cf795 P ac22c9e6f11a4e9b9ebf7265ebb428d4 [term 1 FOLLOWER]: Leader pre-election vote request: Denying vote to candidate 1f9b1c3c67b240019ab67cfc01673b33 in current term 1: Already voted for candidate 328c5a83754f4504818ea943d10205e7 in this term.
I20260710 11:06:01.931694  4553 tablet_service.cc:1917] Received RequestConsensusVote() RPC: tablet_id: "231d17a4264941c991df1d4bd6d42520" candidate_uuid: "1f9b1c3c67b240019ab67cfc01673b33" candidate_term: 1 candidate_status { last_received { term: 0 index: 0 } } ignore_live_leader: false dest_uuid: "328c5a83754f4504818ea943d10205e7" is_pre_election: true
I20260710 11:06:01.932438  4553 raft_consensus.cc:2468] T 231d17a4264941c991df1d4bd6d42520 P 328c5a83754f4504818ea943d10205e7 [term 0 FOLLOWER]: Leader pre-election vote request: Granting yes vote for candidate 1f9b1c3c67b240019ab67cfc01673b33 in term 0.
I20260710 11:06:01.932716  4554 tablet_service.cc:1917] Received RequestConsensusVote() RPC: tablet_id: "90378670e80f440b9551f49f854cf795" candidate_uuid: "1f9b1c3c67b240019ab67cfc01673b33" candidate_term: 1 candidate_status { last_received { term: 0 index: 0 } } ignore_live_leader: false dest_uuid: "328c5a83754f4504818ea943d10205e7" is_pre_election: true
I20260710 11:06:01.931913  4750 leader_election.cc:290] T 231d17a4264941c991df1d4bd6d42520 P 1f9b1c3c67b240019ab67cfc01673b33 [CANDIDATE]: Term 1 pre-election: Requested pre-vote from peers 328c5a83754f4504818ea943d10205e7 (127.3.208.193:38775), ac22c9e6f11a4e9b9ebf7265ebb428d4 (127.3.208.194:38479)
I20260710 11:06:01.934041  4628 tablet_service.cc:1917] Received RequestConsensusVote() RPC: tablet_id: "231d17a4264941c991df1d4bd6d42520" candidate_uuid: "1f9b1c3c67b240019ab67cfc01673b33" candidate_term: 1 candidate_status { last_received { term: 0 index: 0 } } ignore_live_leader: false dest_uuid: "ac22c9e6f11a4e9b9ebf7265ebb428d4" is_pre_election: true
I20260710 11:06:01.934723  4628 raft_consensus.cc:2468] T 231d17a4264941c991df1d4bd6d42520 P ac22c9e6f11a4e9b9ebf7265ebb428d4 [term 0 FOLLOWER]: Leader pre-election vote request: Granting yes vote for candidate 1f9b1c3c67b240019ab67cfc01673b33 in term 0.
I20260710 11:06:01.934780  4668 leader_election.cc:304] T 231d17a4264941c991df1d4bd6d42520 P 1f9b1c3c67b240019ab67cfc01673b33 [CANDIDATE]: Term 1 pre-election: Election decided. Result: candidate won. Election summary: received 2 responses out of 3 voters: 2 yes votes; 0 no votes. yes voters: 1f9b1c3c67b240019ab67cfc01673b33, 328c5a83754f4504818ea943d10205e7; no voters: 
I20260710 11:06:01.935909  4668 leader_election.cc:304] T 90378670e80f440b9551f49f854cf795 P 1f9b1c3c67b240019ab67cfc01673b33 [CANDIDATE]: Term 1 pre-election: Election decided. Result: candidate lost. Election summary: received 3 responses out of 3 voters: 1 yes votes; 2 no votes. yes voters: 1f9b1c3c67b240019ab67cfc01673b33; no voters: 328c5a83754f4504818ea943d10205e7, ac22c9e6f11a4e9b9ebf7265ebb428d4
I20260710 11:06:01.936164  4750 raft_consensus.cc:2804] T 231d17a4264941c991df1d4bd6d42520 P 1f9b1c3c67b240019ab67cfc01673b33 [term 0 FOLLOWER]: Leader pre-election won for term 1
I20260710 11:06:01.936537  4750 raft_consensus.cc:493] T 231d17a4264941c991df1d4bd6d42520 P 1f9b1c3c67b240019ab67cfc01673b33 [term 0 FOLLOWER]: Starting leader election (no leader contacted us within the election timeout)
I20260710 11:06:01.936877  4750 raft_consensus.cc:3060] T 231d17a4264941c991df1d4bd6d42520 P 1f9b1c3c67b240019ab67cfc01673b33 [term 0 FOLLOWER]: Advancing to term 1
I20260710 11:06:01.936959  4783 raft_consensus.cc:2749] T 1516ad9fa9e04eb48150c898cb16f323 P 1f9b1c3c67b240019ab67cfc01673b33 [term 1 FOLLOWER]: Leader pre-election lost for term 1. Reason: could not achieve majority
I20260710 11:06:01.937899  4800 raft_consensus.cc:3060] T 90378670e80f440b9551f49f854cf795 P 1f9b1c3c67b240019ab67cfc01673b33 [term 0 FOLLOWER]: Advancing to term 1
I20260710 11:06:01.938959  4783 raft_consensus.cc:493] T 1e500109f55d44d38f9fca7ab56a01fc P 1f9b1c3c67b240019ab67cfc01673b33 [term 0 FOLLOWER]: Starting pre-election (no leader contacted us within the election timeout)
I20260710 11:06:01.939531  4783 raft_consensus.cc:515] T 1e500109f55d44d38f9fca7ab56a01fc P 1f9b1c3c67b240019ab67cfc01673b33 [term 0 FOLLOWER]: Starting pre-election with config: opid_index: -1 OBSOLETE_local: false peers { permanent_uuid: "328c5a83754f4504818ea943d10205e7" member_type: VOTER last_known_addr { host: "127.3.208.193" port: 38775 } } peers { permanent_uuid: "ac22c9e6f11a4e9b9ebf7265ebb428d4" member_type: VOTER last_known_addr { host: "127.3.208.194" port: 38479 } } peers { permanent_uuid: "1f9b1c3c67b240019ab67cfc01673b33" member_type: VOTER last_known_addr { host: "127.3.208.195" port: 39143 } }
I20260710 11:06:01.942479  4783 leader_election.cc:290] T 1e500109f55d44d38f9fca7ab56a01fc P 1f9b1c3c67b240019ab67cfc01673b33 [CANDIDATE]: Term 1 pre-election: Requested pre-vote from peers 328c5a83754f4504818ea943d10205e7 (127.3.208.193:38775), ac22c9e6f11a4e9b9ebf7265ebb428d4 (127.3.208.194:38479)
I20260710 11:06:01.944924  4554 tablet_service.cc:1917] Received RequestConsensusVote() RPC: tablet_id: "1e500109f55d44d38f9fca7ab56a01fc" candidate_uuid: "1f9b1c3c67b240019ab67cfc01673b33" candidate_term: 1 candidate_status { last_received { term: 0 index: 0 } } ignore_live_leader: false dest_uuid: "328c5a83754f4504818ea943d10205e7" is_pre_election: true
I20260710 11:06:01.949878  4750 raft_consensus.cc:515] T 231d17a4264941c991df1d4bd6d42520 P 1f9b1c3c67b240019ab67cfc01673b33 [term 1 FOLLOWER]: Starting leader election with config: opid_index: -1 OBSOLETE_local: false peers { permanent_uuid: "328c5a83754f4504818ea943d10205e7" member_type: VOTER last_known_addr { host: "127.3.208.193" port: 38775 } } peers { permanent_uuid: "ac22c9e6f11a4e9b9ebf7265ebb428d4" member_type: VOTER last_known_addr { host: "127.3.208.194" port: 38479 } } peers { permanent_uuid: "1f9b1c3c67b240019ab67cfc01673b33" member_type: VOTER last_known_addr { host: "127.3.208.195" port: 39143 } }
I20260710 11:06:01.954283  4554 tablet_service.cc:1917] Received RequestConsensusVote() RPC: tablet_id: "231d17a4264941c991df1d4bd6d42520" candidate_uuid: "1f9b1c3c67b240019ab67cfc01673b33" candidate_term: 1 candidate_status { last_received { term: 0 index: 0 } } ignore_live_leader: false dest_uuid: "328c5a83754f4504818ea943d10205e7"
I20260710 11:06:01.955026  4554 raft_consensus.cc:3060] T 231d17a4264941c991df1d4bd6d42520 P 328c5a83754f4504818ea943d10205e7 [term 0 FOLLOWER]: Advancing to term 1
I20260710 11:06:01.954926  4800 raft_consensus.cc:2749] T 90378670e80f440b9551f49f854cf795 P 1f9b1c3c67b240019ab67cfc01673b33 [term 1 FOLLOWER]: Leader pre-election lost for term 1. Reason: could not achieve majority
I20260710 11:06:01.956262  4800 raft_consensus.cc:493] T eb731325c1d1420e913a623074ebfb4b P 1f9b1c3c67b240019ab67cfc01673b33 [term 0 FOLLOWER]: Starting pre-election (no leader contacted us within the election timeout)
I20260710 11:06:01.956359  4750 leader_election.cc:290] T 231d17a4264941c991df1d4bd6d42520 P 1f9b1c3c67b240019ab67cfc01673b33 [CANDIDATE]: Term 1 election: Requested vote from peers 328c5a83754f4504818ea943d10205e7 (127.3.208.193:38775), ac22c9e6f11a4e9b9ebf7265ebb428d4 (127.3.208.194:38479)
I20260710 11:06:01.957715  4800 raft_consensus.cc:515] T eb731325c1d1420e913a623074ebfb4b P 1f9b1c3c67b240019ab67cfc01673b33 [term 0 FOLLOWER]: Starting pre-election with config: opid_index: -1 OBSOLETE_local: false peers { permanent_uuid: "328c5a83754f4504818ea943d10205e7" member_type: VOTER last_known_addr { host: "127.3.208.193" port: 38775 } } peers { permanent_uuid: "ac22c9e6f11a4e9b9ebf7265ebb428d4" member_type: VOTER last_known_addr { host: "127.3.208.194" port: 38479 } } peers { permanent_uuid: "1f9b1c3c67b240019ab67cfc01673b33" member_type: VOTER last_known_addr { host: "127.3.208.195" port: 39143 } }
I20260710 11:06:01.960197  4701 raft_consensus.cc:1240] T 59461f7a3bf247fb827c170750e3e000 P 1f9b1c3c67b240019ab67cfc01673b33 [term 2 FOLLOWER]: Rejecting Update request from peer ac22c9e6f11a4e9b9ebf7265ebb428d4 for earlier term 1. Current term is 2. Ops: []
I20260710 11:06:01.960713  4628 tablet_service.cc:1917] Received RequestConsensusVote() RPC: tablet_id: "231d17a4264941c991df1d4bd6d42520" candidate_uuid: "1f9b1c3c67b240019ab67cfc01673b33" candidate_term: 1 candidate_status { last_received { term: 0 index: 0 } } ignore_live_leader: false dest_uuid: "ac22c9e6f11a4e9b9ebf7265ebb428d4"
I20260710 11:06:01.960958  4800 leader_election.cc:290] T eb731325c1d1420e913a623074ebfb4b P 1f9b1c3c67b240019ab67cfc01673b33 [CANDIDATE]: Term 1 pre-election: Requested pre-vote from peers 328c5a83754f4504818ea943d10205e7 (127.3.208.193:38775), ac22c9e6f11a4e9b9ebf7265ebb428d4 (127.3.208.194:38479)
I20260710 11:06:01.961400  4628 raft_consensus.cc:3060] T 231d17a4264941c991df1d4bd6d42520 P ac22c9e6f11a4e9b9ebf7265ebb428d4 [term 0 FOLLOWER]: Advancing to term 1
I20260710 11:06:01.961475  4626 tablet_service.cc:1917] Received RequestConsensusVote() RPC: tablet_id: "1e500109f55d44d38f9fca7ab56a01fc" candidate_uuid: "1f9b1c3c67b240019ab67cfc01673b33" candidate_term: 1 candidate_status { last_received { term: 0 index: 0 } } ignore_live_leader: false dest_uuid: "ac22c9e6f11a4e9b9ebf7265ebb428d4" is_pre_election: true
I20260710 11:06:01.963091  4814 consensus_queue.cc:1059] T 59461f7a3bf247fb827c170750e3e000 P ac22c9e6f11a4e9b9ebf7265ebb428d4 [LEADER]: Peer responded invalid term: Peer: permanent_uuid: "1f9b1c3c67b240019ab67cfc01673b33" member_type: VOTER last_known_addr { host: "127.3.208.195" port: 39143 }, Status: INVALID_TERM, Last received: 0.0, Next index: 1, Last known committed idx: 0, Time since last communication: 0.001s
I20260710 11:06:01.963799  4626 raft_consensus.cc:2393] T 1e500109f55d44d38f9fca7ab56a01fc P ac22c9e6f11a4e9b9ebf7265ebb428d4 [term 1 FOLLOWER]: Leader pre-election vote request: Denying vote to candidate 1f9b1c3c67b240019ab67cfc01673b33 in current term 1: Already voted for candidate 328c5a83754f4504818ea943d10205e7 in this term.
I20260710 11:06:01.964035  4808 raft_consensus.cc:3055] T 59461f7a3bf247fb827c170750e3e000 P ac22c9e6f11a4e9b9ebf7265ebb428d4 [term 1 LEADER]: Stepping down as leader of term 1
I20260710 11:06:01.964416  4808 raft_consensus.cc:740] T 59461f7a3bf247fb827c170750e3e000 P ac22c9e6f11a4e9b9ebf7265ebb428d4 [term 1 LEADER]: Becoming Follower/Learner. State: Replica: ac22c9e6f11a4e9b9ebf7265ebb428d4, State: Running, Role: LEADER
I20260710 11:06:01.964955  4553 tablet_service.cc:1917] Received RequestConsensusVote() RPC: tablet_id: "eb731325c1d1420e913a623074ebfb4b" candidate_uuid: "1f9b1c3c67b240019ab67cfc01673b33" candidate_term: 1 candidate_status { last_received { term: 0 index: 0 } } ignore_live_leader: false dest_uuid: "328c5a83754f4504818ea943d10205e7" is_pre_election: true
I20260710 11:06:01.965794  4553 raft_consensus.cc:2393] T eb731325c1d1420e913a623074ebfb4b P 328c5a83754f4504818ea943d10205e7 [term 1 FOLLOWER]: Leader pre-election vote request: Denying vote to candidate 1f9b1c3c67b240019ab67cfc01673b33 in current term 1: Already voted for candidate ac22c9e6f11a4e9b9ebf7265ebb428d4 in this term.
I20260710 11:06:01.966042  4669 leader_election.cc:304] T 1e500109f55d44d38f9fca7ab56a01fc P 1f9b1c3c67b240019ab67cfc01673b33 [CANDIDATE]: Term 1 pre-election: Election decided. Result: candidate lost. Election summary: received 3 responses out of 3 voters: 1 yes votes; 2 no votes. yes voters: 1f9b1c3c67b240019ab67cfc01673b33; no voters: 328c5a83754f4504818ea943d10205e7, ac22c9e6f11a4e9b9ebf7265ebb428d4
I20260710 11:06:01.965291  4808 consensus_queue.cc:260] T 59461f7a3bf247fb827c170750e3e000 P ac22c9e6f11a4e9b9ebf7265ebb428d4 [NON_LEADER]: Queue going to NON_LEADER mode. State: All replicated index: 0, Majority replicated index: 0, Committed index: 0, Last appended: 1.1, Last appended by leader: 1, Current term: 1, Majority size: -1, State: 0, Mode: NON_LEADER, active raft config: opid_index: -1 OBSOLETE_local: false peers { permanent_uuid: "328c5a83754f4504818ea943d10205e7" member_type: VOTER last_known_addr { host: "127.3.208.193" port: 38775 } } peers { permanent_uuid: "ac22c9e6f11a4e9b9ebf7265ebb428d4" member_type: VOTER last_known_addr { host: "127.3.208.194" port: 38479 } } peers { permanent_uuid: "1f9b1c3c67b240019ab67cfc01673b33" member_type: VOTER last_known_addr { host: "127.3.208.195" port: 39143 } }
I20260710 11:06:01.967000  4626 tablet_service.cc:1917] Received RequestConsensusVote() RPC: tablet_id: "eb731325c1d1420e913a623074ebfb4b" candidate_uuid: "1f9b1c3c67b240019ab67cfc01673b33" candidate_term: 1 candidate_status { last_received { term: 0 index: 0 } } ignore_live_leader: false dest_uuid: "ac22c9e6f11a4e9b9ebf7265ebb428d4" is_pre_election: true
I20260710 11:06:01.967305  4800 raft_consensus.cc:3060] T 1e500109f55d44d38f9fca7ab56a01fc P 1f9b1c3c67b240019ab67cfc01673b33 [term 0 FOLLOWER]: Advancing to term 1
I20260710 11:06:01.967736  4808 raft_consensus.cc:3060] T 59461f7a3bf247fb827c170750e3e000 P ac22c9e6f11a4e9b9ebf7265ebb428d4 [term 1 FOLLOWER]: Advancing to term 2
I20260710 11:06:01.968662  4554 raft_consensus.cc:2468] T 231d17a4264941c991df1d4bd6d42520 P 328c5a83754f4504818ea943d10205e7 [term 1 FOLLOWER]: Leader election vote request: Granting yes vote for candidate 1f9b1c3c67b240019ab67cfc01673b33 in term 1.
I20260710 11:06:01.969542  4669 leader_election.cc:304] T eb731325c1d1420e913a623074ebfb4b P 1f9b1c3c67b240019ab67cfc01673b33 [CANDIDATE]: Term 1 pre-election: Election decided. Result: candidate lost. Election summary: received 3 responses out of 3 voters: 1 yes votes; 2 no votes. yes voters: 1f9b1c3c67b240019ab67cfc01673b33; no voters: 328c5a83754f4504818ea943d10205e7, ac22c9e6f11a4e9b9ebf7265ebb428d4
I20260710 11:06:01.970453  4628 raft_consensus.cc:2468] T 231d17a4264941c991df1d4bd6d42520 P ac22c9e6f11a4e9b9ebf7265ebb428d4 [term 1 FOLLOWER]: Leader election vote request: Granting yes vote for candidate 1f9b1c3c67b240019ab67cfc01673b33 in term 1.
I20260710 11:06:01.970535  4783 raft_consensus.cc:3060] T eb731325c1d1420e913a623074ebfb4b P 1f9b1c3c67b240019ab67cfc01673b33 [term 0 FOLLOWER]: Advancing to term 1
I20260710 11:06:01.972131  4669 leader_election.cc:304] T 231d17a4264941c991df1d4bd6d42520 P 1f9b1c3c67b240019ab67cfc01673b33 [CANDIDATE]: Term 1 election: Election decided. Result: candidate won. Election summary: received 2 responses out of 3 voters: 2 yes votes; 0 no votes. yes voters: 1f9b1c3c67b240019ab67cfc01673b33, ac22c9e6f11a4e9b9ebf7265ebb428d4; no voters: 
I20260710 11:06:01.973006  4750 raft_consensus.cc:2804] T 231d17a4264941c991df1d4bd6d42520 P 1f9b1c3c67b240019ab67cfc01673b33 [term 1 FOLLOWER]: Leader election won for term 1
I20260710 11:06:01.973524  4750 raft_consensus.cc:697] T 231d17a4264941c991df1d4bd6d42520 P 1f9b1c3c67b240019ab67cfc01673b33 [term 1 LEADER]: Becoming Leader. State: Replica: 1f9b1c3c67b240019ab67cfc01673b33, State: Running, Role: LEADER
I20260710 11:06:01.974671  4750 consensus_queue.cc:237] T 231d17a4264941c991df1d4bd6d42520 P 1f9b1c3c67b240019ab67cfc01673b33 [LEADER]: Queue going to LEADER mode. State: All replicated index: 0, Majority replicated index: 0, Committed index: 0, Last appended: 0.0, Last appended by leader: 0, Current term: 1, Majority size: 2, State: 0, Mode: LEADER, active raft config: opid_index: -1 OBSOLETE_local: false peers { permanent_uuid: "328c5a83754f4504818ea943d10205e7" member_type: VOTER last_known_addr { host: "127.3.208.193" port: 38775 } } peers { permanent_uuid: "ac22c9e6f11a4e9b9ebf7265ebb428d4" member_type: VOTER last_known_addr { host: "127.3.208.194" port: 38479 } } peers { permanent_uuid: "1f9b1c3c67b240019ab67cfc01673b33" member_type: VOTER last_known_addr { host: "127.3.208.195" port: 39143 } }
I20260710 11:06:01.978427  4783 raft_consensus.cc:2749] T eb731325c1d1420e913a623074ebfb4b P 1f9b1c3c67b240019ab67cfc01673b33 [term 1 FOLLOWER]: Leader pre-election lost for term 1. Reason: could not achieve majority
I20260710 11:06:01.979446  4800 raft_consensus.cc:2749] T 1e500109f55d44d38f9fca7ab56a01fc P 1f9b1c3c67b240019ab67cfc01673b33 [term 1 FOLLOWER]: Leader pre-election lost for term 1. Reason: could not achieve majority
I20260710 11:06:01.983752  4451 catalog_manager.cc:5697] T 231d17a4264941c991df1d4bd6d42520 P 1f9b1c3c67b240019ab67cfc01673b33 reported cstate change: term changed from 0 to 1, leader changed from <none> to 1f9b1c3c67b240019ab67cfc01673b33 (127.3.208.195). New cstate: current_term: 1 leader_uuid: "1f9b1c3c67b240019ab67cfc01673b33" committed_config { opid_index: -1 OBSOLETE_local: false peers { permanent_uuid: "328c5a83754f4504818ea943d10205e7" member_type: VOTER last_known_addr { host: "127.3.208.193" port: 38775 } health_report { overall_health: UNKNOWN } } peers { permanent_uuid: "ac22c9e6f11a4e9b9ebf7265ebb428d4" member_type: VOTER last_known_addr { host: "127.3.208.194" port: 38479 } health_report { overall_health: UNKNOWN } } peers { permanent_uuid: "1f9b1c3c67b240019ab67cfc01673b33" member_type: VOTER last_known_addr { host: "127.3.208.195" port: 39143 } health_report { overall_health: HEALTHY } } }
I20260710 11:06:02.005940  4786 consensus_queue.cc:1048] T 90378670e80f440b9551f49f854cf795 P 328c5a83754f4504818ea943d10205e7 [LEADER]: Connected to new peer: Peer: permanent_uuid: "ac22c9e6f11a4e9b9ebf7265ebb428d4" member_type: VOTER last_known_addr { host: "127.3.208.194" port: 38479 }, Status: LMP_MISMATCH, Last received: 0.0, Next index: 1, Last known committed idx: 0, Time since last communication: 0.000s
I20260710 11:06:02.017395  4782 consensus_queue.cc:1048] T 90378670e80f440b9551f49f854cf795 P 328c5a83754f4504818ea943d10205e7 [LEADER]: Connected to new peer: Peer: permanent_uuid: "1f9b1c3c67b240019ab67cfc01673b33" member_type: VOTER last_known_addr { host: "127.3.208.195" port: 39143 }, Status: LMP_MISMATCH, Last received: 0.0, Next index: 1, Last known committed idx: 0, Time since last communication: 0.000s
I20260710 11:06:02.071587  4628 tablet_service.cc:2072] Received LeaderStepDown RPC: tablet_id: "cdaa2324b67240bd8aba456a441e6b0b"
dest_uuid: "ac22c9e6f11a4e9b9ebf7265ebb428d4"
mode: GRACEFUL
new_leader_uuid: "328c5a83754f4504818ea943d10205e7"
 from {username='slave'} at 127.0.0.1:58750
I20260710 11:06:02.072289  4628 raft_consensus.cc:606] T cdaa2324b67240bd8aba456a441e6b0b P ac22c9e6f11a4e9b9ebf7265ebb428d4 [term 1 LEADER]: Received request to transfer leadership to TS 328c5a83754f4504818ea943d10205e7
I20260710 11:06:02.075002  4782 consensus_queue.cc:1048] T 1e500109f55d44d38f9fca7ab56a01fc P 328c5a83754f4504818ea943d10205e7 [LEADER]: Connected to new peer: Peer: permanent_uuid: "1f9b1c3c67b240019ab67cfc01673b33" member_type: VOTER last_known_addr { host: "127.3.208.195" port: 39143 }, Status: LMP_MISMATCH, Last received: 0.0, Next index: 1, Last known committed idx: 0, Time since last communication: 0.000s
I20260710 11:06:02.088862  4782 consensus_queue.cc:1048] T 1e500109f55d44d38f9fca7ab56a01fc P 328c5a83754f4504818ea943d10205e7 [LEADER]: Connected to new peer: Peer: permanent_uuid: "ac22c9e6f11a4e9b9ebf7265ebb428d4" member_type: VOTER last_known_addr { host: "127.3.208.194" port: 38479 }, Status: LMP_MISMATCH, Last received: 0.0, Next index: 1, Last known committed idx: 0, Time since last communication: 0.000s
I20260710 11:06:02.107867  4701 tablet_service.cc:2072] Received LeaderStepDown RPC: tablet_id: "2353ad984f1d4258bf855fef8d3194cf"
dest_uuid: "1f9b1c3c67b240019ab67cfc01673b33"
mode: GRACEFUL
new_leader_uuid: "328c5a83754f4504818ea943d10205e7"
 from {username='slave'} at 127.0.0.1:52390
I20260710 11:06:02.108569  4701 raft_consensus.cc:606] T 2353ad984f1d4258bf855fef8d3194cf P 1f9b1c3c67b240019ab67cfc01673b33 [term 1 LEADER]: Received request to transfer leadership to TS 328c5a83754f4504818ea943d10205e7
I20260710 11:06:02.114171  4808 consensus_queue.cc:1048] T eb731325c1d1420e913a623074ebfb4b P ac22c9e6f11a4e9b9ebf7265ebb428d4 [LEADER]: Connected to new peer: Peer: permanent_uuid: "1f9b1c3c67b240019ab67cfc01673b33" member_type: VOTER last_known_addr { host: "127.3.208.195" port: 39143 }, Status: LMP_MISMATCH, Last received: 0.0, Next index: 1, Last known committed idx: 0, Time since last communication: 0.000s
I20260710 11:06:02.130080  4749 consensus_queue.cc:1048] T eb731325c1d1420e913a623074ebfb4b P ac22c9e6f11a4e9b9ebf7265ebb428d4 [LEADER]: Connected to new peer: Peer: permanent_uuid: "328c5a83754f4504818ea943d10205e7" member_type: VOTER last_known_addr { host: "127.3.208.193" port: 38775 }, Status: LMP_MISMATCH, Last received: 0.0, Next index: 1, Last known committed idx: 0, Time since last communication: 0.001s
I20260710 11:06:02.137173  4553 tablet_service.cc:2072] Received LeaderStepDown RPC: tablet_id: "59461f7a3bf247fb827c170750e3e000"
dest_uuid: "328c5a83754f4504818ea943d10205e7"
mode: GRACEFUL
new_leader_uuid: "ac22c9e6f11a4e9b9ebf7265ebb428d4"
 from {username='slave'} at 127.0.0.1:56808
I20260710 11:06:02.137948  4553 raft_consensus.cc:606] T 59461f7a3bf247fb827c170750e3e000 P 328c5a83754f4504818ea943d10205e7 [term 2 LEADER]: Received request to transfer leadership to TS ac22c9e6f11a4e9b9ebf7265ebb428d4
I20260710 11:06:02.148734  4701 tablet_service.cc:2072] Received LeaderStepDown RPC: tablet_id: "e4f19faed74e4d298f09f0211ecbeec5"
dest_uuid: "1f9b1c3c67b240019ab67cfc01673b33"
mode: GRACEFUL
new_leader_uuid: "ac22c9e6f11a4e9b9ebf7265ebb428d4"
 from {username='slave'} at 127.0.0.1:52390
I20260710 11:06:02.149412  4701 raft_consensus.cc:606] T e4f19faed74e4d298f09f0211ecbeec5 P 1f9b1c3c67b240019ab67cfc01673b33 [term 1 LEADER]: Received request to transfer leadership to TS ac22c9e6f11a4e9b9ebf7265ebb428d4
I20260710 11:06:02.151925  4800 consensus_queue.cc:1048] T e4f19faed74e4d298f09f0211ecbeec5 P 1f9b1c3c67b240019ab67cfc01673b33 [LEADER]: Connected to new peer: Peer: permanent_uuid: "ac22c9e6f11a4e9b9ebf7265ebb428d4" member_type: VOTER last_known_addr { host: "127.3.208.194" port: 38479 }, Status: LMP_MISMATCH, Last received: 0.0, Next index: 1, Last known committed idx: 0, Time since last communication: 0.001s
I20260710 11:06:02.161022  4783 raft_consensus.cc:993] T e4f19faed74e4d298f09f0211ecbeec5 P 1f9b1c3c67b240019ab67cfc01673b33: : Instructing follower ac22c9e6f11a4e9b9ebf7265ebb428d4 to start an election
I20260710 11:06:02.161547  4750 raft_consensus.cc:1081] T e4f19faed74e4d298f09f0211ecbeec5 P 1f9b1c3c67b240019ab67cfc01673b33 [term 1 LEADER]: Signalling peer ac22c9e6f11a4e9b9ebf7265ebb428d4 to start an election
I20260710 11:06:02.164925  4628 raft_consensus.cc:1275] T 59461f7a3bf247fb827c170750e3e000 P ac22c9e6f11a4e9b9ebf7265ebb428d4 [term 2 FOLLOWER]: Refusing update from remote peer 328c5a83754f4504818ea943d10205e7: Log matching property violated. Preceding OpId in replica: term: 1 index: 1. Preceding OpId from leader: term: 2 index: 1. (term mismatch)
I20260710 11:06:02.165426  4628 pending_rounds.cc:85] T 59461f7a3bf247fb827c170750e3e000 P ac22c9e6f11a4e9b9ebf7265ebb428d4: Aborting all ops after (but not including) 0
I20260710 11:06:02.165776  4628 pending_rounds.cc:107] T 59461f7a3bf247fb827c170750e3e000 P ac22c9e6f11a4e9b9ebf7265ebb428d4: Aborting uncommitted NO_OP operation due to leader change: 1.1
I20260710 11:06:02.166095  4628 raft_consensus.cc:2889] T 59461f7a3bf247fb827c170750e3e000 P ac22c9e6f11a4e9b9ebf7265ebb428d4 [term 2 FOLLOWER]: NO_OP replication failed: Aborted: Op aborted by new leader
I20260710 11:06:02.168087  4554 raft_consensus.cc:3060] T e4f19faed74e4d298f09f0211ecbeec5 P 328c5a83754f4504818ea943d10205e7 [term 0 FOLLOWER]: Advancing to term 1
I20260710 11:06:02.172276  4792 consensus_queue.cc:1048] T 59461f7a3bf247fb827c170750e3e000 P 328c5a83754f4504818ea943d10205e7 [LEADER]: Connected to new peer: Peer: permanent_uuid: "ac22c9e6f11a4e9b9ebf7265ebb428d4" member_type: VOTER last_known_addr { host: "127.3.208.194" port: 38479 }, Status: LMP_MISMATCH, Last received: 0.0, Next index: 1, Last known committed idx: 0, Time since last communication: 0.000s
I20260710 11:06:02.173482  4628 tablet_service.cc:2044] Received Run Leader Election RPC: tablet_id: "e4f19faed74e4d298f09f0211ecbeec5"
dest_uuid: "ac22c9e6f11a4e9b9ebf7265ebb428d4"
 from {username='slave'} at 127.0.0.1:58734
I20260710 11:06:02.177774  4792 consensus_queue.cc:1048] T 1516ad9fa9e04eb48150c898cb16f323 P 328c5a83754f4504818ea943d10205e7 [LEADER]: Connected to new peer: Peer: permanent_uuid: "ac22c9e6f11a4e9b9ebf7265ebb428d4" member_type: VOTER last_known_addr { host: "127.3.208.194" port: 38479 }, Status: LMP_MISMATCH, Last received: 0.0, Next index: 1, Last known committed idx: 0, Time since last communication: 0.001s
I20260710 11:06:02.180889  4750 consensus_queue.cc:1048] T e4f19faed74e4d298f09f0211ecbeec5 P 1f9b1c3c67b240019ab67cfc01673b33 [LEADER]: Connected to new peer: Peer: permanent_uuid: "328c5a83754f4504818ea943d10205e7" member_type: VOTER last_known_addr { host: "127.3.208.193" port: 38775 }, Status: LMP_MISMATCH, Last received: 0.0, Next index: 1, Last known committed idx: 0, Time since last communication: 0.000s
I20260710 11:06:02.181463  4786 raft_consensus.cc:993] T 59461f7a3bf247fb827c170750e3e000 P 328c5a83754f4504818ea943d10205e7: : Instructing follower ac22c9e6f11a4e9b9ebf7265ebb428d4 to start an election
I20260710 11:06:02.182025  4793 raft_consensus.cc:1081] T 59461f7a3bf247fb827c170750e3e000 P 328c5a83754f4504818ea943d10205e7 [term 2 LEADER]: Signalling peer ac22c9e6f11a4e9b9ebf7265ebb428d4 to start an election
I20260710 11:06:02.188467  4701 raft_consensus.cc:1275] T 59461f7a3bf247fb827c170750e3e000 P 1f9b1c3c67b240019ab67cfc01673b33 [term 2 FOLLOWER]: Refusing update from remote peer 328c5a83754f4504818ea943d10205e7: Log matching property violated. Preceding OpId in replica: term: 0 index: 0. Preceding OpId from leader: term: 2 index: 1. (index mismatch)
I20260710 11:06:02.190318  4628 raft_consensus.cc:493] T e4f19faed74e4d298f09f0211ecbeec5 P ac22c9e6f11a4e9b9ebf7265ebb428d4 [term 1 FOLLOWER]: Starting forced leader election (received explicit request)
I20260710 11:06:02.191254  4627 tablet_service.cc:2044] Received Run Leader Election RPC: tablet_id: "59461f7a3bf247fb827c170750e3e000"
dest_uuid: "ac22c9e6f11a4e9b9ebf7265ebb428d4"
 from {username='slave'} at 127.0.0.1:58724
I20260710 11:06:02.191495  4628 raft_consensus.cc:3060] T e4f19faed74e4d298f09f0211ecbeec5 P ac22c9e6f11a4e9b9ebf7265ebb428d4 [term 1 FOLLOWER]: Advancing to term 2
I20260710 11:06:02.191992  4627 raft_consensus.cc:493] T 59461f7a3bf247fb827c170750e3e000 P ac22c9e6f11a4e9b9ebf7265ebb428d4 [term 2 FOLLOWER]: Starting forced leader election (received explicit request)
I20260710 11:06:02.192466  4627 raft_consensus.cc:3060] T 59461f7a3bf247fb827c170750e3e000 P ac22c9e6f11a4e9b9ebf7265ebb428d4 [term 2 FOLLOWER]: Advancing to term 3
I20260710 11:06:02.198474  4793 consensus_queue.cc:1048] T 59461f7a3bf247fb827c170750e3e000 P 328c5a83754f4504818ea943d10205e7 [LEADER]: Connected to new peer: Peer: permanent_uuid: "1f9b1c3c67b240019ab67cfc01673b33" member_type: VOTER last_known_addr { host: "127.3.208.195" port: 39143 }, Status: LMP_MISMATCH, Last received: 0.0, Next index: 1, Last known committed idx: 0, Time since last communication: 0.001s
