I20260710 11:06:12.129025 32489 raft_consensus.cc:1275] T d06fd16ad3394384bb69dc5a21d64bbb P 2ee68c939b674f6fae5bd5cdd67b547e [term 1 FOLLOWER]: Refusing update from remote peer f547788bbd38426f97ff22a8f304d0af: Log matching property violated. Preceding OpId in replica: term: 1 index: 1. Preceding OpId from leader: term: 1 index: 2. (index mismatch)
I20260710 11:06:12.129730 32413 raft_consensus.cc:1275] T d06fd16ad3394384bb69dc5a21d64bbb P 25b2117322784c49967f114668575073 [term 1 FOLLOWER]: Refusing update from remote peer f547788bbd38426f97ff22a8f304d0af: Log matching property violated. Preceding OpId in replica: term: 1 index: 1. Preceding OpId from leader: term: 1 index: 2. (index mismatch)
I20260710 11:06:12.131424   423 consensus_queue.cc:1048] T d06fd16ad3394384bb69dc5a21d64bbb P f547788bbd38426f97ff22a8f304d0af [LEADER]: Connected to new peer: Peer: permanent_uuid: "2ee68c939b674f6fae5bd5cdd67b547e" member_type: VOTER last_known_addr { host: "127.30.144.66" port: 34449 }, Status: LMP_MISMATCH, Last received: 0.0, Next index: 2, Last known committed idx: 1, Time since last communication: 0.001s
I20260710 11:06:12.132532 32675 consensus_queue.cc:1048] T d06fd16ad3394384bb69dc5a21d64bbb P f547788bbd38426f97ff22a8f304d0af [LEADER]: Connected to new peer: Peer: permanent_uuid: "25b2117322784c49967f114668575073" member_type: VOTER last_known_addr { host: "127.30.144.65" port: 38619 } attrs { replace: true }, Status: LMP_MISMATCH, Last received: 0.0, Next index: 2, Last known committed idx: 1, Time since last communication: 0.001s
W20260710 11:06:12.141337 32527 consensus_peers.cc:597] T d06fd16ad3394384bb69dc5a21d64bbb P f547788bbd38426f97ff22a8f304d0af -> Peer 32e69d1bbb164b4ea0194442079c59f5 (127.30.144.68:42369): Couldn't send request to peer 32e69d1bbb164b4ea0194442079c59f5. Error code: TABLET_NOT_FOUND (6). Status: Not found: Tablet not found: d06fd16ad3394384bb69dc5a21d64bbb. This is attempt 1: this message will repeat every 5th retry.
I20260710 11:06:12.142210 32675 raft_consensus.cc:2955] T d06fd16ad3394384bb69dc5a21d64bbb P f547788bbd38426f97ff22a8f304d0af [term 1 LEADER]: Committing config change with OpId 1.2: config changed from index -1 to 2, NON_VOTER 32e69d1bbb164b4ea0194442079c59f5 (127.30.144.68) added. New config: { opid_index: 2 OBSOLETE_local: false peers { permanent_uuid: "25b2117322784c49967f114668575073" member_type: VOTER last_known_addr { host: "127.30.144.65" port: 38619 } attrs { replace: true } } peers { permanent_uuid: "2ee68c939b674f6fae5bd5cdd67b547e" member_type: VOTER last_known_addr { host: "127.30.144.66" port: 34449 } } peers { permanent_uuid: "f547788bbd38426f97ff22a8f304d0af" member_type: VOTER last_known_addr { host: "127.30.144.67" port: 44913 } } peers { permanent_uuid: "32e69d1bbb164b4ea0194442079c59f5" member_type: NON_VOTER last_known_addr { host: "127.30.144.68" port: 42369 } attrs { promote: true } } }
I20260710 11:06:12.144060 32413 raft_consensus.cc:2955] T d06fd16ad3394384bb69dc5a21d64bbb P 25b2117322784c49967f114668575073 [term 1 FOLLOWER]: Committing config change with OpId 1.2: config changed from index -1 to 2, NON_VOTER 32e69d1bbb164b4ea0194442079c59f5 (127.30.144.68) added. New config: { opid_index: 2 OBSOLETE_local: false peers { permanent_uuid: "25b2117322784c49967f114668575073" member_type: VOTER last_known_addr { host: "127.30.144.65" port: 38619 } attrs { replace: true } } peers { permanent_uuid: "2ee68c939b674f6fae5bd5cdd67b547e" member_type: VOTER last_known_addr { host: "127.30.144.66" port: 34449 } } peers { permanent_uuid: "f547788bbd38426f97ff22a8f304d0af" member_type: VOTER last_known_addr { host: "127.30.144.67" port: 44913 } } peers { permanent_uuid: "32e69d1bbb164b4ea0194442079c59f5" member_type: NON_VOTER last_known_addr { host: "127.30.144.68" port: 42369 } attrs { promote: true } } }
I20260710 11:06:12.145823 32489 raft_consensus.cc:2955] T d06fd16ad3394384bb69dc5a21d64bbb P 2ee68c939b674f6fae5bd5cdd67b547e [term 1 FOLLOWER]: Committing config change with OpId 1.2: config changed from index -1 to 2, NON_VOTER 32e69d1bbb164b4ea0194442079c59f5 (127.30.144.68) added. New config: { opid_index: 2 OBSOLETE_local: false peers { permanent_uuid: "25b2117322784c49967f114668575073" member_type: VOTER last_known_addr { host: "127.30.144.65" port: 38619 } attrs { replace: true } } peers { permanent_uuid: "2ee68c939b674f6fae5bd5cdd67b547e" member_type: VOTER last_known_addr { host: "127.30.144.66" port: 34449 } } peers { permanent_uuid: "f547788bbd38426f97ff22a8f304d0af" member_type: VOTER last_known_addr { host: "127.30.144.67" port: 44913 } } peers { permanent_uuid: "32e69d1bbb164b4ea0194442079c59f5" member_type: NON_VOTER last_known_addr { host: "127.30.144.68" port: 42369 } attrs { promote: true } } }
I20260710 11:06:12.159869 32311 catalog_manager.cc:5697] T d06fd16ad3394384bb69dc5a21d64bbb P 25b2117322784c49967f114668575073 reported cstate change: config changed from index -1 to 2, NON_VOTER 32e69d1bbb164b4ea0194442079c59f5 (127.30.144.68) added. New cstate: current_term: 1 leader_uuid: "f547788bbd38426f97ff22a8f304d0af" committed_config { opid_index: 2 OBSOLETE_local: false peers { permanent_uuid: "25b2117322784c49967f114668575073" member_type: VOTER last_known_addr { host: "127.30.144.65" port: 38619 } attrs { replace: true } } peers { permanent_uuid: "2ee68c939b674f6fae5bd5cdd67b547e" member_type: VOTER last_known_addr { host: "127.30.144.66" port: 34449 } } peers { permanent_uuid: "f547788bbd38426f97ff22a8f304d0af" member_type: VOTER last_known_addr { host: "127.30.144.67" port: 44913 } } peers { permanent_uuid: "32e69d1bbb164b4ea0194442079c59f5" member_type: NON_VOTER last_known_addr { host: "127.30.144.68" port: 42369 } attrs { promote: true } } }
I20260710 11:06:12.439029   428 ts_tablet_manager.cc:933] T 4415b18f5fb24ae4be0500425e0a2ce1 P 32e69d1bbb164b4ea0194442079c59f5: Initiating tablet copy from peer 2ee68c939b674f6fae5bd5cdd67b547e (127.30.144.66:34449)
I20260710 11:06:12.441303   428 tablet_copy_client.cc:323] T 4415b18f5fb24ae4be0500425e0a2ce1 P 32e69d1bbb164b4ea0194442079c59f5: tablet copy: Beginning tablet copy session from remote peer at address 127.30.144.66:34449
I20260710 11:06:12.453994 32500 tablet_copy_service.cc:140] P 2ee68c939b674f6fae5bd5cdd67b547e: Received BeginTabletCopySession request for tablet 4415b18f5fb24ae4be0500425e0a2ce1 from peer 32e69d1bbb164b4ea0194442079c59f5 ({username='slave'} at 127.0.0.1:51482)
I20260710 11:06:12.454556 32500 tablet_copy_service.cc:161] P 2ee68c939b674f6fae5bd5cdd67b547e: Beginning new tablet copy session on tablet 4415b18f5fb24ae4be0500425e0a2ce1 from peer 32e69d1bbb164b4ea0194442079c59f5 at {username='slave'} at 127.0.0.1:51482: session id = 32e69d1bbb164b4ea0194442079c59f5-4415b18f5fb24ae4be0500425e0a2ce1
I20260710 11:06:12.460795 32500 tablet_copy_source_session.cc:215] T 4415b18f5fb24ae4be0500425e0a2ce1 P 2ee68c939b674f6fae5bd5cdd67b547e: Tablet Copy: opened 0 blocks and 1 log segments
I20260710 11:06:12.464936   428 data_dirs.cc:400] Could only allocate 1 dirs of requested 3 for tablet 4415b18f5fb24ae4be0500425e0a2ce1. 1 dirs total, 0 dirs full, 0 dirs failed
I20260710 11:06:12.479832   428 tablet_copy_client.cc:806] T 4415b18f5fb24ae4be0500425e0a2ce1 P 32e69d1bbb164b4ea0194442079c59f5: tablet copy: Starting download of 0 data blocks...
I20260710 11:06:12.480508   428 tablet_copy_client.cc:670] T 4415b18f5fb24ae4be0500425e0a2ce1 P 32e69d1bbb164b4ea0194442079c59f5: tablet copy: Starting download of 1 WAL segments...
I20260710 11:06:12.485059   428 tablet_copy_client.cc:538] T 4415b18f5fb24ae4be0500425e0a2ce1 P 32e69d1bbb164b4ea0194442079c59f5: tablet copy: Tablet Copy complete. Replacing tablet superblock.
I20260710 11:06:12.493453   428 tablet_bootstrap.cc:492] T 4415b18f5fb24ae4be0500425e0a2ce1 P 32e69d1bbb164b4ea0194442079c59f5: Bootstrap starting.
I20260710 11:06:12.512152   428 tablet_bootstrap.cc:492] T 4415b18f5fb24ae4be0500425e0a2ce1 P 32e69d1bbb164b4ea0194442079c59f5: Bootstrap replayed 1/1 log segments. Stats: ops{read=2 overwritten=0 applied=2 ignored=0} inserts{seen=0 ignored=0} mutations{seen=0 ignored=0} orphaned_commits=0. Pending: 0 replicates
I20260710 11:06:12.513000   428 tablet_bootstrap.cc:492] T 4415b18f5fb24ae4be0500425e0a2ce1 P 32e69d1bbb164b4ea0194442079c59f5: Bootstrap complete.
I20260710 11:06:12.513592   428 ts_tablet_manager.cc:1403] T 4415b18f5fb24ae4be0500425e0a2ce1 P 32e69d1bbb164b4ea0194442079c59f5: Time spent bootstrapping tablet: real 0.020s	user 0.012s	sys 0.008s
I20260710 11:06:12.516001   428 raft_consensus.cc:359] T 4415b18f5fb24ae4be0500425e0a2ce1 P 32e69d1bbb164b4ea0194442079c59f5 [term 1 LEARNER]: Replica starting. Triggering 0 pending ops. Active config: opid_index: 2 OBSOLETE_local: false peers { permanent_uuid: "25b2117322784c49967f114668575073" member_type: VOTER last_known_addr { host: "127.30.144.65" port: 38619 } attrs { replace: true } } peers { permanent_uuid: "2ee68c939b674f6fae5bd5cdd67b547e" member_type: VOTER last_known_addr { host: "127.30.144.66" port: 34449 } } peers { permanent_uuid: "f547788bbd38426f97ff22a8f304d0af" member_type: VOTER last_known_addr { host: "127.30.144.67" port: 44913 } } peers { permanent_uuid: "32e69d1bbb164b4ea0194442079c59f5" member_type: NON_VOTER last_known_addr { host: "127.30.144.68" port: 42369 } attrs { promote: true } }
I20260710 11:06:12.516685   428 raft_consensus.cc:740] T 4415b18f5fb24ae4be0500425e0a2ce1 P 32e69d1bbb164b4ea0194442079c59f5 [term 1 LEARNER]: Becoming Follower/Learner. State: Replica: 32e69d1bbb164b4ea0194442079c59f5, State: Initialized, Role: LEARNER
I20260710 11:06:12.517256   428 consensus_queue.cc:260] T 4415b18f5fb24ae4be0500425e0a2ce1 P 32e69d1bbb164b4ea0194442079c59f5 [NON_LEADER]: Queue going to NON_LEADER mode. State: All replicated index: 0, Majority replicated index: 0, Committed index: 2, Last appended: 1.2, Last appended by leader: 2, Current term: 0, Majority size: -1, State: 0, Mode: NON_LEADER, active raft config: opid_index: 2 OBSOLETE_local: false peers { permanent_uuid: "25b2117322784c49967f114668575073" member_type: VOTER last_known_addr { host: "127.30.144.65" port: 38619 } attrs { replace: true } } peers { permanent_uuid: "2ee68c939b674f6fae5bd5cdd67b547e" member_type: VOTER last_known_addr { host: "127.30.144.66" port: 34449 } } peers { permanent_uuid: "f547788bbd38426f97ff22a8f304d0af" member_type: VOTER last_known_addr { host: "127.30.144.67" port: 44913 } } peers { permanent_uuid: "32e69d1bbb164b4ea0194442079c59f5" member_type: NON_VOTER last_known_addr { host: "127.30.144.68" port: 42369 } attrs { promote: true } }
I20260710 11:06:12.519520   401 heartbeater.cc:499] Master 127.30.144.126:33855 was elected leader, sending a full tablet report...
I20260710 11:06:12.519984   428 ts_tablet_manager.cc:1434] T 4415b18f5fb24ae4be0500425e0a2ce1 P 32e69d1bbb164b4ea0194442079c59f5: Time spent starting tablet: real 0.006s	user 0.005s	sys 0.000s
I20260710 11:06:12.522056 32500 tablet_copy_service.cc:342] P 2ee68c939b674f6fae5bd5cdd67b547e: Request end of tablet copy session 32e69d1bbb164b4ea0194442079c59f5-4415b18f5fb24ae4be0500425e0a2ce1 received from {username='slave'} at 127.0.0.1:51482
I20260710 11:06:12.522531 32500 tablet_copy_service.cc:434] P 2ee68c939b674f6fae5bd5cdd67b547e: ending tablet copy session 32e69d1bbb164b4ea0194442079c59f5-4415b18f5fb24ae4be0500425e0a2ce1 on tablet 4415b18f5fb24ae4be0500425e0a2ce1 with peer 32e69d1bbb164b4ea0194442079c59f5
I20260710 11:06:12.551636   428 ts_tablet_manager.cc:933] T 34de41c7440a4c4eb26d9d48db923cee P 32e69d1bbb164b4ea0194442079c59f5: Initiating tablet copy from peer 25b2117322784c49967f114668575073 (127.30.144.65:38619)
I20260710 11:06:12.553439   428 tablet_copy_client.cc:323] T 34de41c7440a4c4eb26d9d48db923cee P 32e69d1bbb164b4ea0194442079c59f5: tablet copy: Beginning tablet copy session from remote peer at address 127.30.144.65:38619
I20260710 11:06:12.564895 32425 tablet_copy_service.cc:140] P 25b2117322784c49967f114668575073: Received BeginTabletCopySession request for tablet 34de41c7440a4c4eb26d9d48db923cee from peer 32e69d1bbb164b4ea0194442079c59f5 ({username='slave'} at 127.0.0.1:37192)
I20260710 11:06:12.565587 32425 tablet_copy_service.cc:161] P 25b2117322784c49967f114668575073: Beginning new tablet copy session on tablet 34de41c7440a4c4eb26d9d48db923cee from peer 32e69d1bbb164b4ea0194442079c59f5 at {username='slave'} at 127.0.0.1:37192: session id = 32e69d1bbb164b4ea0194442079c59f5-34de41c7440a4c4eb26d9d48db923cee
I20260710 11:06:12.573516 32425 tablet_copy_source_session.cc:215] T 34de41c7440a4c4eb26d9d48db923cee P 25b2117322784c49967f114668575073: Tablet Copy: opened 0 blocks and 1 log segments
I20260710 11:06:12.577008   428 data_dirs.cc:400] Could only allocate 1 dirs of requested 3 for tablet 34de41c7440a4c4eb26d9d48db923cee. 1 dirs total, 0 dirs full, 0 dirs failed
I20260710 11:06:12.592648   435 ts_tablet_manager.cc:933] T d06fd16ad3394384bb69dc5a21d64bbb P 32e69d1bbb164b4ea0194442079c59f5: Initiating tablet copy from peer f547788bbd38426f97ff22a8f304d0af (127.30.144.67:44913)
I20260710 11:06:12.593094   428 tablet_copy_client.cc:806] T 34de41c7440a4c4eb26d9d48db923cee P 32e69d1bbb164b4ea0194442079c59f5: tablet copy: Starting download of 0 data blocks...
I20260710 11:06:12.593742   428 tablet_copy_client.cc:670] T 34de41c7440a4c4eb26d9d48db923cee P 32e69d1bbb164b4ea0194442079c59f5: tablet copy: Starting download of 1 WAL segments...
I20260710 11:06:12.595422   435 tablet_copy_client.cc:323] T d06fd16ad3394384bb69dc5a21d64bbb P 32e69d1bbb164b4ea0194442079c59f5: tablet copy: Beginning tablet copy session from remote peer at address 127.30.144.67:44913
I20260710 11:06:12.599613   428 tablet_copy_client.cc:538] T 34de41c7440a4c4eb26d9d48db923cee P 32e69d1bbb164b4ea0194442079c59f5: tablet copy: Tablet Copy complete. Replacing tablet superblock.
I20260710 11:06:12.608237 32574 tablet_copy_service.cc:140] P f547788bbd38426f97ff22a8f304d0af: Received BeginTabletCopySession request for tablet d06fd16ad3394384bb69dc5a21d64bbb from peer 32e69d1bbb164b4ea0194442079c59f5 ({username='slave'} at 127.0.0.1:53608)
I20260710 11:06:12.608909 32574 tablet_copy_service.cc:161] P f547788bbd38426f97ff22a8f304d0af: Beginning new tablet copy session on tablet d06fd16ad3394384bb69dc5a21d64bbb from peer 32e69d1bbb164b4ea0194442079c59f5 at {username='slave'} at 127.0.0.1:53608: session id = 32e69d1bbb164b4ea0194442079c59f5-d06fd16ad3394384bb69dc5a21d64bbb
I20260710 11:06:12.612608   428 tablet_bootstrap.cc:492] T 34de41c7440a4c4eb26d9d48db923cee P 32e69d1bbb164b4ea0194442079c59f5: Bootstrap starting.
I20260710 11:06:12.621531 32574 tablet_copy_source_session.cc:215] T d06fd16ad3394384bb69dc5a21d64bbb P f547788bbd38426f97ff22a8f304d0af: Tablet Copy: opened 0 blocks and 1 log segments
I20260710 11:06:12.625417   435 data_dirs.cc:400] Could only allocate 1 dirs of requested 3 for tablet d06fd16ad3394384bb69dc5a21d64bbb. 1 dirs total, 0 dirs full, 0 dirs failed
I20260710 11:06:12.639994   435 tablet_copy_client.cc:806] T d06fd16ad3394384bb69dc5a21d64bbb P 32e69d1bbb164b4ea0194442079c59f5: tablet copy: Starting download of 0 data blocks...
I20260710 11:06:12.640623   435 tablet_copy_client.cc:670] T d06fd16ad3394384bb69dc5a21d64bbb P 32e69d1bbb164b4ea0194442079c59f5: tablet copy: Starting download of 1 WAL segments...
I20260710 11:06:12.642853   428 tablet_bootstrap.cc:492] T 34de41c7440a4c4eb26d9d48db923cee P 32e69d1bbb164b4ea0194442079c59f5: Bootstrap replayed 1/1 log segments. Stats: ops{read=3 overwritten=0 applied=3 ignored=0} inserts{seen=0 ignored=0} mutations{seen=0 ignored=0} orphaned_commits=0. Pending: 0 replicates
I20260710 11:06:12.643749   428 tablet_bootstrap.cc:492] T 34de41c7440a4c4eb26d9d48db923cee P 32e69d1bbb164b4ea0194442079c59f5: Bootstrap complete.
I20260710 11:06:12.644418   428 ts_tablet_manager.cc:1403] T 34de41c7440a4c4eb26d9d48db923cee P 32e69d1bbb164b4ea0194442079c59f5: Time spent bootstrapping tablet: real 0.032s	user 0.025s	sys 0.000s
I20260710 11:06:12.644459   435 tablet_copy_client.cc:538] T d06fd16ad3394384bb69dc5a21d64bbb P 32e69d1bbb164b4ea0194442079c59f5: tablet copy: Tablet Copy complete. Replacing tablet superblock.
I20260710 11:06:12.647361   428 raft_consensus.cc:359] T 34de41c7440a4c4eb26d9d48db923cee P 32e69d1bbb164b4ea0194442079c59f5 [term 2 LEARNER]: Replica starting. Triggering 0 pending ops. Active config: opid_index: 3 OBSOLETE_local: false peers { permanent_uuid: "25b2117322784c49967f114668575073" member_type: VOTER last_known_addr { host: "127.30.144.65" port: 38619 } } peers { permanent_uuid: "2ee68c939b674f6fae5bd5cdd67b547e" member_type: VOTER last_known_addr { host: "127.30.144.66" port: 34449 } } peers { permanent_uuid: "f547788bbd38426f97ff22a8f304d0af" member_type: VOTER last_known_addr { host: "127.30.144.67" port: 44913 } attrs { replace: true } } peers { permanent_uuid: "32e69d1bbb164b4ea0194442079c59f5" member_type: NON_VOTER last_known_addr { host: "127.30.144.68" port: 42369 } attrs { promote: true } }
I20260710 11:06:12.648214   428 raft_consensus.cc:740] T 34de41c7440a4c4eb26d9d48db923cee P 32e69d1bbb164b4ea0194442079c59f5 [term 2 LEARNER]: Becoming Follower/Learner. State: Replica: 32e69d1bbb164b4ea0194442079c59f5, State: Initialized, Role: LEARNER
I20260710 11:06:12.648849   428 consensus_queue.cc:260] T 34de41c7440a4c4eb26d9d48db923cee P 32e69d1bbb164b4ea0194442079c59f5 [NON_LEADER]: Queue going to NON_LEADER mode. State: All replicated index: 0, Majority replicated index: 0, Committed index: 3, Last appended: 2.3, Last appended by leader: 3, Current term: 0, Majority size: -1, State: 0, Mode: NON_LEADER, active raft config: opid_index: 3 OBSOLETE_local: false peers { permanent_uuid: "25b2117322784c49967f114668575073" member_type: VOTER last_known_addr { host: "127.30.144.65" port: 38619 } } peers { permanent_uuid: "2ee68c939b674f6fae5bd5cdd67b547e" member_type: VOTER last_known_addr { host: "127.30.144.66" port: 34449 } } peers { permanent_uuid: "f547788bbd38426f97ff22a8f304d0af" member_type: VOTER last_known_addr { host: "127.30.144.67" port: 44913 } attrs { replace: true } } peers { permanent_uuid: "32e69d1bbb164b4ea0194442079c59f5" member_type: NON_VOTER last_known_addr { host: "127.30.144.68" port: 42369 } attrs { promote: true } }
I20260710 11:06:12.651074   428 ts_tablet_manager.cc:1434] T 34de41c7440a4c4eb26d9d48db923cee P 32e69d1bbb164b4ea0194442079c59f5: Time spent starting tablet: real 0.006s	user 0.008s	sys 0.000s
I20260710 11:06:12.653941 32425 tablet_copy_service.cc:342] P 25b2117322784c49967f114668575073: Request end of tablet copy session 32e69d1bbb164b4ea0194442079c59f5-34de41c7440a4c4eb26d9d48db923cee received from {username='slave'} at 127.0.0.1:37192
I20260710 11:06:12.654348 32425 tablet_copy_service.cc:434] P 25b2117322784c49967f114668575073: ending tablet copy session 32e69d1bbb164b4ea0194442079c59f5-34de41c7440a4c4eb26d9d48db923cee on tablet 34de41c7440a4c4eb26d9d48db923cee with peer 32e69d1bbb164b4ea0194442079c59f5
I20260710 11:06:12.654750   435 tablet_bootstrap.cc:492] T d06fd16ad3394384bb69dc5a21d64bbb P 32e69d1bbb164b4ea0194442079c59f5: Bootstrap starting.
I20260710 11:06:12.662900   428 ts_tablet_manager.cc:933] T 85c184db662a497ea0214b7525ae04b4 P 32e69d1bbb164b4ea0194442079c59f5: Initiating tablet copy from peer 25b2117322784c49967f114668575073 (127.30.144.65:38619)
I20260710 11:06:12.674666   428 tablet_copy_client.cc:323] T 85c184db662a497ea0214b7525ae04b4 P 32e69d1bbb164b4ea0194442079c59f5: tablet copy: Beginning tablet copy session from remote peer at address 127.30.144.65:38619
I20260710 11:06:12.676342 32425 tablet_copy_service.cc:140] P 25b2117322784c49967f114668575073: Received BeginTabletCopySession request for tablet 85c184db662a497ea0214b7525ae04b4 from peer 32e69d1bbb164b4ea0194442079c59f5 ({username='slave'} at 127.0.0.1:37192)
I20260710 11:06:12.676882 32425 tablet_copy_service.cc:161] P 25b2117322784c49967f114668575073: Beginning new tablet copy session on tablet 85c184db662a497ea0214b7525ae04b4 from peer 32e69d1bbb164b4ea0194442079c59f5 at {username='slave'} at 127.0.0.1:37192: session id = 32e69d1bbb164b4ea0194442079c59f5-85c184db662a497ea0214b7525ae04b4
I20260710 11:06:12.684439 32425 tablet_copy_source_session.cc:215] T 85c184db662a497ea0214b7525ae04b4 P 25b2117322784c49967f114668575073: Tablet Copy: opened 0 blocks and 1 log segments
I20260710 11:06:12.688496   428 data_dirs.cc:400] Could only allocate 1 dirs of requested 3 for tablet 85c184db662a497ea0214b7525ae04b4. 1 dirs total, 0 dirs full, 0 dirs failed
I20260710 11:06:12.698113   435 tablet_bootstrap.cc:492] T d06fd16ad3394384bb69dc5a21d64bbb P 32e69d1bbb164b4ea0194442079c59f5: Bootstrap replayed 1/1 log segments. Stats: ops{read=2 overwritten=0 applied=2 ignored=0} inserts{seen=0 ignored=0} mutations{seen=0 ignored=0} orphaned_commits=0. Pending: 0 replicates
I20260710 11:06:12.698886   435 tablet_bootstrap.cc:492] T d06fd16ad3394384bb69dc5a21d64bbb P 32e69d1bbb164b4ea0194442079c59f5: Bootstrap complete.
I20260710 11:06:12.699538   435 ts_tablet_manager.cc:1403] T d06fd16ad3394384bb69dc5a21d64bbb P 32e69d1bbb164b4ea0194442079c59f5: Time spent bootstrapping tablet: real 0.045s	user 0.020s	sys 0.018s
I20260710 11:06:12.701766   435 raft_consensus.cc:359] T d06fd16ad3394384bb69dc5a21d64bbb P 32e69d1bbb164b4ea0194442079c59f5 [term 1 LEARNER]: Replica starting. Triggering 0 pending ops. Active config: opid_index: 2 OBSOLETE_local: false peers { permanent_uuid: "25b2117322784c49967f114668575073" member_type: VOTER last_known_addr { host: "127.30.144.65" port: 38619 } attrs { replace: true } } peers { permanent_uuid: "2ee68c939b674f6fae5bd5cdd67b547e" member_type: VOTER last_known_addr { host: "127.30.144.66" port: 34449 } } peers { permanent_uuid: "f547788bbd38426f97ff22a8f304d0af" member_type: VOTER last_known_addr { host: "127.30.144.67" port: 44913 } } peers { permanent_uuid: "32e69d1bbb164b4ea0194442079c59f5" member_type: NON_VOTER last_known_addr { host: "127.30.144.68" port: 42369 } attrs { promote: true } }
I20260710 11:06:12.702363   435 raft_consensus.cc:740] T d06fd16ad3394384bb69dc5a21d64bbb P 32e69d1bbb164b4ea0194442079c59f5 [term 1 LEARNER]: Becoming Follower/Learner. State: Replica: 32e69d1bbb164b4ea0194442079c59f5, State: Initialized, Role: LEARNER
I20260710 11:06:12.702895   435 consensus_queue.cc:260] T d06fd16ad3394384bb69dc5a21d64bbb P 32e69d1bbb164b4ea0194442079c59f5 [NON_LEADER]: Queue going to NON_LEADER mode. State: All replicated index: 0, Majority replicated index: 0, Committed index: 2, Last appended: 1.2, Last appended by leader: 2, Current term: 0, Majority size: -1, State: 0, Mode: NON_LEADER, active raft config: opid_index: 2 OBSOLETE_local: false peers { permanent_uuid: "25b2117322784c49967f114668575073" member_type: VOTER last_known_addr { host: "127.30.144.65" port: 38619 } attrs { replace: true } } peers { permanent_uuid: "2ee68c939b674f6fae5bd5cdd67b547e" member_type: VOTER last_known_addr { host: "127.30.144.66" port: 34449 } } peers { permanent_uuid: "f547788bbd38426f97ff22a8f304d0af" member_type: VOTER last_known_addr { host: "127.30.144.67" port: 44913 } } peers { permanent_uuid: "32e69d1bbb164b4ea0194442079c59f5" member_type: NON_VOTER last_known_addr { host: "127.30.144.68" port: 42369 } attrs { promote: true } }
I20260710 11:06:12.704905   435 ts_tablet_manager.cc:1434] T d06fd16ad3394384bb69dc5a21d64bbb P 32e69d1bbb164b4ea0194442079c59f5: Time spent starting tablet: real 0.005s	user 0.004s	sys 0.000s
I20260710 11:06:12.706684   428 tablet_copy_client.cc:806] T 85c184db662a497ea0214b7525ae04b4 P 32e69d1bbb164b4ea0194442079c59f5: tablet copy: Starting download of 0 data blocks...
I20260710 11:06:12.706875 32574 tablet_copy_service.cc:342] P f547788bbd38426f97ff22a8f304d0af: Request end of tablet copy session 32e69d1bbb164b4ea0194442079c59f5-d06fd16ad3394384bb69dc5a21d64bbb received from {username='slave'} at 127.0.0.1:53608
I20260710 11:06:12.707267   428 tablet_copy_client.cc:670] T 85c184db662a497ea0214b7525ae04b4 P 32e69d1bbb164b4ea0194442079c59f5: tablet copy: Starting download of 1 WAL segments...
I20260710 11:06:12.707350 32574 tablet_copy_service.cc:434] P f547788bbd38426f97ff22a8f304d0af: ending tablet copy session 32e69d1bbb164b4ea0194442079c59f5-d06fd16ad3394384bb69dc5a21d64bbb on tablet d06fd16ad3394384bb69dc5a21d64bbb with peer 32e69d1bbb164b4ea0194442079c59f5
I20260710 11:06:12.719448   428 tablet_copy_client.cc:538] T 85c184db662a497ea0214b7525ae04b4 P 32e69d1bbb164b4ea0194442079c59f5: tablet copy: Tablet Copy complete. Replacing tablet superblock.
I20260710 11:06:12.726380   428 tablet_bootstrap.cc:492] T 85c184db662a497ea0214b7525ae04b4 P 32e69d1bbb164b4ea0194442079c59f5: Bootstrap starting.
I20260710 11:06:12.740733   428 tablet_bootstrap.cc:492] T 85c184db662a497ea0214b7525ae04b4 P 32e69d1bbb164b4ea0194442079c59f5: Bootstrap replayed 1/1 log segments. Stats: ops{read=2 overwritten=0 applied=2 ignored=0} inserts{seen=0 ignored=0} mutations{seen=0 ignored=0} orphaned_commits=0. Pending: 0 replicates
I20260710 11:06:12.741472   428 tablet_bootstrap.cc:492] T 85c184db662a497ea0214b7525ae04b4 P 32e69d1bbb164b4ea0194442079c59f5: Bootstrap complete.
I20260710 11:06:12.742100   428 ts_tablet_manager.cc:1403] T 85c184db662a497ea0214b7525ae04b4 P 32e69d1bbb164b4ea0194442079c59f5: Time spent bootstrapping tablet: real 0.016s	user 0.016s	sys 0.000s
I20260710 11:06:12.744534   428 raft_consensus.cc:359] T 85c184db662a497ea0214b7525ae04b4 P 32e69d1bbb164b4ea0194442079c59f5 [term 1 LEARNER]: Replica starting. Triggering 0 pending ops. Active config: opid_index: 2 OBSOLETE_local: false peers { permanent_uuid: "25b2117322784c49967f114668575073" member_type: VOTER last_known_addr { host: "127.30.144.65" port: 38619 } } peers { permanent_uuid: "2ee68c939b674f6fae5bd5cdd67b547e" member_type: VOTER last_known_addr { host: "127.30.144.66" port: 34449 } attrs { replace: true } } peers { permanent_uuid: "f547788bbd38426f97ff22a8f304d0af" member_type: VOTER last_known_addr { host: "127.30.144.67" port: 44913 } } peers { permanent_uuid: "32e69d1bbb164b4ea0194442079c59f5" member_type: NON_VOTER last_known_addr { host: "127.30.144.68" port: 42369 } attrs { promote: true } }
I20260710 11:06:12.745126   428 raft_consensus.cc:740] T 85c184db662a497ea0214b7525ae04b4 P 32e69d1bbb164b4ea0194442079c59f5 [term 1 LEARNER]: Becoming Follower/Learner. State: Replica: 32e69d1bbb164b4ea0194442079c59f5, State: Initialized, Role: LEARNER
I20260710 11:06:12.745707   428 consensus_queue.cc:260] T 85c184db662a497ea0214b7525ae04b4 P 32e69d1bbb164b4ea0194442079c59f5 [NON_LEADER]: Queue going to NON_LEADER mode. State: All replicated index: 0, Majority replicated index: 0, Committed index: 2, Last appended: 1.2, Last appended by leader: 2, Current term: 0, Majority size: -1, State: 0, Mode: NON_LEADER, active raft config: opid_index: 2 OBSOLETE_local: false peers { permanent_uuid: "25b2117322784c49967f114668575073" member_type: VOTER last_known_addr { host: "127.30.144.65" port: 38619 } } peers { permanent_uuid: "2ee68c939b674f6fae5bd5cdd67b547e" member_type: VOTER last_known_addr { host: "127.30.144.66" port: 34449 } attrs { replace: true } } peers { permanent_uuid: "f547788bbd38426f97ff22a8f304d0af" member_type: VOTER last_known_addr { host: "127.30.144.67" port: 44913 } } peers { permanent_uuid: "32e69d1bbb164b4ea0194442079c59f5" member_type: NON_VOTER last_known_addr { host: "127.30.144.68" port: 42369 } attrs { promote: true } }
I20260710 11:06:12.747732   428 ts_tablet_manager.cc:1434] T 85c184db662a497ea0214b7525ae04b4 P 32e69d1bbb164b4ea0194442079c59f5: Time spent starting tablet: real 0.005s	user 0.004s	sys 0.000s
I20260710 11:06:12.750006 32425 tablet_copy_service.cc:342] P 25b2117322784c49967f114668575073: Request end of tablet copy session 32e69d1bbb164b4ea0194442079c59f5-85c184db662a497ea0214b7525ae04b4 received from {username='slave'} at 127.0.0.1:37192
I20260710 11:06:12.750449 32425 tablet_copy_service.cc:434] P 25b2117322784c49967f114668575073: ending tablet copy session 32e69d1bbb164b4ea0194442079c59f5-85c184db662a497ea0214b7525ae04b4 on tablet 85c184db662a497ea0214b7525ae04b4 with peer 32e69d1bbb164b4ea0194442079c59f5
I20260710 11:06:12.911868   376 raft_consensus.cc:1217] T 4415b18f5fb24ae4be0500425e0a2ce1 P 32e69d1bbb164b4ea0194442079c59f5 [term 1 LEARNER]: Deduplicated request from leader. Original: 1.1->[1.2-1.2]   Dedup: 1.2->[]
I20260710 11:06:13.128158   376 raft_consensus.cc:1217] T d06fd16ad3394384bb69dc5a21d64bbb P 32e69d1bbb164b4ea0194442079c59f5 [term 1 LEARNER]: Deduplicated request from leader. Original: 1.1->[1.2-1.2]   Dedup: 1.2->[]
I20260710 11:06:13.173846   376 raft_consensus.cc:1217] T 34de41c7440a4c4eb26d9d48db923cee P 32e69d1bbb164b4ea0194442079c59f5 [term 2 LEARNER]: Deduplicated request from leader. Original: 2.2->[2.3-2.3]   Dedup: 2.3->[]
I20260710 11:06:13.215503   376 raft_consensus.cc:1217] T 85c184db662a497ea0214b7525ae04b4 P 32e69d1bbb164b4ea0194442079c59f5 [term 1 LEARNER]: Deduplicated request from leader. Original: 1.1->[1.2-1.2]   Dedup: 1.2->[]
I20260710 11:06:13.455118   443 raft_consensus.cc:1064] T 4415b18f5fb24ae4be0500425e0a2ce1 P 2ee68c939b674f6fae5bd5cdd67b547e: attempting to promote NON_VOTER 32e69d1bbb164b4ea0194442079c59f5 to VOTER
I20260710 11:06:13.459095   443 consensus_queue.cc:237] T 4415b18f5fb24ae4be0500425e0a2ce1 P 2ee68c939b674f6fae5bd5cdd67b547e [LEADER]: Queue going to LEADER mode. State: All replicated index: 0, Majority replicated index: 2, Committed index: 2, Last appended: 1.2, Last appended by leader: 0, Current term: 1, Majority size: 3, State: 0, Mode: LEADER, active raft config: opid_index: 3 OBSOLETE_local: false peers { permanent_uuid: "25b2117322784c49967f114668575073" member_type: VOTER last_known_addr { host: "127.30.144.65" port: 38619 } attrs { replace: true } } peers { permanent_uuid: "2ee68c939b674f6fae5bd5cdd67b547e" member_type: VOTER last_known_addr { host: "127.30.144.66" port: 34449 } } peers { permanent_uuid: "f547788bbd38426f97ff22a8f304d0af" member_type: VOTER last_known_addr { host: "127.30.144.67" port: 44913 } } peers { permanent_uuid: "32e69d1bbb164b4ea0194442079c59f5" member_type: VOTER last_known_addr { host: "127.30.144.68" port: 42369 } attrs { promote: false } }
I20260710 11:06:13.467082   376 raft_consensus.cc:1275] T 4415b18f5fb24ae4be0500425e0a2ce1 P 32e69d1bbb164b4ea0194442079c59f5 [term 1 LEARNER]: Refusing update from remote peer 2ee68c939b674f6fae5bd5cdd67b547e: Log matching property violated. Preceding OpId in replica: term: 1 index: 2. Preceding OpId from leader: term: 1 index: 3. (index mismatch)
I20260710 11:06:13.467845 32563 raft_consensus.cc:1275] T 4415b18f5fb24ae4be0500425e0a2ce1 P f547788bbd38426f97ff22a8f304d0af [term 1 FOLLOWER]: Refusing update from remote peer 2ee68c939b674f6fae5bd5cdd67b547e: Log matching property violated. Preceding OpId in replica: term: 1 index: 2. Preceding OpId from leader: term: 1 index: 3. (index mismatch)
I20260710 11:06:13.469323 32410 raft_consensus.cc:1275] T 4415b18f5fb24ae4be0500425e0a2ce1 P 25b2117322784c49967f114668575073 [term 1 FOLLOWER]: Refusing update from remote peer 2ee68c939b674f6fae5bd5cdd67b547e: Log matching property violated. Preceding OpId in replica: term: 1 index: 2. Preceding OpId from leader: term: 1 index: 3. (index mismatch)
I20260710 11:06:13.469237   449 consensus_queue.cc:1048] T 4415b18f5fb24ae4be0500425e0a2ce1 P 2ee68c939b674f6fae5bd5cdd67b547e [LEADER]: Connected to new peer: Peer: permanent_uuid: "32e69d1bbb164b4ea0194442079c59f5" member_type: VOTER last_known_addr { host: "127.30.144.68" port: 42369 } attrs { promote: false }, Status: LMP_MISMATCH, Last received: 0.0, Next index: 3, Last known committed idx: 2, Time since last communication: 0.001s
I20260710 11:06:13.470654   441 consensus_queue.cc:1048] T 4415b18f5fb24ae4be0500425e0a2ce1 P 2ee68c939b674f6fae5bd5cdd67b547e [LEADER]: Connected to new peer: Peer: permanent_uuid: "f547788bbd38426f97ff22a8f304d0af" member_type: VOTER last_known_addr { host: "127.30.144.67" port: 44913 }, Status: LMP_MISMATCH, Last received: 0.0, Next index: 3, Last known committed idx: 2, Time since last communication: 0.000s
I20260710 11:06:13.472186 32609 consensus_queue.cc:1048] T 4415b18f5fb24ae4be0500425e0a2ce1 P 2ee68c939b674f6fae5bd5cdd67b547e [LEADER]: Connected to new peer: Peer: permanent_uuid: "25b2117322784c49967f114668575073" member_type: VOTER last_known_addr { host: "127.30.144.65" port: 38619 } attrs { replace: true }, Status: LMP_MISMATCH, Last received: 0.0, Next index: 3, Last known committed idx: 2, Time since last communication: 0.001s
I20260710 11:06:13.501797 32609 raft_consensus.cc:2955] T 4415b18f5fb24ae4be0500425e0a2ce1 P 2ee68c939b674f6fae5bd5cdd67b547e [term 1 LEADER]: Committing config change with OpId 1.3: config changed from index 2 to 3, 32e69d1bbb164b4ea0194442079c59f5 (127.30.144.68) changed from NON_VOTER to VOTER. New config: { opid_index: 3 OBSOLETE_local: false peers { permanent_uuid: "25b2117322784c49967f114668575073" member_type: VOTER last_known_addr { host: "127.30.144.65" port: 38619 } attrs { replace: true } } peers { permanent_uuid: "2ee68c939b674f6fae5bd5cdd67b547e" member_type: VOTER last_known_addr { host: "127.30.144.66" port: 34449 } } peers { permanent_uuid: "f547788bbd38426f97ff22a8f304d0af" member_type: VOTER last_known_addr { host: "127.30.144.67" port: 44913 } } peers { permanent_uuid: "32e69d1bbb164b4ea0194442079c59f5" member_type: VOTER last_known_addr { host: "127.30.144.68" port: 42369 } attrs { promote: false } } }
I20260710 11:06:13.504148   376 raft_consensus.cc:2955] T 4415b18f5fb24ae4be0500425e0a2ce1 P 32e69d1bbb164b4ea0194442079c59f5 [term 1 FOLLOWER]: Committing config change with OpId 1.3: config changed from index 2 to 3, 32e69d1bbb164b4ea0194442079c59f5 (127.30.144.68) changed from NON_VOTER to VOTER. New config: { opid_index: 3 OBSOLETE_local: false peers { permanent_uuid: "25b2117322784c49967f114668575073" member_type: VOTER last_known_addr { host: "127.30.144.65" port: 38619 } attrs { replace: true } } peers { permanent_uuid: "2ee68c939b674f6fae5bd5cdd67b547e" member_type: VOTER last_known_addr { host: "127.30.144.66" port: 34449 } } peers { permanent_uuid: "f547788bbd38426f97ff22a8f304d0af" member_type: VOTER last_known_addr { host: "127.30.144.67" port: 44913 } } peers { permanent_uuid: "32e69d1bbb164b4ea0194442079c59f5" member_type: VOTER last_known_addr { host: "127.30.144.68" port: 42369 } attrs { promote: false } } }
I20260710 11:06:13.515913 32410 raft_consensus.cc:2955] T 4415b18f5fb24ae4be0500425e0a2ce1 P 25b2117322784c49967f114668575073 [term 1 FOLLOWER]: Committing config change with OpId 1.3: config changed from index 2 to 3, 32e69d1bbb164b4ea0194442079c59f5 (127.30.144.68) changed from NON_VOTER to VOTER. New config: { opid_index: 3 OBSOLETE_local: false peers { permanent_uuid: "25b2117322784c49967f114668575073" member_type: VOTER last_known_addr { host: "127.30.144.65" port: 38619 } attrs { replace: true } } peers { permanent_uuid: "2ee68c939b674f6fae5bd5cdd67b547e" member_type: VOTER last_known_addr { host: "127.30.144.66" port: 34449 } } peers { permanent_uuid: "f547788bbd38426f97ff22a8f304d0af" member_type: VOTER last_known_addr { host: "127.30.144.67" port: 44913 } } peers { permanent_uuid: "32e69d1bbb164b4ea0194442079c59f5" member_type: VOTER last_known_addr { host: "127.30.144.68" port: 42369 } attrs { promote: false } } }
I20260710 11:06:13.519955 32563 raft_consensus.cc:2955] T 4415b18f5fb24ae4be0500425e0a2ce1 P f547788bbd38426f97ff22a8f304d0af [term 1 FOLLOWER]: Committing config change with OpId 1.3: config changed from index 2 to 3, 32e69d1bbb164b4ea0194442079c59f5 (127.30.144.68) changed from NON_VOTER to VOTER. New config: { opid_index: 3 OBSOLETE_local: false peers { permanent_uuid: "25b2117322784c49967f114668575073" member_type: VOTER last_known_addr { host: "127.30.144.65" port: 38619 } attrs { replace: true } } peers { permanent_uuid: "2ee68c939b674f6fae5bd5cdd67b547e" member_type: VOTER last_known_addr { host: "127.30.144.66" port: 34449 } } peers { permanent_uuid: "f547788bbd38426f97ff22a8f304d0af" member_type: VOTER last_known_addr { host: "127.30.144.67" port: 44913 } } peers { permanent_uuid: "32e69d1bbb164b4ea0194442079c59f5" member_type: VOTER last_known_addr { host: "127.30.144.68" port: 42369 } attrs { promote: false } } }
I20260710 11:06:13.521945 32313 catalog_manager.cc:5697] T 4415b18f5fb24ae4be0500425e0a2ce1 P 32e69d1bbb164b4ea0194442079c59f5 reported cstate change: config changed from index 2 to 3, 32e69d1bbb164b4ea0194442079c59f5 (127.30.144.68) changed from NON_VOTER to VOTER. New cstate: current_term: 1 leader_uuid: "2ee68c939b674f6fae5bd5cdd67b547e" committed_config { opid_index: 3 OBSOLETE_local: false peers { permanent_uuid: "25b2117322784c49967f114668575073" member_type: VOTER last_known_addr { host: "127.30.144.65" port: 38619 } attrs { replace: true } } peers { permanent_uuid: "2ee68c939b674f6fae5bd5cdd67b547e" member_type: VOTER last_known_addr { host: "127.30.144.66" port: 34449 } } peers { permanent_uuid: "f547788bbd38426f97ff22a8f304d0af" member_type: VOTER last_known_addr { host: "127.30.144.67" port: 44913 } } peers { permanent_uuid: "32e69d1bbb164b4ea0194442079c59f5" member_type: VOTER last_known_addr { host: "127.30.144.68" port: 42369 } attrs { promote: false } } }
I20260710 11:06:13.543903   444 raft_consensus.cc:1064] T d06fd16ad3394384bb69dc5a21d64bbb P f547788bbd38426f97ff22a8f304d0af: attempting to promote NON_VOTER 32e69d1bbb164b4ea0194442079c59f5 to VOTER
I20260710 11:06:13.547540   444 consensus_queue.cc:237] T d06fd16ad3394384bb69dc5a21d64bbb P f547788bbd38426f97ff22a8f304d0af [LEADER]: Queue going to LEADER mode. State: All replicated index: 0, Majority replicated index: 2, Committed index: 2, Last appended: 1.2, Last appended by leader: 0, Current term: 1, Majority size: 3, State: 0, Mode: LEADER, active raft config: opid_index: 3 OBSOLETE_local: false peers { permanent_uuid: "25b2117322784c49967f114668575073" member_type: VOTER last_known_addr { host: "127.30.144.65" port: 38619 } attrs { replace: true } } peers { permanent_uuid: "2ee68c939b674f6fae5bd5cdd67b547e" member_type: VOTER last_known_addr { host: "127.30.144.66" port: 34449 } } peers { permanent_uuid: "f547788bbd38426f97ff22a8f304d0af" member_type: VOTER last_known_addr { host: "127.30.144.67" port: 44913 } } peers { permanent_uuid: "32e69d1bbb164b4ea0194442079c59f5" member_type: VOTER last_known_addr { host: "127.30.144.68" port: 42369 } attrs { promote: false } }
I20260710 11:06:13.561794   376 raft_consensus.cc:1275] T d06fd16ad3394384bb69dc5a21d64bbb P 32e69d1bbb164b4ea0194442079c59f5 [term 1 LEARNER]: Refusing update from remote peer f547788bbd38426f97ff22a8f304d0af: Log matching property violated. Preceding OpId in replica: term: 1 index: 2. Preceding OpId from leader: term: 1 index: 3. (index mismatch)
I20260710 11:06:13.563776 32675 consensus_queue.cc:1048] T d06fd16ad3394384bb69dc5a21d64bbb P f547788bbd38426f97ff22a8f304d0af [LEADER]: Connected to new peer: Peer: permanent_uuid: "32e69d1bbb164b4ea0194442079c59f5" member_type: VOTER last_known_addr { host: "127.30.144.68" port: 42369 } attrs { promote: false }, Status: LMP_MISMATCH, Last received: 0.0, Next index: 3, Last known committed idx: 2, Time since last communication: 0.001s
I20260710 11:06:13.578779 32488 raft_consensus.cc:1275] T d06fd16ad3394384bb69dc5a21d64bbb P 2ee68c939b674f6fae5bd5cdd67b547e [term 1 FOLLOWER]: Refusing update from remote peer f547788bbd38426f97ff22a8f304d0af: Log matching property violated. Preceding OpId in replica: term: 1 index: 2. Preceding OpId from leader: term: 1 index: 3. (index mismatch)
I20260710 11:06:13.581874 32413 raft_consensus.cc:1275] T d06fd16ad3394384bb69dc5a21d64bbb P 25b2117322784c49967f114668575073 [term 1 FOLLOWER]: Refusing update from remote peer f547788bbd38426f97ff22a8f304d0af: Log matching property violated. Preceding OpId in replica: term: 1 index: 2. Preceding OpId from leader: term: 1 index: 3. (index mismatch)
I20260710 11:06:13.583449 32675 consensus_queue.cc:1048] T d06fd16ad3394384bb69dc5a21d64bbb P f547788bbd38426f97ff22a8f304d0af [LEADER]: Connected to new peer: Peer: permanent_uuid: "2ee68c939b674f6fae5bd5cdd67b547e" member_type: VOTER last_known_addr { host: "127.30.144.66" port: 34449 }, Status: LMP_MISMATCH, Last received: 0.0, Next index: 3, Last known committed idx: 2, Time since last communication: 0.000s
I20260710 11:06:13.585304 32675 consensus_queue.cc:1048] T d06fd16ad3394384bb69dc5a21d64bbb P f547788bbd38426f97ff22a8f304d0af [LEADER]: Connected to new peer: Peer: permanent_uuid: "25b2117322784c49967f114668575073" member_type: VOTER last_known_addr { host: "127.30.144.65" port: 38619 } attrs { replace: true }, Status: LMP_MISMATCH, Last received: 0.0, Next index: 3, Last known committed idx: 2, Time since last communication: 0.000s
I20260710 11:06:13.605034 32488 consensus_queue.cc:237] T 4415b18f5fb24ae4be0500425e0a2ce1 P 2ee68c939b674f6fae5bd5cdd67b547e [LEADER]: Queue going to LEADER mode. State: All replicated index: 0, Majority replicated index: 3, Committed index: 3, Last appended: 1.3, Last appended by leader: 0, Current term: 1, Majority size: 2, State: 0, Mode: LEADER, active raft config: opid_index: 4 OBSOLETE_local: false peers { permanent_uuid: "2ee68c939b674f6fae5bd5cdd67b547e" member_type: VOTER last_known_addr { host: "127.30.144.66" port: 34449 } } peers { permanent_uuid: "f547788bbd38426f97ff22a8f304d0af" member_type: VOTER last_known_addr { host: "127.30.144.67" port: 44913 } } peers { permanent_uuid: "32e69d1bbb164b4ea0194442079c59f5" member_type: VOTER last_known_addr { host: "127.30.144.68" port: 42369 } attrs { promote: false } }
I20260710 11:06:13.611726   376 raft_consensus.cc:1275] T 4415b18f5fb24ae4be0500425e0a2ce1 P 32e69d1bbb164b4ea0194442079c59f5 [term 1 FOLLOWER]: Refusing update from remote peer 2ee68c939b674f6fae5bd5cdd67b547e: Log matching property violated. Preceding OpId in replica: term: 1 index: 3. Preceding OpId from leader: term: 1 index: 4. (index mismatch)
I20260710 11:06:13.614624 32609 consensus_queue.cc:1048] T 4415b18f5fb24ae4be0500425e0a2ce1 P 2ee68c939b674f6fae5bd5cdd67b547e [LEADER]: Connected to new peer: Peer: permanent_uuid: "32e69d1bbb164b4ea0194442079c59f5" member_type: VOTER last_known_addr { host: "127.30.144.68" port: 42369 } attrs { promote: false }, Status: LMP_MISMATCH, Last received: 0.0, Next index: 4, Last known committed idx: 3, Time since last communication: 0.000s
I20260710 11:06:13.614862 32563 raft_consensus.cc:1275] T 4415b18f5fb24ae4be0500425e0a2ce1 P f547788bbd38426f97ff22a8f304d0af [term 1 FOLLOWER]: Refusing update from remote peer 2ee68c939b674f6fae5bd5cdd67b547e: Log matching property violated. Preceding OpId in replica: term: 1 index: 3. Preceding OpId from leader: term: 1 index: 4. (index mismatch)
I20260710 11:06:13.609721   423 raft_consensus.cc:2955] T d06fd16ad3394384bb69dc5a21d64bbb P f547788bbd38426f97ff22a8f304d0af [term 1 LEADER]: Committing config change with OpId 1.3: config changed from index 2 to 3, 32e69d1bbb164b4ea0194442079c59f5 (127.30.144.68) changed from NON_VOTER to VOTER. New config: { opid_index: 3 OBSOLETE_local: false peers { permanent_uuid: "25b2117322784c49967f114668575073" member_type: VOTER last_known_addr { host: "127.30.144.65" port: 38619 } attrs { replace: true } } peers { permanent_uuid: "2ee68c939b674f6fae5bd5cdd67b547e" member_type: VOTER last_known_addr { host: "127.30.144.66" port: 34449 } } peers { permanent_uuid: "f547788bbd38426f97ff22a8f304d0af" member_type: VOTER last_known_addr { host: "127.30.144.67" port: 44913 } } peers { permanent_uuid: "32e69d1bbb164b4ea0194442079c59f5" member_type: VOTER last_known_addr { host: "127.30.144.68" port: 42369 } attrs { promote: false } } }
I20260710 11:06:13.618721 32609 consensus_queue.cc:1048] T 4415b18f5fb24ae4be0500425e0a2ce1 P 2ee68c939b674f6fae5bd5cdd67b547e [LEADER]: Connected to new peer: Peer: permanent_uuid: "f547788bbd38426f97ff22a8f304d0af" member_type: VOTER last_known_addr { host: "127.30.144.67" port: 44913 }, Status: LMP_MISMATCH, Last received: 0.0, Next index: 4, Last known committed idx: 3, Time since last communication: 0.000s
I20260710 11:06:13.619164 32410 raft_consensus.cc:2955] T d06fd16ad3394384bb69dc5a21d64bbb P 25b2117322784c49967f114668575073 [term 1 FOLLOWER]: Committing config change with OpId 1.3: config changed from index 2 to 3, 32e69d1bbb164b4ea0194442079c59f5 (127.30.144.68) changed from NON_VOTER to VOTER. New config: { opid_index: 3 OBSOLETE_local: false peers { permanent_uuid: "25b2117322784c49967f114668575073" member_type: VOTER last_known_addr { host: "127.30.144.65" port: 38619 } attrs { replace: true } } peers { permanent_uuid: "2ee68c939b674f6fae5bd5cdd67b547e" member_type: VOTER last_known_addr { host: "127.30.144.66" port: 34449 } } peers { permanent_uuid: "f547788bbd38426f97ff22a8f304d0af" member_type: VOTER last_known_addr { host: "127.30.144.67" port: 44913 } } peers { permanent_uuid: "32e69d1bbb164b4ea0194442079c59f5" member_type: VOTER last_known_addr { host: "127.30.144.68" port: 42369 } attrs { promote: false } } }
I20260710 11:06:13.620482 32488 raft_consensus.cc:2955] T d06fd16ad3394384bb69dc5a21d64bbb P 2ee68c939b674f6fae5bd5cdd67b547e [term 1 FOLLOWER]: Committing config change with OpId 1.3: config changed from index 2 to 3, 32e69d1bbb164b4ea0194442079c59f5 (127.30.144.68) changed from NON_VOTER to VOTER. New config: { opid_index: 3 OBSOLETE_local: false peers { permanent_uuid: "25b2117322784c49967f114668575073" member_type: VOTER last_known_addr { host: "127.30.144.65" port: 38619 } attrs { replace: true } } peers { permanent_uuid: "2ee68c939b674f6fae5bd5cdd67b547e" member_type: VOTER last_known_addr { host: "127.30.144.66" port: 34449 } } peers { permanent_uuid: "f547788bbd38426f97ff22a8f304d0af" member_type: VOTER last_known_addr { host: "127.30.144.67" port: 44913 } } peers { permanent_uuid: "32e69d1bbb164b4ea0194442079c59f5" member_type: VOTER last_known_addr { host: "127.30.144.68" port: 42369 } attrs { promote: false } } }
I20260710 11:06:13.625496   443 raft_consensus.cc:2955] T 4415b18f5fb24ae4be0500425e0a2ce1 P 2ee68c939b674f6fae5bd5cdd67b547e [term 1 LEADER]: Committing config change with OpId 1.4: config changed from index 3 to 4, VOTER 25b2117322784c49967f114668575073 (127.30.144.65) evicted. New config: { opid_index: 4 OBSOLETE_local: false peers { permanent_uuid: "2ee68c939b674f6fae5bd5cdd67b547e" member_type: VOTER last_known_addr { host: "127.30.144.66" port: 34449 } } peers { permanent_uuid: "f547788bbd38426f97ff22a8f304d0af" member_type: VOTER last_known_addr { host: "127.30.144.67" port: 44913 } } peers { permanent_uuid: "32e69d1bbb164b4ea0194442079c59f5" member_type: VOTER last_known_addr { host: "127.30.144.68" port: 42369 } attrs { promote: false } } }
I20260710 11:06:13.635282 32563 raft_consensus.cc:2955] T 4415b18f5fb24ae4be0500425e0a2ce1 P f547788bbd38426f97ff22a8f304d0af [term 1 FOLLOWER]: Committing config change with OpId 1.4: config changed from index 3 to 4, VOTER 25b2117322784c49967f114668575073 (127.30.144.65) evicted. New config: { opid_index: 4 OBSOLETE_local: false peers { permanent_uuid: "2ee68c939b674f6fae5bd5cdd67b547e" member_type: VOTER last_known_addr { host: "127.30.144.66" port: 34449 } } peers { permanent_uuid: "f547788bbd38426f97ff22a8f304d0af" member_type: VOTER last_known_addr { host: "127.30.144.67" port: 44913 } } peers { permanent_uuid: "32e69d1bbb164b4ea0194442079c59f5" member_type: VOTER last_known_addr { host: "127.30.144.68" port: 42369 } attrs { promote: false } } }
I20260710 11:06:13.636591 32311 catalog_manager.cc:5697] T d06fd16ad3394384bb69dc5a21d64bbb P 25b2117322784c49967f114668575073 reported cstate change: config changed from index 2 to 3, 32e69d1bbb164b4ea0194442079c59f5 (127.30.144.68) changed from NON_VOTER to VOTER. New cstate: current_term: 1 leader_uuid: "f547788bbd38426f97ff22a8f304d0af" committed_config { opid_index: 3 OBSOLETE_local: false peers { permanent_uuid: "25b2117322784c49967f114668575073" member_type: VOTER last_known_addr { host: "127.30.144.65" port: 38619 } attrs { replace: true } } peers { permanent_uuid: "2ee68c939b674f6fae5bd5cdd67b547e" member_type: VOTER last_known_addr { host: "127.30.144.66" port: 34449 } } peers { permanent_uuid: "f547788bbd38426f97ff22a8f304d0af" member_type: VOTER last_known_addr { host: "127.30.144.67" port: 44913 } } peers { permanent_uuid: "32e69d1bbb164b4ea0194442079c59f5" member_type: VOTER last_known_addr { host: "127.30.144.68" port: 42369 } attrs { promote: false } } }
I20260710 11:06:13.641124 32298 catalog_manager.cc:5210] ChangeConfig:REMOVE_PEER RPC for tablet 4415b18f5fb24ae4be0500425e0a2ce1 with cas_config_opid_index 3: ChangeConfig:REMOVE_PEER succeeded (attempt 1)
I20260710 11:06:13.642997   375 raft_consensus.cc:2955] T 4415b18f5fb24ae4be0500425e0a2ce1 P 32e69d1bbb164b4ea0194442079c59f5 [term 1 FOLLOWER]: Committing config change with OpId 1.4: config changed from index 3 to 4, VOTER 25b2117322784c49967f114668575073 (127.30.144.65) evicted. New config: { opid_index: 4 OBSOLETE_local: false peers { permanent_uuid: "2ee68c939b674f6fae5bd5cdd67b547e" member_type: VOTER last_known_addr { host: "127.30.144.66" port: 34449 } } peers { permanent_uuid: "f547788bbd38426f97ff22a8f304d0af" member_type: VOTER last_known_addr { host: "127.30.144.67" port: 44913 } } peers { permanent_uuid: "32e69d1bbb164b4ea0194442079c59f5" member_type: VOTER last_known_addr { host: "127.30.144.68" port: 42369 } attrs { promote: false } } }
