I20260710 11:05:46.647279 31625 tablet_bootstrap.cc:492] T 72e248ffa5a74edc8d34a3b18a5e6db8 P a6ca26d8ff414cb1817ea23875f47058: Bootstrap starting.
I20260710 11:05:46.649554 31632 raft_consensus.cc:493] T 4b629a0404614e3f996513563d920abb P a7ec5d476acd470d972cdb7b4cbc1731 [term 0 FOLLOWER]: Starting pre-election (no leader contacted us within the election timeout)
I20260710 11:05:46.650092 31632 raft_consensus.cc:515] T 4b629a0404614e3f996513563d920abb P a7ec5d476acd470d972cdb7b4cbc1731 [term 0 FOLLOWER]: Starting pre-election with config: opid_index: -1 OBSOLETE_local: false peers { permanent_uuid: "a6ca26d8ff414cb1817ea23875f47058" member_type: VOTER last_known_addr { host: "127.30.144.65" port: 33175 } } peers { permanent_uuid: "6ba8f32af28346ac804096dd6e97e45c" member_type: VOTER last_known_addr { host: "127.30.144.66" port: 42355 } } peers { permanent_uuid: "a7ec5d476acd470d972cdb7b4cbc1731" member_type: VOTER last_known_addr { host: "127.30.144.67" port: 34493 } }
I20260710 11:05:46.656188 31632 leader_election.cc:290] T 4b629a0404614e3f996513563d920abb P a7ec5d476acd470d972cdb7b4cbc1731 [CANDIDATE]: Term 1 pre-election: Requested pre-vote from peers a6ca26d8ff414cb1817ea23875f47058 (127.30.144.65:33175), 6ba8f32af28346ac804096dd6e97e45c (127.30.144.66:42355)
I20260710 11:05:46.658519 31430 tablet_service.cc:1917] Received RequestConsensusVote() RPC: tablet_id: "4b629a0404614e3f996513563d920abb" candidate_uuid: "a7ec5d476acd470d972cdb7b4cbc1731" candidate_term: 1 candidate_status { last_received { term: 0 index: 0 } } ignore_live_leader: false dest_uuid: "a6ca26d8ff414cb1817ea23875f47058" is_pre_election: true
I20260710 11:05:46.658902 31506 tablet_service.cc:1917] Received RequestConsensusVote() RPC: tablet_id: "4b629a0404614e3f996513563d920abb" candidate_uuid: "a7ec5d476acd470d972cdb7b4cbc1731" candidate_term: 1 candidate_status { last_received { term: 0 index: 0 } } ignore_live_leader: false dest_uuid: "6ba8f32af28346ac804096dd6e97e45c" is_pre_election: true
I20260710 11:05:46.662904 31430 raft_consensus.cc:2468] T 4b629a0404614e3f996513563d920abb P a6ca26d8ff414cb1817ea23875f47058 [term 0 FOLLOWER]: Leader pre-election vote request: Granting yes vote for candidate a7ec5d476acd470d972cdb7b4cbc1731 in term 0.
I20260710 11:05:46.662988 31506 raft_consensus.cc:2468] T 4b629a0404614e3f996513563d920abb P 6ba8f32af28346ac804096dd6e97e45c [term 0 FOLLOWER]: Leader pre-election vote request: Granting yes vote for candidate a7ec5d476acd470d972cdb7b4cbc1731 in term 0.
I20260710 11:05:46.660188 31626 tablet_bootstrap.cc:492] T 68f3947464db4158b919f0e66d303540 P a7ec5d476acd470d972cdb7b4cbc1731: No bootstrap required, opened a new log
I20260710 11:05:46.662415 31327 catalog_manager.cc:5697] T 6f1ab37c7f754da88bca0ca69f435133 P 6ba8f32af28346ac804096dd6e97e45c reported cstate change: term changed from 0 to 1, leader changed from <none> to 6ba8f32af28346ac804096dd6e97e45c (127.30.144.66). New cstate: current_term: 1 leader_uuid: "6ba8f32af28346ac804096dd6e97e45c" committed_config { opid_index: -1 OBSOLETE_local: false peers { permanent_uuid: "6ba8f32af28346ac804096dd6e97e45c" member_type: VOTER last_known_addr { host: "127.30.144.66" port: 42355 } health_report { overall_health: HEALTHY } } peers { permanent_uuid: "a6ca26d8ff414cb1817ea23875f47058" member_type: VOTER last_known_addr { host: "127.30.144.65" port: 33175 } health_report { overall_health: UNKNOWN } } peers { permanent_uuid: "a7ec5d476acd470d972cdb7b4cbc1731" member_type: VOTER last_known_addr { host: "127.30.144.67" port: 34493 } health_report { overall_health: UNKNOWN } } }
I20260710 11:05:46.664357 31544 leader_election.cc:304] T 4b629a0404614e3f996513563d920abb P a7ec5d476acd470d972cdb7b4cbc1731 [CANDIDATE]: Term 1 pre-election: Election decided. Result: candidate won. Election summary: received 2 responses out of 3 voters: 2 yes votes; 0 no votes. yes voters: a6ca26d8ff414cb1817ea23875f47058, a7ec5d476acd470d972cdb7b4cbc1731; no voters: 
I20260710 11:05:46.665186 31632 raft_consensus.cc:2804] T 4b629a0404614e3f996513563d920abb P a7ec5d476acd470d972cdb7b4cbc1731 [term 0 FOLLOWER]: Leader pre-election won for term 1
I20260710 11:05:46.665616 31632 raft_consensus.cc:493] T 4b629a0404614e3f996513563d920abb P a7ec5d476acd470d972cdb7b4cbc1731 [term 0 FOLLOWER]: Starting leader election (no leader contacted us within the election timeout)
I20260710 11:05:46.666229 31626 ts_tablet_manager.cc:1403] T 68f3947464db4158b919f0e66d303540 P a7ec5d476acd470d972cdb7b4cbc1731: Time spent bootstrapping tablet: real 0.045s	user 0.007s	sys 0.007s
I20260710 11:05:46.665786 31625 tablet_bootstrap.cc:654] T 72e248ffa5a74edc8d34a3b18a5e6db8 P a6ca26d8ff414cb1817ea23875f47058: Neither blocks nor log segments found. Creating new log.
I20260710 11:05:46.666311 31632 raft_consensus.cc:3060] T 4b629a0404614e3f996513563d920abb P a7ec5d476acd470d972cdb7b4cbc1731 [term 0 FOLLOWER]: Advancing to term 1
I20260710 11:05:46.673029 31626 raft_consensus.cc:359] T 68f3947464db4158b919f0e66d303540 P a7ec5d476acd470d972cdb7b4cbc1731 [term 0 FOLLOWER]: Replica starting. Triggering 0 pending ops. Active config: opid_index: -1 OBSOLETE_local: false peers { permanent_uuid: "a6ca26d8ff414cb1817ea23875f47058" member_type: VOTER last_known_addr { host: "127.30.144.65" port: 33175 } } peers { permanent_uuid: "6ba8f32af28346ac804096dd6e97e45c" member_type: VOTER last_known_addr { host: "127.30.144.66" port: 42355 } } peers { permanent_uuid: "a7ec5d476acd470d972cdb7b4cbc1731" member_type: VOTER last_known_addr { host: "127.30.144.67" port: 34493 } }
I20260710 11:05:46.674044 31626 raft_consensus.cc:385] T 68f3947464db4158b919f0e66d303540 P a7ec5d476acd470d972cdb7b4cbc1731 [term 0 FOLLOWER]: Consensus starting up: Expiring failure detector timer to make a prompt election more likely
I20260710 11:05:46.674414 31626 raft_consensus.cc:740] T 68f3947464db4158b919f0e66d303540 P a7ec5d476acd470d972cdb7b4cbc1731 [term 0 FOLLOWER]: Becoming Follower/Learner. State: Replica: a7ec5d476acd470d972cdb7b4cbc1731, State: Initialized, Role: FOLLOWER
I20260710 11:05:46.677677 31626 consensus_queue.cc:260] T 68f3947464db4158b919f0e66d303540 P a7ec5d476acd470d972cdb7b4cbc1731 [NON_LEADER]: Queue going to NON_LEADER mode. State: All replicated index: 0, Majority replicated index: 0, Committed index: 0, Last appended: 0.0, Last appended by leader: 0, Current term: 0, Majority size: -1, State: 0, Mode: NON_LEADER, active raft config: opid_index: -1 OBSOLETE_local: false peers { permanent_uuid: "a6ca26d8ff414cb1817ea23875f47058" member_type: VOTER last_known_addr { host: "127.30.144.65" port: 33175 } } peers { permanent_uuid: "6ba8f32af28346ac804096dd6e97e45c" member_type: VOTER last_known_addr { host: "127.30.144.66" port: 42355 } } peers { permanent_uuid: "a7ec5d476acd470d972cdb7b4cbc1731" member_type: VOTER last_known_addr { host: "127.30.144.67" port: 34493 } }
I20260710 11:05:46.682909 31626 ts_tablet_manager.cc:1434] T 68f3947464db4158b919f0e66d303540 P a7ec5d476acd470d972cdb7b4cbc1731: Time spent starting tablet: real 0.016s	user 0.007s	sys 0.000s
I20260710 11:05:46.679032 31632 raft_consensus.cc:515] T 4b629a0404614e3f996513563d920abb P a7ec5d476acd470d972cdb7b4cbc1731 [term 1 FOLLOWER]: Starting leader election with config: opid_index: -1 OBSOLETE_local: false peers { permanent_uuid: "a6ca26d8ff414cb1817ea23875f47058" member_type: VOTER last_known_addr { host: "127.30.144.65" port: 33175 } } peers { permanent_uuid: "6ba8f32af28346ac804096dd6e97e45c" member_type: VOTER last_known_addr { host: "127.30.144.66" port: 42355 } } peers { permanent_uuid: "a7ec5d476acd470d972cdb7b4cbc1731" member_type: VOTER last_known_addr { host: "127.30.144.67" port: 34493 } }
I20260710 11:05:46.686084 31626 tablet_bootstrap.cc:492] T 72e248ffa5a74edc8d34a3b18a5e6db8 P a7ec5d476acd470d972cdb7b4cbc1731: Bootstrap starting.
I20260710 11:05:46.687759 31430 tablet_service.cc:1917] Received RequestConsensusVote() RPC: tablet_id: "4b629a0404614e3f996513563d920abb" candidate_uuid: "a7ec5d476acd470d972cdb7b4cbc1731" candidate_term: 1 candidate_status { last_received { term: 0 index: 0 } } ignore_live_leader: false dest_uuid: "a6ca26d8ff414cb1817ea23875f47058"
I20260710 11:05:46.688311 31430 raft_consensus.cc:3060] T 4b629a0404614e3f996513563d920abb P a6ca26d8ff414cb1817ea23875f47058 [term 0 FOLLOWER]: Advancing to term 1
I20260710 11:05:46.696659 31430 raft_consensus.cc:2468] T 4b629a0404614e3f996513563d920abb P a6ca26d8ff414cb1817ea23875f47058 [term 1 FOLLOWER]: Leader election vote request: Granting yes vote for candidate a7ec5d476acd470d972cdb7b4cbc1731 in term 1.
I20260710 11:05:46.698011 31544 leader_election.cc:304] T 4b629a0404614e3f996513563d920abb P a7ec5d476acd470d972cdb7b4cbc1731 [CANDIDATE]: Term 1 election: Election decided. Result: candidate won. Election summary: received 2 responses out of 3 voters: 2 yes votes; 0 no votes. yes voters: a6ca26d8ff414cb1817ea23875f47058, a7ec5d476acd470d972cdb7b4cbc1731; no voters: 
I20260710 11:05:46.699020 31665 raft_consensus.cc:2804] T 4b629a0404614e3f996513563d920abb P a7ec5d476acd470d972cdb7b4cbc1731 [term 1 FOLLOWER]: Leader election won for term 1
I20260710 11:05:46.699147 31625 tablet_bootstrap.cc:492] T 72e248ffa5a74edc8d34a3b18a5e6db8 P a6ca26d8ff414cb1817ea23875f47058: No bootstrap required, opened a new log
I20260710 11:05:46.700001 31625 ts_tablet_manager.cc:1403] T 72e248ffa5a74edc8d34a3b18a5e6db8 P a6ca26d8ff414cb1817ea23875f47058: Time spent bootstrapping tablet: real 0.053s	user 0.026s	sys 0.009s
I20260710 11:05:46.701349 31651 raft_consensus.cc:493] T d056cf6b21364bc6b311bbb65b4efa03 P a6ca26d8ff414cb1817ea23875f47058 [term 0 FOLLOWER]: Starting pre-election (no leader contacted us within the election timeout)
I20260710 11:05:46.703118 31651 raft_consensus.cc:515] T d056cf6b21364bc6b311bbb65b4efa03 P a6ca26d8ff414cb1817ea23875f47058 [term 0 FOLLOWER]: Starting pre-election with config: opid_index: -1 OBSOLETE_local: false peers { permanent_uuid: "a6ca26d8ff414cb1817ea23875f47058" member_type: VOTER last_known_addr { host: "127.30.144.65" port: 33175 } } peers { permanent_uuid: "6ba8f32af28346ac804096dd6e97e45c" member_type: VOTER last_known_addr { host: "127.30.144.66" port: 42355 } } peers { permanent_uuid: "a7ec5d476acd470d972cdb7b4cbc1731" member_type: VOTER last_known_addr { host: "127.30.144.67" port: 34493 } }
I20260710 11:05:46.706303 31626 tablet_bootstrap.cc:654] T 72e248ffa5a74edc8d34a3b18a5e6db8 P a7ec5d476acd470d972cdb7b4cbc1731: Neither blocks nor log segments found. Creating new log.
I20260710 11:05:46.706535 31625 raft_consensus.cc:359] T 72e248ffa5a74edc8d34a3b18a5e6db8 P a6ca26d8ff414cb1817ea23875f47058 [term 0 FOLLOWER]: Replica starting. Triggering 0 pending ops. Active config: opid_index: -1 OBSOLETE_local: false peers { permanent_uuid: "a6ca26d8ff414cb1817ea23875f47058" member_type: VOTER last_known_addr { host: "127.30.144.65" port: 33175 } } peers { permanent_uuid: "6ba8f32af28346ac804096dd6e97e45c" member_type: VOTER last_known_addr { host: "127.30.144.66" port: 42355 } } peers { permanent_uuid: "a7ec5d476acd470d972cdb7b4cbc1731" member_type: VOTER last_known_addr { host: "127.30.144.67" port: 34493 } }
I20260710 11:05:46.708048 31625 raft_consensus.cc:385] T 72e248ffa5a74edc8d34a3b18a5e6db8 P a6ca26d8ff414cb1817ea23875f47058 [term 0 FOLLOWER]: Consensus starting up: Expiring failure detector timer to make a prompt election more likely
I20260710 11:05:46.708125 31506 tablet_service.cc:1917] Received RequestConsensusVote() RPC: tablet_id: "d056cf6b21364bc6b311bbb65b4efa03" candidate_uuid: "a6ca26d8ff414cb1817ea23875f47058" candidate_term: 1 candidate_status { last_received { term: 0 index: 0 } } ignore_live_leader: false dest_uuid: "6ba8f32af28346ac804096dd6e97e45c" is_pre_election: true
I20260710 11:05:46.708461 31625 raft_consensus.cc:740] T 72e248ffa5a74edc8d34a3b18a5e6db8 P a6ca26d8ff414cb1817ea23875f47058 [term 0 FOLLOWER]: Becoming Follower/Learner. State: Replica: a6ca26d8ff414cb1817ea23875f47058, State: Initialized, Role: FOLLOWER
I20260710 11:05:46.708962 31506 raft_consensus.cc:2468] T d056cf6b21364bc6b311bbb65b4efa03 P 6ba8f32af28346ac804096dd6e97e45c [term 0 FOLLOWER]: Leader pre-election vote request: Granting yes vote for candidate a6ca26d8ff414cb1817ea23875f47058 in term 0.
I20260710 11:05:46.709375 31625 consensus_queue.cc:260] T 72e248ffa5a74edc8d34a3b18a5e6db8 P a6ca26d8ff414cb1817ea23875f47058 [NON_LEADER]: Queue going to NON_LEADER mode. State: All replicated index: 0, Majority replicated index: 0, Committed index: 0, Last appended: 0.0, Last appended by leader: 0, Current term: 0, Majority size: -1, State: 0, Mode: NON_LEADER, active raft config: opid_index: -1 OBSOLETE_local: false peers { permanent_uuid: "a6ca26d8ff414cb1817ea23875f47058" member_type: VOTER last_known_addr { host: "127.30.144.65" port: 33175 } } peers { permanent_uuid: "6ba8f32af28346ac804096dd6e97e45c" member_type: VOTER last_known_addr { host: "127.30.144.66" port: 42355 } } peers { permanent_uuid: "a7ec5d476acd470d972cdb7b4cbc1731" member_type: VOTER last_known_addr { host: "127.30.144.67" port: 34493 } }
I20260710 11:05:46.710525 31651 leader_election.cc:290] T d056cf6b21364bc6b311bbb65b4efa03 P a6ca26d8ff414cb1817ea23875f47058 [CANDIDATE]: Term 1 pre-election: Requested pre-vote from peers 6ba8f32af28346ac804096dd6e97e45c (127.30.144.66:42355), a7ec5d476acd470d972cdb7b4cbc1731 (127.30.144.67:34493)
I20260710 11:05:46.711964 31580 tablet_service.cc:1917] Received RequestConsensusVote() RPC: tablet_id: "d056cf6b21364bc6b311bbb65b4efa03" candidate_uuid: "a6ca26d8ff414cb1817ea23875f47058" candidate_term: 1 candidate_status { last_received { term: 0 index: 0 } } ignore_live_leader: false dest_uuid: "a7ec5d476acd470d972cdb7b4cbc1731" is_pre_election: true
I20260710 11:05:46.713110 31625 ts_tablet_manager.cc:1434] T 72e248ffa5a74edc8d34a3b18a5e6db8 P a6ca26d8ff414cb1817ea23875f47058: Time spent starting tablet: real 0.013s	user 0.005s	sys 0.004s
W20260710 11:05:46.713902 31395 leader_election.cc:343] T d056cf6b21364bc6b311bbb65b4efa03 P a6ca26d8ff414cb1817ea23875f47058 [CANDIDATE]: Term 1 pre-election: Tablet error from VoteRequest() call to peer a7ec5d476acd470d972cdb7b4cbc1731 (127.30.144.67:34493): Illegal state: must be running to vote when last-logged opid is not known
I20260710 11:05:46.714462 31625 tablet_bootstrap.cc:492] T 68f3947464db4158b919f0e66d303540 P a6ca26d8ff414cb1817ea23875f47058: Bootstrap starting.
I20260710 11:05:46.715090 31396 leader_election.cc:304] T d056cf6b21364bc6b311bbb65b4efa03 P a6ca26d8ff414cb1817ea23875f47058 [CANDIDATE]: Term 1 pre-election: Election decided. Result: candidate won. Election summary: received 3 responses out of 3 voters: 2 yes votes; 1 no votes. yes voters: 6ba8f32af28346ac804096dd6e97e45c, a6ca26d8ff414cb1817ea23875f47058; no voters: a7ec5d476acd470d972cdb7b4cbc1731
I20260710 11:05:46.716118 31651 raft_consensus.cc:2804] T d056cf6b21364bc6b311bbb65b4efa03 P a6ca26d8ff414cb1817ea23875f47058 [term 0 FOLLOWER]: Leader pre-election won for term 1
I20260710 11:05:46.716727 31651 raft_consensus.cc:493] T d056cf6b21364bc6b311bbb65b4efa03 P a6ca26d8ff414cb1817ea23875f47058 [term 0 FOLLOWER]: Starting leader election (no leader contacted us within the election timeout)
I20260710 11:05:46.717106 31651 raft_consensus.cc:3060] T d056cf6b21364bc6b311bbb65b4efa03 P a6ca26d8ff414cb1817ea23875f47058 [term 0 FOLLOWER]: Advancing to term 1
I20260710 11:05:46.723934 31506 tablet_service.cc:1917] Received RequestConsensusVote() RPC: tablet_id: "4b629a0404614e3f996513563d920abb" candidate_uuid: "a7ec5d476acd470d972cdb7b4cbc1731" candidate_term: 1 candidate_status { last_received { term: 0 index: 0 } } ignore_live_leader: false dest_uuid: "6ba8f32af28346ac804096dd6e97e45c"
I20260710 11:05:46.724614 31506 raft_consensus.cc:3060] T 4b629a0404614e3f996513563d920abb P 6ba8f32af28346ac804096dd6e97e45c [term 0 FOLLOWER]: Advancing to term 1
I20260710 11:05:46.727119 31625 tablet_bootstrap.cc:654] T 68f3947464db4158b919f0e66d303540 P a6ca26d8ff414cb1817ea23875f47058: Neither blocks nor log segments found. Creating new log.
I20260710 11:05:46.728287 31626 tablet_bootstrap.cc:492] T 72e248ffa5a74edc8d34a3b18a5e6db8 P a7ec5d476acd470d972cdb7b4cbc1731: No bootstrap required, opened a new log
I20260710 11:05:46.728775 31626 ts_tablet_manager.cc:1403] T 72e248ffa5a74edc8d34a3b18a5e6db8 P a7ec5d476acd470d972cdb7b4cbc1731: Time spent bootstrapping tablet: real 0.043s	user 0.015s	sys 0.004s
I20260710 11:05:46.731712 31632 leader_election.cc:290] T 4b629a0404614e3f996513563d920abb P a7ec5d476acd470d972cdb7b4cbc1731 [CANDIDATE]: Term 1 election: Requested vote from peers a6ca26d8ff414cb1817ea23875f47058 (127.30.144.65:33175), 6ba8f32af28346ac804096dd6e97e45c (127.30.144.66:42355)
I20260710 11:05:46.736073 31626 raft_consensus.cc:359] T 72e248ffa5a74edc8d34a3b18a5e6db8 P a7ec5d476acd470d972cdb7b4cbc1731 [term 0 FOLLOWER]: Replica starting. Triggering 0 pending ops. Active config: opid_index: -1 OBSOLETE_local: false peers { permanent_uuid: "a6ca26d8ff414cb1817ea23875f47058" member_type: VOTER last_known_addr { host: "127.30.144.65" port: 33175 } } peers { permanent_uuid: "6ba8f32af28346ac804096dd6e97e45c" member_type: VOTER last_known_addr { host: "127.30.144.66" port: 42355 } } peers { permanent_uuid: "a7ec5d476acd470d972cdb7b4cbc1731" member_type: VOTER last_known_addr { host: "127.30.144.67" port: 34493 } }
I20260710 11:05:46.738607 31626 raft_consensus.cc:385] T 72e248ffa5a74edc8d34a3b18a5e6db8 P a7ec5d476acd470d972cdb7b4cbc1731 [term 0 FOLLOWER]: Consensus starting up: Expiring failure detector timer to make a prompt election more likely
I20260710 11:05:46.739012 31626 raft_consensus.cc:740] T 72e248ffa5a74edc8d34a3b18a5e6db8 P a7ec5d476acd470d972cdb7b4cbc1731 [term 0 FOLLOWER]: Becoming Follower/Learner. State: Replica: a7ec5d476acd470d972cdb7b4cbc1731, State: Initialized, Role: FOLLOWER
I20260710 11:05:46.746477 31326 catalog_manager.cc:5697] T bb92e608cff74c7aa23b5207691aa379 P a6ca26d8ff414cb1817ea23875f47058 reported cstate change: term changed from 0 to 1, leader changed from <none> to a6ca26d8ff414cb1817ea23875f47058 (127.30.144.65). New cstate: current_term: 1 leader_uuid: "a6ca26d8ff414cb1817ea23875f47058" committed_config { opid_index: -1 OBSOLETE_local: false peers { permanent_uuid: "a6ca26d8ff414cb1817ea23875f47058" member_type: VOTER last_known_addr { host: "127.30.144.65" port: 33175 } health_report { overall_health: HEALTHY } } peers { permanent_uuid: "6ba8f32af28346ac804096dd6e97e45c" member_type: VOTER last_known_addr { host: "127.30.144.66" port: 42355 } health_report { overall_health: UNKNOWN } } peers { permanent_uuid: "a7ec5d476acd470d972cdb7b4cbc1731" member_type: VOTER last_known_addr { host: "127.30.144.67" port: 34493 } health_report { overall_health: UNKNOWN } } }
I20260710 11:05:46.748894 31326 catalog_manager.cc:5697] T 9e515175c962417da11abb3e818bdb23 P a6ca26d8ff414cb1817ea23875f47058 reported cstate change: term changed from 0 to 1, leader changed from <none> to a6ca26d8ff414cb1817ea23875f47058 (127.30.144.65). New cstate: current_term: 1 leader_uuid: "a6ca26d8ff414cb1817ea23875f47058" committed_config { opid_index: -1 OBSOLETE_local: false peers { permanent_uuid: "a6ca26d8ff414cb1817ea23875f47058" member_type: VOTER last_known_addr { host: "127.30.144.65" port: 33175 } health_report { overall_health: HEALTHY } } peers { permanent_uuid: "6ba8f32af28346ac804096dd6e97e45c" member_type: VOTER last_known_addr { host: "127.30.144.66" port: 42355 } health_report { overall_health: UNKNOWN } } peers { permanent_uuid: "a7ec5d476acd470d972cdb7b4cbc1731" member_type: VOTER last_known_addr { host: "127.30.144.67" port: 34493 } health_report { overall_health: UNKNOWN } } }
I20260710 11:05:46.751461 31625 tablet_bootstrap.cc:492] T 68f3947464db4158b919f0e66d303540 P a6ca26d8ff414cb1817ea23875f47058: No bootstrap required, opened a new log
I20260710 11:05:46.752017 31625 ts_tablet_manager.cc:1403] T 68f3947464db4158b919f0e66d303540 P a6ca26d8ff414cb1817ea23875f47058: Time spent bootstrapping tablet: real 0.038s	user 0.015s	sys 0.013s
I20260710 11:05:46.751892 31651 raft_consensus.cc:515] T d056cf6b21364bc6b311bbb65b4efa03 P a6ca26d8ff414cb1817ea23875f47058 [term 1 FOLLOWER]: Starting leader election with config: opid_index: -1 OBSOLETE_local: false peers { permanent_uuid: "a6ca26d8ff414cb1817ea23875f47058" member_type: VOTER last_known_addr { host: "127.30.144.65" port: 33175 } } peers { permanent_uuid: "6ba8f32af28346ac804096dd6e97e45c" member_type: VOTER last_known_addr { host: "127.30.144.66" port: 42355 } } peers { permanent_uuid: "a7ec5d476acd470d972cdb7b4cbc1731" member_type: VOTER last_known_addr { host: "127.30.144.67" port: 34493 } }
I20260710 11:05:46.754488 31506 raft_consensus.cc:2468] T 4b629a0404614e3f996513563d920abb P 6ba8f32af28346ac804096dd6e97e45c [term 1 FOLLOWER]: Leader election vote request: Granting yes vote for candidate a7ec5d476acd470d972cdb7b4cbc1731 in term 1.
I20260710 11:05:46.740835 31626 consensus_queue.cc:260] T 72e248ffa5a74edc8d34a3b18a5e6db8 P a7ec5d476acd470d972cdb7b4cbc1731 [NON_LEADER]: Queue going to NON_LEADER mode. State: All replicated index: 0, Majority replicated index: 0, Committed index: 0, Last appended: 0.0, Last appended by leader: 0, Current term: 0, Majority size: -1, State: 0, Mode: NON_LEADER, active raft config: opid_index: -1 OBSOLETE_local: false peers { permanent_uuid: "a6ca26d8ff414cb1817ea23875f47058" member_type: VOTER last_known_addr { host: "127.30.144.65" port: 33175 } } peers { permanent_uuid: "6ba8f32af28346ac804096dd6e97e45c" member_type: VOTER last_known_addr { host: "127.30.144.66" port: 42355 } } peers { permanent_uuid: "a7ec5d476acd470d972cdb7b4cbc1731" member_type: VOTER last_known_addr { host: "127.30.144.67" port: 34493 } }
I20260710 11:05:46.758351 31626 ts_tablet_manager.cc:1434] T 72e248ffa5a74edc8d34a3b18a5e6db8 P a7ec5d476acd470d972cdb7b4cbc1731: Time spent starting tablet: real 0.029s	user 0.008s	sys 0.003s
I20260710 11:05:46.754869 31625 raft_consensus.cc:359] T 68f3947464db4158b919f0e66d303540 P a6ca26d8ff414cb1817ea23875f47058 [term 0 FOLLOWER]: Replica starting. Triggering 0 pending ops. Active config: opid_index: -1 OBSOLETE_local: false peers { permanent_uuid: "a6ca26d8ff414cb1817ea23875f47058" member_type: VOTER last_known_addr { host: "127.30.144.65" port: 33175 } } peers { permanent_uuid: "6ba8f32af28346ac804096dd6e97e45c" member_type: VOTER last_known_addr { host: "127.30.144.66" port: 42355 } } peers { permanent_uuid: "a7ec5d476acd470d972cdb7b4cbc1731" member_type: VOTER last_known_addr { host: "127.30.144.67" port: 34493 } }
I20260710 11:05:46.758827 31625 raft_consensus.cc:385] T 68f3947464db4158b919f0e66d303540 P a6ca26d8ff414cb1817ea23875f47058 [term 0 FOLLOWER]: Consensus starting up: Expiring failure detector timer to make a prompt election more likely
I20260710 11:05:46.758752 31665 raft_consensus.cc:697] T 4b629a0404614e3f996513563d920abb P a7ec5d476acd470d972cdb7b4cbc1731 [term 1 LEADER]: Becoming Leader. State: Replica: a7ec5d476acd470d972cdb7b4cbc1731, State: Running, Role: LEADER
I20260710 11:05:46.759194 31625 raft_consensus.cc:740] T 68f3947464db4158b919f0e66d303540 P a6ca26d8ff414cb1817ea23875f47058 [term 0 FOLLOWER]: Becoming Follower/Learner. State: Replica: a6ca26d8ff414cb1817ea23875f47058, State: Initialized, Role: FOLLOWER
I20260710 11:05:46.759853 31665 consensus_queue.cc:237] T 4b629a0404614e3f996513563d920abb P a7ec5d476acd470d972cdb7b4cbc1731 [LEADER]: Queue going to LEADER mode. State: All replicated index: 0, Majority replicated index: 0, Committed index: 0, Last appended: 0.0, Last appended by leader: 0, Current term: 1, Majority size: 2, State: 0, Mode: LEADER, active raft config: opid_index: -1 OBSOLETE_local: false peers { permanent_uuid: "a6ca26d8ff414cb1817ea23875f47058" member_type: VOTER last_known_addr { host: "127.30.144.65" port: 33175 } } peers { permanent_uuid: "6ba8f32af28346ac804096dd6e97e45c" member_type: VOTER last_known_addr { host: "127.30.144.66" port: 42355 } } peers { permanent_uuid: "a7ec5d476acd470d972cdb7b4cbc1731" member_type: VOTER last_known_addr { host: "127.30.144.67" port: 34493 } }
I20260710 11:05:46.761036 31626 tablet_bootstrap.cc:492] T 9e515175c962417da11abb3e818bdb23 P a7ec5d476acd470d972cdb7b4cbc1731: Bootstrap starting.
I20260710 11:05:46.759864 31625 consensus_queue.cc:260] T 68f3947464db4158b919f0e66d303540 P a6ca26d8ff414cb1817ea23875f47058 [NON_LEADER]: Queue going to NON_LEADER mode. State: All replicated index: 0, Majority replicated index: 0, Committed index: 0, Last appended: 0.0, Last appended by leader: 0, Current term: 0, Majority size: -1, State: 0, Mode: NON_LEADER, active raft config: opid_index: -1 OBSOLETE_local: false peers { permanent_uuid: "a6ca26d8ff414cb1817ea23875f47058" member_type: VOTER last_known_addr { host: "127.30.144.65" port: 33175 } } peers { permanent_uuid: "6ba8f32af28346ac804096dd6e97e45c" member_type: VOTER last_known_addr { host: "127.30.144.66" port: 42355 } } peers { permanent_uuid: "a7ec5d476acd470d972cdb7b4cbc1731" member_type: VOTER last_known_addr { host: "127.30.144.67" port: 34493 } }
I20260710 11:05:46.765064 31625 ts_tablet_manager.cc:1434] T 68f3947464db4158b919f0e66d303540 P a6ca26d8ff414cb1817ea23875f47058: Time spent starting tablet: real 0.013s	user 0.005s	sys 0.000s
I20260710 11:05:46.765923 31625 tablet_bootstrap.cc:492] T 5823b73299e9400687a14a553772708b P a6ca26d8ff414cb1817ea23875f47058: Bootstrap starting.
I20260710 11:05:46.768241 31579 tablet_service.cc:1917] Received RequestConsensusVote() RPC: tablet_id: "d056cf6b21364bc6b311bbb65b4efa03" candidate_uuid: "a6ca26d8ff414cb1817ea23875f47058" candidate_term: 1 candidate_status { last_received { term: 0 index: 0 } } ignore_live_leader: false dest_uuid: "a7ec5d476acd470d972cdb7b4cbc1731"
I20260710 11:05:46.766945 31651 leader_election.cc:290] T d056cf6b21364bc6b311bbb65b4efa03 P a6ca26d8ff414cb1817ea23875f47058 [CANDIDATE]: Term 1 election: Requested vote from peers 6ba8f32af28346ac804096dd6e97e45c (127.30.144.66:42355), a7ec5d476acd470d972cdb7b4cbc1731 (127.30.144.67:34493)
W20260710 11:05:46.765903 31376 auto_rebalancer.cc:288] Could not retrieve cluster info: Service unavailable: Tablet not running
W20260710 11:05:46.769641 31395 leader_election.cc:343] T d056cf6b21364bc6b311bbb65b4efa03 P a6ca26d8ff414cb1817ea23875f47058 [CANDIDATE]: Term 1 election: Tablet error from VoteRequest() call to peer a7ec5d476acd470d972cdb7b4cbc1731 (127.30.144.67:34493): Illegal state: must be running to vote when last-logged opid is not known
I20260710 11:05:46.766346 31506 tablet_service.cc:1917] Received RequestConsensusVote() RPC: tablet_id: "d056cf6b21364bc6b311bbb65b4efa03" candidate_uuid: "a6ca26d8ff414cb1817ea23875f47058" candidate_term: 1 candidate_status { last_received { term: 0 index: 0 } } ignore_live_leader: false dest_uuid: "6ba8f32af28346ac804096dd6e97e45c"
I20260710 11:05:46.771178 31506 raft_consensus.cc:3060] T d056cf6b21364bc6b311bbb65b4efa03 P 6ba8f32af28346ac804096dd6e97e45c [term 0 FOLLOWER]: Advancing to term 1
I20260710 11:05:46.771736 31651 consensus_queue.cc:1048] T 3f2b47974cfa4adfa3d392836884e45e P a6ca26d8ff414cb1817ea23875f47058 [LEADER]: Connected to new peer: Peer: permanent_uuid: "a7ec5d476acd470d972cdb7b4cbc1731" member_type: VOTER last_known_addr { host: "127.30.144.67" port: 34493 }, Status: LMP_MISMATCH, Last received: 0.0, Next index: 1, Last known committed idx: 0, Time since last communication: 0.000s
I20260710 11:05:46.772461 31649 raft_consensus.cc:493] T 68f3947464db4158b919f0e66d303540 P a6ca26d8ff414cb1817ea23875f47058 [term 0 FOLLOWER]: Starting pre-election (no leader contacted us within the election timeout)
I20260710 11:05:46.781780 31649 raft_consensus.cc:515] T 68f3947464db4158b919f0e66d303540 P a6ca26d8ff414cb1817ea23875f47058 [term 0 FOLLOWER]: Starting pre-election with config: opid_index: -1 OBSOLETE_local: false peers { permanent_uuid: "a6ca26d8ff414cb1817ea23875f47058" member_type: VOTER last_known_addr { host: "127.30.144.65" port: 33175 } } peers { permanent_uuid: "6ba8f32af28346ac804096dd6e97e45c" member_type: VOTER last_known_addr { host: "127.30.144.66" port: 42355 } } peers { permanent_uuid: "a7ec5d476acd470d972cdb7b4cbc1731" member_type: VOTER last_known_addr { host: "127.30.144.67" port: 34493 } }
I20260710 11:05:46.786214 31579 tablet_service.cc:1917] Received RequestConsensusVote() RPC: tablet_id: "68f3947464db4158b919f0e66d303540" candidate_uuid: "a6ca26d8ff414cb1817ea23875f47058" candidate_term: 1 candidate_status { last_received { term: 0 index: 0 } } ignore_live_leader: false dest_uuid: "a7ec5d476acd470d972cdb7b4cbc1731" is_pre_election: true
I20260710 11:05:46.786432 31507 tablet_service.cc:1917] Received RequestConsensusVote() RPC: tablet_id: "68f3947464db4158b919f0e66d303540" candidate_uuid: "a6ca26d8ff414cb1817ea23875f47058" candidate_term: 1 candidate_status { last_received { term: 0 index: 0 } } ignore_live_leader: false dest_uuid: "6ba8f32af28346ac804096dd6e97e45c" is_pre_election: true
I20260710 11:05:46.786954 31579 raft_consensus.cc:2468] T 68f3947464db4158b919f0e66d303540 P a7ec5d476acd470d972cdb7b4cbc1731 [term 0 FOLLOWER]: Leader pre-election vote request: Granting yes vote for candidate a6ca26d8ff414cb1817ea23875f47058 in term 0.
I20260710 11:05:46.787251 31625 tablet_bootstrap.cc:654] T 5823b73299e9400687a14a553772708b P a6ca26d8ff414cb1817ea23875f47058: Neither blocks nor log segments found. Creating new log.
I20260710 11:05:46.788502 31395 leader_election.cc:304] T 68f3947464db4158b919f0e66d303540 P a6ca26d8ff414cb1817ea23875f47058 [CANDIDATE]: Term 1 pre-election: Election decided. Result: candidate won. Election summary: received 2 responses out of 3 voters: 2 yes votes; 0 no votes. yes voters: a6ca26d8ff414cb1817ea23875f47058, a7ec5d476acd470d972cdb7b4cbc1731; no voters: 
I20260710 11:05:46.787031 31507 raft_consensus.cc:2468] T 68f3947464db4158b919f0e66d303540 P 6ba8f32af28346ac804096dd6e97e45c [term 0 FOLLOWER]: Leader pre-election vote request: Granting yes vote for candidate a6ca26d8ff414cb1817ea23875f47058 in term 0.
I20260710 11:05:46.786252 31649 leader_election.cc:290] T 68f3947464db4158b919f0e66d303540 P a6ca26d8ff414cb1817ea23875f47058 [CANDIDATE]: Term 1 pre-election: Requested pre-vote from peers 6ba8f32af28346ac804096dd6e97e45c (127.30.144.66:42355), a7ec5d476acd470d972cdb7b4cbc1731 (127.30.144.67:34493)
I20260710 11:05:46.791321 31649 raft_consensus.cc:2804] T 68f3947464db4158b919f0e66d303540 P a6ca26d8ff414cb1817ea23875f47058 [term 0 FOLLOWER]: Leader pre-election won for term 1
I20260710 11:05:46.791806 31649 raft_consensus.cc:493] T 68f3947464db4158b919f0e66d303540 P a6ca26d8ff414cb1817ea23875f47058 [term 0 FOLLOWER]: Starting leader election (no leader contacted us within the election timeout)
I20260710 11:05:46.792233 31649 raft_consensus.cc:3060] T 68f3947464db4158b919f0e66d303540 P a6ca26d8ff414cb1817ea23875f47058 [term 0 FOLLOWER]: Advancing to term 1
I20260710 11:05:46.803516 31651 consensus_queue.cc:1048] T 3f2b47974cfa4adfa3d392836884e45e P a6ca26d8ff414cb1817ea23875f47058 [LEADER]: Connected to new peer: Peer: permanent_uuid: "6ba8f32af28346ac804096dd6e97e45c" member_type: VOTER last_known_addr { host: "127.30.144.66" port: 42355 }, Status: LMP_MISMATCH, Last received: 0.0, Next index: 1, Last known committed idx: 0, Time since last communication: 0.000s
I20260710 11:05:46.804158 31626 tablet_bootstrap.cc:654] T 9e515175c962417da11abb3e818bdb23 P a7ec5d476acd470d972cdb7b4cbc1731: Neither blocks nor log segments found. Creating new log.
I20260710 11:05:46.806684 31329 catalog_manager.cc:5697] T 4b629a0404614e3f996513563d920abb P a7ec5d476acd470d972cdb7b4cbc1731 reported cstate change: term changed from 0 to 1, leader changed from <none> to a7ec5d476acd470d972cdb7b4cbc1731 (127.30.144.67). New cstate: current_term: 1 leader_uuid: "a7ec5d476acd470d972cdb7b4cbc1731" committed_config { opid_index: -1 OBSOLETE_local: false peers { permanent_uuid: "a6ca26d8ff414cb1817ea23875f47058" member_type: VOTER last_known_addr { host: "127.30.144.65" port: 33175 } health_report { overall_health: UNKNOWN } } peers { permanent_uuid: "6ba8f32af28346ac804096dd6e97e45c" member_type: VOTER last_known_addr { host: "127.30.144.66" port: 42355 } health_report { overall_health: UNKNOWN } } peers { permanent_uuid: "a7ec5d476acd470d972cdb7b4cbc1731" member_type: VOTER last_known_addr { host: "127.30.144.67" port: 34493 } health_report { overall_health: HEALTHY } } }
I20260710 11:05:46.809894 31506 raft_consensus.cc:2468] T d056cf6b21364bc6b311bbb65b4efa03 P 6ba8f32af28346ac804096dd6e97e45c [term 1 FOLLOWER]: Leader election vote request: Granting yes vote for candidate a6ca26d8ff414cb1817ea23875f47058 in term 1.
I20260710 11:05:46.812254 31649 raft_consensus.cc:515] T 68f3947464db4158b919f0e66d303540 P a6ca26d8ff414cb1817ea23875f47058 [term 1 FOLLOWER]: Starting leader election with config: opid_index: -1 OBSOLETE_local: false peers { permanent_uuid: "a6ca26d8ff414cb1817ea23875f47058" member_type: VOTER last_known_addr { host: "127.30.144.65" port: 33175 } } peers { permanent_uuid: "6ba8f32af28346ac804096dd6e97e45c" member_type: VOTER last_known_addr { host: "127.30.144.66" port: 42355 } } peers { permanent_uuid: "a7ec5d476acd470d972cdb7b4cbc1731" member_type: VOTER last_known_addr { host: "127.30.144.67" port: 34493 } }
I20260710 11:05:46.818635 31625 tablet_bootstrap.cc:492] T 5823b73299e9400687a14a553772708b P a6ca26d8ff414cb1817ea23875f47058: No bootstrap required, opened a new log
I20260710 11:05:46.819384 31625 ts_tablet_manager.cc:1403] T 5823b73299e9400687a14a553772708b P a6ca26d8ff414cb1817ea23875f47058: Time spent bootstrapping tablet: real 0.054s	user 0.016s	sys 0.004s
I20260710 11:05:46.823591 31625 raft_consensus.cc:359] T 5823b73299e9400687a14a553772708b P a6ca26d8ff414cb1817ea23875f47058 [term 0 FOLLOWER]: Replica starting. Triggering 0 pending ops. Active config: opid_index: -1 OBSOLETE_local: false peers { permanent_uuid: "a6ca26d8ff414cb1817ea23875f47058" member_type: VOTER last_known_addr { host: "127.30.144.65" port: 33175 } } peers { permanent_uuid: "6ba8f32af28346ac804096dd6e97e45c" member_type: VOTER last_known_addr { host: "127.30.144.66" port: 42355 } } peers { permanent_uuid: "a7ec5d476acd470d972cdb7b4cbc1731" member_type: VOTER last_known_addr { host: "127.30.144.67" port: 34493 } }
I20260710 11:05:46.824440 31625 raft_consensus.cc:385] T 5823b73299e9400687a14a553772708b P a6ca26d8ff414cb1817ea23875f47058 [term 0 FOLLOWER]: Consensus starting up: Expiring failure detector timer to make a prompt election more likely
I20260710 11:05:46.828369 31625 raft_consensus.cc:740] T 5823b73299e9400687a14a553772708b P a6ca26d8ff414cb1817ea23875f47058 [term 0 FOLLOWER]: Becoming Follower/Learner. State: Replica: a6ca26d8ff414cb1817ea23875f47058, State: Initialized, Role: FOLLOWER
I20260710 11:05:46.831223 31625 consensus_queue.cc:260] T 5823b73299e9400687a14a553772708b P a6ca26d8ff414cb1817ea23875f47058 [NON_LEADER]: Queue going to NON_LEADER mode. State: All replicated index: 0, Majority replicated index: 0, Committed index: 0, Last appended: 0.0, Last appended by leader: 0, Current term: 0, Majority size: -1, State: 0, Mode: NON_LEADER, active raft config: opid_index: -1 OBSOLETE_local: false peers { permanent_uuid: "a6ca26d8ff414cb1817ea23875f47058" member_type: VOTER last_known_addr { host: "127.30.144.65" port: 33175 } } peers { permanent_uuid: "6ba8f32af28346ac804096dd6e97e45c" member_type: VOTER last_known_addr { host: "127.30.144.66" port: 42355 } } peers { permanent_uuid: "a7ec5d476acd470d972cdb7b4cbc1731" member_type: VOTER last_known_addr { host: "127.30.144.67" port: 34493 } }
I20260710 11:05:46.827206 31396 leader_election.cc:304] T d056cf6b21364bc6b311bbb65b4efa03 P a6ca26d8ff414cb1817ea23875f47058 [CANDIDATE]: Term 1 election: Election decided. Result: candidate won. Election summary: received 3 responses out of 3 voters: 2 yes votes; 1 no votes. yes voters: 6ba8f32af28346ac804096dd6e97e45c, a6ca26d8ff414cb1817ea23875f47058; no voters: a7ec5d476acd470d972cdb7b4cbc1731
I20260710 11:05:46.836285 31580 tablet_service.cc:1917] Received RequestConsensusVote() RPC: tablet_id: "68f3947464db4158b919f0e66d303540" candidate_uuid: "a6ca26d8ff414cb1817ea23875f47058" candidate_term: 1 candidate_status { last_received { term: 0 index: 0 } } ignore_live_leader: false dest_uuid: "a7ec5d476acd470d972cdb7b4cbc1731"
I20260710 11:05:46.844381 31580 raft_consensus.cc:3060] T 68f3947464db4158b919f0e66d303540 P a7ec5d476acd470d972cdb7b4cbc1731 [term 0 FOLLOWER]: Advancing to term 1
I20260710 11:05:46.838165 31649 leader_election.cc:290] T 68f3947464db4158b919f0e66d303540 P a6ca26d8ff414cb1817ea23875f47058 [CANDIDATE]: Term 1 election: Requested vote from peers 6ba8f32af28346ac804096dd6e97e45c (127.30.144.66:42355), a7ec5d476acd470d972cdb7b4cbc1731 (127.30.144.67:34493)
I20260710 11:05:46.850193 31649 raft_consensus.cc:493] T 72e248ffa5a74edc8d34a3b18a5e6db8 P a6ca26d8ff414cb1817ea23875f47058 [term 0 FOLLOWER]: Starting pre-election (no leader contacted us within the election timeout)
I20260710 11:05:46.850929 31649 raft_consensus.cc:515] T 72e248ffa5a74edc8d34a3b18a5e6db8 P a6ca26d8ff414cb1817ea23875f47058 [term 0 FOLLOWER]: Starting pre-election with config: opid_index: -1 OBSOLETE_local: false peers { permanent_uuid: "a6ca26d8ff414cb1817ea23875f47058" member_type: VOTER last_known_addr { host: "127.30.144.65" port: 33175 } } peers { permanent_uuid: "6ba8f32af28346ac804096dd6e97e45c" member_type: VOTER last_known_addr { host: "127.30.144.66" port: 42355 } } peers { permanent_uuid: "a7ec5d476acd470d972cdb7b4cbc1731" member_type: VOTER last_known_addr { host: "127.30.144.67" port: 34493 } }
I20260710 11:05:46.855546 31581 tablet_service.cc:1917] Received RequestConsensusVote() RPC: tablet_id: "72e248ffa5a74edc8d34a3b18a5e6db8" candidate_uuid: "a6ca26d8ff414cb1817ea23875f47058" candidate_term: 1 candidate_status { last_received { term: 0 index: 0 } } ignore_live_leader: false dest_uuid: "a7ec5d476acd470d972cdb7b4cbc1731" is_pre_election: true
I20260710 11:05:46.856454 31581 raft_consensus.cc:2468] T 72e248ffa5a74edc8d34a3b18a5e6db8 P a7ec5d476acd470d972cdb7b4cbc1731 [term 0 FOLLOWER]: Leader pre-election vote request: Granting yes vote for candidate a6ca26d8ff414cb1817ea23875f47058 in term 0.
I20260710 11:05:46.858120 31395 leader_election.cc:304] T 72e248ffa5a74edc8d34a3b18a5e6db8 P a6ca26d8ff414cb1817ea23875f47058 [CANDIDATE]: Term 1 pre-election: Election decided. Result: candidate won. Election summary: received 2 responses out of 3 voters: 2 yes votes; 0 no votes. yes voters: a6ca26d8ff414cb1817ea23875f47058, a7ec5d476acd470d972cdb7b4cbc1731; no voters: 
I20260710 11:05:46.860140 31651 raft_consensus.cc:2804] T d056cf6b21364bc6b311bbb65b4efa03 P a6ca26d8ff414cb1817ea23875f47058 [term 1 FOLLOWER]: Leader election won for term 1
I20260710 11:05:46.862761 31651 raft_consensus.cc:697] T d056cf6b21364bc6b311bbb65b4efa03 P a6ca26d8ff414cb1817ea23875f47058 [term 1 LEADER]: Becoming Leader. State: Replica: a6ca26d8ff414cb1817ea23875f47058, State: Running, Role: LEADER
I20260710 11:05:46.866096 31651 consensus_queue.cc:237] T d056cf6b21364bc6b311bbb65b4efa03 P a6ca26d8ff414cb1817ea23875f47058 [LEADER]: Queue going to LEADER mode. State: All replicated index: 0, Majority replicated index: 0, Committed index: 0, Last appended: 0.0, Last appended by leader: 0, Current term: 1, Majority size: 2, State: 0, Mode: LEADER, active raft config: opid_index: -1 OBSOLETE_local: false peers { permanent_uuid: "a6ca26d8ff414cb1817ea23875f47058" member_type: VOTER last_known_addr { host: "127.30.144.65" port: 33175 } } peers { permanent_uuid: "6ba8f32af28346ac804096dd6e97e45c" member_type: VOTER last_known_addr { host: "127.30.144.66" port: 42355 } } peers { permanent_uuid: "a7ec5d476acd470d972cdb7b4cbc1731" member_type: VOTER last_known_addr { host: "127.30.144.67" port: 34493 } }
I20260710 11:05:46.864792 31649 leader_election.cc:290] T 72e248ffa5a74edc8d34a3b18a5e6db8 P a6ca26d8ff414cb1817ea23875f47058 [CANDIDATE]: Term 1 pre-election: Requested pre-vote from peers 6ba8f32af28346ac804096dd6e97e45c (127.30.144.66:42355), a7ec5d476acd470d972cdb7b4cbc1731 (127.30.144.67:34493)
I20260710 11:05:46.868018 31631 raft_consensus.cc:2804] T 72e248ffa5a74edc8d34a3b18a5e6db8 P a6ca26d8ff414cb1817ea23875f47058 [term 0 FOLLOWER]: Leader pre-election won for term 1
I20260710 11:05:46.874379 31631 raft_consensus.cc:493] T 72e248ffa5a74edc8d34a3b18a5e6db8 P a6ca26d8ff414cb1817ea23875f47058 [term 0 FOLLOWER]: Starting leader election (no leader contacted us within the election timeout)
I20260710 11:05:46.875044 31631 raft_consensus.cc:3060] T 72e248ffa5a74edc8d34a3b18a5e6db8 P a6ca26d8ff414cb1817ea23875f47058 [term 0 FOLLOWER]: Advancing to term 1
W20260710 11:05:46.883561 31396 outbound_call.cc:321] RPC callback for RPC call kudu.consensus.ConsensusService.RequestConsensusVote -> {remote=127.30.144.66:42355, user_credentials={real_user=slave}} blocked reactor thread for 56444.9us
I20260710 11:05:46.892998 31507 tablet_service.cc:1917] Received RequestConsensusVote() RPC: tablet_id: "68f3947464db4158b919f0e66d303540" candidate_uuid: "a6ca26d8ff414cb1817ea23875f47058" candidate_term: 1 candidate_status { last_received { term: 0 index: 0 } } ignore_live_leader: false dest_uuid: "6ba8f32af28346ac804096dd6e97e45c"
I20260710 11:05:46.893646 31507 raft_consensus.cc:3060] T 68f3947464db4158b919f0e66d303540 P 6ba8f32af28346ac804096dd6e97e45c [term 0 FOLLOWER]: Advancing to term 1
I20260710 11:05:46.894321 31506 tablet_service.cc:1917] Received RequestConsensusVote() RPC: tablet_id: "72e248ffa5a74edc8d34a3b18a5e6db8" candidate_uuid: "a6ca26d8ff414cb1817ea23875f47058" candidate_term: 1 candidate_status { last_received { term: 0 index: 0 } } ignore_live_leader: false dest_uuid: "6ba8f32af28346ac804096dd6e97e45c" is_pre_election: true
I20260710 11:05:46.894982 31506 raft_consensus.cc:2468] T 72e248ffa5a74edc8d34a3b18a5e6db8 P 6ba8f32af28346ac804096dd6e97e45c [term 0 FOLLOWER]: Leader pre-election vote request: Granting yes vote for candidate a6ca26d8ff414cb1817ea23875f47058 in term 0.
I20260710 11:05:46.902834 31507 raft_consensus.cc:2468] T 68f3947464db4158b919f0e66d303540 P 6ba8f32af28346ac804096dd6e97e45c [term 1 FOLLOWER]: Leader election vote request: Granting yes vote for candidate a6ca26d8ff414cb1817ea23875f47058 in term 1.
I20260710 11:05:46.904222 31396 leader_election.cc:304] T 68f3947464db4158b919f0e66d303540 P a6ca26d8ff414cb1817ea23875f47058 [CANDIDATE]: Term 1 election: Election decided. Result: candidate won. Election summary: received 2 responses out of 3 voters: 2 yes votes; 0 no votes. yes voters: 6ba8f32af28346ac804096dd6e97e45c, a6ca26d8ff414cb1817ea23875f47058; no voters: 
I20260710 11:05:46.905943 31580 raft_consensus.cc:2468] T 68f3947464db4158b919f0e66d303540 P a7ec5d476acd470d972cdb7b4cbc1731 [term 1 FOLLOWER]: Leader election vote request: Granting yes vote for candidate a6ca26d8ff414cb1817ea23875f47058 in term 1.
I20260710 11:05:46.907790 31683 raft_consensus.cc:2804] T 68f3947464db4158b919f0e66d303540 P a6ca26d8ff414cb1817ea23875f47058 [term 1 FOLLOWER]: Leader election won for term 1
I20260710 11:05:46.908416 31683 raft_consensus.cc:697] T 68f3947464db4158b919f0e66d303540 P a6ca26d8ff414cb1817ea23875f47058 [term 1 LEADER]: Becoming Leader. State: Replica: a6ca26d8ff414cb1817ea23875f47058, State: Running, Role: LEADER
I20260710 11:05:46.909437 31625 ts_tablet_manager.cc:1434] T 5823b73299e9400687a14a553772708b P a6ca26d8ff414cb1817ea23875f47058: Time spent starting tablet: real 0.090s	user 0.019s	sys 0.041s
I20260710 11:05:46.886688 31631 raft_consensus.cc:515] T 72e248ffa5a74edc8d34a3b18a5e6db8 P a6ca26d8ff414cb1817ea23875f47058 [term 1 FOLLOWER]: Starting leader election with config: opid_index: -1 OBSOLETE_local: false peers { permanent_uuid: "a6ca26d8ff414cb1817ea23875f47058" member_type: VOTER last_known_addr { host: "127.30.144.65" port: 33175 } } peers { permanent_uuid: "6ba8f32af28346ac804096dd6e97e45c" member_type: VOTER last_known_addr { host: "127.30.144.66" port: 42355 } } peers { permanent_uuid: "a7ec5d476acd470d972cdb7b4cbc1731" member_type: VOTER last_known_addr { host: "127.30.144.67" port: 34493 } }
I20260710 11:05:46.910352 31683 consensus_queue.cc:237] T 68f3947464db4158b919f0e66d303540 P a6ca26d8ff414cb1817ea23875f47058 [LEADER]: Queue going to LEADER mode. State: All replicated index: 0, Majority replicated index: 0, Committed index: 0, Last appended: 0.0, Last appended by leader: 0, Current term: 1, Majority size: 2, State: 0, Mode: LEADER, active raft config: opid_index: -1 OBSOLETE_local: false peers { permanent_uuid: "a6ca26d8ff414cb1817ea23875f47058" member_type: VOTER last_known_addr { host: "127.30.144.65" port: 33175 } } peers { permanent_uuid: "6ba8f32af28346ac804096dd6e97e45c" member_type: VOTER last_known_addr { host: "127.30.144.66" port: 42355 } } peers { permanent_uuid: "a7ec5d476acd470d972cdb7b4cbc1731" member_type: VOTER last_known_addr { host: "127.30.144.67" port: 34493 } }
I20260710 11:05:46.911751 31631 leader_election.cc:290] T 72e248ffa5a74edc8d34a3b18a5e6db8 P a6ca26d8ff414cb1817ea23875f47058 [CANDIDATE]: Term 1 election: Requested vote from peers 6ba8f32af28346ac804096dd6e97e45c (127.30.144.66:42355), a7ec5d476acd470d972cdb7b4cbc1731 (127.30.144.67:34493)
I20260710 11:05:46.912900 31579 tablet_service.cc:1917] Received RequestConsensusVote() RPC: tablet_id: "72e248ffa5a74edc8d34a3b18a5e6db8" candidate_uuid: "a6ca26d8ff414cb1817ea23875f47058" candidate_term: 1 candidate_status { last_received { term: 0 index: 0 } } ignore_live_leader: false dest_uuid: "a7ec5d476acd470d972cdb7b4cbc1731"
I20260710 11:05:46.912389 31326 catalog_manager.cc:5697] T d056cf6b21364bc6b311bbb65b4efa03 P a6ca26d8ff414cb1817ea23875f47058 reported cstate change: term changed from 0 to 1, leader changed from <none> to a6ca26d8ff414cb1817ea23875f47058 (127.30.144.65). New cstate: current_term: 1 leader_uuid: "a6ca26d8ff414cb1817ea23875f47058" committed_config { opid_index: -1 OBSOLETE_local: false peers { permanent_uuid: "a6ca26d8ff414cb1817ea23875f47058" member_type: VOTER last_known_addr { host: "127.30.144.65" port: 33175 } health_report { overall_health: HEALTHY } } peers { permanent_uuid: "6ba8f32af28346ac804096dd6e97e45c" member_type: VOTER last_known_addr { host: "127.30.144.66" port: 42355 } health_report { overall_health: UNKNOWN } } peers { permanent_uuid: "a7ec5d476acd470d972cdb7b4cbc1731" member_type: VOTER last_known_addr { host: "127.30.144.67" port: 34493 } health_report { overall_health: UNKNOWN } } }
I20260710 11:05:46.913492 31579 raft_consensus.cc:3060] T 72e248ffa5a74edc8d34a3b18a5e6db8 P a7ec5d476acd470d972cdb7b4cbc1731 [term 0 FOLLOWER]: Advancing to term 1
I20260710 11:05:46.912400 31507 tablet_service.cc:1917] Received RequestConsensusVote() RPC: tablet_id: "72e248ffa5a74edc8d34a3b18a5e6db8" candidate_uuid: "a6ca26d8ff414cb1817ea23875f47058" candidate_term: 1 candidate_status { last_received { term: 0 index: 0 } } ignore_live_leader: false dest_uuid: "6ba8f32af28346ac804096dd6e97e45c"
I20260710 11:05:46.914436 31507 raft_consensus.cc:3060] T 72e248ffa5a74edc8d34a3b18a5e6db8 P 6ba8f32af28346ac804096dd6e97e45c [term 0 FOLLOWER]: Advancing to term 1
I20260710 11:05:46.921584 31507 raft_consensus.cc:2468] T 72e248ffa5a74edc8d34a3b18a5e6db8 P 6ba8f32af28346ac804096dd6e97e45c [term 1 FOLLOWER]: Leader election vote request: Granting yes vote for candidate a6ca26d8ff414cb1817ea23875f47058 in term 1.
I20260710 11:05:46.922973 31396 leader_election.cc:304] T 72e248ffa5a74edc8d34a3b18a5e6db8 P a6ca26d8ff414cb1817ea23875f47058 [CANDIDATE]: Term 1 election: Election decided. Result: candidate won. Election summary: received 2 responses out of 3 voters: 2 yes votes; 0 no votes. yes voters: 6ba8f32af28346ac804096dd6e97e45c, a6ca26d8ff414cb1817ea23875f47058; no voters: 
I20260710 11:05:46.923878 31631 raft_consensus.cc:2804] T 72e248ffa5a74edc8d34a3b18a5e6db8 P a6ca26d8ff414cb1817ea23875f47058 [term 1 FOLLOWER]: Leader election won for term 1
I20260710 11:05:46.924439 31631 raft_consensus.cc:697] T 72e248ffa5a74edc8d34a3b18a5e6db8 P a6ca26d8ff414cb1817ea23875f47058 [term 1 LEADER]: Becoming Leader. State: Replica: a6ca26d8ff414cb1817ea23875f47058, State: Running, Role: LEADER
I20260710 11:05:46.925232 31631 consensus_queue.cc:237] T 72e248ffa5a74edc8d34a3b18a5e6db8 P a6ca26d8ff414cb1817ea23875f47058 [LEADER]: Queue going to LEADER mode. State: All replicated index: 0, Majority replicated index: 0, Committed index: 0, Last appended: 0.0, Last appended by leader: 0, Current term: 1, Majority size: 2, State: 0, Mode: LEADER, active raft config: opid_index: -1 OBSOLETE_local: false peers { permanent_uuid: "a6ca26d8ff414cb1817ea23875f47058" member_type: VOTER last_known_addr { host: "127.30.144.65" port: 33175 } } peers { permanent_uuid: "6ba8f32af28346ac804096dd6e97e45c" member_type: VOTER last_known_addr { host: "127.30.144.66" port: 42355 } } peers { permanent_uuid: "a7ec5d476acd470d972cdb7b4cbc1731" member_type: VOTER last_known_addr { host: "127.30.144.67" port: 34493 } }
I20260710 11:05:46.923889 31626 tablet_bootstrap.cc:492] T 9e515175c962417da11abb3e818bdb23 P a7ec5d476acd470d972cdb7b4cbc1731: No bootstrap required, opened a new log
I20260710 11:05:46.931870 31579 raft_consensus.cc:2468] T 72e248ffa5a74edc8d34a3b18a5e6db8 P a7ec5d476acd470d972cdb7b4cbc1731 [term 1 FOLLOWER]: Leader election vote request: Granting yes vote for candidate a6ca26d8ff414cb1817ea23875f47058 in term 1.
I20260710 11:05:46.932838 31626 ts_tablet_manager.cc:1403] T 9e515175c962417da11abb3e818bdb23 P a7ec5d476acd470d972cdb7b4cbc1731: Time spent bootstrapping tablet: real 0.172s	user 0.047s	sys 0.043s
