I20260710 11:05:57.691119  4815 consensus_queue.cc:260] T 40ce4802a08a473d841368d982a40909 P 251ed657f6584d279bc356e308c2915a [NON_LEADER]: Queue going to NON_LEADER mode. State: All replicated index: 0, Majority replicated index: 0, Committed index: 0, Last appended: 0.0, Last appended by leader: 0, Current term: 0, Majority size: -1, State: 0, Mode: NON_LEADER, active raft config: opid_index: -1 OBSOLETE_local: false peers { permanent_uuid: "658e15b1273b4342ae97369392fdd23c" member_type: VOTER last_known_addr { host: "127.3.233.1" port: 37161 } } peers { permanent_uuid: "6720272469994f51822e26b3c7cd64fb" member_type: VOTER last_known_addr { host: "127.3.233.2" port: 40279 } } peers { permanent_uuid: "251ed657f6584d279bc356e308c2915a" member_type: VOTER last_known_addr { host: "127.3.233.3" port: 33401 } }
I20260710 11:05:57.692029  4816 ts_tablet_manager.cc:1403] T 57e2b7957e2e41edbe2ddc95c41430d5 P 6720272469994f51822e26b3c7cd64fb: Time spent bootstrapping tablet: real 0.107s	user 0.025s	sys 0.017s
I20260710 11:05:57.693953  4815 ts_tablet_manager.cc:1434] T 40ce4802a08a473d841368d982a40909 P 251ed657f6584d279bc356e308c2915a: Time spent starting tablet: real 0.008s	user 0.007s	sys 0.000s
I20260710 11:05:57.689533  4524 catalog_manager.cc:5697] T 3e4bc4cbc4f3490d88dea40dc79c5b42 P 251ed657f6584d279bc356e308c2915a reported cstate change: term changed from 0 to 1, leader changed from <none> to 251ed657f6584d279bc356e308c2915a (127.3.233.3). New cstate: current_term: 1 leader_uuid: "251ed657f6584d279bc356e308c2915a" committed_config { opid_index: -1 OBSOLETE_local: false peers { permanent_uuid: "658e15b1273b4342ae97369392fdd23c" member_type: VOTER last_known_addr { host: "127.3.233.1" port: 37161 } health_report { overall_health: UNKNOWN } } peers { permanent_uuid: "6720272469994f51822e26b3c7cd64fb" member_type: VOTER last_known_addr { host: "127.3.233.2" port: 40279 } health_report { overall_health: UNKNOWN } } peers { permanent_uuid: "251ed657f6584d279bc356e308c2915a" member_type: VOTER last_known_addr { host: "127.3.233.3" port: 33401 } health_report { overall_health: HEALTHY } } }
I20260710 11:05:57.694877  4815 tablet_bootstrap.cc:492] T 127963e0629e47c6bbf4807c4f9150b0 P 251ed657f6584d279bc356e308c2915a: Bootstrap starting.
I20260710 11:05:57.695289  4816 raft_consensus.cc:359] T 57e2b7957e2e41edbe2ddc95c41430d5 P 6720272469994f51822e26b3c7cd64fb [term 0 FOLLOWER]: Replica starting. Triggering 0 pending ops. Active config: opid_index: -1 OBSOLETE_local: false peers { permanent_uuid: "658e15b1273b4342ae97369392fdd23c" member_type: VOTER last_known_addr { host: "127.3.233.1" port: 37161 } } peers { permanent_uuid: "6720272469994f51822e26b3c7cd64fb" member_type: VOTER last_known_addr { host: "127.3.233.2" port: 40279 } } peers { permanent_uuid: "251ed657f6584d279bc356e308c2915a" member_type: VOTER last_known_addr { host: "127.3.233.3" port: 33401 } }
I20260710 11:05:57.695956  4816 raft_consensus.cc:385] T 57e2b7957e2e41edbe2ddc95c41430d5 P 6720272469994f51822e26b3c7cd64fb [term 0 FOLLOWER]: Consensus starting up: Expiring failure detector timer to make a prompt election more likely
I20260710 11:05:57.696233  4816 raft_consensus.cc:740] T 57e2b7957e2e41edbe2ddc95c41430d5 P 6720272469994f51822e26b3c7cd64fb [term 0 FOLLOWER]: Becoming Follower/Learner. State: Replica: 6720272469994f51822e26b3c7cd64fb, State: Initialized, Role: FOLLOWER
I20260710 11:05:57.698266  4816 consensus_queue.cc:260] T 57e2b7957e2e41edbe2ddc95c41430d5 P 6720272469994f51822e26b3c7cd64fb [NON_LEADER]: Queue going to NON_LEADER mode. State: All replicated index: 0, Majority replicated index: 0, Committed index: 0, Last appended: 0.0, Last appended by leader: 0, Current term: 0, Majority size: -1, State: 0, Mode: NON_LEADER, active raft config: opid_index: -1 OBSOLETE_local: false peers { permanent_uuid: "658e15b1273b4342ae97369392fdd23c" member_type: VOTER last_known_addr { host: "127.3.233.1" port: 37161 } } peers { permanent_uuid: "6720272469994f51822e26b3c7cd64fb" member_type: VOTER last_known_addr { host: "127.3.233.2" port: 40279 } } peers { permanent_uuid: "251ed657f6584d279bc356e308c2915a" member_type: VOTER last_known_addr { host: "127.3.233.3" port: 33401 } }
I20260710 11:05:57.699798  4833 raft_consensus.cc:515] T b48d5ee0a7494887ade42842234158b4 P 658e15b1273b4342ae97369392fdd23c [term 1 FOLLOWER]: Starting leader election with config: opid_index: -1 OBSOLETE_local: false peers { permanent_uuid: "658e15b1273b4342ae97369392fdd23c" member_type: VOTER last_known_addr { host: "127.3.233.1" port: 37161 } } peers { permanent_uuid: "6720272469994f51822e26b3c7cd64fb" member_type: VOTER last_known_addr { host: "127.3.233.2" port: 40279 } } peers { permanent_uuid: "251ed657f6584d279bc356e308c2915a" member_type: VOTER last_known_addr { host: "127.3.233.3" port: 33401 } }
I20260710 11:05:57.704098  4815 tablet_bootstrap.cc:654] T 127963e0629e47c6bbf4807c4f9150b0 P 251ed657f6584d279bc356e308c2915a: Neither blocks nor log segments found. Creating new log.
I20260710 11:05:57.705461  4701 tablet_service.cc:1917] Received RequestConsensusVote() RPC: tablet_id: "b48d5ee0a7494887ade42842234158b4" candidate_uuid: "658e15b1273b4342ae97369392fdd23c" candidate_term: 1 candidate_status { last_received { term: 0 index: 0 } } ignore_live_leader: false dest_uuid: "6720272469994f51822e26b3c7cd64fb"
I20260710 11:05:57.705682  4834 consensus_queue.cc:1048] T 698abb318cb142adad7fbe5632132b0d P 658e15b1273b4342ae97369392fdd23c [LEADER]: Connected to new peer: Peer: permanent_uuid: "6720272469994f51822e26b3c7cd64fb" member_type: VOTER last_known_addr { host: "127.3.233.2" port: 40279 }, Status: LMP_MISMATCH, Last received: 0.0, Next index: 1, Last known committed idx: 0, Time since last communication: 0.001s
W20260710 11:05:57.708276  4591 leader_election.cc:343] T b48d5ee0a7494887ade42842234158b4 P 658e15b1273b4342ae97369392fdd23c [CANDIDATE]: Term 1 election: Tablet error from VoteRequest() call to peer 6720272469994f51822e26b3c7cd64fb (127.3.233.2:40279): Illegal state: must be running to vote when last-logged opid is not known
I20260710 11:05:57.712920  4816 ts_tablet_manager.cc:1434] T 57e2b7957e2e41edbe2ddc95c41430d5 P 6720272469994f51822e26b3c7cd64fb: Time spent starting tablet: real 0.020s	user 0.005s	sys 0.000s
I20260710 11:05:57.714345  4816 tablet_bootstrap.cc:492] T e5030e5cc9c444e8ba6803f8ac38d975 P 6720272469994f51822e26b3c7cd64fb: Bootstrap starting.
I20260710 11:05:57.717716  4833 leader_election.cc:290] T b48d5ee0a7494887ade42842234158b4 P 658e15b1273b4342ae97369392fdd23c [CANDIDATE]: Term 1 election: Requested vote from peers 6720272469994f51822e26b3c7cd64fb (127.3.233.2:40279), 251ed657f6584d279bc356e308c2915a (127.3.233.3:33401)
I20260710 11:05:57.719267  4775 tablet_service.cc:1917] Received RequestConsensusVote() RPC: tablet_id: "b48d5ee0a7494887ade42842234158b4" candidate_uuid: "658e15b1273b4342ae97369392fdd23c" candidate_term: 1 candidate_status { last_received { term: 0 index: 0 } } ignore_live_leader: false dest_uuid: "251ed657f6584d279bc356e308c2915a"
I20260710 11:05:57.720108  4775 raft_consensus.cc:3060] T b48d5ee0a7494887ade42842234158b4 P 251ed657f6584d279bc356e308c2915a [term 0 FOLLOWER]: Advancing to term 1
I20260710 11:05:57.725318  4700 raft_consensus.cc:3060] T 57e2b7957e2e41edbe2ddc95c41430d5 P 6720272469994f51822e26b3c7cd64fb [term 0 FOLLOWER]: Advancing to term 1
I20260710 11:05:57.734760  4834 consensus_queue.cc:1048] T 698abb318cb142adad7fbe5632132b0d P 658e15b1273b4342ae97369392fdd23c [LEADER]: Connected to new peer: Peer: permanent_uuid: "251ed657f6584d279bc356e308c2915a" member_type: VOTER last_known_addr { host: "127.3.233.3" port: 33401 }, Status: LMP_MISMATCH, Last received: 0.0, Next index: 1, Last known committed idx: 0, Time since last communication: 0.000s
I20260710 11:05:57.735509  4833 consensus_queue.cc:1048] T 57e2b7957e2e41edbe2ddc95c41430d5 P 658e15b1273b4342ae97369392fdd23c [LEADER]: Connected to new peer: Peer: permanent_uuid: "6720272469994f51822e26b3c7cd64fb" member_type: VOTER last_known_addr { host: "127.3.233.2" port: 40279 }, Status: LMP_MISMATCH, Last received: 0.0, Next index: 1, Last known committed idx: 0, Time since last communication: 0.000s
I20260710 11:05:57.746897  4775 raft_consensus.cc:2468] T b48d5ee0a7494887ade42842234158b4 P 251ed657f6584d279bc356e308c2915a [term 1 FOLLOWER]: Leader election vote request: Granting yes vote for candidate 658e15b1273b4342ae97369392fdd23c in term 1.
I20260710 11:05:57.769465  4590 leader_election.cc:304] T b48d5ee0a7494887ade42842234158b4 P 658e15b1273b4342ae97369392fdd23c [CANDIDATE]: Term 1 election: Election decided. Result: candidate won. Election summary: received 3 responses out of 3 voters: 2 yes votes; 1 no votes. yes voters: 251ed657f6584d279bc356e308c2915a, 658e15b1273b4342ae97369392fdd23c; no voters: 6720272469994f51822e26b3c7cd64fb
I20260710 11:05:57.771792  4870 raft_consensus.cc:2804] T b48d5ee0a7494887ade42842234158b4 P 658e15b1273b4342ae97369392fdd23c [term 1 FOLLOWER]: Leader election won for term 1
I20260710 11:05:57.772357  4870 raft_consensus.cc:697] T b48d5ee0a7494887ade42842234158b4 P 658e15b1273b4342ae97369392fdd23c [term 1 LEADER]: Becoming Leader. State: Replica: 658e15b1273b4342ae97369392fdd23c, State: Running, Role: LEADER
I20260710 11:05:57.773520  4854 raft_consensus.cc:493] T 40ce4802a08a473d841368d982a40909 P 251ed657f6584d279bc356e308c2915a [term 0 FOLLOWER]: Starting pre-election (no leader contacted us within the election timeout)
I20260710 11:05:57.774032  4854 raft_consensus.cc:515] T 40ce4802a08a473d841368d982a40909 P 251ed657f6584d279bc356e308c2915a [term 0 FOLLOWER]: Starting pre-election with config: opid_index: -1 OBSOLETE_local: false peers { permanent_uuid: "658e15b1273b4342ae97369392fdd23c" member_type: VOTER last_known_addr { host: "127.3.233.1" port: 37161 } } peers { permanent_uuid: "6720272469994f51822e26b3c7cd64fb" member_type: VOTER last_known_addr { host: "127.3.233.2" port: 40279 } } peers { permanent_uuid: "251ed657f6584d279bc356e308c2915a" member_type: VOTER last_known_addr { host: "127.3.233.3" port: 33401 } }
I20260710 11:05:57.774148  4870 consensus_queue.cc:237] T b48d5ee0a7494887ade42842234158b4 P 658e15b1273b4342ae97369392fdd23c [LEADER]: Queue going to LEADER mode. State: All replicated index: 0, Majority replicated index: 0, Committed index: 0, Last appended: 0.0, Last appended by leader: 0, Current term: 1, Majority size: 2, State: 0, Mode: LEADER, active raft config: opid_index: -1 OBSOLETE_local: false peers { permanent_uuid: "658e15b1273b4342ae97369392fdd23c" member_type: VOTER last_known_addr { host: "127.3.233.1" port: 37161 } } peers { permanent_uuid: "6720272469994f51822e26b3c7cd64fb" member_type: VOTER last_known_addr { host: "127.3.233.2" port: 40279 } } peers { permanent_uuid: "251ed657f6584d279bc356e308c2915a" member_type: VOTER last_known_addr { host: "127.3.233.3" port: 33401 } }
I20260710 11:05:57.774804  4816 tablet_bootstrap.cc:654] T e5030e5cc9c444e8ba6803f8ac38d975 P 6720272469994f51822e26b3c7cd64fb: Neither blocks nor log segments found. Creating new log.
I20260710 11:05:57.784940  4854 leader_election.cc:290] T 40ce4802a08a473d841368d982a40909 P 251ed657f6584d279bc356e308c2915a [CANDIDATE]: Term 1 pre-election: Requested pre-vote from peers 658e15b1273b4342ae97369392fdd23c (127.3.233.1:37161), 6720272469994f51822e26b3c7cd64fb (127.3.233.2:40279)
I20260710 11:05:57.788486  4699 tablet_service.cc:1917] Received RequestConsensusVote() RPC: tablet_id: "40ce4802a08a473d841368d982a40909" candidate_uuid: "251ed657f6584d279bc356e308c2915a" candidate_term: 1 candidate_status { last_received { term: 0 index: 0 } } ignore_live_leader: false dest_uuid: "6720272469994f51822e26b3c7cd64fb" is_pre_election: true
I20260710 11:05:57.789865  4699 raft_consensus.cc:2393] T 40ce4802a08a473d841368d982a40909 P 6720272469994f51822e26b3c7cd64fb [term 1 FOLLOWER]: Leader pre-election vote request: Denying vote to candidate 251ed657f6584d279bc356e308c2915a in current term 1: Already voted for candidate 658e15b1273b4342ae97369392fdd23c in this term.
I20260710 11:05:57.790398  4625 tablet_service.cc:1917] Received RequestConsensusVote() RPC: tablet_id: "40ce4802a08a473d841368d982a40909" candidate_uuid: "251ed657f6584d279bc356e308c2915a" candidate_term: 1 candidate_status { last_received { term: 0 index: 0 } } ignore_live_leader: false dest_uuid: "658e15b1273b4342ae97369392fdd23c" is_pre_election: true
I20260710 11:05:57.791963  4823 raft_consensus.cc:493] T 50c01b0d2d214d87b5f4530bd1d8cacf P 658e15b1273b4342ae97369392fdd23c [term 0 FOLLOWER]: Starting pre-election (no leader contacted us within the election timeout)
I20260710 11:05:57.792021  4815 tablet_bootstrap.cc:492] T 127963e0629e47c6bbf4807c4f9150b0 P 251ed657f6584d279bc356e308c2915a: No bootstrap required, opened a new log
I20260710 11:05:57.792937  4823 raft_consensus.cc:515] T 50c01b0d2d214d87b5f4530bd1d8cacf P 658e15b1273b4342ae97369392fdd23c [term 0 FOLLOWER]: Starting pre-election with config: opid_index: -1 OBSOLETE_local: false peers { permanent_uuid: "658e15b1273b4342ae97369392fdd23c" member_type: VOTER last_known_addr { host: "127.3.233.1" port: 37161 } } peers { permanent_uuid: "6720272469994f51822e26b3c7cd64fb" member_type: VOTER last_known_addr { host: "127.3.233.2" port: 40279 } } peers { permanent_uuid: "251ed657f6584d279bc356e308c2915a" member_type: VOTER last_known_addr { host: "127.3.233.3" port: 33401 } }
I20260710 11:05:57.793524  4741 leader_election.cc:304] T 40ce4802a08a473d841368d982a40909 P 251ed657f6584d279bc356e308c2915a [CANDIDATE]: Term 1 pre-election: Election decided. Result: candidate lost. Election summary: received 3 responses out of 3 voters: 1 yes votes; 2 no votes. yes voters: 251ed657f6584d279bc356e308c2915a; no voters: 658e15b1273b4342ae97369392fdd23c, 6720272469994f51822e26b3c7cd64fb
I20260710 11:05:57.794314  4815 ts_tablet_manager.cc:1403] T 127963e0629e47c6bbf4807c4f9150b0 P 251ed657f6584d279bc356e308c2915a: Time spent bootstrapping tablet: real 0.100s	user 0.039s	sys 0.028s
I20260710 11:05:57.794672  4854 raft_consensus.cc:3060] T 40ce4802a08a473d841368d982a40909 P 251ed657f6584d279bc356e308c2915a [term 0 FOLLOWER]: Advancing to term 1
I20260710 11:05:57.795596  4823 leader_election.cc:290] T 50c01b0d2d214d87b5f4530bd1d8cacf P 658e15b1273b4342ae97369392fdd23c [CANDIDATE]: Term 1 pre-election: Requested pre-vote from peers 6720272469994f51822e26b3c7cd64fb (127.3.233.2:40279), 251ed657f6584d279bc356e308c2915a (127.3.233.3:33401)
I20260710 11:05:57.797389  4699 tablet_service.cc:1917] Received RequestConsensusVote() RPC: tablet_id: "50c01b0d2d214d87b5f4530bd1d8cacf" candidate_uuid: "658e15b1273b4342ae97369392fdd23c" candidate_term: 1 candidate_status { last_received { term: 0 index: 0 } } ignore_live_leader: false dest_uuid: "6720272469994f51822e26b3c7cd64fb" is_pre_election: true
I20260710 11:05:57.800540  4773 tablet_service.cc:1917] Received RequestConsensusVote() RPC: tablet_id: "50c01b0d2d214d87b5f4530bd1d8cacf" candidate_uuid: "658e15b1273b4342ae97369392fdd23c" candidate_term: 1 candidate_status { last_received { term: 0 index: 0 } } ignore_live_leader: false dest_uuid: "251ed657f6584d279bc356e308c2915a" is_pre_election: true
I20260710 11:05:57.801733  4773 raft_consensus.cc:2393] T 50c01b0d2d214d87b5f4530bd1d8cacf P 251ed657f6584d279bc356e308c2915a [term 1 FOLLOWER]: Leader pre-election vote request: Denying vote to candidate 658e15b1273b4342ae97369392fdd23c in current term 1: Already voted for candidate 6720272469994f51822e26b3c7cd64fb in this term.
I20260710 11:05:57.803401  4590 leader_election.cc:304] T 50c01b0d2d214d87b5f4530bd1d8cacf P 658e15b1273b4342ae97369392fdd23c [CANDIDATE]: Term 1 pre-election: Election decided. Result: candidate lost. Election summary: received 3 responses out of 3 voters: 1 yes votes; 2 no votes. yes voters: 658e15b1273b4342ae97369392fdd23c; no voters: 251ed657f6584d279bc356e308c2915a, 6720272469994f51822e26b3c7cd64fb
I20260710 11:05:57.803186  4815 raft_consensus.cc:359] T 127963e0629e47c6bbf4807c4f9150b0 P 251ed657f6584d279bc356e308c2915a [term 0 FOLLOWER]: Replica starting. Triggering 0 pending ops. Active config: opid_index: -1 OBSOLETE_local: false peers { permanent_uuid: "658e15b1273b4342ae97369392fdd23c" member_type: VOTER last_known_addr { host: "127.3.233.1" port: 37161 } } peers { permanent_uuid: "6720272469994f51822e26b3c7cd64fb" member_type: VOTER last_known_addr { host: "127.3.233.2" port: 40279 } } peers { permanent_uuid: "251ed657f6584d279bc356e308c2915a" member_type: VOTER last_known_addr { host: "127.3.233.3" port: 33401 } }
I20260710 11:05:57.804425  4815 raft_consensus.cc:385] T 127963e0629e47c6bbf4807c4f9150b0 P 251ed657f6584d279bc356e308c2915a [term 0 FOLLOWER]: Consensus starting up: Expiring failure detector timer to make a prompt election more likely
I20260710 11:05:57.804912  4823 raft_consensus.cc:3060] T 50c01b0d2d214d87b5f4530bd1d8cacf P 658e15b1273b4342ae97369392fdd23c [term 0 FOLLOWER]: Advancing to term 1
I20260710 11:05:57.804903  4815 raft_consensus.cc:740] T 127963e0629e47c6bbf4807c4f9150b0 P 251ed657f6584d279bc356e308c2915a [term 0 FOLLOWER]: Becoming Follower/Learner. State: Replica: 251ed657f6584d279bc356e308c2915a, State: Initialized, Role: FOLLOWER
I20260710 11:05:57.806890  4815 consensus_queue.cc:260] T 127963e0629e47c6bbf4807c4f9150b0 P 251ed657f6584d279bc356e308c2915a [NON_LEADER]: Queue going to NON_LEADER mode. State: All replicated index: 0, Majority replicated index: 0, Committed index: 0, Last appended: 0.0, Last appended by leader: 0, Current term: 0, Majority size: -1, State: 0, Mode: NON_LEADER, active raft config: opid_index: -1 OBSOLETE_local: false peers { permanent_uuid: "658e15b1273b4342ae97369392fdd23c" member_type: VOTER last_known_addr { host: "127.3.233.1" port: 37161 } } peers { permanent_uuid: "6720272469994f51822e26b3c7cd64fb" member_type: VOTER last_known_addr { host: "127.3.233.2" port: 40279 } } peers { permanent_uuid: "251ed657f6584d279bc356e308c2915a" member_type: VOTER last_known_addr { host: "127.3.233.3" port: 33401 } }
I20260710 11:05:57.808728  4854 raft_consensus.cc:2749] T 40ce4802a08a473d841368d982a40909 P 251ed657f6584d279bc356e308c2915a [term 1 FOLLOWER]: Leader pre-election lost for term 1. Reason: could not achieve majority
I20260710 11:05:57.814203  4823 raft_consensus.cc:2749] T 50c01b0d2d214d87b5f4530bd1d8cacf P 658e15b1273b4342ae97369392fdd23c [term 1 FOLLOWER]: Leader pre-election lost for term 1. Reason: could not achieve majority
I20260710 11:05:57.817312  4815 ts_tablet_manager.cc:1434] T 127963e0629e47c6bbf4807c4f9150b0 P 251ed657f6584d279bc356e308c2915a: Time spent starting tablet: real 0.022s	user 0.008s	sys 0.001s
I20260710 11:05:57.829509  4520 catalog_manager.cc:5697] T b48d5ee0a7494887ade42842234158b4 P 658e15b1273b4342ae97369392fdd23c reported cstate change: term changed from 0 to 1, leader changed from <none> to 658e15b1273b4342ae97369392fdd23c (127.3.233.1). New cstate: current_term: 1 leader_uuid: "658e15b1273b4342ae97369392fdd23c" committed_config { opid_index: -1 OBSOLETE_local: false peers { permanent_uuid: "658e15b1273b4342ae97369392fdd23c" member_type: VOTER last_known_addr { host: "127.3.233.1" port: 37161 } health_report { overall_health: HEALTHY } } peers { permanent_uuid: "6720272469994f51822e26b3c7cd64fb" member_type: VOTER last_known_addr { host: "127.3.233.2" port: 40279 } health_report { overall_health: UNKNOWN } } peers { permanent_uuid: "251ed657f6584d279bc356e308c2915a" member_type: VOTER last_known_addr { host: "127.3.233.3" port: 33401 } health_report { overall_health: UNKNOWN } } }
I20260710 11:05:57.857376  4775 raft_consensus.cc:3060] T 127963e0629e47c6bbf4807c4f9150b0 P 251ed657f6584d279bc356e308c2915a [term 0 FOLLOWER]: Advancing to term 1
I20260710 11:05:57.858644  4816 tablet_bootstrap.cc:492] T e5030e5cc9c444e8ba6803f8ac38d975 P 6720272469994f51822e26b3c7cd64fb: No bootstrap required, opened a new log
I20260710 11:05:57.859143  4816 ts_tablet_manager.cc:1403] T e5030e5cc9c444e8ba6803f8ac38d975 P 6720272469994f51822e26b3c7cd64fb: Time spent bootstrapping tablet: real 0.145s	user 0.011s	sys 0.003s
I20260710 11:05:57.862675  4816 raft_consensus.cc:359] T e5030e5cc9c444e8ba6803f8ac38d975 P 6720272469994f51822e26b3c7cd64fb [term 0 FOLLOWER]: Replica starting. Triggering 0 pending ops. Active config: opid_index: -1 OBSOLETE_local: false peers { permanent_uuid: "251ed657f6584d279bc356e308c2915a" member_type: VOTER last_known_addr { host: "127.3.233.3" port: 33401 } } peers { permanent_uuid: "6720272469994f51822e26b3c7cd64fb" member_type: VOTER last_known_addr { host: "127.3.233.2" port: 40279 } } peers { permanent_uuid: "658e15b1273b4342ae97369392fdd23c" member_type: VOTER last_known_addr { host: "127.3.233.1" port: 37161 } }
I20260710 11:05:57.863286  4816 raft_consensus.cc:385] T e5030e5cc9c444e8ba6803f8ac38d975 P 6720272469994f51822e26b3c7cd64fb [term 0 FOLLOWER]: Consensus starting up: Expiring failure detector timer to make a prompt election more likely
I20260710 11:05:57.863538  4816 raft_consensus.cc:740] T e5030e5cc9c444e8ba6803f8ac38d975 P 6720272469994f51822e26b3c7cd64fb [term 0 FOLLOWER]: Becoming Follower/Learner. State: Replica: 6720272469994f51822e26b3c7cd64fb, State: Initialized, Role: FOLLOWER
I20260710 11:05:57.864164  4816 consensus_queue.cc:260] T e5030e5cc9c444e8ba6803f8ac38d975 P 6720272469994f51822e26b3c7cd64fb [NON_LEADER]: Queue going to NON_LEADER mode. State: All replicated index: 0, Majority replicated index: 0, Committed index: 0, Last appended: 0.0, Last appended by leader: 0, Current term: 0, Majority size: -1, State: 0, Mode: NON_LEADER, active raft config: opid_index: -1 OBSOLETE_local: false peers { permanent_uuid: "251ed657f6584d279bc356e308c2915a" member_type: VOTER last_known_addr { host: "127.3.233.3" port: 33401 } } peers { permanent_uuid: "6720272469994f51822e26b3c7cd64fb" member_type: VOTER last_known_addr { host: "127.3.233.2" port: 40279 } } peers { permanent_uuid: "658e15b1273b4342ae97369392fdd23c" member_type: VOTER last_known_addr { host: "127.3.233.1" port: 37161 } }
I20260710 11:05:57.865748  4816 ts_tablet_manager.cc:1434] T e5030e5cc9c444e8ba6803f8ac38d975 P 6720272469994f51822e26b3c7cd64fb: Time spent starting tablet: real 0.006s	user 0.007s	sys 0.000s
I20260710 11:05:57.866613  4816 tablet_bootstrap.cc:492] T b48d5ee0a7494887ade42842234158b4 P 6720272469994f51822e26b3c7cd64fb: Bootstrap starting.
I20260710 11:05:57.867264  4822 consensus_queue.cc:1048] T 127963e0629e47c6bbf4807c4f9150b0 P 6720272469994f51822e26b3c7cd64fb [LEADER]: Connected to new peer: Peer: permanent_uuid: "251ed657f6584d279bc356e308c2915a" member_type: VOTER last_known_addr { host: "127.3.233.3" port: 33401 }, Status: LMP_MISMATCH, Last received: 0.0, Next index: 1, Last known committed idx: 0, Time since last communication: 0.000s
I20260710 11:05:57.872258  4816 tablet_bootstrap.cc:654] T b48d5ee0a7494887ade42842234158b4 P 6720272469994f51822e26b3c7cd64fb: Neither blocks nor log segments found. Creating new log.
I20260710 11:05:57.877252  4816 tablet_bootstrap.cc:492] T b48d5ee0a7494887ade42842234158b4 P 6720272469994f51822e26b3c7cd64fb: No bootstrap required, opened a new log
I20260710 11:05:57.877785  4816 ts_tablet_manager.cc:1403] T b48d5ee0a7494887ade42842234158b4 P 6720272469994f51822e26b3c7cd64fb: Time spent bootstrapping tablet: real 0.011s	user 0.010s	sys 0.000s
I20260710 11:05:57.880607  4816 raft_consensus.cc:359] T b48d5ee0a7494887ade42842234158b4 P 6720272469994f51822e26b3c7cd64fb [term 0 FOLLOWER]: Replica starting. Triggering 0 pending ops. Active config: opid_index: -1 OBSOLETE_local: false peers { permanent_uuid: "658e15b1273b4342ae97369392fdd23c" member_type: VOTER last_known_addr { host: "127.3.233.1" port: 37161 } } peers { permanent_uuid: "6720272469994f51822e26b3c7cd64fb" member_type: VOTER last_known_addr { host: "127.3.233.2" port: 40279 } } peers { permanent_uuid: "251ed657f6584d279bc356e308c2915a" member_type: VOTER last_known_addr { host: "127.3.233.3" port: 33401 } }
I20260710 11:05:57.881384  4816 raft_consensus.cc:385] T b48d5ee0a7494887ade42842234158b4 P 6720272469994f51822e26b3c7cd64fb [term 0 FOLLOWER]: Consensus starting up: Expiring failure detector timer to make a prompt election more likely
I20260710 11:05:57.881735  4816 raft_consensus.cc:740] T b48d5ee0a7494887ade42842234158b4 P 6720272469994f51822e26b3c7cd64fb [term 0 FOLLOWER]: Becoming Follower/Learner. State: Replica: 6720272469994f51822e26b3c7cd64fb, State: Initialized, Role: FOLLOWER
I20260710 11:05:57.882303  4822 consensus_queue.cc:1048] T 127963e0629e47c6bbf4807c4f9150b0 P 6720272469994f51822e26b3c7cd64fb [LEADER]: Connected to new peer: Peer: permanent_uuid: "658e15b1273b4342ae97369392fdd23c" member_type: VOTER last_known_addr { host: "127.3.233.1" port: 37161 }, Status: LMP_MISMATCH, Last received: 0.0, Next index: 1, Last known committed idx: 0, Time since last communication: 0.000s
I20260710 11:05:57.882493  4816 consensus_queue.cc:260] T b48d5ee0a7494887ade42842234158b4 P 6720272469994f51822e26b3c7cd64fb [NON_LEADER]: Queue going to NON_LEADER mode. State: All replicated index: 0, Majority replicated index: 0, Committed index: 0, Last appended: 0.0, Last appended by leader: 0, Current term: 0, Majority size: -1, State: 0, Mode: NON_LEADER, active raft config: opid_index: -1 OBSOLETE_local: false peers { permanent_uuid: "658e15b1273b4342ae97369392fdd23c" member_type: VOTER last_known_addr { host: "127.3.233.1" port: 37161 } } peers { permanent_uuid: "6720272469994f51822e26b3c7cd64fb" member_type: VOTER last_known_addr { host: "127.3.233.2" port: 40279 } } peers { permanent_uuid: "251ed657f6584d279bc356e308c2915a" member_type: VOTER last_known_addr { host: "127.3.233.3" port: 33401 } }
I20260710 11:05:57.884859  4816 ts_tablet_manager.cc:1434] T b48d5ee0a7494887ade42842234158b4 P 6720272469994f51822e26b3c7cd64fb: Time spent starting tablet: real 0.007s	user 0.006s	sys 0.000s
I20260710 11:05:57.926508  4847 raft_consensus.cc:493] T 761b5c433c65446fafdf0e662d3ccec8 P 6720272469994f51822e26b3c7cd64fb [term 0 FOLLOWER]: Starting pre-election (no leader contacted us within the election timeout)
I20260710 11:05:57.927093  4847 raft_consensus.cc:515] T 761b5c433c65446fafdf0e662d3ccec8 P 6720272469994f51822e26b3c7cd64fb [term 0 FOLLOWER]: Starting pre-election with config: opid_index: -1 OBSOLETE_local: false peers { permanent_uuid: "658e15b1273b4342ae97369392fdd23c" member_type: VOTER last_known_addr { host: "127.3.233.1" port: 37161 } } peers { permanent_uuid: "6720272469994f51822e26b3c7cd64fb" member_type: VOTER last_known_addr { host: "127.3.233.2" port: 40279 } } peers { permanent_uuid: "251ed657f6584d279bc356e308c2915a" member_type: VOTER last_known_addr { host: "127.3.233.3" port: 33401 } }
I20260710 11:05:57.928913  4847 leader_election.cc:290] T 761b5c433c65446fafdf0e662d3ccec8 P 6720272469994f51822e26b3c7cd64fb [CANDIDATE]: Term 1 pre-election: Requested pre-vote from peers 658e15b1273b4342ae97369392fdd23c (127.3.233.1:37161), 251ed657f6584d279bc356e308c2915a (127.3.233.3:33401)
I20260710 11:05:57.929944  4625 tablet_service.cc:1917] Received RequestConsensusVote() RPC: tablet_id: "761b5c433c65446fafdf0e662d3ccec8" candidate_uuid: "6720272469994f51822e26b3c7cd64fb" candidate_term: 1 candidate_status { last_received { term: 0 index: 0 } } ignore_live_leader: false dest_uuid: "658e15b1273b4342ae97369392fdd23c" is_pre_election: true
I20260710 11:05:57.929979  4775 tablet_service.cc:1917] Received RequestConsensusVote() RPC: tablet_id: "761b5c433c65446fafdf0e662d3ccec8" candidate_uuid: "6720272469994f51822e26b3c7cd64fb" candidate_term: 1 candidate_status { last_received { term: 0 index: 0 } } ignore_live_leader: false dest_uuid: "251ed657f6584d279bc356e308c2915a" is_pre_election: true
I20260710 11:05:57.930706  4775 raft_consensus.cc:2393] T 761b5c433c65446fafdf0e662d3ccec8 P 251ed657f6584d279bc356e308c2915a [term 1 FOLLOWER]: Leader pre-election vote request: Denying vote to candidate 6720272469994f51822e26b3c7cd64fb in current term 1: Already voted for candidate 658e15b1273b4342ae97369392fdd23c in this term.
I20260710 11:05:57.931550  4665 leader_election.cc:304] T 761b5c433c65446fafdf0e662d3ccec8 P 6720272469994f51822e26b3c7cd64fb [CANDIDATE]: Term 1 pre-election: Election decided. Result: candidate lost. Election summary: received 3 responses out of 3 voters: 1 yes votes; 2 no votes. yes voters: 6720272469994f51822e26b3c7cd64fb; no voters: 251ed657f6584d279bc356e308c2915a, 658e15b1273b4342ae97369392fdd23c
I20260710 11:05:57.932277  4847 raft_consensus.cc:3060] T 761b5c433c65446fafdf0e662d3ccec8 P 6720272469994f51822e26b3c7cd64fb [term 0 FOLLOWER]: Advancing to term 1
I20260710 11:05:57.936698  4847 raft_consensus.cc:2749] T 761b5c433c65446fafdf0e662d3ccec8 P 6720272469994f51822e26b3c7cd64fb [term 1 FOLLOWER]: Leader pre-election lost for term 1. Reason: could not achieve majority
I20260710 11:05:57.962987  4834 consensus_queue.cc:1048] T 761b5c433c65446fafdf0e662d3ccec8 P 658e15b1273b4342ae97369392fdd23c [LEADER]: Connected to new peer: Peer: permanent_uuid: "6720272469994f51822e26b3c7cd64fb" member_type: VOTER last_known_addr { host: "127.3.233.2" port: 40279 }, Status: LMP_MISMATCH, Last received: 0.0, Next index: 1, Last known committed idx: 0, Time since last communication: 0.000s
I20260710 11:05:57.974092  4870 consensus_queue.cc:1048] T 761b5c433c65446fafdf0e662d3ccec8 P 658e15b1273b4342ae97369392fdd23c [LEADER]: Connected to new peer: Peer: permanent_uuid: "251ed657f6584d279bc356e308c2915a" member_type: VOTER last_known_addr { host: "127.3.233.3" port: 33401 }, Status: LMP_MISMATCH, Last received: 0.0, Next index: 1, Last known committed idx: 0, Time since last communication: 0.000s
I20260710 11:05:57.978083  4884 consensus_queue.cc:1048] T 50c01b0d2d214d87b5f4530bd1d8cacf P 6720272469994f51822e26b3c7cd64fb [LEADER]: Connected to new peer: Peer: permanent_uuid: "658e15b1273b4342ae97369392fdd23c" member_type: VOTER last_known_addr { host: "127.3.233.1" port: 37161 }, Status: LMP_MISMATCH, Last received: 0.0, Next index: 1, Last known committed idx: 0, Time since last communication: 0.001s
I20260710 11:05:57.982982  4847 consensus_queue.cc:1048] T 50c01b0d2d214d87b5f4530bd1d8cacf P 6720272469994f51822e26b3c7cd64fb [LEADER]: Connected to new peer: Peer: permanent_uuid: "251ed657f6584d279bc356e308c2915a" member_type: VOTER last_known_addr { host: "127.3.233.3" port: 33401 }, Status: LMP_MISMATCH, Last received: 0.0, Next index: 1, Last known committed idx: 0, Time since last communication: 0.000s
I20260710 11:05:58.120208  4854 consensus_queue.cc:1048] T d03c595957f0432187c181e8671aa59c P 251ed657f6584d279bc356e308c2915a [LEADER]: Connected to new peer: Peer: permanent_uuid: "658e15b1273b4342ae97369392fdd23c" member_type: VOTER last_known_addr { host: "127.3.233.1" port: 37161 }, Status: LMP_MISMATCH, Last received: 0.0, Next index: 1, Last known committed idx: 0, Time since last communication: 0.000s
I20260710 11:05:58.121019  4870 consensus_queue.cc:1048] T 40ce4802a08a473d841368d982a40909 P 658e15b1273b4342ae97369392fdd23c [LEADER]: Connected to new peer: Peer: permanent_uuid: "251ed657f6584d279bc356e308c2915a" member_type: VOTER last_known_addr { host: "127.3.233.3" port: 33401 }, Status: LMP_MISMATCH, Last received: 0.0, Next index: 1, Last known committed idx: 0, Time since last communication: 0.000s
I20260710 11:05:58.128732  4822 raft_consensus.cc:493] T e5030e5cc9c444e8ba6803f8ac38d975 P 6720272469994f51822e26b3c7cd64fb [term 0 FOLLOWER]: Starting pre-election (no leader contacted us within the election timeout)
I20260710 11:05:58.129244  4822 raft_consensus.cc:515] T e5030e5cc9c444e8ba6803f8ac38d975 P 6720272469994f51822e26b3c7cd64fb [term 0 FOLLOWER]: Starting pre-election with config: opid_index: -1 OBSOLETE_local: false peers { permanent_uuid: "251ed657f6584d279bc356e308c2915a" member_type: VOTER last_known_addr { host: "127.3.233.3" port: 33401 } } peers { permanent_uuid: "6720272469994f51822e26b3c7cd64fb" member_type: VOTER last_known_addr { host: "127.3.233.2" port: 40279 } } peers { permanent_uuid: "658e15b1273b4342ae97369392fdd23c" member_type: VOTER last_known_addr { host: "127.3.233.1" port: 37161 } }
I20260710 11:05:58.131121  4822 leader_election.cc:290] T e5030e5cc9c444e8ba6803f8ac38d975 P 6720272469994f51822e26b3c7cd64fb [CANDIDATE]: Term 1 pre-election: Requested pre-vote from peers 251ed657f6584d279bc356e308c2915a (127.3.233.3:33401), 658e15b1273b4342ae97369392fdd23c (127.3.233.1:37161)
I20260710 11:05:58.132033  4821 consensus_queue.cc:1048] T d03c595957f0432187c181e8671aa59c P 251ed657f6584d279bc356e308c2915a [LEADER]: Connected to new peer: Peer: permanent_uuid: "6720272469994f51822e26b3c7cd64fb" member_type: VOTER last_known_addr { host: "127.3.233.2" port: 40279 }, Status: LMP_MISMATCH, Last received: 0.0, Next index: 1, Last known committed idx: 0, Time since last communication: 0.000s
I20260710 11:05:58.132184  4774 tablet_service.cc:1917] Received RequestConsensusVote() RPC: tablet_id: "e5030e5cc9c444e8ba6803f8ac38d975" candidate_uuid: "6720272469994f51822e26b3c7cd64fb" candidate_term: 1 candidate_status { last_received { term: 0 index: 0 } } ignore_live_leader: false dest_uuid: "251ed657f6584d279bc356e308c2915a" is_pre_election: true
I20260710 11:05:58.133683  4774 raft_consensus.cc:2393] T e5030e5cc9c444e8ba6803f8ac38d975 P 251ed657f6584d279bc356e308c2915a [term 1 FOLLOWER]: Leader pre-election vote request: Denying vote to candidate 6720272469994f51822e26b3c7cd64fb in current term 1: Already voted for candidate 251ed657f6584d279bc356e308c2915a in this term.
I20260710 11:05:58.134666  4625 tablet_service.cc:1917] Received RequestConsensusVote() RPC: tablet_id: "e5030e5cc9c444e8ba6803f8ac38d975" candidate_uuid: "6720272469994f51822e26b3c7cd64fb" candidate_term: 1 candidate_status { last_received { term: 0 index: 0 } } ignore_live_leader: false dest_uuid: "658e15b1273b4342ae97369392fdd23c" is_pre_election: true
I20260710 11:05:58.135421  4625 raft_consensus.cc:2393] T e5030e5cc9c444e8ba6803f8ac38d975 P 658e15b1273b4342ae97369392fdd23c [term 1 FOLLOWER]: Leader pre-election vote request: Denying vote to candidate 6720272469994f51822e26b3c7cd64fb in current term 1: Already voted for candidate 658e15b1273b4342ae97369392fdd23c in this term.
I20260710 11:05:58.140223  4833 consensus_queue.cc:1048] T 40ce4802a08a473d841368d982a40909 P 658e15b1273b4342ae97369392fdd23c [LEADER]: Connected to new peer: Peer: permanent_uuid: "6720272469994f51822e26b3c7cd64fb" member_type: VOTER last_known_addr { host: "127.3.233.2" port: 40279 }, Status: LMP_MISMATCH, Last received: 0.0, Next index: 1, Last known committed idx: 0, Time since last communication: 0.000s
I20260710 11:05:58.140686  4667 leader_election.cc:304] T e5030e5cc9c444e8ba6803f8ac38d975 P 6720272469994f51822e26b3c7cd64fb [CANDIDATE]: Term 1 pre-election: Election decided. Result: candidate lost. Election summary: received 3 responses out of 3 voters: 1 yes votes; 2 no votes. yes voters: 6720272469994f51822e26b3c7cd64fb; no voters: 251ed657f6584d279bc356e308c2915a, 658e15b1273b4342ae97369392fdd23c
I20260710 11:05:58.141863  4822 raft_consensus.cc:3060] T e5030e5cc9c444e8ba6803f8ac38d975 P 6720272469994f51822e26b3c7cd64fb [term 0 FOLLOWER]: Advancing to term 1
I20260710 11:05:58.152928  4822 raft_consensus.cc:2749] T e5030e5cc9c444e8ba6803f8ac38d975 P 6720272469994f51822e26b3c7cd64fb [term 1 FOLLOWER]: Leader pre-election lost for term 1. Reason: could not achieve majority
I20260710 11:05:58.165247  4821 consensus_queue.cc:1048] T 3e4bc4cbc4f3490d88dea40dc79c5b42 P 251ed657f6584d279bc356e308c2915a [LEADER]: Connected to new peer: Peer: permanent_uuid: "6720272469994f51822e26b3c7cd64fb" member_type: VOTER last_known_addr { host: "127.3.233.2" port: 40279 }, Status: LMP_MISMATCH, Last received: 0.0, Next index: 1, Last known committed idx: 0, Time since last communication: 0.000s
I20260710 11:05:58.175546  4854 consensus_queue.cc:1048] T 3e4bc4cbc4f3490d88dea40dc79c5b42 P 251ed657f6584d279bc356e308c2915a [LEADER]: Connected to new peer: Peer: permanent_uuid: "658e15b1273b4342ae97369392fdd23c" member_type: VOTER last_known_addr { host: "127.3.233.1" port: 37161 }, Status: LMP_MISMATCH, Last received: 0.0, Next index: 1, Last known committed idx: 0, Time since last communication: 0.000s
I20260710 11:05:58.192638  4834 consensus_queue.cc:1048] T b48d5ee0a7494887ade42842234158b4 P 658e15b1273b4342ae97369392fdd23c [LEADER]: Connected to new peer: Peer: permanent_uuid: "251ed657f6584d279bc356e308c2915a" member_type: VOTER last_known_addr { host: "127.3.233.3" port: 33401 }, Status: LMP_MISMATCH, Last received: 0.0, Next index: 1, Last known committed idx: 0, Time since last communication: 0.000s
I20260710 11:05:58.201826  4701 raft_consensus.cc:3060] T b48d5ee0a7494887ade42842234158b4 P 6720272469994f51822e26b3c7cd64fb [term 0 FOLLOWER]: Advancing to term 1
I20260710 11:05:58.209442  4870 consensus_queue.cc:1048] T b48d5ee0a7494887ade42842234158b4 P 658e15b1273b4342ae97369392fdd23c [LEADER]: Connected to new peer: Peer: permanent_uuid: "6720272469994f51822e26b3c7cd64fb" member_type: VOTER last_known_addr { host: "127.3.233.2" port: 40279 }, Status: LMP_MISMATCH, Last received: 0.0, Next index: 1, Last known committed idx: 0, Time since last communication: 0.000s
W20260710 11:05:58.286746  4572 auto_rebalancer.cc:288] Could not retrieve cluster info: Service unavailable: Tablet not running
W20260710 11:05:59.288537  4572 auto_rebalancer.cc:288] Could not retrieve cluster info: Service unavailable: Tablet not running
I20260710 11:05:59.463131  4854 raft_consensus.cc:493] T e5030e5cc9c444e8ba6803f8ac38d975 P 251ed657f6584d279bc356e308c2915a [term 1 FOLLOWER]: Starting pre-election (no leader contacted us within the election timeout)
I20260710 11:05:59.463709  4854 raft_consensus.cc:515] T e5030e5cc9c444e8ba6803f8ac38d975 P 251ed657f6584d279bc356e308c2915a [term 1 FOLLOWER]: Starting pre-election with config: opid_index: -1 OBSOLETE_local: false peers { permanent_uuid: "251ed657f6584d279bc356e308c2915a" member_type: VOTER last_known_addr { host: "127.3.233.3" port: 33401 } } peers { permanent_uuid: "6720272469994f51822e26b3c7cd64fb" member_type: VOTER last_known_addr { host: "127.3.233.2" port: 40279 } } peers { permanent_uuid: "658e15b1273b4342ae97369392fdd23c" member_type: VOTER last_known_addr { host: "127.3.233.1" port: 37161 } }
I20260710 11:05:59.466087  4854 leader_election.cc:290] T e5030e5cc9c444e8ba6803f8ac38d975 P 251ed657f6584d279bc356e308c2915a [CANDIDATE]: Term 2 pre-election: Requested pre-vote from peers 6720272469994f51822e26b3c7cd64fb (127.3.233.2:40279), 658e15b1273b4342ae97369392fdd23c (127.3.233.1:37161)
I20260710 11:05:59.466823  4701 tablet_service.cc:1917] Received RequestConsensusVote() RPC: tablet_id: "e5030e5cc9c444e8ba6803f8ac38d975" candidate_uuid: "251ed657f6584d279bc356e308c2915a" candidate_term: 2 candidate_status { last_received { term: 0 index: 0 } } ignore_live_leader: false dest_uuid: "6720272469994f51822e26b3c7cd64fb" is_pre_election: true
I20260710 11:05:59.467368  4626 tablet_service.cc:1917] Received RequestConsensusVote() RPC: tablet_id: "e5030e5cc9c444e8ba6803f8ac38d975" candidate_uuid: "251ed657f6584d279bc356e308c2915a" candidate_term: 2 candidate_status { last_received { term: 0 index: 0 } } ignore_live_leader: false dest_uuid: "658e15b1273b4342ae97369392fdd23c" is_pre_election: true
I20260710 11:05:59.467459  4701 raft_consensus.cc:2468] T e5030e5cc9c444e8ba6803f8ac38d975 P 6720272469994f51822e26b3c7cd64fb [term 1 FOLLOWER]: Leader pre-election vote request: Granting yes vote for candidate 251ed657f6584d279bc356e308c2915a in term 1.
I20260710 11:05:59.467960  4626 raft_consensus.cc:2468] T e5030e5cc9c444e8ba6803f8ac38d975 P 658e15b1273b4342ae97369392fdd23c [term 1 FOLLOWER]: Leader pre-election vote request: Granting yes vote for candidate 251ed657f6584d279bc356e308c2915a in term 1.
I20260710 11:05:59.468591  4740 leader_election.cc:304] T e5030e5cc9c444e8ba6803f8ac38d975 P 251ed657f6584d279bc356e308c2915a [CANDIDATE]: Term 2 pre-election: Election decided. Result: candidate won. Election summary: received 2 responses out of 3 voters: 2 yes votes; 0 no votes. yes voters: 251ed657f6584d279bc356e308c2915a, 6720272469994f51822e26b3c7cd64fb; no voters: 
I20260710 11:05:59.469455  4854 raft_consensus.cc:2804] T e5030e5cc9c444e8ba6803f8ac38d975 P 251ed657f6584d279bc356e308c2915a [term 1 FOLLOWER]: Leader pre-election won for term 2
I20260710 11:05:59.469759  4854 raft_consensus.cc:493] T e5030e5cc9c444e8ba6803f8ac38d975 P 251ed657f6584d279bc356e308c2915a [term 1 FOLLOWER]: Starting leader election (no leader contacted us within the election timeout)
I20260710 11:05:59.470045  4854 raft_consensus.cc:3060] T e5030e5cc9c444e8ba6803f8ac38d975 P 251ed657f6584d279bc356e308c2915a [term 1 FOLLOWER]: Advancing to term 2
I20260710 11:05:59.474524  4854 raft_consensus.cc:515] T e5030e5cc9c444e8ba6803f8ac38d975 P 251ed657f6584d279bc356e308c2915a [term 2 FOLLOWER]: Starting leader election with config: opid_index: -1 OBSOLETE_local: false peers { permanent_uuid: "251ed657f6584d279bc356e308c2915a" member_type: VOTER last_known_addr { host: "127.3.233.3" port: 33401 } } peers { permanent_uuid: "6720272469994f51822e26b3c7cd64fb" member_type: VOTER last_known_addr { host: "127.3.233.2" port: 40279 } } peers { permanent_uuid: "658e15b1273b4342ae97369392fdd23c" member_type: VOTER last_known_addr { host: "127.3.233.1" port: 37161 } }
I20260710 11:05:59.476035  4854 leader_election.cc:290] T e5030e5cc9c444e8ba6803f8ac38d975 P 251ed657f6584d279bc356e308c2915a [CANDIDATE]: Term 2 election: Requested vote from peers 6720272469994f51822e26b3c7cd64fb (127.3.233.2:40279), 658e15b1273b4342ae97369392fdd23c (127.3.233.1:37161)
I20260710 11:05:59.476831  4701 tablet_service.cc:1917] Received RequestConsensusVote() RPC: tablet_id: "e5030e5cc9c444e8ba6803f8ac38d975" candidate_uuid: "251ed657f6584d279bc356e308c2915a" candidate_term: 2 candidate_status { last_received { term: 0 index: 0 } } ignore_live_leader: false dest_uuid: "6720272469994f51822e26b3c7cd64fb"
I20260710 11:05:59.477305  4701 raft_consensus.cc:3060] T e5030e5cc9c444e8ba6803f8ac38d975 P 6720272469994f51822e26b3c7cd64fb [term 1 FOLLOWER]: Advancing to term 2
I20260710 11:05:59.477195  4626 tablet_service.cc:1917] Received RequestConsensusVote() RPC: tablet_id: "e5030e5cc9c444e8ba6803f8ac38d975" candidate_uuid: "251ed657f6584d279bc356e308c2915a" candidate_term: 2 candidate_status { last_received { term: 0 index: 0 } } ignore_live_leader: false dest_uuid: "658e15b1273b4342ae97369392fdd23c"
I20260710 11:05:59.477893  4626 raft_consensus.cc:3060] T e5030e5cc9c444e8ba6803f8ac38d975 P 658e15b1273b4342ae97369392fdd23c [term 1 FOLLOWER]: Advancing to term 2
I20260710 11:05:59.481648  4701 raft_consensus.cc:2468] T e5030e5cc9c444e8ba6803f8ac38d975 P 6720272469994f51822e26b3c7cd64fb [term 2 FOLLOWER]: Leader election vote request: Granting yes vote for candidate 251ed657f6584d279bc356e308c2915a in term 2.
I20260710 11:05:59.482669  4740 leader_election.cc:304] T e5030e5cc9c444e8ba6803f8ac38d975 P 251ed657f6584d279bc356e308c2915a [CANDIDATE]: Term 2 election: Election decided. Result: candidate won. Election summary: received 2 responses out of 3 voters: 2 yes votes; 0 no votes. yes voters: 251ed657f6584d279bc356e308c2915a, 6720272469994f51822e26b3c7cd64fb; no voters: 
I20260710 11:05:59.483383  4854 raft_consensus.cc:2804] T e5030e5cc9c444e8ba6803f8ac38d975 P 251ed657f6584d279bc356e308c2915a [term 2 FOLLOWER]: Leader election won for term 2
I20260710 11:05:59.484515  4854 raft_consensus.cc:697] T e5030e5cc9c444e8ba6803f8ac38d975 P 251ed657f6584d279bc356e308c2915a [term 2 LEADER]: Becoming Leader. State: Replica: 251ed657f6584d279bc356e308c2915a, State: Running, Role: LEADER
I20260710 11:05:59.484584  4626 raft_consensus.cc:2468] T e5030e5cc9c444e8ba6803f8ac38d975 P 658e15b1273b4342ae97369392fdd23c [term 2 FOLLOWER]: Leader election vote request: Granting yes vote for candidate 251ed657f6584d279bc356e308c2915a in term 2.
I20260710 11:05:59.485517  4854 consensus_queue.cc:237] T e5030e5cc9c444e8ba6803f8ac38d975 P 251ed657f6584d279bc356e308c2915a [LEADER]: Queue going to LEADER mode. State: All replicated index: 0, Majority replicated index: 0, Committed index: 0, Last appended: 0.0, Last appended by leader: 0, Current term: 2, Majority size: 2, State: 0, Mode: LEADER, active raft config: opid_index: -1 OBSOLETE_local: false peers { permanent_uuid: "251ed657f6584d279bc356e308c2915a" member_type: VOTER last_known_addr { host: "127.3.233.3" port: 33401 } } peers { permanent_uuid: "6720272469994f51822e26b3c7cd64fb" member_type: VOTER last_known_addr { host: "127.3.233.2" port: 40279 } } peers { permanent_uuid: "658e15b1273b4342ae97369392fdd23c" member_type: VOTER last_known_addr { host: "127.3.233.1" port: 37161 } }
I20260710 11:05:59.493341  4521 catalog_manager.cc:5697] T e5030e5cc9c444e8ba6803f8ac38d975 P 251ed657f6584d279bc356e308c2915a reported cstate change: term changed from 0 to 2, leader changed from <none> to 251ed657f6584d279bc356e308c2915a (127.3.233.3). New cstate: current_term: 2 leader_uuid: "251ed657f6584d279bc356e308c2915a" committed_config { opid_index: -1 OBSOLETE_local: false peers { permanent_uuid: "251ed657f6584d279bc356e308c2915a" member_type: VOTER last_known_addr { host: "127.3.233.3" port: 33401 } health_report { overall_health: HEALTHY } } peers { permanent_uuid: "6720272469994f51822e26b3c7cd64fb" member_type: VOTER last_known_addr { host: "127.3.233.2" port: 40279 } health_report { overall_health: UNKNOWN } } peers { permanent_uuid: "658e15b1273b4342ae97369392fdd23c" member_type: VOTER last_known_addr { host: "127.3.233.1" port: 37161 } health_report { overall_health: UNKNOWN } } }
I20260710 11:05:59.608762  4774 tablet_service.cc:2072] Received LeaderStepDown RPC: tablet_id: "e5030e5cc9c444e8ba6803f8ac38d975"
dest_uuid: "251ed657f6584d279bc356e308c2915a"
mode: GRACEFUL
new_leader_uuid: "658e15b1273b4342ae97369392fdd23c"
 from {username='slave'} at 127.0.0.1:58996
I20260710 11:05:59.609364  4774 raft_consensus.cc:606] T e5030e5cc9c444e8ba6803f8ac38d975 P 251ed657f6584d279bc356e308c2915a [term 2 LEADER]: Received request to transfer leadership to TS 658e15b1273b4342ae97369392fdd23c
I20260710 11:05:59.617317  4774 tablet_service.cc:2072] Received LeaderStepDown RPC: tablet_id: "d03c595957f0432187c181e8671aa59c"
dest_uuid: "251ed657f6584d279bc356e308c2915a"
mode: GRACEFUL
new_leader_uuid: "658e15b1273b4342ae97369392fdd23c"
 from {username='slave'} at 127.0.0.1:58996
I20260710 11:05:59.617832  4774 raft_consensus.cc:606] T d03c595957f0432187c181e8671aa59c P 251ed657f6584d279bc356e308c2915a [term 1 LEADER]: Received request to transfer leadership to TS 658e15b1273b4342ae97369392fdd23c
I20260710 11:05:59.622722  4774 tablet_service.cc:2072] Received LeaderStepDown RPC: tablet_id: "3e4bc4cbc4f3490d88dea40dc79c5b42"
dest_uuid: "251ed657f6584d279bc356e308c2915a"
mode: GRACEFUL
new_leader_uuid: "658e15b1273b4342ae97369392fdd23c"
 from {username='slave'} at 127.0.0.1:58996
I20260710 11:05:59.623328  4774 raft_consensus.cc:606] T 3e4bc4cbc4f3490d88dea40dc79c5b42 P 251ed657f6584d279bc356e308c2915a [term 1 LEADER]: Received request to transfer leadership to TS 658e15b1273b4342ae97369392fdd23c
I20260710 11:05:59.639560  4626 tablet_service.cc:2072] Received LeaderStepDown RPC: tablet_id: "40ce4802a08a473d841368d982a40909"
dest_uuid: "658e15b1273b4342ae97369392fdd23c"
mode: GRACEFUL
new_leader_uuid: "6720272469994f51822e26b3c7cd64fb"
 from {username='slave'} at 127.0.0.1:57300
I20260710 11:05:59.640060  4626 raft_consensus.cc:606] T 40ce4802a08a473d841368d982a40909 P 658e15b1273b4342ae97369392fdd23c [term 1 LEADER]: Received request to transfer leadership to TS 6720272469994f51822e26b3c7cd64fb
I20260710 11:05:59.644960  4625 tablet_service.cc:2072] Received LeaderStepDown RPC: tablet_id: "761b5c433c65446fafdf0e662d3ccec8"
dest_uuid: "658e15b1273b4342ae97369392fdd23c"
mode: GRACEFUL
new_leader_uuid: "6720272469994f51822e26b3c7cd64fb"
 from {username='slave'} at 127.0.0.1:57300
I20260710 11:05:59.645503  4625 raft_consensus.cc:606] T 761b5c433c65446fafdf0e662d3ccec8 P 658e15b1273b4342ae97369392fdd23c [term 1 LEADER]: Received request to transfer leadership to TS 6720272469994f51822e26b3c7cd64fb
I20260710 11:05:59.650096  4625 tablet_service.cc:2072] Received LeaderStepDown RPC: tablet_id: "b48d5ee0a7494887ade42842234158b4"
dest_uuid: "658e15b1273b4342ae97369392fdd23c"
mode: GRACEFUL
new_leader_uuid: "6720272469994f51822e26b3c7cd64fb"
 from {username='slave'} at 127.0.0.1:57300
I20260710 11:05:59.650628  4625 raft_consensus.cc:606] T b48d5ee0a7494887ade42842234158b4 P 658e15b1273b4342ae97369392fdd23c [term 1 LEADER]: Received request to transfer leadership to TS 6720272469994f51822e26b3c7cd64fb
I20260710 11:05:59.665714  4701 tablet_service.cc:2072] Received LeaderStepDown RPC: tablet_id: "127963e0629e47c6bbf4807c4f9150b0"
dest_uuid: "6720272469994f51822e26b3c7cd64fb"
mode: GRACEFUL
new_leader_uuid: "251ed657f6584d279bc356e308c2915a"
 from {username='slave'} at 127.0.0.1:38612
I20260710 11:05:59.666344  4701 raft_consensus.cc:606] T 127963e0629e47c6bbf4807c4f9150b0 P 6720272469994f51822e26b3c7cd64fb [term 1 LEADER]: Received request to transfer leadership to TS 251ed657f6584d279bc356e308c2915a
I20260710 11:05:59.702805  4901 raft_consensus.cc:993] T 3e4bc4cbc4f3490d88dea40dc79c5b42 P 251ed657f6584d279bc356e308c2915a: : Instructing follower 658e15b1273b4342ae97369392fdd23c to start an election
I20260710 11:05:59.703258  4854 raft_consensus.cc:1081] T 3e4bc4cbc4f3490d88dea40dc79c5b42 P 251ed657f6584d279bc356e308c2915a [term 1 LEADER]: Signalling peer 658e15b1273b4342ae97369392fdd23c to start an election
I20260710 11:05:59.704797  4625 tablet_service.cc:2044] Received Run Leader Election RPC: tablet_id: "3e4bc4cbc4f3490d88dea40dc79c5b42"
dest_uuid: "658e15b1273b4342ae97369392fdd23c"
