I20260710 11:05:45.593910 17574 raft_consensus.cc:493] T 73f38fa414554aff848517911d149655 P 2828d6493ec942728e9b36e96370aa5d [term 0 FOLLOWER]: Starting leader election (no leader contacted us within the election timeout)
I20260710 11:05:45.594429 17574 raft_consensus.cc:3060] T 73f38fa414554aff848517911d149655 P 2828d6493ec942728e9b36e96370aa5d [term 0 FOLLOWER]: Advancing to term 1
I20260710 11:05:45.594223 17566 raft_consensus.cc:740] T fc85b450b99a4724803bf858262ee3a8 P febc6ef5407948f9ac80ec0110b8cb35 [term 0 FOLLOWER]: Becoming Follower/Learner. State: Replica: febc6ef5407948f9ac80ec0110b8cb35, State: Initialized, Role: FOLLOWER
I20260710 11:05:45.597389 17566 consensus_queue.cc:260] T fc85b450b99a4724803bf858262ee3a8 P febc6ef5407948f9ac80ec0110b8cb35 [NON_LEADER]: Queue going to NON_LEADER mode. State: All replicated index: 0, Majority replicated index: 0, Committed index: 0, Last appended: 0.0, Last appended by leader: 0, Current term: 0, Majority size: -1, State: 0, Mode: NON_LEADER, active raft config: opid_index: -1 OBSOLETE_local: false peers { permanent_uuid: "e23366dee8d846f5bcf115a6b5c8da83" member_type: VOTER last_known_addr { host: "127.16.213.129" port: 42713 } } peers { permanent_uuid: "2828d6493ec942728e9b36e96370aa5d" member_type: VOTER last_known_addr { host: "127.16.213.130" port: 38861 } } peers { permanent_uuid: "febc6ef5407948f9ac80ec0110b8cb35" member_type: VOTER last_known_addr { host: "127.16.213.131" port: 36013 } }
I20260710 11:05:45.596741 17567 tablet_bootstrap.cc:492] T a58d40b91de24aee950e67a7430f268e P 2828d6493ec942728e9b36e96370aa5d: Bootstrap starting.
I20260710 11:05:45.614848 17566 ts_tablet_manager.cc:1434] T fc85b450b99a4724803bf858262ee3a8 P febc6ef5407948f9ac80ec0110b8cb35: Time spent starting tablet: real 0.030s	user 0.009s	sys 0.003s
I20260710 11:05:45.617265 17566 tablet_bootstrap.cc:492] T 83c732ae0889419d963b7edf3b52041a P febc6ef5407948f9ac80ec0110b8cb35: Bootstrap starting.
I20260710 11:05:45.620625 17565 tablet_bootstrap.cc:654] T fc85b450b99a4724803bf858262ee3a8 P e23366dee8d846f5bcf115a6b5c8da83: Neither blocks nor log segments found. Creating new log.
I20260710 11:05:45.625036 17574 raft_consensus.cc:515] T 73f38fa414554aff848517911d149655 P 2828d6493ec942728e9b36e96370aa5d [term 1 FOLLOWER]: Starting leader election with config: opid_index: -1 OBSOLETE_local: false peers { permanent_uuid: "e23366dee8d846f5bcf115a6b5c8da83" member_type: VOTER last_known_addr { host: "127.16.213.129" port: 42713 } } peers { permanent_uuid: "2828d6493ec942728e9b36e96370aa5d" member_type: VOTER last_known_addr { host: "127.16.213.130" port: 38861 } } peers { permanent_uuid: "febc6ef5407948f9ac80ec0110b8cb35" member_type: VOTER last_known_addr { host: "127.16.213.131" port: 36013 } }
I20260710 11:05:45.634228 17567 tablet_bootstrap.cc:654] T a58d40b91de24aee950e67a7430f268e P 2828d6493ec942728e9b36e96370aa5d: Neither blocks nor log segments found. Creating new log.
I20260710 11:05:45.636801 17371 tablet_service.cc:1917] Received RequestConsensusVote() RPC: tablet_id: "73f38fa414554aff848517911d149655" candidate_uuid: "2828d6493ec942728e9b36e96370aa5d" candidate_term: 1 candidate_status { last_received { term: 0 index: 0 } } ignore_live_leader: false dest_uuid: "e23366dee8d846f5bcf115a6b5c8da83"
I20260710 11:05:45.637586 17371 raft_consensus.cc:3060] T 73f38fa414554aff848517911d149655 P e23366dee8d846f5bcf115a6b5c8da83 [term 0 FOLLOWER]: Advancing to term 1
I20260710 11:05:45.638321 17574 leader_election.cc:290] T 73f38fa414554aff848517911d149655 P 2828d6493ec942728e9b36e96370aa5d [CANDIDATE]: Term 1 election: Requested vote from peers e23366dee8d846f5bcf115a6b5c8da83 (127.16.213.129:42713), febc6ef5407948f9ac80ec0110b8cb35 (127.16.213.131:36013)
I20260710 11:05:45.641616 17589 raft_consensus.cc:493] T a58d40b91de24aee950e67a7430f268e P febc6ef5407948f9ac80ec0110b8cb35 [term 0 FOLLOWER]: Starting pre-election (no leader contacted us within the election timeout)
I20260710 11:05:45.642287 17566 tablet_bootstrap.cc:654] T 83c732ae0889419d963b7edf3b52041a P febc6ef5407948f9ac80ec0110b8cb35: Neither blocks nor log segments found. Creating new log.
I20260710 11:05:45.642084 17589 raft_consensus.cc:515] T a58d40b91de24aee950e67a7430f268e P febc6ef5407948f9ac80ec0110b8cb35 [term 0 FOLLOWER]: Starting pre-election with config: opid_index: -1 OBSOLETE_local: false peers { permanent_uuid: "e23366dee8d846f5bcf115a6b5c8da83" member_type: VOTER last_known_addr { host: "127.16.213.129" port: 42713 } } peers { permanent_uuid: "2828d6493ec942728e9b36e96370aa5d" member_type: VOTER last_known_addr { host: "127.16.213.130" port: 38861 } } peers { permanent_uuid: "febc6ef5407948f9ac80ec0110b8cb35" member_type: VOTER last_known_addr { host: "127.16.213.131" port: 36013 } }
I20260710 11:05:45.644627 17589 leader_election.cc:290] T a58d40b91de24aee950e67a7430f268e P febc6ef5407948f9ac80ec0110b8cb35 [CANDIDATE]: Term 1 pre-election: Requested pre-vote from peers e23366dee8d846f5bcf115a6b5c8da83 (127.16.213.129:42713), 2828d6493ec942728e9b36e96370aa5d (127.16.213.130:38861)
I20260710 11:05:45.645766 17448 tablet_service.cc:1917] Received RequestConsensusVote() RPC: tablet_id: "a58d40b91de24aee950e67a7430f268e" candidate_uuid: "febc6ef5407948f9ac80ec0110b8cb35" candidate_term: 1 candidate_status { last_received { term: 0 index: 0 } } ignore_live_leader: false dest_uuid: "2828d6493ec942728e9b36e96370aa5d" is_pre_election: true
I20260710 11:05:45.646869 17372 tablet_service.cc:1917] Received RequestConsensusVote() RPC: tablet_id: "a58d40b91de24aee950e67a7430f268e" candidate_uuid: "febc6ef5407948f9ac80ec0110b8cb35" candidate_term: 1 candidate_status { last_received { term: 0 index: 0 } } ignore_live_leader: false dest_uuid: "e23366dee8d846f5bcf115a6b5c8da83" is_pre_election: true
W20260710 11:05:45.647329 17487 leader_election.cc:343] T a58d40b91de24aee950e67a7430f268e P febc6ef5407948f9ac80ec0110b8cb35 [CANDIDATE]: Term 1 pre-election: Tablet error from VoteRequest() call to peer 2828d6493ec942728e9b36e96370aa5d (127.16.213.130:38861): Illegal state: must be running to vote when last-logged opid is not known
I20260710 11:05:45.647471 17372 raft_consensus.cc:2468] T a58d40b91de24aee950e67a7430f268e P e23366dee8d846f5bcf115a6b5c8da83 [term 0 FOLLOWER]: Leader pre-election vote request: Granting yes vote for candidate febc6ef5407948f9ac80ec0110b8cb35 in term 0.
I20260710 11:05:45.648962 17486 leader_election.cc:304] T a58d40b91de24aee950e67a7430f268e P febc6ef5407948f9ac80ec0110b8cb35 [CANDIDATE]: Term 1 pre-election: Election decided. Result: candidate won. Election summary: received 3 responses out of 3 voters: 2 yes votes; 1 no votes. yes voters: e23366dee8d846f5bcf115a6b5c8da83, febc6ef5407948f9ac80ec0110b8cb35; no voters: 2828d6493ec942728e9b36e96370aa5d
I20260710 11:05:45.652467 17522 tablet_service.cc:1917] Received RequestConsensusVote() RPC: tablet_id: "1f5edd73fca34f298700bffcb3704597" candidate_uuid: "2828d6493ec942728e9b36e96370aa5d" candidate_term: 1 candidate_status { last_received { term: 0 index: 0 } } ignore_live_leader: false dest_uuid: "febc6ef5407948f9ac80ec0110b8cb35" is_pre_election: true
I20260710 11:05:45.653398 17522 raft_consensus.cc:2393] T 1f5edd73fca34f298700bffcb3704597 P febc6ef5407948f9ac80ec0110b8cb35 [term 1 FOLLOWER]: Leader pre-election vote request: Denying vote to candidate 2828d6493ec942728e9b36e96370aa5d in current term 1: Already voted for candidate e23366dee8d846f5bcf115a6b5c8da83 in this term.
I20260710 11:05:45.653052 17520 tablet_service.cc:1917] Received RequestConsensusVote() RPC: tablet_id: "73f38fa414554aff848517911d149655" candidate_uuid: "2828d6493ec942728e9b36e96370aa5d" candidate_term: 1 candidate_status { last_received { term: 0 index: 0 } } ignore_live_leader: false dest_uuid: "febc6ef5407948f9ac80ec0110b8cb35"
I20260710 11:05:45.653678 17589 raft_consensus.cc:2804] T a58d40b91de24aee950e67a7430f268e P febc6ef5407948f9ac80ec0110b8cb35 [term 0 FOLLOWER]: Leader pre-election won for term 1
I20260710 11:05:45.654747 17589 raft_consensus.cc:493] T a58d40b91de24aee950e67a7430f268e P febc6ef5407948f9ac80ec0110b8cb35 [term 0 FOLLOWER]: Starting leader election (no leader contacted us within the election timeout)
I20260710 11:05:45.654290 17520 raft_consensus.cc:3060] T 73f38fa414554aff848517911d149655 P febc6ef5407948f9ac80ec0110b8cb35 [term 0 FOLLOWER]: Advancing to term 1
I20260710 11:05:45.654850 17521 tablet_service.cc:1917] Received RequestConsensusVote() RPC: tablet_id: "73f38fa414554aff848517911d149655" candidate_uuid: "2828d6493ec942728e9b36e96370aa5d" candidate_term: 1 candidate_status { last_received { term: 0 index: 0 } } ignore_live_leader: false dest_uuid: "febc6ef5407948f9ac80ec0110b8cb35" is_pre_election: true
I20260710 11:05:45.655170 17589 raft_consensus.cc:3060] T a58d40b91de24aee950e67a7430f268e P febc6ef5407948f9ac80ec0110b8cb35 [term 0 FOLLOWER]: Advancing to term 1
I20260710 11:05:45.657807 17413 leader_election.cc:304] T 1f5edd73fca34f298700bffcb3704597 P 2828d6493ec942728e9b36e96370aa5d [CANDIDATE]: Term 1 pre-election: Election decided. Result: candidate lost. Election summary: received 3 responses out of 3 voters: 1 yes votes; 2 no votes. yes voters: 2828d6493ec942728e9b36e96370aa5d; no voters: e23366dee8d846f5bcf115a6b5c8da83, febc6ef5407948f9ac80ec0110b8cb35
I20260710 11:05:45.664862 17574 raft_consensus.cc:3060] T 1f5edd73fca34f298700bffcb3704597 P 2828d6493ec942728e9b36e96370aa5d [term 0 FOLLOWER]: Advancing to term 1
I20260710 11:05:45.671150 17371 raft_consensus.cc:2468] T 73f38fa414554aff848517911d149655 P e23366dee8d846f5bcf115a6b5c8da83 [term 1 FOLLOWER]: Leader election vote request: Granting yes vote for candidate 2828d6493ec942728e9b36e96370aa5d in term 1.
I20260710 11:05:45.672317 17412 leader_election.cc:304] T 73f38fa414554aff848517911d149655 P 2828d6493ec942728e9b36e96370aa5d [CANDIDATE]: Term 1 election: Election decided. Result: candidate won. Election summary: received 2 responses out of 3 voters: 2 yes votes; 0 no votes. yes voters: 2828d6493ec942728e9b36e96370aa5d, e23366dee8d846f5bcf115a6b5c8da83; no voters: 
I20260710 11:05:45.682137 17520 raft_consensus.cc:2468] T 73f38fa414554aff848517911d149655 P febc6ef5407948f9ac80ec0110b8cb35 [term 1 FOLLOWER]: Leader election vote request: Granting yes vote for candidate 2828d6493ec942728e9b36e96370aa5d in term 1.
I20260710 11:05:45.685302 17565 tablet_bootstrap.cc:492] T fc85b450b99a4724803bf858262ee3a8 P e23366dee8d846f5bcf115a6b5c8da83: No bootstrap required, opened a new log
I20260710 11:05:45.685981 17565 ts_tablet_manager.cc:1403] T fc85b450b99a4724803bf858262ee3a8 P e23366dee8d846f5bcf115a6b5c8da83: Time spent bootstrapping tablet: real 0.097s	user 0.013s	sys 0.018s
I20260710 11:05:45.691198 17565 raft_consensus.cc:359] T fc85b450b99a4724803bf858262ee3a8 P e23366dee8d846f5bcf115a6b5c8da83 [term 0 FOLLOWER]: Replica starting. Triggering 0 pending ops. Active config: opid_index: -1 OBSOLETE_local: false peers { permanent_uuid: "e23366dee8d846f5bcf115a6b5c8da83" member_type: VOTER last_known_addr { host: "127.16.213.129" port: 42713 } } peers { permanent_uuid: "2828d6493ec942728e9b36e96370aa5d" member_type: VOTER last_known_addr { host: "127.16.213.130" port: 38861 } } peers { permanent_uuid: "febc6ef5407948f9ac80ec0110b8cb35" member_type: VOTER last_known_addr { host: "127.16.213.131" port: 36013 } }
I20260710 11:05:45.692137 17565 raft_consensus.cc:385] T fc85b450b99a4724803bf858262ee3a8 P e23366dee8d846f5bcf115a6b5c8da83 [term 0 FOLLOWER]: Consensus starting up: Expiring failure detector timer to make a prompt election more likely
I20260710 11:05:45.692503 17565 raft_consensus.cc:740] T fc85b450b99a4724803bf858262ee3a8 P e23366dee8d846f5bcf115a6b5c8da83 [term 0 FOLLOWER]: Becoming Follower/Learner. State: Replica: e23366dee8d846f5bcf115a6b5c8da83, State: Initialized, Role: FOLLOWER
I20260710 11:05:45.693413 17565 consensus_queue.cc:260] T fc85b450b99a4724803bf858262ee3a8 P e23366dee8d846f5bcf115a6b5c8da83 [NON_LEADER]: Queue going to NON_LEADER mode. State: All replicated index: 0, Majority replicated index: 0, Committed index: 0, Last appended: 0.0, Last appended by leader: 0, Current term: 0, Majority size: -1, State: 0, Mode: NON_LEADER, active raft config: opid_index: -1 OBSOLETE_local: false peers { permanent_uuid: "e23366dee8d846f5bcf115a6b5c8da83" member_type: VOTER last_known_addr { host: "127.16.213.129" port: 42713 } } peers { permanent_uuid: "2828d6493ec942728e9b36e96370aa5d" member_type: VOTER last_known_addr { host: "127.16.213.130" port: 38861 } } peers { permanent_uuid: "febc6ef5407948f9ac80ec0110b8cb35" member_type: VOTER last_known_addr { host: "127.16.213.131" port: 36013 } }
I20260710 11:05:45.704078 17589 raft_consensus.cc:515] T a58d40b91de24aee950e67a7430f268e P febc6ef5407948f9ac80ec0110b8cb35 [term 1 FOLLOWER]: Starting leader election with config: opid_index: -1 OBSOLETE_local: false peers { permanent_uuid: "e23366dee8d846f5bcf115a6b5c8da83" member_type: VOTER last_known_addr { host: "127.16.213.129" port: 42713 } } peers { permanent_uuid: "2828d6493ec942728e9b36e96370aa5d" member_type: VOTER last_known_addr { host: "127.16.213.130" port: 38861 } } peers { permanent_uuid: "febc6ef5407948f9ac80ec0110b8cb35" member_type: VOTER last_known_addr { host: "127.16.213.131" port: 36013 } }
I20260710 11:05:45.709281 17371 tablet_service.cc:1917] Received RequestConsensusVote() RPC: tablet_id: "a58d40b91de24aee950e67a7430f268e" candidate_uuid: "febc6ef5407948f9ac80ec0110b8cb35" candidate_term: 1 candidate_status { last_received { term: 0 index: 0 } } ignore_live_leader: false dest_uuid: "e23366dee8d846f5bcf115a6b5c8da83"
I20260710 11:05:45.710107 17371 raft_consensus.cc:3060] T a58d40b91de24aee950e67a7430f268e P e23366dee8d846f5bcf115a6b5c8da83 [term 0 FOLLOWER]: Advancing to term 1
I20260710 11:05:45.710211 17565 ts_tablet_manager.cc:1434] T fc85b450b99a4724803bf858262ee3a8 P e23366dee8d846f5bcf115a6b5c8da83: Time spent starting tablet: real 0.024s	user 0.003s	sys 0.007s
I20260710 11:05:45.713187 17565 tablet_bootstrap.cc:492] T 83c732ae0889419d963b7edf3b52041a P e23366dee8d846f5bcf115a6b5c8da83: Bootstrap starting.
I20260710 11:05:45.715492 17566 tablet_bootstrap.cc:492] T 83c732ae0889419d963b7edf3b52041a P febc6ef5407948f9ac80ec0110b8cb35: No bootstrap required, opened a new log
I20260710 11:05:45.717486 17566 ts_tablet_manager.cc:1403] T 83c732ae0889419d963b7edf3b52041a P febc6ef5407948f9ac80ec0110b8cb35: Time spent bootstrapping tablet: real 0.100s	user 0.046s	sys 0.020s
I20260710 11:05:45.716668 17574 raft_consensus.cc:2749] T 1f5edd73fca34f298700bffcb3704597 P 2828d6493ec942728e9b36e96370aa5d [term 1 FOLLOWER]: Leader pre-election lost for term 1. Reason: could not achieve majority
I20260710 11:05:45.720248 17589 leader_election.cc:290] T a58d40b91de24aee950e67a7430f268e P febc6ef5407948f9ac80ec0110b8cb35 [CANDIDATE]: Term 1 election: Requested vote from peers e23366dee8d846f5bcf115a6b5c8da83 (127.16.213.129:42713), 2828d6493ec942728e9b36e96370aa5d (127.16.213.130:38861)
I20260710 11:05:45.721505 17566 raft_consensus.cc:359] T 83c732ae0889419d963b7edf3b52041a P febc6ef5407948f9ac80ec0110b8cb35 [term 0 FOLLOWER]: Replica starting. Triggering 0 pending ops. Active config: opid_index: -1 OBSOLETE_local: false peers { permanent_uuid: "e23366dee8d846f5bcf115a6b5c8da83" member_type: VOTER last_known_addr { host: "127.16.213.129" port: 42713 } } peers { permanent_uuid: "2828d6493ec942728e9b36e96370aa5d" member_type: VOTER last_known_addr { host: "127.16.213.130" port: 38861 } } peers { permanent_uuid: "febc6ef5407948f9ac80ec0110b8cb35" member_type: VOTER last_known_addr { host: "127.16.213.131" port: 36013 } }
I20260710 11:05:45.722222 17566 raft_consensus.cc:385] T 83c732ae0889419d963b7edf3b52041a P febc6ef5407948f9ac80ec0110b8cb35 [term 0 FOLLOWER]: Consensus starting up: Expiring failure detector timer to make a prompt election more likely
I20260710 11:05:45.722494 17566 raft_consensus.cc:740] T 83c732ae0889419d963b7edf3b52041a P febc6ef5407948f9ac80ec0110b8cb35 [term 0 FOLLOWER]: Becoming Follower/Learner. State: Replica: febc6ef5407948f9ac80ec0110b8cb35, State: Initialized, Role: FOLLOWER
I20260710 11:05:45.723155 17566 consensus_queue.cc:260] T 83c732ae0889419d963b7edf3b52041a P febc6ef5407948f9ac80ec0110b8cb35 [NON_LEADER]: Queue going to NON_LEADER mode. State: All replicated index: 0, Majority replicated index: 0, Committed index: 0, Last appended: 0.0, Last appended by leader: 0, Current term: 0, Majority size: -1, State: 0, Mode: NON_LEADER, active raft config: opid_index: -1 OBSOLETE_local: false peers { permanent_uuid: "e23366dee8d846f5bcf115a6b5c8da83" member_type: VOTER last_known_addr { host: "127.16.213.129" port: 42713 } } peers { permanent_uuid: "2828d6493ec942728e9b36e96370aa5d" member_type: VOTER last_known_addr { host: "127.16.213.130" port: 38861 } } peers { permanent_uuid: "febc6ef5407948f9ac80ec0110b8cb35" member_type: VOTER last_known_addr { host: "127.16.213.131" port: 36013 } }
I20260710 11:05:45.723850 17565 tablet_bootstrap.cc:654] T 83c732ae0889419d963b7edf3b52041a P e23366dee8d846f5bcf115a6b5c8da83: Neither blocks nor log segments found. Creating new log.
I20260710 11:05:45.725162 17566 ts_tablet_manager.cc:1434] T 83c732ae0889419d963b7edf3b52041a P febc6ef5407948f9ac80ec0110b8cb35: Time spent starting tablet: real 0.007s	user 0.004s	sys 0.000s
I20260710 11:05:45.726214 17567 tablet_bootstrap.cc:492] T a58d40b91de24aee950e67a7430f268e P 2828d6493ec942728e9b36e96370aa5d: No bootstrap required, opened a new log
I20260710 11:05:45.726689 17567 ts_tablet_manager.cc:1403] T a58d40b91de24aee950e67a7430f268e P 2828d6493ec942728e9b36e96370aa5d: Time spent bootstrapping tablet: real 0.131s	user 0.009s	sys 0.014s
I20260710 11:05:45.727851 17574 raft_consensus.cc:2804] T 73f38fa414554aff848517911d149655 P 2828d6493ec942728e9b36e96370aa5d [term 1 FOLLOWER]: Leader election won for term 1
I20260710 11:05:45.728613 17574 raft_consensus.cc:697] T 73f38fa414554aff848517911d149655 P 2828d6493ec942728e9b36e96370aa5d [term 1 LEADER]: Becoming Leader. State: Replica: 2828d6493ec942728e9b36e96370aa5d, State: Running, Role: LEADER
I20260710 11:05:45.731572 17574 consensus_queue.cc:237] T 73f38fa414554aff848517911d149655 P 2828d6493ec942728e9b36e96370aa5d [LEADER]: Queue going to LEADER mode. State: All replicated index: 0, Majority replicated index: 0, Committed index: 0, Last appended: 0.0, Last appended by leader: 0, Current term: 1, Majority size: 2, State: 0, Mode: LEADER, active raft config: opid_index: -1 OBSOLETE_local: false peers { permanent_uuid: "e23366dee8d846f5bcf115a6b5c8da83" member_type: VOTER last_known_addr { host: "127.16.213.129" port: 42713 } } peers { permanent_uuid: "2828d6493ec942728e9b36e96370aa5d" member_type: VOTER last_known_addr { host: "127.16.213.130" port: 38861 } } peers { permanent_uuid: "febc6ef5407948f9ac80ec0110b8cb35" member_type: VOTER last_known_addr { host: "127.16.213.131" port: 36013 } }
W20260710 11:05:45.730005 17412 outbound_call.cc:321] RPC callback for RPC call kudu.consensus.ConsensusService.RequestConsensusVote -> {remote=127.16.213.129:42713, user_credentials={real_user=slave}} blocked reactor thread for 57739.5us
I20260710 11:05:45.736013 17448 tablet_service.cc:1917] Received RequestConsensusVote() RPC: tablet_id: "a58d40b91de24aee950e67a7430f268e" candidate_uuid: "febc6ef5407948f9ac80ec0110b8cb35" candidate_term: 1 candidate_status { last_received { term: 0 index: 0 } } ignore_live_leader: false dest_uuid: "2828d6493ec942728e9b36e96370aa5d"
W20260710 11:05:45.738179 17487 leader_election.cc:343] T a58d40b91de24aee950e67a7430f268e P febc6ef5407948f9ac80ec0110b8cb35 [CANDIDATE]: Term 1 election: Tablet error from VoteRequest() call to peer 2828d6493ec942728e9b36e96370aa5d (127.16.213.130:38861): Illegal state: must be running to vote when last-logged opid is not known
I20260710 11:05:45.740543 17567 raft_consensus.cc:359] T a58d40b91de24aee950e67a7430f268e P 2828d6493ec942728e9b36e96370aa5d [term 0 FOLLOWER]: Replica starting. Triggering 0 pending ops. Active config: opid_index: -1 OBSOLETE_local: false peers { permanent_uuid: "e23366dee8d846f5bcf115a6b5c8da83" member_type: VOTER last_known_addr { host: "127.16.213.129" port: 42713 } } peers { permanent_uuid: "2828d6493ec942728e9b36e96370aa5d" member_type: VOTER last_known_addr { host: "127.16.213.130" port: 38861 } } peers { permanent_uuid: "febc6ef5407948f9ac80ec0110b8cb35" member_type: VOTER last_known_addr { host: "127.16.213.131" port: 36013 } }
I20260710 11:05:45.742071 17567 raft_consensus.cc:385] T a58d40b91de24aee950e67a7430f268e P 2828d6493ec942728e9b36e96370aa5d [term 0 FOLLOWER]: Consensus starting up: Expiring failure detector timer to make a prompt election more likely
I20260710 11:05:45.742844 17567 raft_consensus.cc:740] T a58d40b91de24aee950e67a7430f268e P 2828d6493ec942728e9b36e96370aa5d [term 0 FOLLOWER]: Becoming Follower/Learner. State: Replica: 2828d6493ec942728e9b36e96370aa5d, State: Initialized, Role: FOLLOWER
I20260710 11:05:45.743714 17567 consensus_queue.cc:260] T a58d40b91de24aee950e67a7430f268e P 2828d6493ec942728e9b36e96370aa5d [NON_LEADER]: Queue going to NON_LEADER mode. State: All replicated index: 0, Majority replicated index: 0, Committed index: 0, Last appended: 0.0, Last appended by leader: 0, Current term: 0, Majority size: -1, State: 0, Mode: NON_LEADER, active raft config: opid_index: -1 OBSOLETE_local: false peers { permanent_uuid: "e23366dee8d846f5bcf115a6b5c8da83" member_type: VOTER last_known_addr { host: "127.16.213.129" port: 42713 } } peers { permanent_uuid: "2828d6493ec942728e9b36e96370aa5d" member_type: VOTER last_known_addr { host: "127.16.213.130" port: 38861 } } peers { permanent_uuid: "febc6ef5407948f9ac80ec0110b8cb35" member_type: VOTER last_known_addr { host: "127.16.213.131" port: 36013 } }
I20260710 11:05:45.744149 17371 raft_consensus.cc:2468] T a58d40b91de24aee950e67a7430f268e P e23366dee8d846f5bcf115a6b5c8da83 [term 1 FOLLOWER]: Leader election vote request: Granting yes vote for candidate febc6ef5407948f9ac80ec0110b8cb35 in term 1.
I20260710 11:05:45.745388 17486 leader_election.cc:304] T a58d40b91de24aee950e67a7430f268e P febc6ef5407948f9ac80ec0110b8cb35 [CANDIDATE]: Term 1 election: Election decided. Result: candidate won. Election summary: received 3 responses out of 3 voters: 2 yes votes; 1 no votes. yes voters: e23366dee8d846f5bcf115a6b5c8da83, febc6ef5407948f9ac80ec0110b8cb35; no voters: 2828d6493ec942728e9b36e96370aa5d
I20260710 11:05:45.745739 17567 ts_tablet_manager.cc:1434] T a58d40b91de24aee950e67a7430f268e P 2828d6493ec942728e9b36e96370aa5d: Time spent starting tablet: real 0.019s	user 0.006s	sys 0.000s
I20260710 11:05:45.746236 17589 raft_consensus.cc:2804] T a58d40b91de24aee950e67a7430f268e P febc6ef5407948f9ac80ec0110b8cb35 [term 1 FOLLOWER]: Leader election won for term 1
I20260710 11:05:45.746811 17567 tablet_bootstrap.cc:492] T b687dba2ec274bcfa1d08cf2ff1e42cf P 2828d6493ec942728e9b36e96370aa5d: Bootstrap starting.
I20260710 11:05:45.746740 17589 raft_consensus.cc:697] T a58d40b91de24aee950e67a7430f268e P febc6ef5407948f9ac80ec0110b8cb35 [term 1 LEADER]: Becoming Leader. State: Replica: febc6ef5407948f9ac80ec0110b8cb35, State: Running, Role: LEADER
I20260710 11:05:45.747606 17589 consensus_queue.cc:237] T a58d40b91de24aee950e67a7430f268e P febc6ef5407948f9ac80ec0110b8cb35 [LEADER]: Queue going to LEADER mode. State: All replicated index: 0, Majority replicated index: 0, Committed index: 0, Last appended: 0.0, Last appended by leader: 0, Current term: 1, Majority size: 2, State: 0, Mode: LEADER, active raft config: opid_index: -1 OBSOLETE_local: false peers { permanent_uuid: "e23366dee8d846f5bcf115a6b5c8da83" member_type: VOTER last_known_addr { host: "127.16.213.129" port: 42713 } } peers { permanent_uuid: "2828d6493ec942728e9b36e96370aa5d" member_type: VOTER last_known_addr { host: "127.16.213.130" port: 38861 } } peers { permanent_uuid: "febc6ef5407948f9ac80ec0110b8cb35" member_type: VOTER last_known_addr { host: "127.16.213.131" port: 36013 } }
I20260710 11:05:45.753562 17269 catalog_manager.cc:5697] T 73f38fa414554aff848517911d149655 P 2828d6493ec942728e9b36e96370aa5d reported cstate change: term changed from 0 to 1, leader changed from <none> to 2828d6493ec942728e9b36e96370aa5d (127.16.213.130). New cstate: current_term: 1 leader_uuid: "2828d6493ec942728e9b36e96370aa5d" committed_config { opid_index: -1 OBSOLETE_local: false peers { permanent_uuid: "e23366dee8d846f5bcf115a6b5c8da83" member_type: VOTER last_known_addr { host: "127.16.213.129" port: 42713 } health_report { overall_health: UNKNOWN } } peers { permanent_uuid: "2828d6493ec942728e9b36e96370aa5d" member_type: VOTER last_known_addr { host: "127.16.213.130" port: 38861 } health_report { overall_health: HEALTHY } } peers { permanent_uuid: "febc6ef5407948f9ac80ec0110b8cb35" member_type: VOTER last_known_addr { host: "127.16.213.131" port: 36013 } health_report { overall_health: UNKNOWN } } }
I20260710 11:05:45.754755 17371 raft_consensus.cc:3060] T 7ecc43db31e24cc99eb20b636d717d27 P e23366dee8d846f5bcf115a6b5c8da83 [term 0 FOLLOWER]: Advancing to term 1
I20260710 11:05:45.755756 17567 tablet_bootstrap.cc:654] T b687dba2ec274bcfa1d08cf2ff1e42cf P 2828d6493ec942728e9b36e96370aa5d: Neither blocks nor log segments found. Creating new log.
I20260710 11:05:45.760419 17565 tablet_bootstrap.cc:492] T 83c732ae0889419d963b7edf3b52041a P e23366dee8d846f5bcf115a6b5c8da83: No bootstrap required, opened a new log
I20260710 11:05:45.760968 17565 ts_tablet_manager.cc:1403] T 83c732ae0889419d963b7edf3b52041a P e23366dee8d846f5bcf115a6b5c8da83: Time spent bootstrapping tablet: real 0.048s	user 0.007s	sys 0.006s
I20260710 11:05:45.764219 17565 raft_consensus.cc:359] T 83c732ae0889419d963b7edf3b52041a P e23366dee8d846f5bcf115a6b5c8da83 [term 0 FOLLOWER]: Replica starting. Triggering 0 pending ops. Active config: opid_index: -1 OBSOLETE_local: false peers { permanent_uuid: "e23366dee8d846f5bcf115a6b5c8da83" member_type: VOTER last_known_addr { host: "127.16.213.129" port: 42713 } } peers { permanent_uuid: "2828d6493ec942728e9b36e96370aa5d" member_type: VOTER last_known_addr { host: "127.16.213.130" port: 38861 } } peers { permanent_uuid: "febc6ef5407948f9ac80ec0110b8cb35" member_type: VOTER last_known_addr { host: "127.16.213.131" port: 36013 } }
I20260710 11:05:45.765067 17565 raft_consensus.cc:385] T 83c732ae0889419d963b7edf3b52041a P e23366dee8d846f5bcf115a6b5c8da83 [term 0 FOLLOWER]: Consensus starting up: Expiring failure detector timer to make a prompt election more likely
I20260710 11:05:45.765401 17565 raft_consensus.cc:740] T 83c732ae0889419d963b7edf3b52041a P e23366dee8d846f5bcf115a6b5c8da83 [term 0 FOLLOWER]: Becoming Follower/Learner. State: Replica: e23366dee8d846f5bcf115a6b5c8da83, State: Initialized, Role: FOLLOWER
I20260710 11:05:45.767227 17565 consensus_queue.cc:260] T 83c732ae0889419d963b7edf3b52041a P e23366dee8d846f5bcf115a6b5c8da83 [NON_LEADER]: Queue going to NON_LEADER mode. State: All replicated index: 0, Majority replicated index: 0, Committed index: 0, Last appended: 0.0, Last appended by leader: 0, Current term: 0, Majority size: -1, State: 0, Mode: NON_LEADER, active raft config: opid_index: -1 OBSOLETE_local: false peers { permanent_uuid: "e23366dee8d846f5bcf115a6b5c8da83" member_type: VOTER last_known_addr { host: "127.16.213.129" port: 42713 } } peers { permanent_uuid: "2828d6493ec942728e9b36e96370aa5d" member_type: VOTER last_known_addr { host: "127.16.213.130" port: 38861 } } peers { permanent_uuid: "febc6ef5407948f9ac80ec0110b8cb35" member_type: VOTER last_known_addr { host: "127.16.213.131" port: 36013 } }
I20260710 11:05:45.768807 17565 ts_tablet_manager.cc:1434] T 83c732ae0889419d963b7edf3b52041a P e23366dee8d846f5bcf115a6b5c8da83: Time spent starting tablet: real 0.007s	user 0.005s	sys 0.000s
I20260710 11:05:45.780267 17567 tablet_bootstrap.cc:492] T b687dba2ec274bcfa1d08cf2ff1e42cf P 2828d6493ec942728e9b36e96370aa5d: No bootstrap required, opened a new log
I20260710 11:05:45.780782 17567 ts_tablet_manager.cc:1403] T b687dba2ec274bcfa1d08cf2ff1e42cf P 2828d6493ec942728e9b36e96370aa5d: Time spent bootstrapping tablet: real 0.034s	user 0.021s	sys 0.003s
I20260710 11:05:45.783531 17567 raft_consensus.cc:359] T b687dba2ec274bcfa1d08cf2ff1e42cf P 2828d6493ec942728e9b36e96370aa5d [term 0 FOLLOWER]: Replica starting. Triggering 0 pending ops. Active config: opid_index: -1 OBSOLETE_local: false peers { permanent_uuid: "e23366dee8d846f5bcf115a6b5c8da83" member_type: VOTER last_known_addr { host: "127.16.213.129" port: 42713 } } peers { permanent_uuid: "2828d6493ec942728e9b36e96370aa5d" member_type: VOTER last_known_addr { host: "127.16.213.130" port: 38861 } } peers { permanent_uuid: "febc6ef5407948f9ac80ec0110b8cb35" member_type: VOTER last_known_addr { host: "127.16.213.131" port: 36013 } }
I20260710 11:05:45.783042 17267 catalog_manager.cc:5697] T a58d40b91de24aee950e67a7430f268e P febc6ef5407948f9ac80ec0110b8cb35 reported cstate change: term changed from 0 to 1, leader changed from <none> to febc6ef5407948f9ac80ec0110b8cb35 (127.16.213.131). New cstate: current_term: 1 leader_uuid: "febc6ef5407948f9ac80ec0110b8cb35" committed_config { opid_index: -1 OBSOLETE_local: false peers { permanent_uuid: "e23366dee8d846f5bcf115a6b5c8da83" member_type: VOTER last_known_addr { host: "127.16.213.129" port: 42713 } health_report { overall_health: UNKNOWN } } peers { permanent_uuid: "2828d6493ec942728e9b36e96370aa5d" member_type: VOTER last_known_addr { host: "127.16.213.130" port: 38861 } health_report { overall_health: UNKNOWN } } peers { permanent_uuid: "febc6ef5407948f9ac80ec0110b8cb35" member_type: VOTER last_known_addr { host: "127.16.213.131" port: 36013 } health_report { overall_health: HEALTHY } } }
I20260710 11:05:45.784264 17567 raft_consensus.cc:385] T b687dba2ec274bcfa1d08cf2ff1e42cf P 2828d6493ec942728e9b36e96370aa5d [term 0 FOLLOWER]: Consensus starting up: Expiring failure detector timer to make a prompt election more likely
I20260710 11:05:45.784577 17567 raft_consensus.cc:740] T b687dba2ec274bcfa1d08cf2ff1e42cf P 2828d6493ec942728e9b36e96370aa5d [term 0 FOLLOWER]: Becoming Follower/Learner. State: Replica: 2828d6493ec942728e9b36e96370aa5d, State: Initialized, Role: FOLLOWER
I20260710 11:05:45.785948 17567 consensus_queue.cc:260] T b687dba2ec274bcfa1d08cf2ff1e42cf P 2828d6493ec942728e9b36e96370aa5d [NON_LEADER]: Queue going to NON_LEADER mode. State: All replicated index: 0, Majority replicated index: 0, Committed index: 0, Last appended: 0.0, Last appended by leader: 0, Current term: 0, Majority size: -1, State: 0, Mode: NON_LEADER, active raft config: opid_index: -1 OBSOLETE_local: false peers { permanent_uuid: "e23366dee8d846f5bcf115a6b5c8da83" member_type: VOTER last_known_addr { host: "127.16.213.129" port: 42713 } } peers { permanent_uuid: "2828d6493ec942728e9b36e96370aa5d" member_type: VOTER last_known_addr { host: "127.16.213.130" port: 38861 } } peers { permanent_uuid: "febc6ef5407948f9ac80ec0110b8cb35" member_type: VOTER last_known_addr { host: "127.16.213.131" port: 36013 } }
I20260710 11:05:45.787417 17589 consensus_queue.cc:1048] T 7ecc43db31e24cc99eb20b636d717d27 P febc6ef5407948f9ac80ec0110b8cb35 [LEADER]: Connected to new peer: Peer: permanent_uuid: "e23366dee8d846f5bcf115a6b5c8da83" member_type: VOTER last_known_addr { host: "127.16.213.129" port: 42713 }, Status: LMP_MISMATCH, Last received: 0.0, Next index: 1, Last known committed idx: 0, Time since last communication: 0.000s
I20260710 11:05:45.788215 17567 ts_tablet_manager.cc:1434] T b687dba2ec274bcfa1d08cf2ff1e42cf P 2828d6493ec942728e9b36e96370aa5d: Time spent starting tablet: real 0.007s	user 0.007s	sys 0.000s
I20260710 11:05:45.789163 17567 tablet_bootstrap.cc:492] T fc85b450b99a4724803bf858262ee3a8 P 2828d6493ec942728e9b36e96370aa5d: Bootstrap starting.
I20260710 11:05:45.795819 17567 tablet_bootstrap.cc:654] T fc85b450b99a4724803bf858262ee3a8 P 2828d6493ec942728e9b36e96370aa5d: Neither blocks nor log segments found. Creating new log.
I20260710 11:05:45.807474 17567 tablet_bootstrap.cc:492] T fc85b450b99a4724803bf858262ee3a8 P 2828d6493ec942728e9b36e96370aa5d: No bootstrap required, opened a new log
I20260710 11:05:45.808019 17567 ts_tablet_manager.cc:1403] T fc85b450b99a4724803bf858262ee3a8 P 2828d6493ec942728e9b36e96370aa5d: Time spent bootstrapping tablet: real 0.019s	user 0.012s	sys 0.005s
I20260710 11:05:45.810472 17567 raft_consensus.cc:359] T fc85b450b99a4724803bf858262ee3a8 P 2828d6493ec942728e9b36e96370aa5d [term 0 FOLLOWER]: Replica starting. Triggering 0 pending ops. Active config: opid_index: -1 OBSOLETE_local: false peers { permanent_uuid: "e23366dee8d846f5bcf115a6b5c8da83" member_type: VOTER last_known_addr { host: "127.16.213.129" port: 42713 } } peers { permanent_uuid: "2828d6493ec942728e9b36e96370aa5d" member_type: VOTER last_known_addr { host: "127.16.213.130" port: 38861 } } peers { permanent_uuid: "febc6ef5407948f9ac80ec0110b8cb35" member_type: VOTER last_known_addr { host: "127.16.213.131" port: 36013 } }
I20260710 11:05:45.811328 17567 raft_consensus.cc:385] T fc85b450b99a4724803bf858262ee3a8 P 2828d6493ec942728e9b36e96370aa5d [term 0 FOLLOWER]: Consensus starting up: Expiring failure detector timer to make a prompt election more likely
I20260710 11:05:45.811666 17567 raft_consensus.cc:740] T fc85b450b99a4724803bf858262ee3a8 P 2828d6493ec942728e9b36e96370aa5d [term 0 FOLLOWER]: Becoming Follower/Learner. State: Replica: 2828d6493ec942728e9b36e96370aa5d, State: Initialized, Role: FOLLOWER
I20260710 11:05:45.812382 17567 consensus_queue.cc:260] T fc85b450b99a4724803bf858262ee3a8 P 2828d6493ec942728e9b36e96370aa5d [NON_LEADER]: Queue going to NON_LEADER mode. State: All replicated index: 0, Majority replicated index: 0, Committed index: 0, Last appended: 0.0, Last appended by leader: 0, Current term: 0, Majority size: -1, State: 0, Mode: NON_LEADER, active raft config: opid_index: -1 OBSOLETE_local: false peers { permanent_uuid: "e23366dee8d846f5bcf115a6b5c8da83" member_type: VOTER last_known_addr { host: "127.16.213.129" port: 42713 } } peers { permanent_uuid: "2828d6493ec942728e9b36e96370aa5d" member_type: VOTER last_known_addr { host: "127.16.213.130" port: 38861 } } peers { permanent_uuid: "febc6ef5407948f9ac80ec0110b8cb35" member_type: VOTER last_known_addr { host: "127.16.213.131" port: 36013 } }
I20260710 11:05:45.814661 17567 ts_tablet_manager.cc:1434] T fc85b450b99a4724803bf858262ee3a8 P 2828d6493ec942728e9b36e96370aa5d: Time spent starting tablet: real 0.006s	user 0.004s	sys 0.002s
I20260710 11:05:45.815583 17567 tablet_bootstrap.cc:492] T 83c732ae0889419d963b7edf3b52041a P 2828d6493ec942728e9b36e96370aa5d: Bootstrap starting.
I20260710 11:05:45.821178 17567 tablet_bootstrap.cc:654] T 83c732ae0889419d963b7edf3b52041a P 2828d6493ec942728e9b36e96370aa5d: Neither blocks nor log segments found. Creating new log.
I20260710 11:05:45.834259 17567 tablet_bootstrap.cc:492] T 83c732ae0889419d963b7edf3b52041a P 2828d6493ec942728e9b36e96370aa5d: No bootstrap required, opened a new log
I20260710 11:05:45.835016 17567 ts_tablet_manager.cc:1403] T 83c732ae0889419d963b7edf3b52041a P 2828d6493ec942728e9b36e96370aa5d: Time spent bootstrapping tablet: real 0.020s	user 0.010s	sys 0.004s
I20260710 11:05:45.838361 17567 raft_consensus.cc:359] T 83c732ae0889419d963b7edf3b52041a P 2828d6493ec942728e9b36e96370aa5d [term 0 FOLLOWER]: Replica starting. Triggering 0 pending ops. Active config: opid_index: -1 OBSOLETE_local: false peers { permanent_uuid: "e23366dee8d846f5bcf115a6b5c8da83" member_type: VOTER last_known_addr { host: "127.16.213.129" port: 42713 } } peers { permanent_uuid: "2828d6493ec942728e9b36e96370aa5d" member_type: VOTER last_known_addr { host: "127.16.213.130" port: 38861 } } peers { permanent_uuid: "febc6ef5407948f9ac80ec0110b8cb35" member_type: VOTER last_known_addr { host: "127.16.213.131" port: 36013 } }
I20260710 11:05:45.839363 17567 raft_consensus.cc:385] T 83c732ae0889419d963b7edf3b52041a P 2828d6493ec942728e9b36e96370aa5d [term 0 FOLLOWER]: Consensus starting up: Expiring failure detector timer to make a prompt election more likely
I20260710 11:05:45.839762 17567 raft_consensus.cc:740] T 83c732ae0889419d963b7edf3b52041a P 2828d6493ec942728e9b36e96370aa5d [term 0 FOLLOWER]: Becoming Follower/Learner. State: Replica: 2828d6493ec942728e9b36e96370aa5d, State: Initialized, Role: FOLLOWER
I20260710 11:05:45.840713 17567 consensus_queue.cc:260] T 83c732ae0889419d963b7edf3b52041a P 2828d6493ec942728e9b36e96370aa5d [NON_LEADER]: Queue going to NON_LEADER mode. State: All replicated index: 0, Majority replicated index: 0, Committed index: 0, Last appended: 0.0, Last appended by leader: 0, Current term: 0, Majority size: -1, State: 0, Mode: NON_LEADER, active raft config: opid_index: -1 OBSOLETE_local: false peers { permanent_uuid: "e23366dee8d846f5bcf115a6b5c8da83" member_type: VOTER last_known_addr { host: "127.16.213.129" port: 42713 } } peers { permanent_uuid: "2828d6493ec942728e9b36e96370aa5d" member_type: VOTER last_known_addr { host: "127.16.213.130" port: 38861 } } peers { permanent_uuid: "febc6ef5407948f9ac80ec0110b8cb35" member_type: VOTER last_known_addr { host: "127.16.213.131" port: 36013 } }
W20260710 11:05:45.842736 17394 debug-util.cc:398] Leaking SignalData structure 0x7b08000e7060 after lost signal to thread 17241
W20260710 11:05:45.843588 17394 debug-util.cc:398] Leaking SignalData structure 0x7b08000e7740 after lost signal to thread 17304
I20260710 11:05:45.845396 17572 consensus_queue.cc:1048] T 7ecc43db31e24cc99eb20b636d717d27 P febc6ef5407948f9ac80ec0110b8cb35 [LEADER]: Connected to new peer: Peer: permanent_uuid: "2828d6493ec942728e9b36e96370aa5d" member_type: VOTER last_known_addr { host: "127.16.213.130" port: 38861 }, Status: LMP_MISMATCH, Last received: 0.0, Next index: 1, Last known committed idx: 0, Time since last communication: 0.000s
I20260710 11:05:45.846743 17592 raft_consensus.cc:493] T fc85b450b99a4724803bf858262ee3a8 P e23366dee8d846f5bcf115a6b5c8da83 [term 0 FOLLOWER]: Starting pre-election (no leader contacted us within the election timeout)
I20260710 11:05:45.847214 17592 raft_consensus.cc:515] T fc85b450b99a4724803bf858262ee3a8 P e23366dee8d846f5bcf115a6b5c8da83 [term 0 FOLLOWER]: Starting pre-election with config: opid_index: -1 OBSOLETE_local: false peers { permanent_uuid: "e23366dee8d846f5bcf115a6b5c8da83" member_type: VOTER last_known_addr { host: "127.16.213.129" port: 42713 } } peers { permanent_uuid: "2828d6493ec942728e9b36e96370aa5d" member_type: VOTER last_known_addr { host: "127.16.213.130" port: 38861 } } peers { permanent_uuid: "febc6ef5407948f9ac80ec0110b8cb35" member_type: VOTER last_known_addr { host: "127.16.213.131" port: 36013 } }
I20260710 11:05:45.848105 17574 raft_consensus.cc:493] T a58d40b91de24aee950e67a7430f268e P 2828d6493ec942728e9b36e96370aa5d [term 0 FOLLOWER]: Starting pre-election (no leader contacted us within the election timeout)
I20260710 11:05:45.848548 17574 raft_consensus.cc:515] T a58d40b91de24aee950e67a7430f268e P 2828d6493ec942728e9b36e96370aa5d [term 0 FOLLOWER]: Starting pre-election with config: opid_index: -1 OBSOLETE_local: false peers { permanent_uuid: "e23366dee8d846f5bcf115a6b5c8da83" member_type: VOTER last_known_addr { host: "127.16.213.129" port: 42713 } } peers { permanent_uuid: "2828d6493ec942728e9b36e96370aa5d" member_type: VOTER last_known_addr { host: "127.16.213.130" port: 38861 } } peers { permanent_uuid: "febc6ef5407948f9ac80ec0110b8cb35" member_type: VOTER last_known_addr { host: "127.16.213.131" port: 36013 } }
I20260710 11:05:45.849195 17592 leader_election.cc:290] T fc85b450b99a4724803bf858262ee3a8 P e23366dee8d846f5bcf115a6b5c8da83 [CANDIDATE]: Term 1 pre-election: Requested pre-vote from peers 2828d6493ec942728e9b36e96370aa5d (127.16.213.130:38861), febc6ef5407948f9ac80ec0110b8cb35 (127.16.213.131:36013)
I20260710 11:05:45.851035 17574 leader_election.cc:290] T a58d40b91de24aee950e67a7430f268e P 2828d6493ec942728e9b36e96370aa5d [CANDIDATE]: Term 1 pre-election: Requested pre-vote from peers e23366dee8d846f5bcf115a6b5c8da83 (127.16.213.129:42713), febc6ef5407948f9ac80ec0110b8cb35 (127.16.213.131:36013)
I20260710 11:05:45.851998 17520 tablet_service.cc:1917] Received RequestConsensusVote() RPC: tablet_id: "fc85b450b99a4724803bf858262ee3a8" candidate_uuid: "e23366dee8d846f5bcf115a6b5c8da83" candidate_term: 1 candidate_status { last_received { term: 0 index: 0 } } ignore_live_leader: false dest_uuid: "febc6ef5407948f9ac80ec0110b8cb35" is_pre_election: true
I20260710 11:05:45.852448 17521 tablet_service.cc:1917] Received RequestConsensusVote() RPC: tablet_id: "a58d40b91de24aee950e67a7430f268e" candidate_uuid: "2828d6493ec942728e9b36e96370aa5d" candidate_term: 1 candidate_status { last_received { term: 0 index: 0 } } ignore_live_leader: false dest_uuid: "febc6ef5407948f9ac80ec0110b8cb35" is_pre_election: true
I20260710 11:05:45.852689 17520 raft_consensus.cc:2468] T fc85b450b99a4724803bf858262ee3a8 P febc6ef5407948f9ac80ec0110b8cb35 [term 0 FOLLOWER]: Leader pre-election vote request: Granting yes vote for candidate e23366dee8d846f5bcf115a6b5c8da83 in term 0.
I20260710 11:05:45.851621 17372 tablet_service.cc:1917] Received RequestConsensusVote() RPC: tablet_id: "a58d40b91de24aee950e67a7430f268e" candidate_uuid: "2828d6493ec942728e9b36e96370aa5d" candidate_term: 1 candidate_status { last_received { term: 0 index: 0 } } ignore_live_leader: false dest_uuid: "e23366dee8d846f5bcf115a6b5c8da83" is_pre_election: true
I20260710 11:05:45.854418 17372 raft_consensus.cc:2393] T a58d40b91de24aee950e67a7430f268e P e23366dee8d846f5bcf115a6b5c8da83 [term 1 FOLLOWER]: Leader pre-election vote request: Denying vote to candidate 2828d6493ec942728e9b36e96370aa5d in current term 1: Already voted for candidate febc6ef5407948f9ac80ec0110b8cb35 in this term.
I20260710 11:05:45.854588 17338 leader_election.cc:304] T fc85b450b99a4724803bf858262ee3a8 P e23366dee8d846f5bcf115a6b5c8da83 [CANDIDATE]: Term 1 pre-election: Election decided. Result: candidate won. Election summary: received 2 responses out of 3 voters: 2 yes votes; 0 no votes. yes voters: e23366dee8d846f5bcf115a6b5c8da83, febc6ef5407948f9ac80ec0110b8cb35; no voters: 
I20260710 11:05:45.855824 17412 leader_election.cc:304] T a58d40b91de24aee950e67a7430f268e P 2828d6493ec942728e9b36e96370aa5d [CANDIDATE]: Term 1 pre-election: Election decided. Result: candidate lost. Election summary: received 3 responses out of 3 voters: 1 yes votes; 2 no votes. yes voters: 2828d6493ec942728e9b36e96370aa5d; no voters: e23366dee8d846f5bcf115a6b5c8da83, febc6ef5407948f9ac80ec0110b8cb35
I20260710 11:05:45.857473 17571 raft_consensus.cc:2804] T fc85b450b99a4724803bf858262ee3a8 P e23366dee8d846f5bcf115a6b5c8da83 [term 0 FOLLOWER]: Leader pre-election won for term 1
I20260710 11:05:45.857893 17571 raft_consensus.cc:493] T fc85b450b99a4724803bf858262ee3a8 P e23366dee8d846f5bcf115a6b5c8da83 [term 0 FOLLOWER]: Starting leader election (no leader contacted us within the election timeout)
I20260710 11:05:45.858227 17571 raft_consensus.cc:3060] T fc85b450b99a4724803bf858262ee3a8 P e23366dee8d846f5bcf115a6b5c8da83 [term 0 FOLLOWER]: Advancing to term 1
I20260710 11:05:45.858264 17615 raft_consensus.cc:3060] T a58d40b91de24aee950e67a7430f268e P 2828d6493ec942728e9b36e96370aa5d [term 0 FOLLOWER]: Advancing to term 1
I20260710 11:05:45.858757 17567 ts_tablet_manager.cc:1434] T 83c732ae0889419d963b7edf3b52041a P 2828d6493ec942728e9b36e96370aa5d: Time spent starting tablet: real 0.023s	user 0.007s	sys 0.001s
I20260710 11:05:45.859841 17592 raft_consensus.cc:493] T b687dba2ec274bcfa1d08cf2ff1e42cf P e23366dee8d846f5bcf115a6b5c8da83 [term 0 FOLLOWER]: Starting pre-election (no leader contacted us within the election timeout)
I20260710 11:05:45.860664 17592 raft_consensus.cc:515] T b687dba2ec274bcfa1d08cf2ff1e42cf P e23366dee8d846f5bcf115a6b5c8da83 [term 0 FOLLOWER]: Starting pre-election with config: opid_index: -1 OBSOLETE_local: false peers { permanent_uuid: "e23366dee8d846f5bcf115a6b5c8da83" member_type: VOTER last_known_addr { host: "127.16.213.129" port: 42713 } } peers { permanent_uuid: "2828d6493ec942728e9b36e96370aa5d" member_type: VOTER last_known_addr { host: "127.16.213.130" port: 38861 } } peers { permanent_uuid: "febc6ef5407948f9ac80ec0110b8cb35" member_type: VOTER last_known_addr { host: "127.16.213.131" port: 36013 } }
I20260710 11:05:45.862757 17592 leader_election.cc:290] T b687dba2ec274bcfa1d08cf2ff1e42cf P e23366dee8d846f5bcf115a6b5c8da83 [CANDIDATE]: Term 1 pre-election: Requested pre-vote from peers 2828d6493ec942728e9b36e96370aa5d (127.16.213.130:38861), febc6ef5407948f9ac80ec0110b8cb35 (127.16.213.131:36013)
I20260710 11:05:45.864527 17446 tablet_service.cc:1917] Received RequestConsensusVote() RPC: tablet_id: "b687dba2ec274bcfa1d08cf2ff1e42cf" candidate_uuid: "e23366dee8d846f5bcf115a6b5c8da83" candidate_term: 1 candidate_status { last_received { term: 0 index: 0 } } ignore_live_leader: false dest_uuid: "2828d6493ec942728e9b36e96370aa5d" is_pre_election: true
I20260710 11:05:45.866343 17446 raft_consensus.cc:2468] T b687dba2ec274bcfa1d08cf2ff1e42cf P 2828d6493ec942728e9b36e96370aa5d [term 0 FOLLOWER]: Leader pre-election vote request: Granting yes vote for candidate e23366dee8d846f5bcf115a6b5c8da83 in term 0.
I20260710 11:05:45.865688 17520 tablet_service.cc:1917] Received RequestConsensusVote() RPC: tablet_id: "b687dba2ec274bcfa1d08cf2ff1e42cf" candidate_uuid: "e23366dee8d846f5bcf115a6b5c8da83" candidate_term: 1 candidate_status { last_received { term: 0 index: 0 } } ignore_live_leader: false dest_uuid: "febc6ef5407948f9ac80ec0110b8cb35" is_pre_election: true
I20260710 11:05:45.867408 17448 tablet_service.cc:1917] Received RequestConsensusVote() RPC: tablet_id: "fc85b450b99a4724803bf858262ee3a8" candidate_uuid: "e23366dee8d846f5bcf115a6b5c8da83" candidate_term: 1 candidate_status { last_received { term: 0 index: 0 } } ignore_live_leader: false dest_uuid: "2828d6493ec942728e9b36e96370aa5d" is_pre_election: true
I20260710 11:05:45.867684 17520 raft_consensus.cc:2468] T b687dba2ec274bcfa1d08cf2ff1e42cf P febc6ef5407948f9ac80ec0110b8cb35 [term 0 FOLLOWER]: Leader pre-election vote request: Granting yes vote for candidate e23366dee8d846f5bcf115a6b5c8da83 in term 0.
I20260710 11:05:45.868243 17448 raft_consensus.cc:2468] T fc85b450b99a4724803bf858262ee3a8 P 2828d6493ec942728e9b36e96370aa5d [term 0 FOLLOWER]: Leader pre-election vote request: Granting yes vote for candidate e23366dee8d846f5bcf115a6b5c8da83 in term 0.
I20260710 11:05:45.869042 17338 leader_election.cc:304] T b687dba2ec274bcfa1d08cf2ff1e42cf P e23366dee8d846f5bcf115a6b5c8da83 [CANDIDATE]: Term 1 pre-election: Election decided. Result: candidate won. Election summary: received 2 responses out of 3 voters: 2 yes votes; 0 no votes. yes voters: e23366dee8d846f5bcf115a6b5c8da83, febc6ef5407948f9ac80ec0110b8cb35; no voters: 
I20260710 11:05:45.888315 17615 raft_consensus.cc:2749] T a58d40b91de24aee950e67a7430f268e P 2828d6493ec942728e9b36e96370aa5d [term 1 FOLLOWER]: Leader pre-election lost for term 1. Reason: could not achieve majority
I20260710 11:05:45.872705 17592 raft_consensus.cc:2804] T b687dba2ec274bcfa1d08cf2ff1e42cf P e23366dee8d846f5bcf115a6b5c8da83 [term 0 FOLLOWER]: Leader pre-election won for term 1
I20260710 11:05:45.893123 17592 raft_consensus.cc:493] T b687dba2ec274bcfa1d08cf2ff1e42cf P e23366dee8d846f5bcf115a6b5c8da83 [term 0 FOLLOWER]: Starting leader election (no leader contacted us within the election timeout)
I20260710 11:05:45.889004 17591 consensus_queue.cc:1048] T 166046f33a7f44269ce3f14dbfe8f05f P febc6ef5407948f9ac80ec0110b8cb35 [LEADER]: Connected to new peer: Peer: permanent_uuid: "2828d6493ec942728e9b36e96370aa5d" member_type: VOTER last_known_addr { host: "127.16.213.130" port: 38861 }, Status: LMP_MISMATCH, Last received: 0.0, Next index: 1, Last known committed idx: 0, Time since last communication: 0.001s
I20260710 11:05:45.893643 17592 raft_consensus.cc:3060] T b687dba2ec274bcfa1d08cf2ff1e42cf P e23366dee8d846f5bcf115a6b5c8da83 [term 0 FOLLOWER]: Advancing to term 1
I20260710 11:05:45.888319 17571 raft_consensus.cc:515] T fc85b450b99a4724803bf858262ee3a8 P e23366dee8d846f5bcf115a6b5c8da83 [term 1 FOLLOWER]: Starting leader election with config: opid_index: -1 OBSOLETE_local: false peers { permanent_uuid: "e23366dee8d846f5bcf115a6b5c8da83" member_type: VOTER last_known_addr { host: "127.16.213.129" port: 42713 } } peers { permanent_uuid: "2828d6493ec942728e9b36e96370aa5d" member_type: VOTER last_known_addr { host: "127.16.213.130" port: 38861 } } peers { permanent_uuid: "febc6ef5407948f9ac80ec0110b8cb35" member_type: VOTER last_known_addr { host: "127.16.213.131" port: 36013 } }
I20260710 11:05:45.897794 17571 leader_election.cc:290] T fc85b450b99a4724803bf858262ee3a8 P e23366dee8d846f5bcf115a6b5c8da83 [CANDIDATE]: Term 1 election: Requested vote from peers 2828d6493ec942728e9b36e96370aa5d (127.16.213.130:38861), febc6ef5407948f9ac80ec0110b8cb35 (127.16.213.131:36013)
I20260710 11:05:45.900102 17520 tablet_service.cc:1917] Received RequestConsensusVote() RPC: tablet_id: "fc85b450b99a4724803bf858262ee3a8" candidate_uuid: "e23366dee8d846f5bcf115a6b5c8da83" candidate_term: 1 candidate_status { last_received { term: 0 index: 0 } } ignore_live_leader: false dest_uuid: "febc6ef5407948f9ac80ec0110b8cb35"
I20260710 11:05:45.900686 17520 raft_consensus.cc:3060] T fc85b450b99a4724803bf858262ee3a8 P febc6ef5407948f9ac80ec0110b8cb35 [term 0 FOLLOWER]: Advancing to term 1
I20260710 11:05:45.901973 17448 tablet_service.cc:1917] Received RequestConsensusVote() RPC: tablet_id: "fc85b450b99a4724803bf858262ee3a8" candidate_uuid: "e23366dee8d846f5bcf115a6b5c8da83" candidate_term: 1 candidate_status { last_received { term: 0 index: 0 } } ignore_live_leader: false dest_uuid: "2828d6493ec942728e9b36e96370aa5d"
