I20260710 11:05:44.869505 17566 tablet_bootstrap.cc:654] T b687dba2ec274bcfa1d08cf2ff1e42cf P febc6ef5407948f9ac80ec0110b8cb35: Neither blocks nor log segments found. Creating new log.
I20260710 11:05:44.969533 17566 tablet_bootstrap.cc:492] T b687dba2ec274bcfa1d08cf2ff1e42cf P febc6ef5407948f9ac80ec0110b8cb35: No bootstrap required, opened a new log
I20260710 11:05:44.970073 17566 ts_tablet_manager.cc:1403] T b687dba2ec274bcfa1d08cf2ff1e42cf P febc6ef5407948f9ac80ec0110b8cb35: Time spent bootstrapping tablet: real 0.120s	user 0.016s	sys 0.033s
I20260710 11:05:44.973420 17566 raft_consensus.cc:359] T b687dba2ec274bcfa1d08cf2ff1e42cf P febc6ef5407948f9ac80ec0110b8cb35 [term 0 FOLLOWER]: Replica starting. Triggering 0 pending ops. Active config: opid_index: -1 OBSOLETE_local: false peers { permanent_uuid: "e23366dee8d846f5bcf115a6b5c8da83" member_type: VOTER last_known_addr { host: "127.16.213.129" port: 42713 } } peers { permanent_uuid: "2828d6493ec942728e9b36e96370aa5d" member_type: VOTER last_known_addr { host: "127.16.213.130" port: 38861 } } peers { permanent_uuid: "febc6ef5407948f9ac80ec0110b8cb35" member_type: VOTER last_known_addr { host: "127.16.213.131" port: 36013 } }
I20260710 11:05:44.974277 17566 raft_consensus.cc:385] T b687dba2ec274bcfa1d08cf2ff1e42cf P febc6ef5407948f9ac80ec0110b8cb35 [term 0 FOLLOWER]: Consensus starting up: Expiring failure detector timer to make a prompt election more likely
I20260710 11:05:44.974681 17566 raft_consensus.cc:740] T b687dba2ec274bcfa1d08cf2ff1e42cf P febc6ef5407948f9ac80ec0110b8cb35 [term 0 FOLLOWER]: Becoming Follower/Learner. State: Replica: febc6ef5407948f9ac80ec0110b8cb35, State: Initialized, Role: FOLLOWER
I20260710 11:05:44.975539 17566 consensus_queue.cc:260] T b687dba2ec274bcfa1d08cf2ff1e42cf P febc6ef5407948f9ac80ec0110b8cb35 [NON_LEADER]: Queue going to NON_LEADER mode. State: All replicated index: 0, Majority replicated index: 0, Committed index: 0, Last appended: 0.0, Last appended by leader: 0, Current term: 0, Majority size: -1, State: 0, Mode: NON_LEADER, active raft config: opid_index: -1 OBSOLETE_local: false peers { permanent_uuid: "e23366dee8d846f5bcf115a6b5c8da83" member_type: VOTER last_known_addr { host: "127.16.213.129" port: 42713 } } peers { permanent_uuid: "2828d6493ec942728e9b36e96370aa5d" member_type: VOTER last_known_addr { host: "127.16.213.130" port: 38861 } } peers { permanent_uuid: "febc6ef5407948f9ac80ec0110b8cb35" member_type: VOTER last_known_addr { host: "127.16.213.131" port: 36013 } }
I20260710 11:05:44.978379 17566 ts_tablet_manager.cc:1434] T b687dba2ec274bcfa1d08cf2ff1e42cf P febc6ef5407948f9ac80ec0110b8cb35: Time spent starting tablet: real 0.008s	user 0.004s	sys 0.004s
I20260710 11:05:44.979523 17566 tablet_bootstrap.cc:492] T 7ecc43db31e24cc99eb20b636d717d27 P febc6ef5407948f9ac80ec0110b8cb35: Bootstrap starting.
I20260710 11:05:44.979976 17565 tablet_bootstrap.cc:492] T 73f38fa414554aff848517911d149655 P e23366dee8d846f5bcf115a6b5c8da83: No bootstrap required, opened a new log
I20260710 11:05:44.980499 17565 ts_tablet_manager.cc:1403] T 73f38fa414554aff848517911d149655 P e23366dee8d846f5bcf115a6b5c8da83: Time spent bootstrapping tablet: real 0.178s	user 0.027s	sys 0.004s
I20260710 11:05:44.985526 17566 tablet_bootstrap.cc:654] T 7ecc43db31e24cc99eb20b636d717d27 P febc6ef5407948f9ac80ec0110b8cb35: Neither blocks nor log segments found. Creating new log.
I20260710 11:05:44.985428 17565 raft_consensus.cc:359] T 73f38fa414554aff848517911d149655 P e23366dee8d846f5bcf115a6b5c8da83 [term 0 FOLLOWER]: Replica starting. Triggering 0 pending ops. Active config: opid_index: -1 OBSOLETE_local: false peers { permanent_uuid: "e23366dee8d846f5bcf115a6b5c8da83" member_type: VOTER last_known_addr { host: "127.16.213.129" port: 42713 } } peers { permanent_uuid: "2828d6493ec942728e9b36e96370aa5d" member_type: VOTER last_known_addr { host: "127.16.213.130" port: 38861 } } peers { permanent_uuid: "febc6ef5407948f9ac80ec0110b8cb35" member_type: VOTER last_known_addr { host: "127.16.213.131" port: 36013 } }
I20260710 11:05:44.986374 17565 raft_consensus.cc:385] T 73f38fa414554aff848517911d149655 P e23366dee8d846f5bcf115a6b5c8da83 [term 0 FOLLOWER]: Consensus starting up: Expiring failure detector timer to make a prompt election more likely
I20260710 11:05:44.986768 17565 raft_consensus.cc:740] T 73f38fa414554aff848517911d149655 P e23366dee8d846f5bcf115a6b5c8da83 [term 0 FOLLOWER]: Becoming Follower/Learner. State: Replica: e23366dee8d846f5bcf115a6b5c8da83, State: Initialized, Role: FOLLOWER
I20260710 11:05:44.987571 17565 consensus_queue.cc:260] T 73f38fa414554aff848517911d149655 P e23366dee8d846f5bcf115a6b5c8da83 [NON_LEADER]: Queue going to NON_LEADER mode. State: All replicated index: 0, Majority replicated index: 0, Committed index: 0, Last appended: 0.0, Last appended by leader: 0, Current term: 0, Majority size: -1, State: 0, Mode: NON_LEADER, active raft config: opid_index: -1 OBSOLETE_local: false peers { permanent_uuid: "e23366dee8d846f5bcf115a6b5c8da83" member_type: VOTER last_known_addr { host: "127.16.213.129" port: 42713 } } peers { permanent_uuid: "2828d6493ec942728e9b36e96370aa5d" member_type: VOTER last_known_addr { host: "127.16.213.130" port: 38861 } } peers { permanent_uuid: "febc6ef5407948f9ac80ec0110b8cb35" member_type: VOTER last_known_addr { host: "127.16.213.131" port: 36013 } }
I20260710 11:05:44.990674 17565 ts_tablet_manager.cc:1434] T 73f38fa414554aff848517911d149655 P e23366dee8d846f5bcf115a6b5c8da83: Time spent starting tablet: real 0.010s	user 0.006s	sys 0.004s
I20260710 11:05:44.991858 17565 tablet_bootstrap.cc:492] T a58d40b91de24aee950e67a7430f268e P e23366dee8d846f5bcf115a6b5c8da83: Bootstrap starting.
I20260710 11:05:44.998124 17566 tablet_bootstrap.cc:492] T 7ecc43db31e24cc99eb20b636d717d27 P febc6ef5407948f9ac80ec0110b8cb35: No bootstrap required, opened a new log
I20260710 11:05:44.998667 17566 ts_tablet_manager.cc:1403] T 7ecc43db31e24cc99eb20b636d717d27 P febc6ef5407948f9ac80ec0110b8cb35: Time spent bootstrapping tablet: real 0.019s	user 0.007s	sys 0.011s
I20260710 11:05:44.999063 17510 tablet_service.cc:1511] Processing CreateTablet for tablet fc85b450b99a4724803bf858262ee3a8 (DEFAULT_TABLE table=test-workload [id=6d77521909ac403e9ced7a4eb9a31075]), partition=RANGE (key) PARTITION 1670265058 <= VALUES < 1908874352
W20260710 11:05:44.999609 17474 tablet.cc:2406] T 7ecc43db31e24cc99eb20b636d717d27 P 2828d6493ec942728e9b36e96370aa5d: Can't schedule compaction. Clean time has not been advanced past its initial value.
I20260710 11:05:45.000499 17510 data_dirs.cc:400] Could only allocate 1 dirs of requested 3 for tablet fc85b450b99a4724803bf858262ee3a8. 1 dirs total, 0 dirs full, 0 dirs failed
I20260710 11:05:45.001753 17566 raft_consensus.cc:359] T 7ecc43db31e24cc99eb20b636d717d27 P febc6ef5407948f9ac80ec0110b8cb35 [term 0 FOLLOWER]: Replica starting. Triggering 0 pending ops. Active config: opid_index: -1 OBSOLETE_local: false peers { permanent_uuid: "e23366dee8d846f5bcf115a6b5c8da83" member_type: VOTER last_known_addr { host: "127.16.213.129" port: 42713 } } peers { permanent_uuid: "2828d6493ec942728e9b36e96370aa5d" member_type: VOTER last_known_addr { host: "127.16.213.130" port: 38861 } } peers { permanent_uuid: "febc6ef5407948f9ac80ec0110b8cb35" member_type: VOTER last_known_addr { host: "127.16.213.131" port: 36013 } }
I20260710 11:05:45.002569 17566 raft_consensus.cc:385] T 7ecc43db31e24cc99eb20b636d717d27 P febc6ef5407948f9ac80ec0110b8cb35 [term 0 FOLLOWER]: Consensus starting up: Expiring failure detector timer to make a prompt election more likely
I20260710 11:05:45.002884 17566 raft_consensus.cc:740] T 7ecc43db31e24cc99eb20b636d717d27 P febc6ef5407948f9ac80ec0110b8cb35 [term 0 FOLLOWER]: Becoming Follower/Learner. State: Replica: febc6ef5407948f9ac80ec0110b8cb35, State: Initialized, Role: FOLLOWER
I20260710 11:05:45.003695 17566 consensus_queue.cc:260] T 7ecc43db31e24cc99eb20b636d717d27 P febc6ef5407948f9ac80ec0110b8cb35 [NON_LEADER]: Queue going to NON_LEADER mode. State: All replicated index: 0, Majority replicated index: 0, Committed index: 0, Last appended: 0.0, Last appended by leader: 0, Current term: 0, Majority size: -1, State: 0, Mode: NON_LEADER, active raft config: opid_index: -1 OBSOLETE_local: false peers { permanent_uuid: "e23366dee8d846f5bcf115a6b5c8da83" member_type: VOTER last_known_addr { host: "127.16.213.129" port: 42713 } } peers { permanent_uuid: "2828d6493ec942728e9b36e96370aa5d" member_type: VOTER last_known_addr { host: "127.16.213.130" port: 38861 } } peers { permanent_uuid: "febc6ef5407948f9ac80ec0110b8cb35" member_type: VOTER last_known_addr { host: "127.16.213.131" port: 36013 } }
I20260710 11:05:45.006304 17566 ts_tablet_manager.cc:1434] T 7ecc43db31e24cc99eb20b636d717d27 P febc6ef5407948f9ac80ec0110b8cb35: Time spent starting tablet: real 0.007s	user 0.006s	sys 0.000s
I20260710 11:05:45.007412 17566 tablet_bootstrap.cc:492] T f7402020d5df4551bfaeded48b1d4423 P febc6ef5407948f9ac80ec0110b8cb35: Bootstrap starting.
I20260710 11:05:45.008529 17572 raft_consensus.cc:493] T 7ecc43db31e24cc99eb20b636d717d27 P febc6ef5407948f9ac80ec0110b8cb35 [term 0 FOLLOWER]: Starting pre-election (no leader contacted us within the election timeout)
I20260710 11:05:45.008824 17547 heartbeater.cc:499] Master 127.16.213.190:32943 was elected leader, sending a full tablet report...
I20260710 11:05:45.009093 17572 raft_consensus.cc:515] T 7ecc43db31e24cc99eb20b636d717d27 P febc6ef5407948f9ac80ec0110b8cb35 [term 0 FOLLOWER]: Starting pre-election with config: opid_index: -1 OBSOLETE_local: false peers { permanent_uuid: "e23366dee8d846f5bcf115a6b5c8da83" member_type: VOTER last_known_addr { host: "127.16.213.129" port: 42713 } } peers { permanent_uuid: "2828d6493ec942728e9b36e96370aa5d" member_type: VOTER last_known_addr { host: "127.16.213.130" port: 38861 } } peers { permanent_uuid: "febc6ef5407948f9ac80ec0110b8cb35" member_type: VOTER last_known_addr { host: "127.16.213.131" port: 36013 } }
I20260710 11:05:45.012812 17509 tablet_service.cc:1511] Processing CreateTablet for tablet 83c732ae0889419d963b7edf3b52041a (DEFAULT_TABLE table=test-workload [id=6d77521909ac403e9ced7a4eb9a31075]), partition=RANGE (key) PARTITION 1908874352 <= VALUES
I20260710 11:05:45.014204 17509 data_dirs.cc:400] Could only allocate 1 dirs of requested 3 for tablet 83c732ae0889419d963b7edf3b52041a. 1 dirs total, 0 dirs full, 0 dirs failed
I20260710 11:05:45.019801 17566 tablet_bootstrap.cc:654] T f7402020d5df4551bfaeded48b1d4423 P febc6ef5407948f9ac80ec0110b8cb35: Neither blocks nor log segments found. Creating new log.
I20260710 11:05:45.021214 17473 heartbeater.cc:499] Master 127.16.213.190:32943 was elected leader, sending a full tablet report...
I20260710 11:05:45.023202 17361 tablet_service.cc:1511] Processing CreateTablet for tablet 83c732ae0889419d963b7edf3b52041a (DEFAULT_TABLE table=test-workload [id=6d77521909ac403e9ced7a4eb9a31075]), partition=RANGE (key) PARTITION 1908874352 <= VALUES
I20260710 11:05:45.024628 17361 data_dirs.cc:400] Could only allocate 1 dirs of requested 3 for tablet 83c732ae0889419d963b7edf3b52041a. 1 dirs total, 0 dirs full, 0 dirs failed
I20260710 11:05:45.058776 17572 leader_election.cc:290] T 7ecc43db31e24cc99eb20b636d717d27 P febc6ef5407948f9ac80ec0110b8cb35 [CANDIDATE]: Term 1 pre-election: Requested pre-vote from peers e23366dee8d846f5bcf115a6b5c8da83 (127.16.213.129:42713), 2828d6493ec942728e9b36e96370aa5d (127.16.213.130:38861)
I20260710 11:05:45.060242 17565 tablet_bootstrap.cc:654] T a58d40b91de24aee950e67a7430f268e P e23366dee8d846f5bcf115a6b5c8da83: Neither blocks nor log segments found. Creating new log.
I20260710 11:05:45.075845 17572 raft_consensus.cc:493] T 166046f33a7f44269ce3f14dbfe8f05f P febc6ef5407948f9ac80ec0110b8cb35 [term 0 FOLLOWER]: Starting pre-election (no leader contacted us within the election timeout)
I20260710 11:05:45.085561 17572 raft_consensus.cc:515] T 166046f33a7f44269ce3f14dbfe8f05f P febc6ef5407948f9ac80ec0110b8cb35 [term 0 FOLLOWER]: Starting pre-election with config: opid_index: -1 OBSOLETE_local: false peers { permanent_uuid: "e23366dee8d846f5bcf115a6b5c8da83" member_type: VOTER last_known_addr { host: "127.16.213.129" port: 42713 } } peers { permanent_uuid: "2828d6493ec942728e9b36e96370aa5d" member_type: VOTER last_known_addr { host: "127.16.213.130" port: 38861 } } peers { permanent_uuid: "febc6ef5407948f9ac80ec0110b8cb35" member_type: VOTER last_known_addr { host: "127.16.213.131" port: 36013 } }
I20260710 11:05:45.084302 17571 raft_consensus.cc:493] T 166046f33a7f44269ce3f14dbfe8f05f P e23366dee8d846f5bcf115a6b5c8da83 [term 0 FOLLOWER]: Starting pre-election (no leader contacted us within the election timeout)
I20260710 11:05:45.092305 17571 raft_consensus.cc:515] T 166046f33a7f44269ce3f14dbfe8f05f P e23366dee8d846f5bcf115a6b5c8da83 [term 0 FOLLOWER]: Starting pre-election with config: opid_index: -1 OBSOLETE_local: false peers { permanent_uuid: "e23366dee8d846f5bcf115a6b5c8da83" member_type: VOTER last_known_addr { host: "127.16.213.129" port: 42713 } } peers { permanent_uuid: "2828d6493ec942728e9b36e96370aa5d" member_type: VOTER last_known_addr { host: "127.16.213.130" port: 38861 } } peers { permanent_uuid: "febc6ef5407948f9ac80ec0110b8cb35" member_type: VOTER last_known_addr { host: "127.16.213.131" port: 36013 } }
I20260710 11:05:45.087543 17432 tablet_service.cc:1511] Processing CreateTablet for tablet 83c732ae0889419d963b7edf3b52041a (DEFAULT_TABLE table=test-workload [id=6d77521909ac403e9ced7a4eb9a31075]), partition=RANGE (key) PARTITION 1908874352 <= VALUES
I20260710 11:05:45.069525 17436 tablet_service.cc:1511] Processing CreateTablet for tablet fc85b450b99a4724803bf858262ee3a8 (DEFAULT_TABLE table=test-workload [id=6d77521909ac403e9ced7a4eb9a31075]), partition=RANGE (key) PARTITION 1670265058 <= VALUES < 1908874352
I20260710 11:05:45.094020 17566 tablet_bootstrap.cc:492] T f7402020d5df4551bfaeded48b1d4423 P febc6ef5407948f9ac80ec0110b8cb35: No bootstrap required, opened a new log
I20260710 11:05:45.113276 17566 ts_tablet_manager.cc:1403] T f7402020d5df4551bfaeded48b1d4423 P febc6ef5407948f9ac80ec0110b8cb35: Time spent bootstrapping tablet: real 0.106s	user 0.020s	sys 0.031s
I20260710 11:05:45.117228 17572 leader_election.cc:290] T 166046f33a7f44269ce3f14dbfe8f05f P febc6ef5407948f9ac80ec0110b8cb35 [CANDIDATE]: Term 1 pre-election: Requested pre-vote from peers e23366dee8d846f5bcf115a6b5c8da83 (127.16.213.129:42713), 2828d6493ec942728e9b36e96370aa5d (127.16.213.130:38861)
I20260710 11:05:45.120218 17432 data_dirs.cc:400] Could only allocate 1 dirs of requested 3 for tablet 83c732ae0889419d963b7edf3b52041a. 1 dirs total, 0 dirs full, 0 dirs failed
I20260710 11:05:45.120447 17567 tablet_bootstrap.cc:492] T 166046f33a7f44269ce3f14dbfe8f05f P 2828d6493ec942728e9b36e96370aa5d: Bootstrap starting.
I20260710 11:05:45.122586 17436 data_dirs.cc:400] Could only allocate 1 dirs of requested 3 for tablet fc85b450b99a4724803bf858262ee3a8. 1 dirs total, 0 dirs full, 0 dirs failed
I20260710 11:05:45.123131 17566 raft_consensus.cc:359] T f7402020d5df4551bfaeded48b1d4423 P febc6ef5407948f9ac80ec0110b8cb35 [term 0 FOLLOWER]: Replica starting. Triggering 0 pending ops. Active config: opid_index: -1 OBSOLETE_local: false peers { permanent_uuid: "e23366dee8d846f5bcf115a6b5c8da83" member_type: VOTER last_known_addr { host: "127.16.213.129" port: 42713 } } peers { permanent_uuid: "2828d6493ec942728e9b36e96370aa5d" member_type: VOTER last_known_addr { host: "127.16.213.130" port: 38861 } } peers { permanent_uuid: "febc6ef5407948f9ac80ec0110b8cb35" member_type: VOTER last_known_addr { host: "127.16.213.131" port: 36013 } }
I20260710 11:05:45.124207 17566 raft_consensus.cc:385] T f7402020d5df4551bfaeded48b1d4423 P febc6ef5407948f9ac80ec0110b8cb35 [term 0 FOLLOWER]: Consensus starting up: Expiring failure detector timer to make a prompt election more likely
I20260710 11:05:45.124651 17566 raft_consensus.cc:740] T f7402020d5df4551bfaeded48b1d4423 P febc6ef5407948f9ac80ec0110b8cb35 [term 0 FOLLOWER]: Becoming Follower/Learner. State: Replica: febc6ef5407948f9ac80ec0110b8cb35, State: Initialized, Role: FOLLOWER
I20260710 11:05:45.126485 17566 consensus_queue.cc:260] T f7402020d5df4551bfaeded48b1d4423 P febc6ef5407948f9ac80ec0110b8cb35 [NON_LEADER]: Queue going to NON_LEADER mode. State: All replicated index: 0, Majority replicated index: 0, Committed index: 0, Last appended: 0.0, Last appended by leader: 0, Current term: 0, Majority size: -1, State: 0, Mode: NON_LEADER, active raft config: opid_index: -1 OBSOLETE_local: false peers { permanent_uuid: "e23366dee8d846f5bcf115a6b5c8da83" member_type: VOTER last_known_addr { host: "127.16.213.129" port: 42713 } } peers { permanent_uuid: "2828d6493ec942728e9b36e96370aa5d" member_type: VOTER last_known_addr { host: "127.16.213.130" port: 38861 } } peers { permanent_uuid: "febc6ef5407948f9ac80ec0110b8cb35" member_type: VOTER last_known_addr { host: "127.16.213.131" port: 36013 } }
I20260710 11:05:45.129730 17566 ts_tablet_manager.cc:1434] T f7402020d5df4551bfaeded48b1d4423 P febc6ef5407948f9ac80ec0110b8cb35: Time spent starting tablet: real 0.015s	user 0.008s	sys 0.000s
I20260710 11:05:45.130941 17566 tablet_bootstrap.cc:492] T 1f5edd73fca34f298700bffcb3704597 P febc6ef5407948f9ac80ec0110b8cb35: Bootstrap starting.
I20260710 11:05:45.116855 17571 leader_election.cc:290] T 166046f33a7f44269ce3f14dbfe8f05f P e23366dee8d846f5bcf115a6b5c8da83 [CANDIDATE]: Term 1 pre-election: Requested pre-vote from peers 2828d6493ec942728e9b36e96370aa5d (127.16.213.130:38861), febc6ef5407948f9ac80ec0110b8cb35 (127.16.213.131:36013)
I20260710 11:05:45.178938 17566 tablet_bootstrap.cc:654] T 1f5edd73fca34f298700bffcb3704597 P febc6ef5407948f9ac80ec0110b8cb35: Neither blocks nor log segments found. Creating new log.
I20260710 11:05:45.180897 17571 raft_consensus.cc:493] T 73f38fa414554aff848517911d149655 P e23366dee8d846f5bcf115a6b5c8da83 [term 0 FOLLOWER]: Starting pre-election (no leader contacted us within the election timeout)
I20260710 11:05:45.183284 17571 raft_consensus.cc:515] T 73f38fa414554aff848517911d149655 P e23366dee8d846f5bcf115a6b5c8da83 [term 0 FOLLOWER]: Starting pre-election with config: opid_index: -1 OBSOLETE_local: false peers { permanent_uuid: "e23366dee8d846f5bcf115a6b5c8da83" member_type: VOTER last_known_addr { host: "127.16.213.129" port: 42713 } } peers { permanent_uuid: "2828d6493ec942728e9b36e96370aa5d" member_type: VOTER last_known_addr { host: "127.16.213.130" port: 38861 } } peers { permanent_uuid: "febc6ef5407948f9ac80ec0110b8cb35" member_type: VOTER last_known_addr { host: "127.16.213.131" port: 36013 } }
I20260710 11:05:45.185912 17571 leader_election.cc:290] T 73f38fa414554aff848517911d149655 P e23366dee8d846f5bcf115a6b5c8da83 [CANDIDATE]: Term 1 pre-election: Requested pre-vote from peers 2828d6493ec942728e9b36e96370aa5d (127.16.213.130:38861), febc6ef5407948f9ac80ec0110b8cb35 (127.16.213.131:36013)
I20260710 11:05:45.189116 17567 tablet_bootstrap.cc:654] T 166046f33a7f44269ce3f14dbfe8f05f P 2828d6493ec942728e9b36e96370aa5d: Neither blocks nor log segments found. Creating new log.
I20260710 11:05:45.192081 17565 tablet_bootstrap.cc:492] T a58d40b91de24aee950e67a7430f268e P e23366dee8d846f5bcf115a6b5c8da83: No bootstrap required, opened a new log
I20260710 11:05:45.195951 17565 ts_tablet_manager.cc:1403] T a58d40b91de24aee950e67a7430f268e P e23366dee8d846f5bcf115a6b5c8da83: Time spent bootstrapping tablet: real 0.204s	user 0.015s	sys 0.018s
I20260710 11:05:45.197702 17572 raft_consensus.cc:493] T b687dba2ec274bcfa1d08cf2ff1e42cf P febc6ef5407948f9ac80ec0110b8cb35 [term 0 FOLLOWER]: Starting pre-election (no leader contacted us within the election timeout)
I20260710 11:05:45.199512 17572 raft_consensus.cc:515] T b687dba2ec274bcfa1d08cf2ff1e42cf P febc6ef5407948f9ac80ec0110b8cb35 [term 0 FOLLOWER]: Starting pre-election with config: opid_index: -1 OBSOLETE_local: false peers { permanent_uuid: "e23366dee8d846f5bcf115a6b5c8da83" member_type: VOTER last_known_addr { host: "127.16.213.129" port: 42713 } } peers { permanent_uuid: "2828d6493ec942728e9b36e96370aa5d" member_type: VOTER last_known_addr { host: "127.16.213.130" port: 38861 } } peers { permanent_uuid: "febc6ef5407948f9ac80ec0110b8cb35" member_type: VOTER last_known_addr { host: "127.16.213.131" port: 36013 } }
I20260710 11:05:45.202198 17572 leader_election.cc:290] T b687dba2ec274bcfa1d08cf2ff1e42cf P febc6ef5407948f9ac80ec0110b8cb35 [CANDIDATE]: Term 1 pre-election: Requested pre-vote from peers e23366dee8d846f5bcf115a6b5c8da83 (127.16.213.129:42713), 2828d6493ec942728e9b36e96370aa5d (127.16.213.130:38861)
I20260710 11:05:45.217124 17446 tablet_service.cc:1917] Received RequestConsensusVote() RPC: tablet_id: "b687dba2ec274bcfa1d08cf2ff1e42cf" candidate_uuid: "febc6ef5407948f9ac80ec0110b8cb35" candidate_term: 1 candidate_status { last_received { term: 0 index: 0 } } ignore_live_leader: false dest_uuid: "2828d6493ec942728e9b36e96370aa5d" is_pre_election: true
I20260710 11:05:45.211663 17565 raft_consensus.cc:359] T a58d40b91de24aee950e67a7430f268e P e23366dee8d846f5bcf115a6b5c8da83 [term 0 FOLLOWER]: Replica starting. Triggering 0 pending ops. Active config: opid_index: -1 OBSOLETE_local: false peers { permanent_uuid: "e23366dee8d846f5bcf115a6b5c8da83" member_type: VOTER last_known_addr { host: "127.16.213.129" port: 42713 } } peers { permanent_uuid: "2828d6493ec942728e9b36e96370aa5d" member_type: VOTER last_known_addr { host: "127.16.213.130" port: 38861 } } peers { permanent_uuid: "febc6ef5407948f9ac80ec0110b8cb35" member_type: VOTER last_known_addr { host: "127.16.213.131" port: 36013 } }
I20260710 11:05:45.218155 17448 tablet_service.cc:1917] Received RequestConsensusVote() RPC: tablet_id: "7ecc43db31e24cc99eb20b636d717d27" candidate_uuid: "febc6ef5407948f9ac80ec0110b8cb35" candidate_term: 1 candidate_status { last_received { term: 0 index: 0 } } ignore_live_leader: false dest_uuid: "2828d6493ec942728e9b36e96370aa5d" is_pre_election: true
I20260710 11:05:45.217041 17447 tablet_service.cc:1917] Received RequestConsensusVote() RPC: tablet_id: "166046f33a7f44269ce3f14dbfe8f05f" candidate_uuid: "febc6ef5407948f9ac80ec0110b8cb35" candidate_term: 1 candidate_status { last_received { term: 0 index: 0 } } ignore_live_leader: false dest_uuid: "2828d6493ec942728e9b36e96370aa5d" is_pre_election: true
W20260710 11:05:45.221086 17487 leader_election.cc:343] T b687dba2ec274bcfa1d08cf2ff1e42cf P febc6ef5407948f9ac80ec0110b8cb35 [CANDIDATE]: Term 1 pre-election: Tablet error from VoteRequest() call to peer 2828d6493ec942728e9b36e96370aa5d (127.16.213.130:38861): Illegal state: must be running to vote when last-logged opid is not known
W20260710 11:05:45.222118 17487 leader_election.cc:343] T 166046f33a7f44269ce3f14dbfe8f05f P febc6ef5407948f9ac80ec0110b8cb35 [CANDIDATE]: Term 1 pre-election: Tablet error from VoteRequest() call to peer 2828d6493ec942728e9b36e96370aa5d (127.16.213.130:38861): Illegal state: must be running to vote when last-logged opid is not known
I20260710 11:05:45.223098 17448 raft_consensus.cc:2468] T 7ecc43db31e24cc99eb20b636d717d27 P 2828d6493ec942728e9b36e96370aa5d [term 0 FOLLOWER]: Leader pre-election vote request: Granting yes vote for candidate febc6ef5407948f9ac80ec0110b8cb35 in term 0.
I20260710 11:05:45.219214 17565 raft_consensus.cc:385] T a58d40b91de24aee950e67a7430f268e P e23366dee8d846f5bcf115a6b5c8da83 [term 0 FOLLOWER]: Consensus starting up: Expiring failure detector timer to make a prompt election more likely
I20260710 11:05:45.228572 17487 leader_election.cc:304] T 7ecc43db31e24cc99eb20b636d717d27 P febc6ef5407948f9ac80ec0110b8cb35 [CANDIDATE]: Term 1 pre-election: Election decided. Result: candidate won. Election summary: received 2 responses out of 3 voters: 2 yes votes; 0 no votes. yes voters: 2828d6493ec942728e9b36e96370aa5d, febc6ef5407948f9ac80ec0110b8cb35; no voters: 
I20260710 11:05:45.229533 17565 raft_consensus.cc:740] T a58d40b91de24aee950e67a7430f268e P e23366dee8d846f5bcf115a6b5c8da83 [term 0 FOLLOWER]: Becoming Follower/Learner. State: Replica: e23366dee8d846f5bcf115a6b5c8da83, State: Initialized, Role: FOLLOWER
I20260710 11:05:45.231546 17572 raft_consensus.cc:2804] T 7ecc43db31e24cc99eb20b636d717d27 P febc6ef5407948f9ac80ec0110b8cb35 [term 0 FOLLOWER]: Leader pre-election won for term 1
I20260710 11:05:45.232110 17572 raft_consensus.cc:493] T 7ecc43db31e24cc99eb20b636d717d27 P febc6ef5407948f9ac80ec0110b8cb35 [term 0 FOLLOWER]: Starting leader election (no leader contacted us within the election timeout)
I20260710 11:05:45.233132 17572 raft_consensus.cc:3060] T 7ecc43db31e24cc99eb20b636d717d27 P febc6ef5407948f9ac80ec0110b8cb35 [term 0 FOLLOWER]: Advancing to term 1
I20260710 11:05:45.235143 17565 consensus_queue.cc:260] T a58d40b91de24aee950e67a7430f268e P e23366dee8d846f5bcf115a6b5c8da83 [NON_LEADER]: Queue going to NON_LEADER mode. State: All replicated index: 0, Majority replicated index: 0, Committed index: 0, Last appended: 0.0, Last appended by leader: 0, Current term: 0, Majority size: -1, State: 0, Mode: NON_LEADER, active raft config: opid_index: -1 OBSOLETE_local: false peers { permanent_uuid: "e23366dee8d846f5bcf115a6b5c8da83" member_type: VOTER last_known_addr { host: "127.16.213.129" port: 42713 } } peers { permanent_uuid: "2828d6493ec942728e9b36e96370aa5d" member_type: VOTER last_known_addr { host: "127.16.213.130" port: 38861 } } peers { permanent_uuid: "febc6ef5407948f9ac80ec0110b8cb35" member_type: VOTER last_known_addr { host: "127.16.213.131" port: 36013 } }
I20260710 11:05:45.239351 17372 tablet_service.cc:1917] Received RequestConsensusVote() RPC: tablet_id: "166046f33a7f44269ce3f14dbfe8f05f" candidate_uuid: "febc6ef5407948f9ac80ec0110b8cb35" candidate_term: 1 candidate_status { last_received { term: 0 index: 0 } } ignore_live_leader: false dest_uuid: "e23366dee8d846f5bcf115a6b5c8da83" is_pre_election: true
I20260710 11:05:45.238555 17373 tablet_service.cc:1917] Received RequestConsensusVote() RPC: tablet_id: "7ecc43db31e24cc99eb20b636d717d27" candidate_uuid: "febc6ef5407948f9ac80ec0110b8cb35" candidate_term: 1 candidate_status { last_received { term: 0 index: 0 } } ignore_live_leader: false dest_uuid: "e23366dee8d846f5bcf115a6b5c8da83" is_pre_election: true
W20260710 11:05:45.242328 17486 leader_election.cc:343] T 7ecc43db31e24cc99eb20b636d717d27 P febc6ef5407948f9ac80ec0110b8cb35 [CANDIDATE]: Term 1 pre-election: Tablet error from VoteRequest() call to peer e23366dee8d846f5bcf115a6b5c8da83 (127.16.213.129:42713): Illegal state: must be running to vote when last-logged opid is not known
I20260710 11:05:45.242805 17565 ts_tablet_manager.cc:1434] T a58d40b91de24aee950e67a7430f268e P e23366dee8d846f5bcf115a6b5c8da83: Time spent starting tablet: real 0.046s	user 0.006s	sys 0.004s
I20260710 11:05:45.240815 17372 raft_consensus.cc:2468] T 166046f33a7f44269ce3f14dbfe8f05f P e23366dee8d846f5bcf115a6b5c8da83 [term 0 FOLLOWER]: Leader pre-election vote request: Granting yes vote for candidate febc6ef5407948f9ac80ec0110b8cb35 in term 0.
I20260710 11:05:45.241899 17371 tablet_service.cc:1917] Received RequestConsensusVote() RPC: tablet_id: "b687dba2ec274bcfa1d08cf2ff1e42cf" candidate_uuid: "febc6ef5407948f9ac80ec0110b8cb35" candidate_term: 1 candidate_status { last_received { term: 0 index: 0 } } ignore_live_leader: false dest_uuid: "e23366dee8d846f5bcf115a6b5c8da83" is_pre_election: true
I20260710 11:05:45.244565 17486 leader_election.cc:304] T 166046f33a7f44269ce3f14dbfe8f05f P febc6ef5407948f9ac80ec0110b8cb35 [CANDIDATE]: Term 1 pre-election: Election decided. Result: candidate won. Election summary: received 3 responses out of 3 voters: 2 yes votes; 1 no votes. yes voters: e23366dee8d846f5bcf115a6b5c8da83, febc6ef5407948f9ac80ec0110b8cb35; no voters: 2828d6493ec942728e9b36e96370aa5d
I20260710 11:05:45.244256 17565 tablet_bootstrap.cc:492] T 1f5edd73fca34f298700bffcb3704597 P e23366dee8d846f5bcf115a6b5c8da83: Bootstrap starting.
I20260710 11:05:45.253975 17566 tablet_bootstrap.cc:492] T 1f5edd73fca34f298700bffcb3704597 P febc6ef5407948f9ac80ec0110b8cb35: No bootstrap required, opened a new log
I20260710 11:05:45.254520 17566 ts_tablet_manager.cc:1403] T 1f5edd73fca34f298700bffcb3704597 P febc6ef5407948f9ac80ec0110b8cb35: Time spent bootstrapping tablet: real 0.124s	user 0.032s	sys 0.024s
I20260710 11:05:45.260442 17565 tablet_bootstrap.cc:654] T 1f5edd73fca34f298700bffcb3704597 P e23366dee8d846f5bcf115a6b5c8da83: Neither blocks nor log segments found. Creating new log.
I20260710 11:05:45.262104 17572 raft_consensus.cc:515] T 7ecc43db31e24cc99eb20b636d717d27 P febc6ef5407948f9ac80ec0110b8cb35 [term 1 FOLLOWER]: Starting leader election with config: opid_index: -1 OBSOLETE_local: false peers { permanent_uuid: "e23366dee8d846f5bcf115a6b5c8da83" member_type: VOTER last_known_addr { host: "127.16.213.129" port: 42713 } } peers { permanent_uuid: "2828d6493ec942728e9b36e96370aa5d" member_type: VOTER last_known_addr { host: "127.16.213.130" port: 38861 } } peers { permanent_uuid: "febc6ef5407948f9ac80ec0110b8cb35" member_type: VOTER last_known_addr { host: "127.16.213.131" port: 36013 } }
I20260710 11:05:45.265033 17572 leader_election.cc:290] T 7ecc43db31e24cc99eb20b636d717d27 P febc6ef5407948f9ac80ec0110b8cb35 [CANDIDATE]: Term 1 election: Requested vote from peers e23366dee8d846f5bcf115a6b5c8da83 (127.16.213.129:42713), 2828d6493ec942728e9b36e96370aa5d (127.16.213.130:38861)
I20260710 11:05:45.265569 17572 raft_consensus.cc:2804] T 166046f33a7f44269ce3f14dbfe8f05f P febc6ef5407948f9ac80ec0110b8cb35 [term 0 FOLLOWER]: Leader pre-election won for term 1
I20260710 11:05:45.265916 17572 raft_consensus.cc:493] T 166046f33a7f44269ce3f14dbfe8f05f P febc6ef5407948f9ac80ec0110b8cb35 [term 0 FOLLOWER]: Starting leader election (no leader contacted us within the election timeout)
I20260710 11:05:45.266260 17448 tablet_service.cc:1917] Received RequestConsensusVote() RPC: tablet_id: "7ecc43db31e24cc99eb20b636d717d27" candidate_uuid: "febc6ef5407948f9ac80ec0110b8cb35" candidate_term: 1 candidate_status { last_received { term: 0 index: 0 } } ignore_live_leader: false dest_uuid: "2828d6493ec942728e9b36e96370aa5d"
I20260710 11:05:45.269212 17566 raft_consensus.cc:359] T 1f5edd73fca34f298700bffcb3704597 P febc6ef5407948f9ac80ec0110b8cb35 [term 0 FOLLOWER]: Replica starting. Triggering 0 pending ops. Active config: opid_index: -1 OBSOLETE_local: false peers { permanent_uuid: "e23366dee8d846f5bcf115a6b5c8da83" member_type: VOTER last_known_addr { host: "127.16.213.129" port: 42713 } } peers { permanent_uuid: "2828d6493ec942728e9b36e96370aa5d" member_type: VOTER last_known_addr { host: "127.16.213.130" port: 38861 } } peers { permanent_uuid: "febc6ef5407948f9ac80ec0110b8cb35" member_type: VOTER last_known_addr { host: "127.16.213.131" port: 36013 } }
I20260710 11:05:45.270238 17566 raft_consensus.cc:385] T 1f5edd73fca34f298700bffcb3704597 P febc6ef5407948f9ac80ec0110b8cb35 [term 0 FOLLOWER]: Consensus starting up: Expiring failure detector timer to make a prompt election more likely
I20260710 11:05:45.270689 17566 raft_consensus.cc:740] T 1f5edd73fca34f298700bffcb3704597 P febc6ef5407948f9ac80ec0110b8cb35 [term 0 FOLLOWER]: Becoming Follower/Learner. State: Replica: febc6ef5407948f9ac80ec0110b8cb35, State: Initialized, Role: FOLLOWER
I20260710 11:05:45.271795 17566 consensus_queue.cc:260] T 1f5edd73fca34f298700bffcb3704597 P febc6ef5407948f9ac80ec0110b8cb35 [NON_LEADER]: Queue going to NON_LEADER mode. State: All replicated index: 0, Majority replicated index: 0, Committed index: 0, Last appended: 0.0, Last appended by leader: 0, Current term: 0, Majority size: -1, State: 0, Mode: NON_LEADER, active raft config: opid_index: -1 OBSOLETE_local: false peers { permanent_uuid: "e23366dee8d846f5bcf115a6b5c8da83" member_type: VOTER last_known_addr { host: "127.16.213.129" port: 42713 } } peers { permanent_uuid: "2828d6493ec942728e9b36e96370aa5d" member_type: VOTER last_known_addr { host: "127.16.213.130" port: 38861 } } peers { permanent_uuid: "febc6ef5407948f9ac80ec0110b8cb35" member_type: VOTER last_known_addr { host: "127.16.213.131" port: 36013 } }
I20260710 11:05:45.272500 17448 raft_consensus.cc:3060] T 7ecc43db31e24cc99eb20b636d717d27 P 2828d6493ec942728e9b36e96370aa5d [term 0 FOLLOWER]: Advancing to term 1
I20260710 11:05:45.266242 17572 raft_consensus.cc:3060] T 166046f33a7f44269ce3f14dbfe8f05f P febc6ef5407948f9ac80ec0110b8cb35 [term 0 FOLLOWER]: Advancing to term 1
I20260710 11:05:45.277841 17447 tablet_service.cc:1917] Received RequestConsensusVote() RPC: tablet_id: "166046f33a7f44269ce3f14dbfe8f05f" candidate_uuid: "e23366dee8d846f5bcf115a6b5c8da83" candidate_term: 1 candidate_status { last_received { term: 0 index: 0 } } ignore_live_leader: false dest_uuid: "2828d6493ec942728e9b36e96370aa5d" is_pre_election: true
I20260710 11:05:45.278911 17566 ts_tablet_manager.cc:1434] T 1f5edd73fca34f298700bffcb3704597 P febc6ef5407948f9ac80ec0110b8cb35: Time spent starting tablet: real 0.018s	user 0.007s	sys 0.002s
I20260710 11:05:45.279736 17371 tablet_service.cc:1917] Received RequestConsensusVote() RPC: tablet_id: "7ecc43db31e24cc99eb20b636d717d27" candidate_uuid: "febc6ef5407948f9ac80ec0110b8cb35" candidate_term: 1 candidate_status { last_received { term: 0 index: 0 } } ignore_live_leader: false dest_uuid: "e23366dee8d846f5bcf115a6b5c8da83"
I20260710 11:05:45.280032 17447 tablet_service.cc:1917] Received RequestConsensusVote() RPC: tablet_id: "73f38fa414554aff848517911d149655" candidate_uuid: "e23366dee8d846f5bcf115a6b5c8da83" candidate_term: 1 candidate_status { last_received { term: 0 index: 0 } } ignore_live_leader: false dest_uuid: "2828d6493ec942728e9b36e96370aa5d" is_pre_election: true
W20260710 11:05:45.284942 17338 leader_election.cc:343] T 166046f33a7f44269ce3f14dbfe8f05f P e23366dee8d846f5bcf115a6b5c8da83 [CANDIDATE]: Term 1 pre-election: Tablet error from VoteRequest() call to peer 2828d6493ec942728e9b36e96370aa5d (127.16.213.130:38861): Illegal state: must be running to vote when last-logged opid is not known
I20260710 11:05:45.285152 17566 tablet_bootstrap.cc:492] T 73f38fa414554aff848517911d149655 P febc6ef5407948f9ac80ec0110b8cb35: Bootstrap starting.
W20260710 11:05:45.286020 17338 leader_election.cc:343] T 73f38fa414554aff848517911d149655 P e23366dee8d846f5bcf115a6b5c8da83 [CANDIDATE]: Term 1 pre-election: Tablet error from VoteRequest() call to peer 2828d6493ec942728e9b36e96370aa5d (127.16.213.130:38861): Illegal state: must be running to vote when last-logged opid is not known
W20260710 11:05:45.286957 17486 leader_election.cc:343] T b687dba2ec274bcfa1d08cf2ff1e42cf P febc6ef5407948f9ac80ec0110b8cb35 [CANDIDATE]: Term 1 pre-election: Tablet error from VoteRequest() call to peer e23366dee8d846f5bcf115a6b5c8da83 (127.16.213.129:42713): Illegal state: must be running to vote when last-logged opid is not known
I20260710 11:05:45.288496 17486 leader_election.cc:304] T b687dba2ec274bcfa1d08cf2ff1e42cf P febc6ef5407948f9ac80ec0110b8cb35 [CANDIDATE]: Term 1 pre-election: Election decided. Result: candidate lost. Election summary: received 3 responses out of 3 voters: 1 yes votes; 2 no votes. yes voters: febc6ef5407948f9ac80ec0110b8cb35; no voters: 2828d6493ec942728e9b36e96370aa5d, e23366dee8d846f5bcf115a6b5c8da83
W20260710 11:05:45.289829 17486 leader_election.cc:343] T 7ecc43db31e24cc99eb20b636d717d27 P febc6ef5407948f9ac80ec0110b8cb35 [CANDIDATE]: Term 1 election: Tablet error from VoteRequest() call to peer e23366dee8d846f5bcf115a6b5c8da83 (127.16.213.129:42713): Illegal state: must be running to vote when last-logged opid is not known
I20260710 11:05:45.293162 17448 raft_consensus.cc:2468] T 7ecc43db31e24cc99eb20b636d717d27 P 2828d6493ec942728e9b36e96370aa5d [term 1 FOLLOWER]: Leader election vote request: Granting yes vote for candidate febc6ef5407948f9ac80ec0110b8cb35 in term 1.
I20260710 11:05:45.295713 17487 leader_election.cc:304] T 7ecc43db31e24cc99eb20b636d717d27 P febc6ef5407948f9ac80ec0110b8cb35 [CANDIDATE]: Term 1 election: Election decided. Result: candidate won. Election summary: received 3 responses out of 3 voters: 2 yes votes; 1 no votes. yes voters: 2828d6493ec942728e9b36e96370aa5d, febc6ef5407948f9ac80ec0110b8cb35; no voters: e23366dee8d846f5bcf115a6b5c8da83
I20260710 11:05:45.298569 17589 raft_consensus.cc:2749] T b687dba2ec274bcfa1d08cf2ff1e42cf P febc6ef5407948f9ac80ec0110b8cb35 [term 0 FOLLOWER]: Leader pre-election lost for term 1. Reason: could not achieve majority
I20260710 11:05:45.299497 17589 raft_consensus.cc:2804] T 7ecc43db31e24cc99eb20b636d717d27 P febc6ef5407948f9ac80ec0110b8cb35 [term 1 FOLLOWER]: Leader election won for term 1
I20260710 11:05:45.300055 17589 raft_consensus.cc:697] T 7ecc43db31e24cc99eb20b636d717d27 P febc6ef5407948f9ac80ec0110b8cb35 [term 1 LEADER]: Becoming Leader. State: Replica: febc6ef5407948f9ac80ec0110b8cb35, State: Running, Role: LEADER
I20260710 11:05:45.301878 17565 tablet_bootstrap.cc:492] T 1f5edd73fca34f298700bffcb3704597 P e23366dee8d846f5bcf115a6b5c8da83: No bootstrap required, opened a new log
I20260710 11:05:45.302390 17565 ts_tablet_manager.cc:1403] T 1f5edd73fca34f298700bffcb3704597 P e23366dee8d846f5bcf115a6b5c8da83: Time spent bootstrapping tablet: real 0.058s	user 0.012s	sys 0.005s
I20260710 11:05:45.301504 17567 tablet_bootstrap.cc:492] T 166046f33a7f44269ce3f14dbfe8f05f P 2828d6493ec942728e9b36e96370aa5d: No bootstrap required, opened a new log
I20260710 11:05:45.303943 17567 ts_tablet_manager.cc:1403] T 166046f33a7f44269ce3f14dbfe8f05f P 2828d6493ec942728e9b36e96370aa5d: Time spent bootstrapping tablet: real 0.184s	user 0.012s	sys 0.008s
I20260710 11:05:45.304651 17522 tablet_service.cc:1917] Received RequestConsensusVote() RPC: tablet_id: "166046f33a7f44269ce3f14dbfe8f05f" candidate_uuid: "e23366dee8d846f5bcf115a6b5c8da83" candidate_term: 1 candidate_status { last_received { term: 0 index: 0 } } ignore_live_leader: false dest_uuid: "febc6ef5407948f9ac80ec0110b8cb35" is_pre_election: true
I20260710 11:05:45.302662 17589 consensus_queue.cc:237] T 7ecc43db31e24cc99eb20b636d717d27 P febc6ef5407948f9ac80ec0110b8cb35 [LEADER]: Queue going to LEADER mode. State: All replicated index: 0, Majority replicated index: 0, Committed index: 0, Last appended: 0.0, Last appended by leader: 0, Current term: 1, Majority size: 2, State: 0, Mode: LEADER, active raft config: opid_index: -1 OBSOLETE_local: false peers { permanent_uuid: "e23366dee8d846f5bcf115a6b5c8da83" member_type: VOTER last_known_addr { host: "127.16.213.129" port: 42713 } } peers { permanent_uuid: "2828d6493ec942728e9b36e96370aa5d" member_type: VOTER last_known_addr { host: "127.16.213.130" port: 38861 } } peers { permanent_uuid: "febc6ef5407948f9ac80ec0110b8cb35" member_type: VOTER last_known_addr { host: "127.16.213.131" port: 36013 } }
I20260710 11:05:45.293740 17572 raft_consensus.cc:515] T 166046f33a7f44269ce3f14dbfe8f05f P febc6ef5407948f9ac80ec0110b8cb35 [term 1 FOLLOWER]: Starting leader election with config: opid_index: -1 OBSOLETE_local: false peers { permanent_uuid: "e23366dee8d846f5bcf115a6b5c8da83" member_type: VOTER last_known_addr { host: "127.16.213.129" port: 42713 } } peers { permanent_uuid: "2828d6493ec942728e9b36e96370aa5d" member_type: VOTER last_known_addr { host: "127.16.213.130" port: 38861 } } peers { permanent_uuid: "febc6ef5407948f9ac80ec0110b8cb35" member_type: VOTER last_known_addr { host: "127.16.213.131" port: 36013 } }
I20260710 11:05:45.307828 17565 raft_consensus.cc:359] T 1f5edd73fca34f298700bffcb3704597 P e23366dee8d846f5bcf115a6b5c8da83 [term 0 FOLLOWER]: Replica starting. Triggering 0 pending ops. Active config: opid_index: -1 OBSOLETE_local: false peers { permanent_uuid: "e23366dee8d846f5bcf115a6b5c8da83" member_type: VOTER last_known_addr { host: "127.16.213.129" port: 42713 } } peers { permanent_uuid: "2828d6493ec942728e9b36e96370aa5d" member_type: VOTER last_known_addr { host: "127.16.213.130" port: 38861 } } peers { permanent_uuid: "febc6ef5407948f9ac80ec0110b8cb35" member_type: VOTER last_known_addr { host: "127.16.213.131" port: 36013 } }
I20260710 11:05:45.309558 17565 raft_consensus.cc:385] T 1f5edd73fca34f298700bffcb3704597 P e23366dee8d846f5bcf115a6b5c8da83 [term 0 FOLLOWER]: Consensus starting up: Expiring failure detector timer to make a prompt election more likely
I20260710 11:05:45.310019 17565 raft_consensus.cc:740] T 1f5edd73fca34f298700bffcb3704597 P e23366dee8d846f5bcf115a6b5c8da83 [term 0 FOLLOWER]: Becoming Follower/Learner. State: Replica: e23366dee8d846f5bcf115a6b5c8da83, State: Initialized, Role: FOLLOWER
I20260710 11:05:45.309912 17521 tablet_service.cc:1917] Received RequestConsensusVote() RPC: tablet_id: "73f38fa414554aff848517911d149655" candidate_uuid: "e23366dee8d846f5bcf115a6b5c8da83" candidate_term: 1 candidate_status { last_received { term: 0 index: 0 } } ignore_live_leader: false dest_uuid: "febc6ef5407948f9ac80ec0110b8cb35" is_pre_election: true
W20260710 11:05:45.311506 17338 leader_election.cc:343] T 73f38fa414554aff848517911d149655 P e23366dee8d846f5bcf115a6b5c8da83 [CANDIDATE]: Term 1 pre-election: Tablet error from VoteRequest() call to peer febc6ef5407948f9ac80ec0110b8cb35 (127.16.213.131:36013): Illegal state: must be running to vote when last-logged opid is not known
I20260710 11:05:45.311121 17565 consensus_queue.cc:260] T 1f5edd73fca34f298700bffcb3704597 P e23366dee8d846f5bcf115a6b5c8da83 [NON_LEADER]: Queue going to NON_LEADER mode. State: All replicated index: 0, Majority replicated index: 0, Committed index: 0, Last appended: 0.0, Last appended by leader: 0, Current term: 0, Majority size: -1, State: 0, Mode: NON_LEADER, active raft config: opid_index: -1 OBSOLETE_local: false peers { permanent_uuid: "e23366dee8d846f5bcf115a6b5c8da83" member_type: VOTER last_known_addr { host: "127.16.213.129" port: 42713 } } peers { permanent_uuid: "2828d6493ec942728e9b36e96370aa5d" member_type: VOTER last_known_addr { host: "127.16.213.130" port: 38861 } } peers { permanent_uuid: "febc6ef5407948f9ac80ec0110b8cb35" member_type: VOTER last_known_addr { host: "127.16.213.131" port: 36013 } }
I20260710 11:05:45.311932 17338 leader_election.cc:304] T 73f38fa414554aff848517911d149655 P e23366dee8d846f5bcf115a6b5c8da83 [CANDIDATE]: Term 1 pre-election: Election decided. Result: candidate lost. Election summary: received 3 responses out of 3 voters: 1 yes votes; 2 no votes. yes voters: e23366dee8d846f5bcf115a6b5c8da83; no voters: 2828d6493ec942728e9b36e96370aa5d, febc6ef5407948f9ac80ec0110b8cb35
I20260710 11:05:45.312178 17567 raft_consensus.cc:359] T 166046f33a7f44269ce3f14dbfe8f05f P 2828d6493ec942728e9b36e96370aa5d [term 0 FOLLOWER]: Replica starting. Triggering 0 pending ops. Active config: opid_index: -1 OBSOLETE_local: false peers { permanent_uuid: "e23366dee8d846f5bcf115a6b5c8da83" member_type: VOTER last_known_addr { host: "127.16.213.129" port: 42713 } } peers { permanent_uuid: "2828d6493ec942728e9b36e96370aa5d" member_type: VOTER last_known_addr { host: "127.16.213.130" port: 38861 } } peers { permanent_uuid: "febc6ef5407948f9ac80ec0110b8cb35" member_type: VOTER last_known_addr { host: "127.16.213.131" port: 36013 } }
I20260710 11:05:45.312991 17567 raft_consensus.cc:385] T 166046f33a7f44269ce3f14dbfe8f05f P 2828d6493ec942728e9b36e96370aa5d [term 0 FOLLOWER]: Consensus starting up: Expiring failure detector timer to make a prompt election more likely
I20260710 11:05:45.313158 17571 raft_consensus.cc:2749] T 73f38fa414554aff848517911d149655 P e23366dee8d846f5bcf115a6b5c8da83 [term 0 FOLLOWER]: Leader pre-election lost for term 1. Reason: could not achieve majority
I20260710 11:05:45.313333 17567 raft_consensus.cc:740] T 166046f33a7f44269ce3f14dbfe8f05f P 2828d6493ec942728e9b36e96370aa5d [term 0 FOLLOWER]: Becoming Follower/Learner. State: Replica: 2828d6493ec942728e9b36e96370aa5d, State: Initialized, Role: FOLLOWER
I20260710 11:05:45.307639 17566 tablet_bootstrap.cc:654] T 73f38fa414554aff848517911d149655 P febc6ef5407948f9ac80ec0110b8cb35: Neither blocks nor log segments found. Creating new log.
I20260710 11:05:45.321856 17567 consensus_queue.cc:260] T 166046f33a7f44269ce3f14dbfe8f05f P 2828d6493ec942728e9b36e96370aa5d [NON_LEADER]: Queue going to NON_LEADER mode. State: All replicated index: 0, Majority replicated index: 0, Committed index: 0, Last appended: 0.0, Last appended by leader: 0, Current term: 0, Majority size: -1, State: 0, Mode: NON_LEADER, active raft config: opid_index: -1 OBSOLETE_local: false peers { permanent_uuid: "e23366dee8d846f5bcf115a6b5c8da83" member_type: VOTER last_known_addr { host: "127.16.213.129" port: 42713 } } peers { permanent_uuid: "2828d6493ec942728e9b36e96370aa5d" member_type: VOTER last_known_addr { host: "127.16.213.130" port: 38861 } } peers { permanent_uuid: "febc6ef5407948f9ac80ec0110b8cb35" member_type: VOTER last_known_addr { host: "127.16.213.131" port: 36013 } }
I20260710 11:05:45.324764 17567 ts_tablet_manager.cc:1434] T 166046f33a7f44269ce3f14dbfe8f05f P 2828d6493ec942728e9b36e96370aa5d: Time spent starting tablet: real 0.020s	user 0.007s	sys 0.000s
I20260710 11:05:45.315521 17565 ts_tablet_manager.cc:1434] T 1f5edd73fca34f298700bffcb3704597 P e23366dee8d846f5bcf115a6b5c8da83: Time spent starting tablet: real 0.013s	user 0.009s	sys 0.000s
I20260710 11:05:45.327770 17567 tablet_bootstrap.cc:492] T 73f38fa414554aff848517911d149655 P 2828d6493ec942728e9b36e96370aa5d: Bootstrap starting.
I20260710 11:05:45.330982 17565 tablet_bootstrap.cc:492] T b687dba2ec274bcfa1d08cf2ff1e42cf P e23366dee8d846f5bcf115a6b5c8da83: Bootstrap starting.
I20260710 11:05:45.317296 17572 leader_election.cc:290] T 166046f33a7f44269ce3f14dbfe8f05f P febc6ef5407948f9ac80ec0110b8cb35 [CANDIDATE]: Term 1 election: Requested vote from peers e23366dee8d846f5bcf115a6b5c8da83 (127.16.213.129:42713), 2828d6493ec942728e9b36e96370aa5d (127.16.213.130:38861)
I20260710 11:05:45.319139 17448 tablet_service.cc:1917] Received RequestConsensusVote() RPC: tablet_id: "166046f33a7f44269ce3f14dbfe8f05f" candidate_uuid: "febc6ef5407948f9ac80ec0110b8cb35" candidate_term: 1 candidate_status { last_received { term: 0 index: 0 } } ignore_live_leader: false dest_uuid: "2828d6493ec942728e9b36e96370aa5d"
I20260710 11:05:45.320569 17522 raft_consensus.cc:2393] T 166046f33a7f44269ce3f14dbfe8f05f P febc6ef5407948f9ac80ec0110b8cb35 [term 1 FOLLOWER]: Leader pre-election vote request: Denying vote to candidate e23366dee8d846f5bcf115a6b5c8da83 in current term 1: Already voted for candidate febc6ef5407948f9ac80ec0110b8cb35 in this term.
I20260710 11:05:45.336494 17448 raft_consensus.cc:3060] T 166046f33a7f44269ce3f14dbfe8f05f P 2828d6493ec942728e9b36e96370aa5d [term 0 FOLLOWER]: Advancing to term 1
I20260710 11:05:45.337353 17571 raft_consensus.cc:493] T 1f5edd73fca34f298700bffcb3704597 P e23366dee8d846f5bcf115a6b5c8da83 [term 0 FOLLOWER]: Starting pre-election (no leader contacted us within the election timeout)
I20260710 11:05:45.337983 17571 raft_consensus.cc:515] T 1f5edd73fca34f298700bffcb3704597 P e23366dee8d846f5bcf115a6b5c8da83 [term 0 FOLLOWER]: Starting pre-election with config: opid_index: -1 OBSOLETE_local: false peers { permanent_uuid: "e23366dee8d846f5bcf115a6b5c8da83" member_type: VOTER last_known_addr { host: "127.16.213.129" port: 42713 } } peers { permanent_uuid: "2828d6493ec942728e9b36e96370aa5d" member_type: VOTER last_known_addr { host: "127.16.213.130" port: 38861 } } peers { permanent_uuid: "febc6ef5407948f9ac80ec0110b8cb35" member_type: VOTER last_known_addr { host: "127.16.213.131" port: 36013 } }
I20260710 11:05:45.340583 17571 leader_election.cc:290] T 1f5edd73fca34f298700bffcb3704597 P e23366dee8d846f5bcf115a6b5c8da83 [CANDIDATE]: Term 1 pre-election: Requested pre-vote from peers 2828d6493ec942728e9b36e96370aa5d (127.16.213.130:38861), febc6ef5407948f9ac80ec0110b8cb35 (127.16.213.131:36013)
I20260710 11:05:45.344964 17448 raft_consensus.cc:2468] T 166046f33a7f44269ce3f14dbfe8f05f P 2828d6493ec942728e9b36e96370aa5d [term 1 FOLLOWER]: Leader election vote request: Granting yes vote for candidate febc6ef5407948f9ac80ec0110b8cb35 in term 1.
I20260710 11:05:45.346302 17487 leader_election.cc:304] T 166046f33a7f44269ce3f14dbfe8f05f P febc6ef5407948f9ac80ec0110b8cb35 [CANDIDATE]: Term 1 election: Election decided. Result: candidate won. Election summary: received 2 responses out of 3 voters: 2 yes votes; 0 no votes. yes voters: 2828d6493ec942728e9b36e96370aa5d, febc6ef5407948f9ac80ec0110b8cb35; no voters: 
I20260710 11:05:45.347358 17591 raft_consensus.cc:2804] T 166046f33a7f44269ce3f14dbfe8f05f P febc6ef5407948f9ac80ec0110b8cb35 [term 1 FOLLOWER]: Leader election won for term 1
I20260710 11:05:45.348080 17591 raft_consensus.cc:697] T 166046f33a7f44269ce3f14dbfe8f05f P febc6ef5407948f9ac80ec0110b8cb35 [term 1 LEADER]: Becoming Leader. State: Replica: febc6ef5407948f9ac80ec0110b8cb35, State: Running, Role: LEADER
I20260710 11:05:45.348747 17522 tablet_service.cc:1917] Received RequestConsensusVote() RPC: tablet_id: "1f5edd73fca34f298700bffcb3704597" candidate_uuid: "e23366dee8d846f5bcf115a6b5c8da83" candidate_term: 1 candidate_status { last_received { term: 0 index: 0 } } ignore_live_leader: false dest_uuid: "febc6ef5407948f9ac80ec0110b8cb35" is_pre_election: true
I20260710 11:05:45.349608 17522 raft_consensus.cc:2468] T 1f5edd73fca34f298700bffcb3704597 P febc6ef5407948f9ac80ec0110b8cb35 [term 0 FOLLOWER]: Leader pre-election vote request: Granting yes vote for candidate e23366dee8d846f5bcf115a6b5c8da83 in term 0.
