I20260710 11:06:25.158888 18134 catalog_manager.cc:5697] T 7eae6b2b6fbe41dba8af9f95eda413d7 P 8ad01ed0bbca4b0aba27671f5658eed4 reported cstate change: config changed from index 3 to 4, VOTER af0cc40e09b44a2ca643674d372a27a9 (127.16.175.195) evicted. New cstate: current_term: 1 leader_uuid: "d92a4280872840b4b4103f5c44fac818" committed_config { opid_index: 4 OBSOLETE_local: false peers { permanent_uuid: "d92a4280872840b4b4103f5c44fac818" member_type: VOTER last_known_addr { host: "127.16.175.193" port: 42021 } } peers { permanent_uuid: "8ad01ed0bbca4b0aba27671f5658eed4" member_type: VOTER last_known_addr { host: "127.16.175.194" port: 39115 } } peers { permanent_uuid: "aec5c5f2cd6e4567964936b8f1fb91b8" member_type: VOTER last_known_addr { host: "127.16.175.196" port: 44825 } attrs { promote: false } } }
I20260710 11:06:25.160785 18978 raft_consensus.cc:2243] T acb92f1284db4e88a399709cc8338b59 P d92a4280872840b4b4103f5c44fac818 [term 1 FOLLOWER]: Raft consensus shutting down.
I20260710 11:06:25.161666 18978 raft_consensus.cc:2272] T acb92f1284db4e88a399709cc8338b59 P d92a4280872840b4b4103f5c44fac818 [term 1 FOLLOWER]: Raft consensus is shut down!
I20260710 11:06:25.169282 18978 ts_tablet_manager.cc:1916] T acb92f1284db4e88a399709cc8338b59 P d92a4280872840b4b4103f5c44fac818: Deleting tablet data with delete state TABLET_DATA_TOMBSTONED
I20260710 11:06:25.172945 18373 tablet_service.cc:1558] Processing DeleteTablet for tablet 7eae6b2b6fbe41dba8af9f95eda413d7 with delete_type TABLET_DATA_TOMBSTONED (TS af0cc40e09b44a2ca643674d372a27a9 not found in new config with opid_index 4) from {username='slave'} at 127.0.0.1:60370
I20260710 11:06:25.183642 18979 tablet_replica.cc:333] T 7eae6b2b6fbe41dba8af9f95eda413d7 P af0cc40e09b44a2ca643674d372a27a9: stopping tablet replica
I20260710 11:06:25.185144 18979 raft_consensus.cc:2243] T 7eae6b2b6fbe41dba8af9f95eda413d7 P af0cc40e09b44a2ca643674d372a27a9 [term 1 FOLLOWER]: Raft consensus shutting down.
I20260710 11:06:25.185825 18979 raft_consensus.cc:2272] T 7eae6b2b6fbe41dba8af9f95eda413d7 P af0cc40e09b44a2ca643674d372a27a9 [term 1 FOLLOWER]: Raft consensus is shut down!
I20260710 11:06:25.189278 18979 ts_tablet_manager.cc:1916] T 7eae6b2b6fbe41dba8af9f95eda413d7 P af0cc40e09b44a2ca643674d372a27a9: Deleting tablet data with delete state TABLET_DATA_TOMBSTONED
I20260710 11:06:25.189640 18978 ts_tablet_manager.cc:1929] T acb92f1284db4e88a399709cc8338b59 P d92a4280872840b4b4103f5c44fac818: tablet deleted with delete type TABLET_DATA_TOMBSTONED: last-logged OpId 1.3
I20260710 11:06:25.190359 18978 log.cc:1199] T acb92f1284db4e88a399709cc8338b59 P d92a4280872840b4b4103f5c44fac818: Deleting WAL directory at /tmp/dist-test-taskpnnAsm/test-tmp/auto_leader_rebalancer-test.0.LeaderRebalancerTest.AddTserver.1783681541671389-17087-0/minicluster-data/ts-0-root/wals/acb92f1284db4e88a399709cc8338b59
I20260710 11:06:25.192302 18122 catalog_manager.cc:5028] TS d92a4280872840b4b4103f5c44fac818 (127.16.175.193:42021): tablet acb92f1284db4e88a399709cc8338b59 (table test-workload [id=78784f57ca694c78a712949810466044]) successfully deleted
I20260710 11:06:25.201567 18979 ts_tablet_manager.cc:1929] T 7eae6b2b6fbe41dba8af9f95eda413d7 P af0cc40e09b44a2ca643674d372a27a9: tablet deleted with delete type TABLET_DATA_TOMBSTONED: last-logged OpId 1.3
I20260710 11:06:25.201992 18979 log.cc:1199] T 7eae6b2b6fbe41dba8af9f95eda413d7 P af0cc40e09b44a2ca643674d372a27a9: Deleting WAL directory at /tmp/dist-test-taskpnnAsm/test-tmp/auto_leader_rebalancer-test.0.LeaderRebalancerTest.AddTserver.1783681541671389-17087-0/minicluster-data/ts-2-root/wals/7eae6b2b6fbe41dba8af9f95eda413d7
I20260710 11:06:25.203522 18121 catalog_manager.cc:5028] TS af0cc40e09b44a2ca643674d372a27a9 (127.16.175.195:35893): tablet 7eae6b2b6fbe41dba8af9f95eda413d7 (table test-workload [id=78784f57ca694c78a712949810466044]) successfully deleted
I20260710 11:06:25.222462 18888 raft_consensus.cc:1064] T 059a16a7727f4119b4d593e943fb06a6 P 8ad01ed0bbca4b0aba27671f5658eed4: attempting to promote NON_VOTER aec5c5f2cd6e4567964936b8f1fb91b8 to VOTER
I20260710 11:06:25.225340 18888 consensus_queue.cc:237] T 059a16a7727f4119b4d593e943fb06a6 P 8ad01ed0bbca4b0aba27671f5658eed4 [LEADER]: Queue going to LEADER mode. State: All replicated index: 0, Majority replicated index: 2, Committed index: 2, Last appended: 1.2, Last appended by leader: 0, Current term: 1, Majority size: 3, State: 0, Mode: LEADER, active raft config: opid_index: 3 OBSOLETE_local: false peers { permanent_uuid: "d92a4280872840b4b4103f5c44fac818" member_type: VOTER last_known_addr { host: "127.16.175.193" port: 42021 } attrs { replace: true } } peers { permanent_uuid: "8ad01ed0bbca4b0aba27671f5658eed4" member_type: VOTER last_known_addr { host: "127.16.175.194" port: 39115 } } peers { permanent_uuid: "af0cc40e09b44a2ca643674d372a27a9" member_type: VOTER last_known_addr { host: "127.16.175.195" port: 35893 } } peers { permanent_uuid: "aec5c5f2cd6e4567964936b8f1fb91b8" member_type: VOTER last_known_addr { host: "127.16.175.196" port: 44825 } attrs { promote: false } }
I20260710 11:06:25.237285 18655 raft_consensus.cc:1275] T 059a16a7727f4119b4d593e943fb06a6 P aec5c5f2cd6e4567964936b8f1fb91b8 [term 1 LEARNER]: Refusing update from remote peer 8ad01ed0bbca4b0aba27671f5658eed4: Log matching property violated. Preceding OpId in replica: term: 1 index: 2. Preceding OpId from leader: term: 1 index: 3. (index mismatch)
I20260710 11:06:25.238251 18234 raft_consensus.cc:1275] T 059a16a7727f4119b4d593e943fb06a6 P d92a4280872840b4b4103f5c44fac818 [term 1 FOLLOWER]: Refusing update from remote peer 8ad01ed0bbca4b0aba27671f5658eed4: Log matching property violated. Preceding OpId in replica: term: 1 index: 2. Preceding OpId from leader: term: 1 index: 3. (index mismatch)
I20260710 11:06:25.238431 18386 raft_consensus.cc:1275] T 059a16a7727f4119b4d593e943fb06a6 P af0cc40e09b44a2ca643674d372a27a9 [term 1 FOLLOWER]: Refusing update from remote peer 8ad01ed0bbca4b0aba27671f5658eed4: Log matching property violated. Preceding OpId in replica: term: 1 index: 2. Preceding OpId from leader: term: 1 index: 3. (index mismatch)
I20260710 11:06:25.240337 18929 consensus_queue.cc:1048] T 059a16a7727f4119b4d593e943fb06a6 P 8ad01ed0bbca4b0aba27671f5658eed4 [LEADER]: Connected to new peer: Peer: permanent_uuid: "d92a4280872840b4b4103f5c44fac818" member_type: VOTER last_known_addr { host: "127.16.175.193" port: 42021 } attrs { replace: true }, Status: LMP_MISMATCH, Last received: 0.0, Next index: 3, Last known committed idx: 2, Time since last communication: 0.000s
I20260710 11:06:25.241271 18959 consensus_queue.cc:1048] T 059a16a7727f4119b4d593e943fb06a6 P 8ad01ed0bbca4b0aba27671f5658eed4 [LEADER]: Connected to new peer: Peer: permanent_uuid: "af0cc40e09b44a2ca643674d372a27a9" member_type: VOTER last_known_addr { host: "127.16.175.195" port: 35893 }, Status: LMP_MISMATCH, Last received: 0.0, Next index: 3, Last known committed idx: 2, Time since last communication: 0.000s
I20260710 11:06:25.242782 18888 consensus_queue.cc:1048] T 059a16a7727f4119b4d593e943fb06a6 P 8ad01ed0bbca4b0aba27671f5658eed4 [LEADER]: Connected to new peer: Peer: permanent_uuid: "aec5c5f2cd6e4567964936b8f1fb91b8" member_type: VOTER last_known_addr { host: "127.16.175.196" port: 44825 } attrs { promote: false }, Status: LMP_MISMATCH, Last received: 0.0, Next index: 3, Last known committed idx: 2, Time since last communication: 0.001s
I20260710 11:06:25.254956 18888 raft_consensus.cc:2955] T 059a16a7727f4119b4d593e943fb06a6 P 8ad01ed0bbca4b0aba27671f5658eed4 [term 1 LEADER]: Committing config change with OpId 1.3: config changed from index 2 to 3, aec5c5f2cd6e4567964936b8f1fb91b8 (127.16.175.196) changed from NON_VOTER to VOTER. New config: { opid_index: 3 OBSOLETE_local: false peers { permanent_uuid: "d92a4280872840b4b4103f5c44fac818" member_type: VOTER last_known_addr { host: "127.16.175.193" port: 42021 } attrs { replace: true } } peers { permanent_uuid: "8ad01ed0bbca4b0aba27671f5658eed4" member_type: VOTER last_known_addr { host: "127.16.175.194" port: 39115 } } peers { permanent_uuid: "af0cc40e09b44a2ca643674d372a27a9" member_type: VOTER last_known_addr { host: "127.16.175.195" port: 35893 } } peers { permanent_uuid: "aec5c5f2cd6e4567964936b8f1fb91b8" member_type: VOTER last_known_addr { host: "127.16.175.196" port: 44825 } attrs { promote: false } } }
I20260710 11:06:25.268545 18655 raft_consensus.cc:2955] T 059a16a7727f4119b4d593e943fb06a6 P aec5c5f2cd6e4567964936b8f1fb91b8 [term 1 FOLLOWER]: Committing config change with OpId 1.3: config changed from index 2 to 3, aec5c5f2cd6e4567964936b8f1fb91b8 (127.16.175.196) changed from NON_VOTER to VOTER. New config: { opid_index: 3 OBSOLETE_local: false peers { permanent_uuid: "d92a4280872840b4b4103f5c44fac818" member_type: VOTER last_known_addr { host: "127.16.175.193" port: 42021 } attrs { replace: true } } peers { permanent_uuid: "8ad01ed0bbca4b0aba27671f5658eed4" member_type: VOTER last_known_addr { host: "127.16.175.194" port: 39115 } } peers { permanent_uuid: "af0cc40e09b44a2ca643674d372a27a9" member_type: VOTER last_known_addr { host: "127.16.175.195" port: 35893 } } peers { permanent_uuid: "aec5c5f2cd6e4567964936b8f1fb91b8" member_type: VOTER last_known_addr { host: "127.16.175.196" port: 44825 } attrs { promote: false } } }
I20260710 11:06:25.269513 18386 raft_consensus.cc:2955] T 059a16a7727f4119b4d593e943fb06a6 P af0cc40e09b44a2ca643674d372a27a9 [term 1 FOLLOWER]: Committing config change with OpId 1.3: config changed from index 2 to 3, aec5c5f2cd6e4567964936b8f1fb91b8 (127.16.175.196) changed from NON_VOTER to VOTER. New config: { opid_index: 3 OBSOLETE_local: false peers { permanent_uuid: "d92a4280872840b4b4103f5c44fac818" member_type: VOTER last_known_addr { host: "127.16.175.193" port: 42021 } attrs { replace: true } } peers { permanent_uuid: "8ad01ed0bbca4b0aba27671f5658eed4" member_type: VOTER last_known_addr { host: "127.16.175.194" port: 39115 } } peers { permanent_uuid: "af0cc40e09b44a2ca643674d372a27a9" member_type: VOTER last_known_addr { host: "127.16.175.195" port: 35893 } } peers { permanent_uuid: "aec5c5f2cd6e4567964936b8f1fb91b8" member_type: VOTER last_known_addr { host: "127.16.175.196" port: 44825 } attrs { promote: false } } }
I20260710 11:06:25.274669 18234 raft_consensus.cc:2955] T 059a16a7727f4119b4d593e943fb06a6 P d92a4280872840b4b4103f5c44fac818 [term 1 FOLLOWER]: Committing config change with OpId 1.3: config changed from index 2 to 3, aec5c5f2cd6e4567964936b8f1fb91b8 (127.16.175.196) changed from NON_VOTER to VOTER. New config: { opid_index: 3 OBSOLETE_local: false peers { permanent_uuid: "d92a4280872840b4b4103f5c44fac818" member_type: VOTER last_known_addr { host: "127.16.175.193" port: 42021 } attrs { replace: true } } peers { permanent_uuid: "8ad01ed0bbca4b0aba27671f5658eed4" member_type: VOTER last_known_addr { host: "127.16.175.194" port: 39115 } } peers { permanent_uuid: "af0cc40e09b44a2ca643674d372a27a9" member_type: VOTER last_known_addr { host: "127.16.175.195" port: 35893 } } peers { permanent_uuid: "aec5c5f2cd6e4567964936b8f1fb91b8" member_type: VOTER last_known_addr { host: "127.16.175.196" port: 44825 } attrs { promote: false } } }
I20260710 11:06:25.278132 18131 catalog_manager.cc:5697] T 059a16a7727f4119b4d593e943fb06a6 P 8ad01ed0bbca4b0aba27671f5658eed4 reported cstate change: config changed from index 2 to 3, aec5c5f2cd6e4567964936b8f1fb91b8 (127.16.175.196) changed from NON_VOTER to VOTER. New cstate: current_term: 1 leader_uuid: "8ad01ed0bbca4b0aba27671f5658eed4" committed_config { opid_index: 3 OBSOLETE_local: false peers { permanent_uuid: "d92a4280872840b4b4103f5c44fac818" member_type: VOTER last_known_addr { host: "127.16.175.193" port: 42021 } attrs { replace: true } health_report { overall_health: HEALTHY } } peers { permanent_uuid: "8ad01ed0bbca4b0aba27671f5658eed4" member_type: VOTER last_known_addr { host: "127.16.175.194" port: 39115 } health_report { overall_health: HEALTHY } } peers { permanent_uuid: "af0cc40e09b44a2ca643674d372a27a9" member_type: VOTER last_known_addr { host: "127.16.175.195" port: 35893 } health_report { overall_health: HEALTHY } } peers { permanent_uuid: "aec5c5f2cd6e4567964936b8f1fb91b8" member_type: VOTER last_known_addr { host: "127.16.175.196" port: 44825 } attrs { promote: false } health_report { overall_health: HEALTHY } } }
I20260710 11:06:25.296947 18312 consensus_queue.cc:237] T 059a16a7727f4119b4d593e943fb06a6 P 8ad01ed0bbca4b0aba27671f5658eed4 [LEADER]: Queue going to LEADER mode. State: All replicated index: 0, Majority replicated index: 3, Committed index: 3, Last appended: 1.3, Last appended by leader: 0, Current term: 1, Majority size: 2, State: 0, Mode: LEADER, active raft config: opid_index: 4 OBSOLETE_local: false peers { permanent_uuid: "8ad01ed0bbca4b0aba27671f5658eed4" member_type: VOTER last_known_addr { host: "127.16.175.194" port: 39115 } } peers { permanent_uuid: "af0cc40e09b44a2ca643674d372a27a9" member_type: VOTER last_known_addr { host: "127.16.175.195" port: 35893 } } peers { permanent_uuid: "aec5c5f2cd6e4567964936b8f1fb91b8" member_type: VOTER last_known_addr { host: "127.16.175.196" port: 44825 } attrs { promote: false } }
I20260710 11:06:25.309319 18383 raft_consensus.cc:1275] T 059a16a7727f4119b4d593e943fb06a6 P af0cc40e09b44a2ca643674d372a27a9 [term 1 FOLLOWER]: Refusing update from remote peer 8ad01ed0bbca4b0aba27671f5658eed4: Log matching property violated. Preceding OpId in replica: term: 1 index: 3. Preceding OpId from leader: term: 1 index: 4. (index mismatch)
I20260710 11:06:25.310876 18888 consensus_queue.cc:1048] T 059a16a7727f4119b4d593e943fb06a6 P 8ad01ed0bbca4b0aba27671f5658eed4 [LEADER]: Connected to new peer: Peer: permanent_uuid: "af0cc40e09b44a2ca643674d372a27a9" member_type: VOTER last_known_addr { host: "127.16.175.195" port: 35893 }, Status: LMP_MISMATCH, Last received: 0.0, Next index: 4, Last known committed idx: 3, Time since last communication: 0.001s
I20260710 11:06:25.315342 18655 raft_consensus.cc:1275] T 059a16a7727f4119b4d593e943fb06a6 P aec5c5f2cd6e4567964936b8f1fb91b8 [term 1 FOLLOWER]: Refusing update from remote peer 8ad01ed0bbca4b0aba27671f5658eed4: Log matching property violated. Preceding OpId in replica: term: 1 index: 3. Preceding OpId from leader: term: 1 index: 4. (index mismatch)
I20260710 11:06:25.317580 18888 consensus_queue.cc:1048] T 059a16a7727f4119b4d593e943fb06a6 P 8ad01ed0bbca4b0aba27671f5658eed4 [LEADER]: Connected to new peer: Peer: permanent_uuid: "aec5c5f2cd6e4567964936b8f1fb91b8" member_type: VOTER last_known_addr { host: "127.16.175.196" port: 44825 } attrs { promote: false }, Status: LMP_MISMATCH, Last received: 0.0, Next index: 4, Last known committed idx: 3, Time since last communication: 0.001s
I20260710 11:06:25.319394 18958 raft_consensus.cc:2955] T 059a16a7727f4119b4d593e943fb06a6 P 8ad01ed0bbca4b0aba27671f5658eed4 [term 1 LEADER]: Committing config change with OpId 1.4: config changed from index 3 to 4, VOTER d92a4280872840b4b4103f5c44fac818 (127.16.175.193) evicted. New config: { opid_index: 4 OBSOLETE_local: false peers { permanent_uuid: "8ad01ed0bbca4b0aba27671f5658eed4" member_type: VOTER last_known_addr { host: "127.16.175.194" port: 39115 } } peers { permanent_uuid: "af0cc40e09b44a2ca643674d372a27a9" member_type: VOTER last_known_addr { host: "127.16.175.195" port: 35893 } } peers { permanent_uuid: "aec5c5f2cd6e4567964936b8f1fb91b8" member_type: VOTER last_known_addr { host: "127.16.175.196" port: 44825 } attrs { promote: false } } }
I20260710 11:06:25.320817 18386 raft_consensus.cc:2955] T 059a16a7727f4119b4d593e943fb06a6 P af0cc40e09b44a2ca643674d372a27a9 [term 1 FOLLOWER]: Committing config change with OpId 1.4: config changed from index 3 to 4, VOTER d92a4280872840b4b4103f5c44fac818 (127.16.175.193) evicted. New config: { opid_index: 4 OBSOLETE_local: false peers { permanent_uuid: "8ad01ed0bbca4b0aba27671f5658eed4" member_type: VOTER last_known_addr { host: "127.16.175.194" port: 39115 } } peers { permanent_uuid: "af0cc40e09b44a2ca643674d372a27a9" member_type: VOTER last_known_addr { host: "127.16.175.195" port: 35893 } } peers { permanent_uuid: "aec5c5f2cd6e4567964936b8f1fb91b8" member_type: VOTER last_known_addr { host: "127.16.175.196" port: 44825 } attrs { promote: false } } }
I20260710 11:06:25.323553 18655 raft_consensus.cc:2955] T 059a16a7727f4119b4d593e943fb06a6 P aec5c5f2cd6e4567964936b8f1fb91b8 [term 1 FOLLOWER]: Committing config change with OpId 1.4: config changed from index 3 to 4, VOTER d92a4280872840b4b4103f5c44fac818 (127.16.175.193) evicted. New config: { opid_index: 4 OBSOLETE_local: false peers { permanent_uuid: "8ad01ed0bbca4b0aba27671f5658eed4" member_type: VOTER last_known_addr { host: "127.16.175.194" port: 39115 } } peers { permanent_uuid: "af0cc40e09b44a2ca643674d372a27a9" member_type: VOTER last_known_addr { host: "127.16.175.195" port: 35893 } } peers { permanent_uuid: "aec5c5f2cd6e4567964936b8f1fb91b8" member_type: VOTER last_known_addr { host: "127.16.175.196" port: 44825 } attrs { promote: false } } }
I20260710 11:06:25.340278 18134 catalog_manager.cc:5697] T 059a16a7727f4119b4d593e943fb06a6 P af0cc40e09b44a2ca643674d372a27a9 reported cstate change: config changed from index 3 to 4, VOTER d92a4280872840b4b4103f5c44fac818 (127.16.175.193) evicted. New cstate: current_term: 1 leader_uuid: "8ad01ed0bbca4b0aba27671f5658eed4" committed_config { opid_index: 4 OBSOLETE_local: false peers { permanent_uuid: "8ad01ed0bbca4b0aba27671f5658eed4" member_type: VOTER last_known_addr { host: "127.16.175.194" port: 39115 } } peers { permanent_uuid: "af0cc40e09b44a2ca643674d372a27a9" member_type: VOTER last_known_addr { host: "127.16.175.195" port: 35893 } } peers { permanent_uuid: "aec5c5f2cd6e4567964936b8f1fb91b8" member_type: VOTER last_known_addr { host: "127.16.175.196" port: 44825 } attrs { promote: false } } }
I20260710 11:06:25.342845 18120 catalog_manager.cc:5210] ChangeConfig:REMOVE_PEER RPC for tablet 059a16a7727f4119b4d593e943fb06a6 with cas_config_opid_index 3: ChangeConfig:REMOVE_PEER succeeded (attempt 1)
I20260710 11:06:25.355667 18225 tablet_service.cc:1558] Processing DeleteTablet for tablet 059a16a7727f4119b4d593e943fb06a6 with delete_type TABLET_DATA_TOMBSTONED (TS d92a4280872840b4b4103f5c44fac818 not found in new config with opid_index 4) from {username='slave'} at 127.0.0.1:46336
I20260710 11:06:25.356755 18978 tablet_replica.cc:333] T 059a16a7727f4119b4d593e943fb06a6 P d92a4280872840b4b4103f5c44fac818: stopping tablet replica
I20260710 11:06:25.357736 18978 raft_consensus.cc:2243] T 059a16a7727f4119b4d593e943fb06a6 P d92a4280872840b4b4103f5c44fac818 [term 1 FOLLOWER]: Raft consensus shutting down.
I20260710 11:06:25.358431 18978 raft_consensus.cc:2272] T 059a16a7727f4119b4d593e943fb06a6 P d92a4280872840b4b4103f5c44fac818 [term 1 FOLLOWER]: Raft consensus is shut down!
I20260710 11:06:25.361233 18978 ts_tablet_manager.cc:1916] T 059a16a7727f4119b4d593e943fb06a6 P d92a4280872840b4b4103f5c44fac818: Deleting tablet data with delete state TABLET_DATA_TOMBSTONED
I20260710 11:06:25.373117 18978 ts_tablet_manager.cc:1929] T 059a16a7727f4119b4d593e943fb06a6 P d92a4280872840b4b4103f5c44fac818: tablet deleted with delete type TABLET_DATA_TOMBSTONED: last-logged OpId 1.3
I20260710 11:06:25.373448 18978 log.cc:1199] T 059a16a7727f4119b4d593e943fb06a6 P d92a4280872840b4b4103f5c44fac818: Deleting WAL directory at /tmp/dist-test-taskpnnAsm/test-tmp/auto_leader_rebalancer-test.0.LeaderRebalancerTest.AddTserver.1783681541671389-17087-0/minicluster-data/ts-0-root/wals/059a16a7727f4119b4d593e943fb06a6
I20260710 11:06:25.375082 18122 catalog_manager.cc:5028] TS d92a4280872840b4b4103f5c44fac818 (127.16.175.193:42021): tablet 059a16a7727f4119b4d593e943fb06a6 (table test-workload [id=78784f57ca694c78a712949810466044]) successfully deleted
I20260710 11:06:25.406948 18234 consensus_queue.cc:237] T adb3094a3fef49c89580b5558b2bdcfa P d92a4280872840b4b4103f5c44fac818 [LEADER]: Queue going to LEADER mode. State: All replicated index: 0, Majority replicated index: 3, Committed index: 3, Last appended: 1.3, Last appended by leader: 0, Current term: 1, Majority size: 2, State: 0, Mode: LEADER, active raft config: opid_index: 4 OBSOLETE_local: false peers { permanent_uuid: "d92a4280872840b4b4103f5c44fac818" member_type: VOTER last_known_addr { host: "127.16.175.193" port: 42021 } } peers { permanent_uuid: "af0cc40e09b44a2ca643674d372a27a9" member_type: VOTER last_known_addr { host: "127.16.175.195" port: 35893 } } peers { permanent_uuid: "aec5c5f2cd6e4567964936b8f1fb91b8" member_type: VOTER last_known_addr { host: "127.16.175.196" port: 44825 } attrs { promote: false } }
I20260710 11:06:25.411586 18655 raft_consensus.cc:1275] T adb3094a3fef49c89580b5558b2bdcfa P aec5c5f2cd6e4567964936b8f1fb91b8 [term 1 FOLLOWER]: Refusing update from remote peer d92a4280872840b4b4103f5c44fac818: Log matching property violated. Preceding OpId in replica: term: 1 index: 3. Preceding OpId from leader: term: 1 index: 4. (index mismatch)
I20260710 11:06:25.411605 18386 raft_consensus.cc:1275] T adb3094a3fef49c89580b5558b2bdcfa P af0cc40e09b44a2ca643674d372a27a9 [term 1 FOLLOWER]: Refusing update from remote peer d92a4280872840b4b4103f5c44fac818: Log matching property violated. Preceding OpId in replica: term: 1 index: 3. Preceding OpId from leader: term: 1 index: 4. (index mismatch)
I20260710 11:06:25.412937 18954 consensus_queue.cc:1048] T adb3094a3fef49c89580b5558b2bdcfa P d92a4280872840b4b4103f5c44fac818 [LEADER]: Connected to new peer: Peer: permanent_uuid: "aec5c5f2cd6e4567964936b8f1fb91b8" member_type: VOTER last_known_addr { host: "127.16.175.196" port: 44825 } attrs { promote: false }, Status: LMP_MISMATCH, Last received: 0.0, Next index: 4, Last known committed idx: 3, Time since last communication: 0.000s
I20260710 11:06:25.413786 18934 consensus_queue.cc:1048] T adb3094a3fef49c89580b5558b2bdcfa P d92a4280872840b4b4103f5c44fac818 [LEADER]: Connected to new peer: Peer: permanent_uuid: "af0cc40e09b44a2ca643674d372a27a9" member_type: VOTER last_known_addr { host: "127.16.175.195" port: 35893 }, Status: LMP_MISMATCH, Last received: 0.0, Next index: 4, Last known committed idx: 3, Time since last communication: 0.000s
I20260710 11:06:25.421514 18954 raft_consensus.cc:2955] T adb3094a3fef49c89580b5558b2bdcfa P d92a4280872840b4b4103f5c44fac818 [term 1 LEADER]: Committing config change with OpId 1.4: config changed from index 3 to 4, VOTER 8ad01ed0bbca4b0aba27671f5658eed4 (127.16.175.194) evicted. New config: { opid_index: 4 OBSOLETE_local: false peers { permanent_uuid: "d92a4280872840b4b4103f5c44fac818" member_type: VOTER last_known_addr { host: "127.16.175.193" port: 42021 } } peers { permanent_uuid: "af0cc40e09b44a2ca643674d372a27a9" member_type: VOTER last_known_addr { host: "127.16.175.195" port: 35893 } } peers { permanent_uuid: "aec5c5f2cd6e4567964936b8f1fb91b8" member_type: VOTER last_known_addr { host: "127.16.175.196" port: 44825 } attrs { promote: false } } }
I20260710 11:06:25.423377 18655 raft_consensus.cc:2955] T adb3094a3fef49c89580b5558b2bdcfa P aec5c5f2cd6e4567964936b8f1fb91b8 [term 1 FOLLOWER]: Committing config change with OpId 1.4: config changed from index 3 to 4, VOTER 8ad01ed0bbca4b0aba27671f5658eed4 (127.16.175.194) evicted. New config: { opid_index: 4 OBSOLETE_local: false peers { permanent_uuid: "d92a4280872840b4b4103f5c44fac818" member_type: VOTER last_known_addr { host: "127.16.175.193" port: 42021 } } peers { permanent_uuid: "af0cc40e09b44a2ca643674d372a27a9" member_type: VOTER last_known_addr { host: "127.16.175.195" port: 35893 } } peers { permanent_uuid: "aec5c5f2cd6e4567964936b8f1fb91b8" member_type: VOTER last_known_addr { host: "127.16.175.196" port: 44825 } attrs { promote: false } } }
I20260710 11:06:25.423936 18383 raft_consensus.cc:2955] T adb3094a3fef49c89580b5558b2bdcfa P af0cc40e09b44a2ca643674d372a27a9 [term 1 FOLLOWER]: Committing config change with OpId 1.4: config changed from index 3 to 4, VOTER 8ad01ed0bbca4b0aba27671f5658eed4 (127.16.175.194) evicted. New config: { opid_index: 4 OBSOLETE_local: false peers { permanent_uuid: "d92a4280872840b4b4103f5c44fac818" member_type: VOTER last_known_addr { host: "127.16.175.193" port: 42021 } } peers { permanent_uuid: "af0cc40e09b44a2ca643674d372a27a9" member_type: VOTER last_known_addr { host: "127.16.175.195" port: 35893 } } peers { permanent_uuid: "aec5c5f2cd6e4567964936b8f1fb91b8" member_type: VOTER last_known_addr { host: "127.16.175.196" port: 44825 } attrs { promote: false } } }
I20260710 11:06:25.436893 18122 catalog_manager.cc:5210] ChangeConfig:REMOVE_PEER RPC for tablet adb3094a3fef49c89580b5558b2bdcfa with cas_config_opid_index 3: ChangeConfig:REMOVE_PEER succeeded (attempt 1)
I20260710 11:06:25.441080 18131 catalog_manager.cc:5697] T adb3094a3fef49c89580b5558b2bdcfa P af0cc40e09b44a2ca643674d372a27a9 reported cstate change: config changed from index 3 to 4, VOTER 8ad01ed0bbca4b0aba27671f5658eed4 (127.16.175.194) evicted. New cstate: current_term: 1 leader_uuid: "d92a4280872840b4b4103f5c44fac818" committed_config { opid_index: 4 OBSOLETE_local: false peers { permanent_uuid: "d92a4280872840b4b4103f5c44fac818" member_type: VOTER last_known_addr { host: "127.16.175.193" port: 42021 } } peers { permanent_uuid: "af0cc40e09b44a2ca643674d372a27a9" member_type: VOTER last_known_addr { host: "127.16.175.195" port: 35893 } } peers { permanent_uuid: "aec5c5f2cd6e4567964936b8f1fb91b8" member_type: VOTER last_known_addr { host: "127.16.175.196" port: 44825 } attrs { promote: false } } }
I20260710 11:06:25.455361 18300 tablet_service.cc:1558] Processing DeleteTablet for tablet adb3094a3fef49c89580b5558b2bdcfa with delete_type TABLET_DATA_TOMBSTONED (TS 8ad01ed0bbca4b0aba27671f5658eed4 not found in new config with opid_index 4) from {username='slave'} at 127.0.0.1:50980
I20260710 11:06:25.457295 18984 tablet_replica.cc:333] T adb3094a3fef49c89580b5558b2bdcfa P 8ad01ed0bbca4b0aba27671f5658eed4: stopping tablet replica
I20260710 11:06:25.459059 18984 raft_consensus.cc:2243] T adb3094a3fef49c89580b5558b2bdcfa P 8ad01ed0bbca4b0aba27671f5658eed4 [term 1 FOLLOWER]: Raft consensus shutting down.
I20260710 11:06:25.459960 18984 raft_consensus.cc:2272] T adb3094a3fef49c89580b5558b2bdcfa P 8ad01ed0bbca4b0aba27671f5658eed4 [term 1 FOLLOWER]: Raft consensus is shut down!
I20260710 11:06:25.463508 18984 ts_tablet_manager.cc:1916] T adb3094a3fef49c89580b5558b2bdcfa P 8ad01ed0bbca4b0aba27671f5658eed4: Deleting tablet data with delete state TABLET_DATA_TOMBSTONED
I20260710 11:06:25.476579 18984 ts_tablet_manager.cc:1929] T adb3094a3fef49c89580b5558b2bdcfa P 8ad01ed0bbca4b0aba27671f5658eed4: tablet deleted with delete type TABLET_DATA_TOMBSTONED: last-logged OpId 1.3
I20260710 11:06:25.476965 18984 log.cc:1199] T adb3094a3fef49c89580b5558b2bdcfa P 8ad01ed0bbca4b0aba27671f5658eed4: Deleting WAL directory at /tmp/dist-test-taskpnnAsm/test-tmp/auto_leader_rebalancer-test.0.LeaderRebalancerTest.AddTserver.1783681541671389-17087-0/minicluster-data/ts-1-root/wals/adb3094a3fef49c89580b5558b2bdcfa
I20260710 11:06:25.478812 18120 catalog_manager.cc:5028] TS 8ad01ed0bbca4b0aba27671f5658eed4 (127.16.175.194:39115): tablet adb3094a3fef49c89580b5558b2bdcfa (table test-workload [id=78784f57ca694c78a712949810466044]) successfully deleted
W20260710 11:06:25.501839 18258 debug-util.cc:398] Leaking SignalData structure 0x7b08001b0660 after lost signal to thread 17090
W20260710 11:06:25.502981 18258 debug-util.cc:398] Leaking SignalData structure 0x7b08000eb980 after lost signal to thread 18169
W20260710 11:06:25.504078 18258 debug-util.cc:398] Leaking SignalData structure 0x7b080029cb80 after lost signal to thread 18261
W20260710 11:06:25.505031 18258 debug-util.cc:398] Leaking SignalData structure 0x7b08002249e0 after lost signal to thread 18336
W20260710 11:06:25.506093 18258 debug-util.cc:398] Leaking SignalData structure 0x7b08001b6340 after lost signal to thread 18410
W20260710 11:06:25.507102 18258 debug-util.cc:398] Leaking SignalData structure 0x7b080022ab60 after lost signal to thread 18683
I20260710 11:06:26.489060 18234 consensus_queue.cc:237] T 40c018536c33480da6fb165fec0df9ad P d92a4280872840b4b4103f5c44fac818 [LEADER]: Queue going to LEADER mode. State: All replicated index: 0, Majority replicated index: 1, Committed index: 1, Last appended: 1.1, Last appended by leader: 0, Current term: 1, Majority size: 2, State: 0, Mode: LEADER, active raft config: opid_index: 2 OBSOLETE_local: false peers { permanent_uuid: "d92a4280872840b4b4103f5c44fac818" member_type: VOTER last_known_addr { host: "127.16.175.193" port: 42021 } } peers { permanent_uuid: "8ad01ed0bbca4b0aba27671f5658eed4" member_type: VOTER last_known_addr { host: "127.16.175.194" port: 39115 } } peers { permanent_uuid: "af0cc40e09b44a2ca643674d372a27a9" member_type: VOTER last_known_addr { host: "127.16.175.195" port: 35893 } attrs { replace: true } } peers { permanent_uuid: "aec5c5f2cd6e4567964936b8f1fb91b8" member_type: NON_VOTER last_known_addr { host: "127.16.175.196" port: 44825 } attrs { promote: true } }
W20260710 11:06:26.497860 18203 consensus_peers.cc:597] T 40c018536c33480da6fb165fec0df9ad P d92a4280872840b4b4103f5c44fac818 -> Peer aec5c5f2cd6e4567964936b8f1fb91b8 (127.16.175.196:44825): Couldn't send request to peer aec5c5f2cd6e4567964936b8f1fb91b8. Error code: TABLET_NOT_FOUND (6). Status: Not found: Tablet not found: 40c018536c33480da6fb165fec0df9ad. This is attempt 1: this message will repeat every 5th retry.
I20260710 11:06:26.500430 18312 raft_consensus.cc:1275] T 40c018536c33480da6fb165fec0df9ad P 8ad01ed0bbca4b0aba27671f5658eed4 [term 1 FOLLOWER]: Refusing update from remote peer d92a4280872840b4b4103f5c44fac818: Log matching property violated. Preceding OpId in replica: term: 1 index: 1. Preceding OpId from leader: term: 1 index: 2. (index mismatch)
I20260710 11:06:26.501709 18386 raft_consensus.cc:1275] T 40c018536c33480da6fb165fec0df9ad P af0cc40e09b44a2ca643674d372a27a9 [term 1 FOLLOWER]: Refusing update from remote peer d92a4280872840b4b4103f5c44fac818: Log matching property violated. Preceding OpId in replica: term: 1 index: 1. Preceding OpId from leader: term: 1 index: 2. (index mismatch)
I20260710 11:06:26.502812 18988 consensus_queue.cc:1048] T 40c018536c33480da6fb165fec0df9ad P d92a4280872840b4b4103f5c44fac818 [LEADER]: Connected to new peer: Peer: permanent_uuid: "8ad01ed0bbca4b0aba27671f5658eed4" member_type: VOTER last_known_addr { host: "127.16.175.194" port: 39115 }, Status: LMP_MISMATCH, Last received: 0.0, Next index: 2, Last known committed idx: 1, Time since last communication: 0.001s
I20260710 11:06:26.503994 18954 consensus_queue.cc:1048] T 40c018536c33480da6fb165fec0df9ad P d92a4280872840b4b4103f5c44fac818 [LEADER]: Connected to new peer: Peer: permanent_uuid: "af0cc40e09b44a2ca643674d372a27a9" member_type: VOTER last_known_addr { host: "127.16.175.195" port: 35893 } attrs { replace: true }, Status: LMP_MISMATCH, Last received: 0.0, Next index: 2, Last known committed idx: 1, Time since last communication: 0.000s
I20260710 11:06:26.515673 18988 raft_consensus.cc:2955] T 40c018536c33480da6fb165fec0df9ad P d92a4280872840b4b4103f5c44fac818 [term 1 LEADER]: Committing config change with OpId 1.2: config changed from index -1 to 2, NON_VOTER aec5c5f2cd6e4567964936b8f1fb91b8 (127.16.175.196) added. New config: { opid_index: 2 OBSOLETE_local: false peers { permanent_uuid: "d92a4280872840b4b4103f5c44fac818" member_type: VOTER last_known_addr { host: "127.16.175.193" port: 42021 } } peers { permanent_uuid: "8ad01ed0bbca4b0aba27671f5658eed4" member_type: VOTER last_known_addr { host: "127.16.175.194" port: 39115 } } peers { permanent_uuid: "af0cc40e09b44a2ca643674d372a27a9" member_type: VOTER last_known_addr { host: "127.16.175.195" port: 35893 } attrs { replace: true } } peers { permanent_uuid: "aec5c5f2cd6e4567964936b8f1fb91b8" member_type: NON_VOTER last_known_addr { host: "127.16.175.196" port: 44825 } attrs { promote: true } } }
I20260710 11:06:26.516973 18386 raft_consensus.cc:2955] T 40c018536c33480da6fb165fec0df9ad P af0cc40e09b44a2ca643674d372a27a9 [term 1 FOLLOWER]: Committing config change with OpId 1.2: config changed from index -1 to 2, NON_VOTER aec5c5f2cd6e4567964936b8f1fb91b8 (127.16.175.196) added. New config: { opid_index: 2 OBSOLETE_local: false peers { permanent_uuid: "d92a4280872840b4b4103f5c44fac818" member_type: VOTER last_known_addr { host: "127.16.175.193" port: 42021 } } peers { permanent_uuid: "8ad01ed0bbca4b0aba27671f5658eed4" member_type: VOTER last_known_addr { host: "127.16.175.194" port: 39115 } } peers { permanent_uuid: "af0cc40e09b44a2ca643674d372a27a9" member_type: VOTER last_known_addr { host: "127.16.175.195" port: 35893 } attrs { replace: true } } peers { permanent_uuid: "aec5c5f2cd6e4567964936b8f1fb91b8" member_type: NON_VOTER last_known_addr { host: "127.16.175.196" port: 44825 } attrs { promote: true } } }
I20260710 11:06:26.517532 18312 raft_consensus.cc:2955] T 40c018536c33480da6fb165fec0df9ad P 8ad01ed0bbca4b0aba27671f5658eed4 [term 1 FOLLOWER]: Committing config change with OpId 1.2: config changed from index -1 to 2, NON_VOTER aec5c5f2cd6e4567964936b8f1fb91b8 (127.16.175.196) added. New config: { opid_index: 2 OBSOLETE_local: false peers { permanent_uuid: "d92a4280872840b4b4103f5c44fac818" member_type: VOTER last_known_addr { host: "127.16.175.193" port: 42021 } } peers { permanent_uuid: "8ad01ed0bbca4b0aba27671f5658eed4" member_type: VOTER last_known_addr { host: "127.16.175.194" port: 39115 } } peers { permanent_uuid: "af0cc40e09b44a2ca643674d372a27a9" member_type: VOTER last_known_addr { host: "127.16.175.195" port: 35893 } attrs { replace: true } } peers { permanent_uuid: "aec5c5f2cd6e4567964936b8f1fb91b8" member_type: NON_VOTER last_known_addr { host: "127.16.175.196" port: 44825 } attrs { promote: true } } }
I20260710 11:06:26.533919 18134 catalog_manager.cc:5697] T 40c018536c33480da6fb165fec0df9ad P 8ad01ed0bbca4b0aba27671f5658eed4 reported cstate change: config changed from index -1 to 2, NON_VOTER aec5c5f2cd6e4567964936b8f1fb91b8 (127.16.175.196) added. New cstate: current_term: 1 leader_uuid: "d92a4280872840b4b4103f5c44fac818" committed_config { opid_index: 2 OBSOLETE_local: false peers { permanent_uuid: "d92a4280872840b4b4103f5c44fac818" member_type: VOTER last_known_addr { host: "127.16.175.193" port: 42021 } } peers { permanent_uuid: "8ad01ed0bbca4b0aba27671f5658eed4" member_type: VOTER last_known_addr { host: "127.16.175.194" port: 39115 } } peers { permanent_uuid: "af0cc40e09b44a2ca643674d372a27a9" member_type: VOTER last_known_addr { host: "127.16.175.195" port: 35893 } attrs { replace: true } } peers { permanent_uuid: "aec5c5f2cd6e4567964936b8f1fb91b8" member_type: NON_VOTER last_known_addr { host: "127.16.175.196" port: 44825 } attrs { promote: true } } }
I20260710 11:06:26.543308 18386 consensus_queue.cc:237] T 5fd3c8af7ff747ec89c3aa82242fb57b P af0cc40e09b44a2ca643674d372a27a9 [LEADER]: Queue going to LEADER mode. State: All replicated index: 0, Majority replicated index: 1, Committed index: 1, Last appended: 1.1, Last appended by leader: 0, Current term: 1, Majority size: 2, State: 0, Mode: LEADER, active raft config: opid_index: 2 OBSOLETE_local: false peers { permanent_uuid: "d92a4280872840b4b4103f5c44fac818" member_type: VOTER last_known_addr { host: "127.16.175.193" port: 42021 } } peers { permanent_uuid: "8ad01ed0bbca4b0aba27671f5658eed4" member_type: VOTER last_known_addr { host: "127.16.175.194" port: 39115 } attrs { replace: true } } peers { permanent_uuid: "af0cc40e09b44a2ca643674d372a27a9" member_type: VOTER last_known_addr { host: "127.16.175.195" port: 35893 } } peers { permanent_uuid: "aec5c5f2cd6e4567964936b8f1fb91b8" member_type: NON_VOTER last_known_addr { host: "127.16.175.196" port: 44825 } attrs { promote: true } }
W20260710 11:06:26.552608 18352 consensus_peers.cc:597] T 5fd3c8af7ff747ec89c3aa82242fb57b P af0cc40e09b44a2ca643674d372a27a9 -> Peer aec5c5f2cd6e4567964936b8f1fb91b8 (127.16.175.196:44825): Couldn't send request to peer aec5c5f2cd6e4567964936b8f1fb91b8. Error code: TABLET_NOT_FOUND (6). Status: Not found: Tablet not found: 5fd3c8af7ff747ec89c3aa82242fb57b. This is attempt 1: this message will repeat every 5th retry.
I20260710 11:06:26.555457 18312 raft_consensus.cc:1275] T 5fd3c8af7ff747ec89c3aa82242fb57b P 8ad01ed0bbca4b0aba27671f5658eed4 [term 1 FOLLOWER]: Refusing update from remote peer af0cc40e09b44a2ca643674d372a27a9: Log matching property violated. Preceding OpId in replica: term: 1 index: 1. Preceding OpId from leader: term: 1 index: 2. (index mismatch)
I20260710 11:06:26.557124 18234 raft_consensus.cc:1275] T 5fd3c8af7ff747ec89c3aa82242fb57b P d92a4280872840b4b4103f5c44fac818 [term 1 FOLLOWER]: Refusing update from remote peer af0cc40e09b44a2ca643674d372a27a9: Log matching property violated. Preceding OpId in replica: term: 1 index: 1. Preceding OpId from leader: term: 1 index: 2. (index mismatch)
I20260710 11:06:26.557137 18964 consensus_queue.cc:1048] T 5fd3c8af7ff747ec89c3aa82242fb57b P af0cc40e09b44a2ca643674d372a27a9 [LEADER]: Connected to new peer: Peer: permanent_uuid: "8ad01ed0bbca4b0aba27671f5658eed4" member_type: VOTER last_known_addr { host: "127.16.175.194" port: 39115 } attrs { replace: true }, Status: LMP_MISMATCH, Last received: 0.0, Next index: 2, Last known committed idx: 1, Time since last communication: 0.001s
I20260710 11:06:26.559525 18986 consensus_queue.cc:1048] T 5fd3c8af7ff747ec89c3aa82242fb57b P af0cc40e09b44a2ca643674d372a27a9 [LEADER]: Connected to new peer: Peer: permanent_uuid: "d92a4280872840b4b4103f5c44fac818" member_type: VOTER last_known_addr { host: "127.16.175.193" port: 42021 }, Status: LMP_MISMATCH, Last received: 0.0, Next index: 2, Last known committed idx: 1, Time since last communication: 0.000s
I20260710 11:06:26.565876 18986 raft_consensus.cc:2955] T 5fd3c8af7ff747ec89c3aa82242fb57b P af0cc40e09b44a2ca643674d372a27a9 [term 1 LEADER]: Committing config change with OpId 1.2: config changed from index -1 to 2, NON_VOTER aec5c5f2cd6e4567964936b8f1fb91b8 (127.16.175.196) added. New config: { opid_index: 2 OBSOLETE_local: false peers { permanent_uuid: "d92a4280872840b4b4103f5c44fac818" member_type: VOTER last_known_addr { host: "127.16.175.193" port: 42021 } } peers { permanent_uuid: "8ad01ed0bbca4b0aba27671f5658eed4" member_type: VOTER last_known_addr { host: "127.16.175.194" port: 39115 } attrs { replace: true } } peers { permanent_uuid: "af0cc40e09b44a2ca643674d372a27a9" member_type: VOTER last_known_addr { host: "127.16.175.195" port: 35893 } } peers { permanent_uuid: "aec5c5f2cd6e4567964936b8f1fb91b8" member_type: NON_VOTER last_known_addr { host: "127.16.175.196" port: 44825 } attrs { promote: true } } }
I20260710 11:06:26.580338 18312 raft_consensus.cc:2955] T 5fd3c8af7ff747ec89c3aa82242fb57b P 8ad01ed0bbca4b0aba27671f5658eed4 [term 1 FOLLOWER]: Committing config change with OpId 1.2: config changed from index -1 to 2, NON_VOTER aec5c5f2cd6e4567964936b8f1fb91b8 (127.16.175.196) added. New config: { opid_index: 2 OBSOLETE_local: false peers { permanent_uuid: "d92a4280872840b4b4103f5c44fac818" member_type: VOTER last_known_addr { host: "127.16.175.193" port: 42021 } } peers { permanent_uuid: "8ad01ed0bbca4b0aba27671f5658eed4" member_type: VOTER last_known_addr { host: "127.16.175.194" port: 39115 } attrs { replace: true } } peers { permanent_uuid: "af0cc40e09b44a2ca643674d372a27a9" member_type: VOTER last_known_addr { host: "127.16.175.195" port: 35893 } } peers { permanent_uuid: "aec5c5f2cd6e4567964936b8f1fb91b8" member_type: NON_VOTER last_known_addr { host: "127.16.175.196" port: 44825 } attrs { promote: true } } }
I20260710 11:06:26.589690 18130 catalog_manager.cc:5697] T 5fd3c8af7ff747ec89c3aa82242fb57b P af0cc40e09b44a2ca643674d372a27a9 reported cstate change: config changed from index -1 to 2, NON_VOTER aec5c5f2cd6e4567964936b8f1fb91b8 (127.16.175.196) added. New cstate: current_term: 1 leader_uuid: "af0cc40e09b44a2ca643674d372a27a9" committed_config { opid_index: 2 OBSOLETE_local: false peers { permanent_uuid: "d92a4280872840b4b4103f5c44fac818" member_type: VOTER last_known_addr { host: "127.16.175.193" port: 42021 } health_report { overall_health: UNKNOWN } } peers { permanent_uuid: "8ad01ed0bbca4b0aba27671f5658eed4" member_type: VOTER last_known_addr { host: "127.16.175.194" port: 39115 } attrs { replace: true } health_report { overall_health: HEALTHY } } peers { permanent_uuid: "af0cc40e09b44a2ca643674d372a27a9" member_type: VOTER last_known_addr { host: "127.16.175.195" port: 35893 } health_report { overall_health: HEALTHY } } peers { permanent_uuid: "aec5c5f2cd6e4567964936b8f1fb91b8" member_type: NON_VOTER last_known_addr { host: "127.16.175.196" port: 44825 } attrs { promote: true } health_report { overall_health: UNKNOWN } } }
I20260710 11:06:26.605052 18234 raft_consensus.cc:2955] T 5fd3c8af7ff747ec89c3aa82242fb57b P d92a4280872840b4b4103f5c44fac818 [term 1 FOLLOWER]: Committing config change with OpId 1.2: config changed from index -1 to 2, NON_VOTER aec5c5f2cd6e4567964936b8f1fb91b8 (127.16.175.196) added. New config: { opid_index: 2 OBSOLETE_local: false peers { permanent_uuid: "d92a4280872840b4b4103f5c44fac818" member_type: VOTER last_known_addr { host: "127.16.175.193" port: 42021 } } peers { permanent_uuid: "8ad01ed0bbca4b0aba27671f5658eed4" member_type: VOTER last_known_addr { host: "127.16.175.194" port: 39115 } attrs { replace: true } } peers { permanent_uuid: "af0cc40e09b44a2ca643674d372a27a9" member_type: VOTER last_known_addr { host: "127.16.175.195" port: 35893 } } peers { permanent_uuid: "aec5c5f2cd6e4567964936b8f1fb91b8" member_type: NON_VOTER last_known_addr { host: "127.16.175.196" port: 44825 } attrs { promote: true } } }
I20260710 11:06:26.911276 18999 ts_tablet_manager.cc:933] T 40c018536c33480da6fb165fec0df9ad P aec5c5f2cd6e4567964936b8f1fb91b8: Initiating tablet copy from peer d92a4280872840b4b4103f5c44fac818 (127.16.175.193:42021)
I20260710 11:06:26.913698 18999 tablet_copy_client.cc:323] T 40c018536c33480da6fb165fec0df9ad P aec5c5f2cd6e4567964936b8f1fb91b8: tablet copy: Beginning tablet copy session from remote peer at address 127.16.175.193:42021
I20260710 11:06:26.916153 18247 tablet_copy_service.cc:140] P d92a4280872840b4b4103f5c44fac818: Received BeginTabletCopySession request for tablet 40c018536c33480da6fb165fec0df9ad from peer aec5c5f2cd6e4567964936b8f1fb91b8 ({username='slave'} at 127.0.0.1:47006)
I20260710 11:06:26.916846 18247 tablet_copy_service.cc:161] P d92a4280872840b4b4103f5c44fac818: Beginning new tablet copy session on tablet 40c018536c33480da6fb165fec0df9ad from peer aec5c5f2cd6e4567964936b8f1fb91b8 at {username='slave'} at 127.0.0.1:47006: session id = aec5c5f2cd6e4567964936b8f1fb91b8-40c018536c33480da6fb165fec0df9ad
I20260710 11:06:26.930650 18247 tablet_copy_source_session.cc:215] T 40c018536c33480da6fb165fec0df9ad P d92a4280872840b4b4103f5c44fac818: Tablet Copy: opened 0 blocks and 1 log segments
I20260710 11:06:26.934661 18999 data_dirs.cc:400] Could only allocate 1 dirs of requested 3 for tablet 40c018536c33480da6fb165fec0df9ad. 1 dirs total, 0 dirs full, 0 dirs failed
I20260710 11:06:26.954758 18999 tablet_copy_client.cc:806] T 40c018536c33480da6fb165fec0df9ad P aec5c5f2cd6e4567964936b8f1fb91b8: tablet copy: Starting download of 0 data blocks...
I20260710 11:06:26.955549 18999 tablet_copy_client.cc:670] T 40c018536c33480da6fb165fec0df9ad P aec5c5f2cd6e4567964936b8f1fb91b8: tablet copy: Starting download of 1 WAL segments...
I20260710 11:06:26.960456 18999 tablet_copy_client.cc:538] T 40c018536c33480da6fb165fec0df9ad P aec5c5f2cd6e4567964936b8f1fb91b8: tablet copy: Tablet Copy complete. Replacing tablet superblock.
I20260710 11:06:26.971885 18999 tablet_bootstrap.cc:492] T 40c018536c33480da6fb165fec0df9ad P aec5c5f2cd6e4567964936b8f1fb91b8: Bootstrap starting.
I20260710 11:06:27.003899 18999 tablet_bootstrap.cc:492] T 40c018536c33480da6fb165fec0df9ad P aec5c5f2cd6e4567964936b8f1fb91b8: Bootstrap replayed 1/1 log segments. Stats: ops{read=2 overwritten=0 applied=2 ignored=0} inserts{seen=0 ignored=0} mutations{seen=0 ignored=0} orphaned_commits=0. Pending: 0 replicates
I20260710 11:06:27.005081 18999 tablet_bootstrap.cc:492] T 40c018536c33480da6fb165fec0df9ad P aec5c5f2cd6e4567964936b8f1fb91b8: Bootstrap complete.
I20260710 11:06:27.005973 18999 ts_tablet_manager.cc:1403] T 40c018536c33480da6fb165fec0df9ad P aec5c5f2cd6e4567964936b8f1fb91b8: Time spent bootstrapping tablet: real 0.034s	user 0.022s	sys 0.011s
I20260710 11:06:27.009313 18999 raft_consensus.cc:359] T 40c018536c33480da6fb165fec0df9ad P aec5c5f2cd6e4567964936b8f1fb91b8 [term 1 LEARNER]: Replica starting. Triggering 0 pending ops. Active config: opid_index: 2 OBSOLETE_local: false peers { permanent_uuid: "d92a4280872840b4b4103f5c44fac818" member_type: VOTER last_known_addr { host: "127.16.175.193" port: 42021 } } peers { permanent_uuid: "8ad01ed0bbca4b0aba27671f5658eed4" member_type: VOTER last_known_addr { host: "127.16.175.194" port: 39115 } } peers { permanent_uuid: "af0cc40e09b44a2ca643674d372a27a9" member_type: VOTER last_known_addr { host: "127.16.175.195" port: 35893 } attrs { replace: true } } peers { permanent_uuid: "aec5c5f2cd6e4567964936b8f1fb91b8" member_type: NON_VOTER last_known_addr { host: "127.16.175.196" port: 44825 } attrs { promote: true } }
I20260710 11:06:27.010331 18999 raft_consensus.cc:740] T 40c018536c33480da6fb165fec0df9ad P aec5c5f2cd6e4567964936b8f1fb91b8 [term 1 LEARNER]: Becoming Follower/Learner. State: Replica: aec5c5f2cd6e4567964936b8f1fb91b8, State: Initialized, Role: LEARNER
I20260710 11:06:27.011068 18999 consensus_queue.cc:260] T 40c018536c33480da6fb165fec0df9ad P aec5c5f2cd6e4567964936b8f1fb91b8 [NON_LEADER]: Queue going to NON_LEADER mode. State: All replicated index: 0, Majority replicated index: 0, Committed index: 2, Last appended: 1.2, Last appended by leader: 2, Current term: 0, Majority size: -1, State: 0, Mode: NON_LEADER, active raft config: opid_index: 2 OBSOLETE_local: false peers { permanent_uuid: "d92a4280872840b4b4103f5c44fac818" member_type: VOTER last_known_addr { host: "127.16.175.193" port: 42021 } } peers { permanent_uuid: "8ad01ed0bbca4b0aba27671f5658eed4" member_type: VOTER last_known_addr { host: "127.16.175.194" port: 39115 } } peers { permanent_uuid: "af0cc40e09b44a2ca643674d372a27a9" member_type: VOTER last_known_addr { host: "127.16.175.195" port: 35893 } attrs { replace: true } } peers { permanent_uuid: "aec5c5f2cd6e4567964936b8f1fb91b8" member_type: NON_VOTER last_known_addr { host: "127.16.175.196" port: 44825 } attrs { promote: true } }
I20260710 11:06:27.019356 18999 ts_tablet_manager.cc:1434] T 40c018536c33480da6fb165fec0df9ad P aec5c5f2cd6e4567964936b8f1fb91b8: Time spent starting tablet: real 0.013s	user 0.005s	sys 0.006s
I20260710 11:06:27.021340 18247 tablet_copy_service.cc:342] P d92a4280872840b4b4103f5c44fac818: Request end of tablet copy session aec5c5f2cd6e4567964936b8f1fb91b8-40c018536c33480da6fb165fec0df9ad received from {username='slave'} at 127.0.0.1:47006
I20260710 11:06:27.021833 18247 tablet_copy_service.cc:434] P d92a4280872840b4b4103f5c44fac818: ending tablet copy session aec5c5f2cd6e4567964936b8f1fb91b8-40c018536c33480da6fb165fec0df9ad on tablet 40c018536c33480da6fb165fec0df9ad with peer aec5c5f2cd6e4567964936b8f1fb91b8
I20260710 11:06:27.112218 18999 ts_tablet_manager.cc:933] T 5fd3c8af7ff747ec89c3aa82242fb57b P aec5c5f2cd6e4567964936b8f1fb91b8: Initiating tablet copy from peer af0cc40e09b44a2ca643674d372a27a9 (127.16.175.195:35893)
I20260710 11:06:27.114240 18999 tablet_copy_client.cc:323] T 5fd3c8af7ff747ec89c3aa82242fb57b P aec5c5f2cd6e4567964936b8f1fb91b8: tablet copy: Beginning tablet copy session from remote peer at address 127.16.175.195:35893
I20260710 11:06:27.116534 18396 tablet_copy_service.cc:140] P af0cc40e09b44a2ca643674d372a27a9: Received BeginTabletCopySession request for tablet 5fd3c8af7ff747ec89c3aa82242fb57b from peer aec5c5f2cd6e4567964936b8f1fb91b8 ({username='slave'} at 127.0.0.1:47962)
I20260710 11:06:27.117156 18396 tablet_copy_service.cc:161] P af0cc40e09b44a2ca643674d372a27a9: Beginning new tablet copy session on tablet 5fd3c8af7ff747ec89c3aa82242fb57b from peer aec5c5f2cd6e4567964936b8f1fb91b8 at {username='slave'} at 127.0.0.1:47962: session id = aec5c5f2cd6e4567964936b8f1fb91b8-5fd3c8af7ff747ec89c3aa82242fb57b
I20260710 11:06:27.125828 18396 tablet_copy_source_session.cc:215] T 5fd3c8af7ff747ec89c3aa82242fb57b P af0cc40e09b44a2ca643674d372a27a9: Tablet Copy: opened 0 blocks and 1 log segments
I20260710 11:06:27.130162 18999 data_dirs.cc:400] Could only allocate 1 dirs of requested 3 for tablet 5fd3c8af7ff747ec89c3aa82242fb57b. 1 dirs total, 0 dirs full, 0 dirs failed
I20260710 11:06:27.147737 18999 tablet_copy_client.cc:806] T 5fd3c8af7ff747ec89c3aa82242fb57b P aec5c5f2cd6e4567964936b8f1fb91b8: tablet copy: Starting download of 0 data blocks...
I20260710 11:06:27.148468 18999 tablet_copy_client.cc:670] T 5fd3c8af7ff747ec89c3aa82242fb57b P aec5c5f2cd6e4567964936b8f1fb91b8: tablet copy: Starting download of 1 WAL segments...
I20260710 11:06:27.153882 18999 tablet_copy_client.cc:538] T 5fd3c8af7ff747ec89c3aa82242fb57b P aec5c5f2cd6e4567964936b8f1fb91b8: tablet copy: Tablet Copy complete. Replacing tablet superblock.
I20260710 11:06:27.166216 18999 tablet_bootstrap.cc:492] T 5fd3c8af7ff747ec89c3aa82242fb57b P aec5c5f2cd6e4567964936b8f1fb91b8: Bootstrap starting.
I20260710 11:06:27.192919 18999 tablet_bootstrap.cc:492] T 5fd3c8af7ff747ec89c3aa82242fb57b P aec5c5f2cd6e4567964936b8f1fb91b8: Bootstrap replayed 1/1 log segments. Stats: ops{read=2 overwritten=0 applied=2 ignored=0} inserts{seen=0 ignored=0} mutations{seen=0 ignored=0} orphaned_commits=0. Pending: 0 replicates
I20260710 11:06:27.194262 18999 tablet_bootstrap.cc:492] T 5fd3c8af7ff747ec89c3aa82242fb57b P aec5c5f2cd6e4567964936b8f1fb91b8: Bootstrap complete.
