I20260710 11:06:08.132561 19277 ts_tablet_manager.cc:1434] T 05d73606dfe1437ab6de048fc4b16fcf P 9f6b9f81b7fc4cbea1f4affe4a1b9577: Time spent starting tablet: real 0.010s	user 0.005s	sys 0.001s
I20260710 11:06:08.133543 19277 tablet_bootstrap.cc:492] T acd9e65934e44d6b8b05c1f7e5a2df60 P 9f6b9f81b7fc4cbea1f4affe4a1b9577: Bootstrap starting.
I20260710 11:06:08.139233 19277 tablet_bootstrap.cc:654] T acd9e65934e44d6b8b05c1f7e5a2df60 P 9f6b9f81b7fc4cbea1f4affe4a1b9577: Neither blocks nor log segments found. Creating new log.
I20260710 11:06:08.139807 19278 tablet_bootstrap.cc:492] T 769c54fde4ab45cdbfe37638b541265d P 5eaec2b3c54546f892e390438a33e792: No bootstrap required, opened a new log
I20260710 11:06:08.140275 19278 ts_tablet_manager.cc:1403] T 769c54fde4ab45cdbfe37638b541265d P 5eaec2b3c54546f892e390438a33e792: Time spent bootstrapping tablet: real 0.016s	user 0.013s	sys 0.001s
I20260710 11:06:08.140810 19281 raft_consensus.cc:515] T 5a9a19262b0940b39e6df69c9ff64778 P ad0ee3dce4ca4105a36c526517c37e02 [term 1 FOLLOWER]: Starting leader election with config: opid_index: -1 OBSOLETE_local: false peers { permanent_uuid: "ad0ee3dce4ca4105a36c526517c37e02" member_type: VOTER last_known_addr { host: "127.17.130.1" port: 46819 } } peers { permanent_uuid: "5eaec2b3c54546f892e390438a33e792" member_type: VOTER last_known_addr { host: "127.17.130.2" port: 33635 } } peers { permanent_uuid: "9f6b9f81b7fc4cbea1f4affe4a1b9577" member_type: VOTER last_known_addr { host: "127.17.130.3" port: 44429 } }
I20260710 11:06:08.143985 19161 tablet_service.cc:1917] Received RequestConsensusVote() RPC: tablet_id: "5a9a19262b0940b39e6df69c9ff64778" candidate_uuid: "ad0ee3dce4ca4105a36c526517c37e02" candidate_term: 1 candidate_status { last_received { term: 0 index: 0 } } ignore_live_leader: false dest_uuid: "5eaec2b3c54546f892e390438a33e792"
I20260710 11:06:08.144527 19161 raft_consensus.cc:3060] T 5a9a19262b0940b39e6df69c9ff64778 P 5eaec2b3c54546f892e390438a33e792 [term 0 FOLLOWER]: Advancing to term 1
I20260710 11:06:08.145007 19275 tablet_bootstrap.cc:492] T 41dbac1b513c4213840bacd2e322b91b P ad0ee3dce4ca4105a36c526517c37e02: No bootstrap required, opened a new log
I20260710 11:06:08.145478 19275 ts_tablet_manager.cc:1403] T 41dbac1b513c4213840bacd2e322b91b P ad0ee3dce4ca4105a36c526517c37e02: Time spent bootstrapping tablet: real 0.047s	user 0.005s	sys 0.011s
I20260710 11:06:08.146277 19284 raft_consensus.cc:515] T ad5e5d4ee33a445cbab2969d5e5095ea P 9f6b9f81b7fc4cbea1f4affe4a1b9577 [term 1 FOLLOWER]: Starting leader election with config: opid_index: -1 OBSOLETE_local: false peers { permanent_uuid: "ad0ee3dce4ca4105a36c526517c37e02" member_type: VOTER last_known_addr { host: "127.17.130.1" port: 46819 } } peers { permanent_uuid: "5eaec2b3c54546f892e390438a33e792" member_type: VOTER last_known_addr { host: "127.17.130.2" port: 33635 } } peers { permanent_uuid: "9f6b9f81b7fc4cbea1f4affe4a1b9577" member_type: VOTER last_known_addr { host: "127.17.130.3" port: 44429 } }
I20260710 11:06:08.148007 19275 raft_consensus.cc:359] T 41dbac1b513c4213840bacd2e322b91b P ad0ee3dce4ca4105a36c526517c37e02 [term 0 FOLLOWER]: Replica starting. Triggering 0 pending ops. Active config: opid_index: -1 OBSOLETE_local: false peers { permanent_uuid: "ad0ee3dce4ca4105a36c526517c37e02" member_type: VOTER last_known_addr { host: "127.17.130.1" port: 46819 } } peers { permanent_uuid: "5eaec2b3c54546f892e390438a33e792" member_type: VOTER last_known_addr { host: "127.17.130.2" port: 33635 } } peers { permanent_uuid: "9f6b9f81b7fc4cbea1f4affe4a1b9577" member_type: VOTER last_known_addr { host: "127.17.130.3" port: 44429 } }
I20260710 11:06:08.148669 19275 raft_consensus.cc:385] T 41dbac1b513c4213840bacd2e322b91b P ad0ee3dce4ca4105a36c526517c37e02 [term 0 FOLLOWER]: Consensus starting up: Expiring failure detector timer to make a prompt election more likely
I20260710 11:06:08.148928 19275 raft_consensus.cc:740] T 41dbac1b513c4213840bacd2e322b91b P ad0ee3dce4ca4105a36c526517c37e02 [term 0 FOLLOWER]: Becoming Follower/Learner. State: Replica: ad0ee3dce4ca4105a36c526517c37e02, State: Initialized, Role: FOLLOWER
I20260710 11:06:08.149734 19275 consensus_queue.cc:260] T 41dbac1b513c4213840bacd2e322b91b P ad0ee3dce4ca4105a36c526517c37e02 [NON_LEADER]: Queue going to NON_LEADER mode. State: All replicated index: 0, Majority replicated index: 0, Committed index: 0, Last appended: 0.0, Last appended by leader: 0, Current term: 0, Majority size: -1, State: 0, Mode: NON_LEADER, active raft config: opid_index: -1 OBSOLETE_local: false peers { permanent_uuid: "ad0ee3dce4ca4105a36c526517c37e02" member_type: VOTER last_known_addr { host: "127.17.130.1" port: 46819 } } peers { permanent_uuid: "5eaec2b3c54546f892e390438a33e792" member_type: VOTER last_known_addr { host: "127.17.130.2" port: 33635 } } peers { permanent_uuid: "9f6b9f81b7fc4cbea1f4affe4a1b9577" member_type: VOTER last_known_addr { host: "127.17.130.3" port: 44429 } }
I20260710 11:06:08.149978 19085 tablet_service.cc:1917] Received RequestConsensusVote() RPC: tablet_id: "ad5e5d4ee33a445cbab2969d5e5095ea" candidate_uuid: "9f6b9f81b7fc4cbea1f4affe4a1b9577" candidate_term: 1 candidate_status { last_received { term: 0 index: 0 } } ignore_live_leader: false dest_uuid: "ad0ee3dce4ca4105a36c526517c37e02"
I20260710 11:06:08.150631 19085 raft_consensus.cc:3060] T ad5e5d4ee33a445cbab2969d5e5095ea P ad0ee3dce4ca4105a36c526517c37e02 [term 0 FOLLOWER]: Advancing to term 1
I20260710 11:06:08.151304 19161 raft_consensus.cc:2468] T 5a9a19262b0940b39e6df69c9ff64778 P 5eaec2b3c54546f892e390438a33e792 [term 1 FOLLOWER]: Leader election vote request: Granting yes vote for candidate ad0ee3dce4ca4105a36c526517c37e02 in term 1.
I20260710 11:06:08.151971 19277 tablet_bootstrap.cc:492] T acd9e65934e44d6b8b05c1f7e5a2df60 P 9f6b9f81b7fc4cbea1f4affe4a1b9577: No bootstrap required, opened a new log
I20260710 11:06:08.152554 19277 ts_tablet_manager.cc:1403] T acd9e65934e44d6b8b05c1f7e5a2df60 P 9f6b9f81b7fc4cbea1f4affe4a1b9577: Time spent bootstrapping tablet: real 0.019s	user 0.009s	sys 0.008s
I20260710 11:06:08.152875 19051 leader_election.cc:304] T 5a9a19262b0940b39e6df69c9ff64778 P ad0ee3dce4ca4105a36c526517c37e02 [CANDIDATE]: Term 1 election: Election decided. Result: candidate won. Election summary: received 2 responses out of 3 voters: 2 yes votes; 0 no votes. yes voters: 5eaec2b3c54546f892e390438a33e792, ad0ee3dce4ca4105a36c526517c37e02; no voters: 
I20260710 11:06:08.155685 19277 raft_consensus.cc:359] T acd9e65934e44d6b8b05c1f7e5a2df60 P 9f6b9f81b7fc4cbea1f4affe4a1b9577 [term 0 FOLLOWER]: Replica starting. Triggering 0 pending ops. Active config: opid_index: -1 OBSOLETE_local: false peers { permanent_uuid: "ad0ee3dce4ca4105a36c526517c37e02" member_type: VOTER last_known_addr { host: "127.17.130.1" port: 46819 } } peers { permanent_uuid: "5eaec2b3c54546f892e390438a33e792" member_type: VOTER last_known_addr { host: "127.17.130.2" port: 33635 } } peers { permanent_uuid: "9f6b9f81b7fc4cbea1f4affe4a1b9577" member_type: VOTER last_known_addr { host: "127.17.130.3" port: 44429 } }
I20260710 11:06:08.156482 19277 raft_consensus.cc:385] T acd9e65934e44d6b8b05c1f7e5a2df60 P 9f6b9f81b7fc4cbea1f4affe4a1b9577 [term 0 FOLLOWER]: Consensus starting up: Expiring failure detector timer to make a prompt election more likely
I20260710 11:06:08.156824 19277 raft_consensus.cc:740] T acd9e65934e44d6b8b05c1f7e5a2df60 P 9f6b9f81b7fc4cbea1f4affe4a1b9577 [term 0 FOLLOWER]: Becoming Follower/Learner. State: Replica: 9f6b9f81b7fc4cbea1f4affe4a1b9577, State: Initialized, Role: FOLLOWER
I20260710 11:06:08.157788 19277 consensus_queue.cc:260] T acd9e65934e44d6b8b05c1f7e5a2df60 P 9f6b9f81b7fc4cbea1f4affe4a1b9577 [NON_LEADER]: Queue going to NON_LEADER mode. State: All replicated index: 0, Majority replicated index: 0, Committed index: 0, Last appended: 0.0, Last appended by leader: 0, Current term: 0, Majority size: -1, State: 0, Mode: NON_LEADER, active raft config: opid_index: -1 OBSOLETE_local: false peers { permanent_uuid: "ad0ee3dce4ca4105a36c526517c37e02" member_type: VOTER last_known_addr { host: "127.17.130.1" port: 46819 } } peers { permanent_uuid: "5eaec2b3c54546f892e390438a33e792" member_type: VOTER last_known_addr { host: "127.17.130.2" port: 33635 } } peers { permanent_uuid: "9f6b9f81b7fc4cbea1f4affe4a1b9577" member_type: VOTER last_known_addr { host: "127.17.130.3" port: 44429 } }
I20260710 11:06:08.143378 19278 raft_consensus.cc:359] T 769c54fde4ab45cdbfe37638b541265d P 5eaec2b3c54546f892e390438a33e792 [term 0 FOLLOWER]: Replica starting. Triggering 0 pending ops. Active config: opid_index: -1 OBSOLETE_local: false peers { permanent_uuid: "ad0ee3dce4ca4105a36c526517c37e02" member_type: VOTER last_known_addr { host: "127.17.130.1" port: 46819 } } peers { permanent_uuid: "5eaec2b3c54546f892e390438a33e792" member_type: VOTER last_known_addr { host: "127.17.130.2" port: 33635 } } peers { permanent_uuid: "9f6b9f81b7fc4cbea1f4affe4a1b9577" member_type: VOTER last_known_addr { host: "127.17.130.3" port: 44429 } }
I20260710 11:06:08.159191 19278 raft_consensus.cc:385] T 769c54fde4ab45cdbfe37638b541265d P 5eaec2b3c54546f892e390438a33e792 [term 0 FOLLOWER]: Consensus starting up: Expiring failure detector timer to make a prompt election more likely
I20260710 11:06:08.159472 19278 raft_consensus.cc:740] T 769c54fde4ab45cdbfe37638b541265d P 5eaec2b3c54546f892e390438a33e792 [term 0 FOLLOWER]: Becoming Follower/Learner. State: Replica: 5eaec2b3c54546f892e390438a33e792, State: Initialized, Role: FOLLOWER
I20260710 11:06:08.160530 19277 ts_tablet_manager.cc:1434] T acd9e65934e44d6b8b05c1f7e5a2df60 P 9f6b9f81b7fc4cbea1f4affe4a1b9577: Time spent starting tablet: real 0.008s	user 0.006s	sys 0.000s
I20260710 11:06:08.160691 19235 tablet_service.cc:1917] Received RequestConsensusVote() RPC: tablet_id: "5a9a19262b0940b39e6df69c9ff64778" candidate_uuid: "ad0ee3dce4ca4105a36c526517c37e02" candidate_term: 1 candidate_status { last_received { term: 0 index: 0 } } ignore_live_leader: false dest_uuid: "9f6b9f81b7fc4cbea1f4affe4a1b9577"
I20260710 11:06:08.158198 19085 raft_consensus.cc:2468] T ad5e5d4ee33a445cbab2969d5e5095ea P ad0ee3dce4ca4105a36c526517c37e02 [term 1 FOLLOWER]: Leader election vote request: Granting yes vote for candidate 9f6b9f81b7fc4cbea1f4affe4a1b9577 in term 1.
I20260710 11:06:08.161298 19235 raft_consensus.cc:3060] T 5a9a19262b0940b39e6df69c9ff64778 P 9f6b9f81b7fc4cbea1f4affe4a1b9577 [term 0 FOLLOWER]: Advancing to term 1
I20260710 11:06:08.163532 19277 tablet_bootstrap.cc:492] T 64a7c0ade6fa46cc8a960538e939b339 P 9f6b9f81b7fc4cbea1f4affe4a1b9577: Bootstrap starting.
I20260710 11:06:08.167945 19322 raft_consensus.cc:2804] T 5a9a19262b0940b39e6df69c9ff64778 P ad0ee3dce4ca4105a36c526517c37e02 [term 1 FOLLOWER]: Leader election won for term 1
I20260710 11:06:08.168488 19322 raft_consensus.cc:697] T 5a9a19262b0940b39e6df69c9ff64778 P ad0ee3dce4ca4105a36c526517c37e02 [term 1 LEADER]: Becoming Leader. State: Replica: ad0ee3dce4ca4105a36c526517c37e02, State: Running, Role: LEADER
I20260710 11:06:08.169664 19292 raft_consensus.cc:493] T 0de9121e3a1e4c479171e90694b1af80 P 9f6b9f81b7fc4cbea1f4affe4a1b9577 [term 0 FOLLOWER]: Starting pre-election (no leader contacted us within the election timeout)
I20260710 11:06:08.169354 19322 consensus_queue.cc:237] T 5a9a19262b0940b39e6df69c9ff64778 P ad0ee3dce4ca4105a36c526517c37e02 [LEADER]: Queue going to LEADER mode. State: All replicated index: 0, Majority replicated index: 0, Committed index: 0, Last appended: 0.0, Last appended by leader: 0, Current term: 1, Majority size: 2, State: 0, Mode: LEADER, active raft config: opid_index: -1 OBSOLETE_local: false peers { permanent_uuid: "ad0ee3dce4ca4105a36c526517c37e02" member_type: VOTER last_known_addr { host: "127.17.130.1" port: 46819 } } peers { permanent_uuid: "5eaec2b3c54546f892e390438a33e792" member_type: VOTER last_known_addr { host: "127.17.130.2" port: 33635 } } peers { permanent_uuid: "9f6b9f81b7fc4cbea1f4affe4a1b9577" member_type: VOTER last_known_addr { host: "127.17.130.3" port: 44429 } }
I20260710 11:06:08.170171 19292 raft_consensus.cc:515] T 0de9121e3a1e4c479171e90694b1af80 P 9f6b9f81b7fc4cbea1f4affe4a1b9577 [term 0 FOLLOWER]: Starting pre-election with config: opid_index: -1 OBSOLETE_local: false peers { permanent_uuid: "ad0ee3dce4ca4105a36c526517c37e02" member_type: VOTER last_known_addr { host: "127.17.130.1" port: 46819 } } peers { permanent_uuid: "5eaec2b3c54546f892e390438a33e792" member_type: VOTER last_known_addr { host: "127.17.130.2" port: 33635 } } peers { permanent_uuid: "9f6b9f81b7fc4cbea1f4affe4a1b9577" member_type: VOTER last_known_addr { host: "127.17.130.3" port: 44429 } }
I20260710 11:06:08.171350 19277 tablet_bootstrap.cc:654] T 64a7c0ade6fa46cc8a960538e939b339 P 9f6b9f81b7fc4cbea1f4affe4a1b9577: Neither blocks nor log segments found. Creating new log.
I20260710 11:06:08.161468 19278 consensus_queue.cc:260] T 769c54fde4ab45cdbfe37638b541265d P 5eaec2b3c54546f892e390438a33e792 [NON_LEADER]: Queue going to NON_LEADER mode. State: All replicated index: 0, Majority replicated index: 0, Committed index: 0, Last appended: 0.0, Last appended by leader: 0, Current term: 0, Majority size: -1, State: 0, Mode: NON_LEADER, active raft config: opid_index: -1 OBSOLETE_local: false peers { permanent_uuid: "ad0ee3dce4ca4105a36c526517c37e02" member_type: VOTER last_known_addr { host: "127.17.130.1" port: 46819 } } peers { permanent_uuid: "5eaec2b3c54546f892e390438a33e792" member_type: VOTER last_known_addr { host: "127.17.130.2" port: 33635 } } peers { permanent_uuid: "9f6b9f81b7fc4cbea1f4affe4a1b9577" member_type: VOTER last_known_addr { host: "127.17.130.3" port: 44429 } }
I20260710 11:06:08.167802 19201 leader_election.cc:304] T ad5e5d4ee33a445cbab2969d5e5095ea P 9f6b9f81b7fc4cbea1f4affe4a1b9577 [CANDIDATE]: Term 1 election: Election decided. Result: candidate won. Election summary: received 2 responses out of 3 voters: 2 yes votes; 0 no votes. yes voters: 9f6b9f81b7fc4cbea1f4affe4a1b9577, ad0ee3dce4ca4105a36c526517c37e02; no voters: 
I20260710 11:06:08.178861 19278 ts_tablet_manager.cc:1434] T 769c54fde4ab45cdbfe37638b541265d P 5eaec2b3c54546f892e390438a33e792: Time spent starting tablet: real 0.038s	user 0.008s	sys 0.000s
I20260710 11:06:08.180089 19278 tablet_bootstrap.cc:492] T 1e0855a757674e689f8f86f987f10932 P 5eaec2b3c54546f892e390438a33e792: Bootstrap starting.
I20260710 11:06:08.195837 19275 ts_tablet_manager.cc:1434] T 41dbac1b513c4213840bacd2e322b91b P ad0ee3dce4ca4105a36c526517c37e02: Time spent starting tablet: real 0.050s	user 0.016s	sys 0.018s
I20260710 11:06:08.197566 19322 raft_consensus.cc:493] T fc6f899ea7ee45609d5e0e459e16bab4 P ad0ee3dce4ca4105a36c526517c37e02 [term 0 FOLLOWER]: Starting pre-election (no leader contacted us within the election timeout)
I20260710 11:06:08.198048 19322 raft_consensus.cc:515] T fc6f899ea7ee45609d5e0e459e16bab4 P ad0ee3dce4ca4105a36c526517c37e02 [term 0 FOLLOWER]: Starting pre-election with config: opid_index: -1 OBSOLETE_local: false peers { permanent_uuid: "ad0ee3dce4ca4105a36c526517c37e02" member_type: VOTER last_known_addr { host: "127.17.130.1" port: 46819 } } peers { permanent_uuid: "5eaec2b3c54546f892e390438a33e792" member_type: VOTER last_known_addr { host: "127.17.130.2" port: 33635 } } peers { permanent_uuid: "9f6b9f81b7fc4cbea1f4affe4a1b9577" member_type: VOTER last_known_addr { host: "127.17.130.3" port: 44429 } }
I20260710 11:06:08.199250 19235 raft_consensus.cc:2468] T 5a9a19262b0940b39e6df69c9ff64778 P 9f6b9f81b7fc4cbea1f4affe4a1b9577 [term 1 FOLLOWER]: Leader election vote request: Granting yes vote for candidate ad0ee3dce4ca4105a36c526517c37e02 in term 1.
I20260710 11:06:08.161674 19281 leader_election.cc:290] T 5a9a19262b0940b39e6df69c9ff64778 P ad0ee3dce4ca4105a36c526517c37e02 [CANDIDATE]: Term 1 election: Requested vote from peers 5eaec2b3c54546f892e390438a33e792 (127.17.130.2:33635), 9f6b9f81b7fc4cbea1f4affe4a1b9577 (127.17.130.3:44429)
I20260710 11:06:08.202317 19278 tablet_bootstrap.cc:654] T 1e0855a757674e689f8f86f987f10932 P 5eaec2b3c54546f892e390438a33e792: Neither blocks nor log segments found. Creating new log.
I20260710 11:06:08.203231 19275 tablet_bootstrap.cc:492] T 0de9121e3a1e4c479171e90694b1af80 P ad0ee3dce4ca4105a36c526517c37e02: Bootstrap starting.
I20260710 11:06:08.207989 19292 leader_election.cc:290] T 0de9121e3a1e4c479171e90694b1af80 P 9f6b9f81b7fc4cbea1f4affe4a1b9577 [CANDIDATE]: Term 1 pre-election: Requested pre-vote from peers ad0ee3dce4ca4105a36c526517c37e02 (127.17.130.1:46819), 5eaec2b3c54546f892e390438a33e792 (127.17.130.2:33635)
I20260710 11:06:08.208739 19292 raft_consensus.cc:2804] T ad5e5d4ee33a445cbab2969d5e5095ea P 9f6b9f81b7fc4cbea1f4affe4a1b9577 [term 1 FOLLOWER]: Leader election won for term 1
I20260710 11:06:08.209298 19292 raft_consensus.cc:697] T ad5e5d4ee33a445cbab2969d5e5095ea P 9f6b9f81b7fc4cbea1f4affe4a1b9577 [term 1 LEADER]: Becoming Leader. State: Replica: 9f6b9f81b7fc4cbea1f4affe4a1b9577, State: Running, Role: LEADER
I20260710 11:06:08.210430 19275 tablet_bootstrap.cc:654] T 0de9121e3a1e4c479171e90694b1af80 P ad0ee3dce4ca4105a36c526517c37e02: Neither blocks nor log segments found. Creating new log.
I20260710 11:06:08.212838 19161 tablet_service.cc:1917] Received RequestConsensusVote() RPC: tablet_id: "fc6f899ea7ee45609d5e0e459e16bab4" candidate_uuid: "ad0ee3dce4ca4105a36c526517c37e02" candidate_term: 1 candidate_status { last_received { term: 0 index: 0 } } ignore_live_leader: false dest_uuid: "5eaec2b3c54546f892e390438a33e792" is_pre_election: true
I20260710 11:06:08.214442 19161 raft_consensus.cc:2468] T fc6f899ea7ee45609d5e0e459e16bab4 P 5eaec2b3c54546f892e390438a33e792 [term 0 FOLLOWER]: Leader pre-election vote request: Granting yes vote for candidate ad0ee3dce4ca4105a36c526517c37e02 in term 0.
I20260710 11:06:08.215036 19234 tablet_service.cc:1917] Received RequestConsensusVote() RPC: tablet_id: "fc6f899ea7ee45609d5e0e459e16bab4" candidate_uuid: "ad0ee3dce4ca4105a36c526517c37e02" candidate_term: 1 candidate_status { last_received { term: 0 index: 0 } } ignore_live_leader: false dest_uuid: "9f6b9f81b7fc4cbea1f4affe4a1b9577" is_pre_election: true
I20260710 11:06:08.215818 19234 raft_consensus.cc:2468] T fc6f899ea7ee45609d5e0e459e16bab4 P 9f6b9f81b7fc4cbea1f4affe4a1b9577 [term 0 FOLLOWER]: Leader pre-election vote request: Granting yes vote for candidate ad0ee3dce4ca4105a36c526517c37e02 in term 0.
I20260710 11:06:08.212786 18981 catalog_manager.cc:5697] T 5a9a19262b0940b39e6df69c9ff64778 P ad0ee3dce4ca4105a36c526517c37e02 reported cstate change: term changed from 0 to 1, leader changed from <none> to ad0ee3dce4ca4105a36c526517c37e02 (127.17.130.1). New cstate: current_term: 1 leader_uuid: "ad0ee3dce4ca4105a36c526517c37e02" committed_config { opid_index: -1 OBSOLETE_local: false peers { permanent_uuid: "ad0ee3dce4ca4105a36c526517c37e02" member_type: VOTER last_known_addr { host: "127.17.130.1" port: 46819 } health_report { overall_health: HEALTHY } } peers { permanent_uuid: "5eaec2b3c54546f892e390438a33e792" member_type: VOTER last_known_addr { host: "127.17.130.2" port: 33635 } health_report { overall_health: UNKNOWN } } peers { permanent_uuid: "9f6b9f81b7fc4cbea1f4affe4a1b9577" member_type: VOTER last_known_addr { host: "127.17.130.3" port: 44429 } health_report { overall_health: UNKNOWN } } }
I20260710 11:06:08.217029 19051 leader_election.cc:304] T fc6f899ea7ee45609d5e0e459e16bab4 P ad0ee3dce4ca4105a36c526517c37e02 [CANDIDATE]: Term 1 pre-election: Election decided. Result: candidate won. Election summary: received 2 responses out of 3 voters: 2 yes votes; 0 no votes. yes voters: 5eaec2b3c54546f892e390438a33e792, ad0ee3dce4ca4105a36c526517c37e02; no voters: 
I20260710 11:06:08.217109 19322 leader_election.cc:290] T fc6f899ea7ee45609d5e0e459e16bab4 P ad0ee3dce4ca4105a36c526517c37e02 [CANDIDATE]: Term 1 pre-election: Requested pre-vote from peers 5eaec2b3c54546f892e390438a33e792 (127.17.130.2:33635), 9f6b9f81b7fc4cbea1f4affe4a1b9577 (127.17.130.3:44429)
I20260710 11:06:08.217913 19322 raft_consensus.cc:2804] T fc6f899ea7ee45609d5e0e459e16bab4 P ad0ee3dce4ca4105a36c526517c37e02 [term 0 FOLLOWER]: Leader pre-election won for term 1
I20260710 11:06:08.218320 19322 raft_consensus.cc:493] T fc6f899ea7ee45609d5e0e459e16bab4 P ad0ee3dce4ca4105a36c526517c37e02 [term 0 FOLLOWER]: Starting leader election (no leader contacted us within the election timeout)
I20260710 11:06:08.218729 19322 raft_consensus.cc:3060] T fc6f899ea7ee45609d5e0e459e16bab4 P ad0ee3dce4ca4105a36c526517c37e02 [term 0 FOLLOWER]: Advancing to term 1
I20260710 11:06:08.216993 19328 raft_consensus.cc:493] T b8be00d5e454467abf422a78c7c5832b P 9f6b9f81b7fc4cbea1f4affe4a1b9577 [term 0 FOLLOWER]: Starting pre-election (no leader contacted us within the election timeout)
I20260710 11:06:08.219384 19328 raft_consensus.cc:515] T b8be00d5e454467abf422a78c7c5832b P 9f6b9f81b7fc4cbea1f4affe4a1b9577 [term 0 FOLLOWER]: Starting pre-election with config: opid_index: -1 OBSOLETE_local: false peers { permanent_uuid: "ad0ee3dce4ca4105a36c526517c37e02" member_type: VOTER last_known_addr { host: "127.17.130.1" port: 46819 } } peers { permanent_uuid: "5eaec2b3c54546f892e390438a33e792" member_type: VOTER last_known_addr { host: "127.17.130.2" port: 33635 } } peers { permanent_uuid: "9f6b9f81b7fc4cbea1f4affe4a1b9577" member_type: VOTER last_known_addr { host: "127.17.130.3" port: 44429 } }
I20260710 11:06:08.221374 19328 leader_election.cc:290] T b8be00d5e454467abf422a78c7c5832b P 9f6b9f81b7fc4cbea1f4affe4a1b9577 [CANDIDATE]: Term 1 pre-election: Requested pre-vote from peers ad0ee3dce4ca4105a36c526517c37e02 (127.17.130.1:46819), 5eaec2b3c54546f892e390438a33e792 (127.17.130.2:33635)
I20260710 11:06:08.210366 19292 consensus_queue.cc:237] T ad5e5d4ee33a445cbab2969d5e5095ea P 9f6b9f81b7fc4cbea1f4affe4a1b9577 [LEADER]: Queue going to LEADER mode. State: All replicated index: 0, Majority replicated index: 0, Committed index: 0, Last appended: 0.0, Last appended by leader: 0, Current term: 1, Majority size: 2, State: 0, Mode: LEADER, active raft config: opid_index: -1 OBSOLETE_local: false peers { permanent_uuid: "ad0ee3dce4ca4105a36c526517c37e02" member_type: VOTER last_known_addr { host: "127.17.130.1" port: 46819 } } peers { permanent_uuid: "5eaec2b3c54546f892e390438a33e792" member_type: VOTER last_known_addr { host: "127.17.130.2" port: 33635 } } peers { permanent_uuid: "9f6b9f81b7fc4cbea1f4affe4a1b9577" member_type: VOTER last_known_addr { host: "127.17.130.3" port: 44429 } }
I20260710 11:06:08.226531 19322 raft_consensus.cc:515] T fc6f899ea7ee45609d5e0e459e16bab4 P ad0ee3dce4ca4105a36c526517c37e02 [term 1 FOLLOWER]: Starting leader election with config: opid_index: -1 OBSOLETE_local: false peers { permanent_uuid: "ad0ee3dce4ca4105a36c526517c37e02" member_type: VOTER last_known_addr { host: "127.17.130.1" port: 46819 } } peers { permanent_uuid: "5eaec2b3c54546f892e390438a33e792" member_type: VOTER last_known_addr { host: "127.17.130.2" port: 33635 } } peers { permanent_uuid: "9f6b9f81b7fc4cbea1f4affe4a1b9577" member_type: VOTER last_known_addr { host: "127.17.130.3" port: 44429 } }
I20260710 11:06:08.236004 19278 tablet_bootstrap.cc:492] T 1e0855a757674e689f8f86f987f10932 P 5eaec2b3c54546f892e390438a33e792: No bootstrap required, opened a new log
I20260710 11:06:08.236570 19278 ts_tablet_manager.cc:1403] T 1e0855a757674e689f8f86f987f10932 P 5eaec2b3c54546f892e390438a33e792: Time spent bootstrapping tablet: real 0.057s	user 0.010s	sys 0.008s
I20260710 11:06:08.237190 19290 raft_consensus.cc:493] T ad5e5d4ee33a445cbab2969d5e5095ea P 5eaec2b3c54546f892e390438a33e792 [term 0 FOLLOWER]: Starting pre-election (no leader contacted us within the election timeout)
I20260710 11:06:08.237802 19290 raft_consensus.cc:515] T ad5e5d4ee33a445cbab2969d5e5095ea P 5eaec2b3c54546f892e390438a33e792 [term 0 FOLLOWER]: Starting pre-election with config: opid_index: -1 OBSOLETE_local: false peers { permanent_uuid: "ad0ee3dce4ca4105a36c526517c37e02" member_type: VOTER last_known_addr { host: "127.17.130.1" port: 46819 } } peers { permanent_uuid: "5eaec2b3c54546f892e390438a33e792" member_type: VOTER last_known_addr { host: "127.17.130.2" port: 33635 } } peers { permanent_uuid: "9f6b9f81b7fc4cbea1f4affe4a1b9577" member_type: VOTER last_known_addr { host: "127.17.130.3" port: 44429 } }
I20260710 11:06:08.239945 19322 leader_election.cc:290] T fc6f899ea7ee45609d5e0e459e16bab4 P ad0ee3dce4ca4105a36c526517c37e02 [CANDIDATE]: Term 1 election: Requested vote from peers 5eaec2b3c54546f892e390438a33e792 (127.17.130.2:33635), 9f6b9f81b7fc4cbea1f4affe4a1b9577 (127.17.130.3:44429)
I20260710 11:06:08.240571 19158 tablet_service.cc:1917] Received RequestConsensusVote() RPC: tablet_id: "fc6f899ea7ee45609d5e0e459e16bab4" candidate_uuid: "ad0ee3dce4ca4105a36c526517c37e02" candidate_term: 1 candidate_status { last_received { term: 0 index: 0 } } ignore_live_leader: false dest_uuid: "5eaec2b3c54546f892e390438a33e792"
I20260710 11:06:08.241030 19290 leader_election.cc:290] T ad5e5d4ee33a445cbab2969d5e5095ea P 5eaec2b3c54546f892e390438a33e792 [CANDIDATE]: Term 1 pre-election: Requested pre-vote from peers ad0ee3dce4ca4105a36c526517c37e02 (127.17.130.1:46819), 9f6b9f81b7fc4cbea1f4affe4a1b9577 (127.17.130.3:44429)
I20260710 11:06:08.241261 19158 raft_consensus.cc:3060] T fc6f899ea7ee45609d5e0e459e16bab4 P 5eaec2b3c54546f892e390438a33e792 [term 0 FOLLOWER]: Advancing to term 1
I20260710 11:06:08.234606 19160 tablet_service.cc:1917] Received RequestConsensusVote() RPC: tablet_id: "0de9121e3a1e4c479171e90694b1af80" candidate_uuid: "9f6b9f81b7fc4cbea1f4affe4a1b9577" candidate_term: 1 candidate_status { last_received { term: 0 index: 0 } } ignore_live_leader: false dest_uuid: "5eaec2b3c54546f892e390438a33e792" is_pre_election: true
I20260710 11:06:08.244692 19160 raft_consensus.cc:2468] T 0de9121e3a1e4c479171e90694b1af80 P 5eaec2b3c54546f892e390438a33e792 [term 0 FOLLOWER]: Leader pre-election vote request: Granting yes vote for candidate 9f6b9f81b7fc4cbea1f4affe4a1b9577 in term 0.
I20260710 11:06:08.245436 19159 tablet_service.cc:1917] Received RequestConsensusVote() RPC: tablet_id: "b8be00d5e454467abf422a78c7c5832b" candidate_uuid: "9f6b9f81b7fc4cbea1f4affe4a1b9577" candidate_term: 1 candidate_status { last_received { term: 0 index: 0 } } ignore_live_leader: false dest_uuid: "5eaec2b3c54546f892e390438a33e792" is_pre_election: true
I20260710 11:06:08.246323 19161 tablet_service.cc:1917] Received RequestConsensusVote() RPC: tablet_id: "ad5e5d4ee33a445cbab2969d5e5095ea" candidate_uuid: "9f6b9f81b7fc4cbea1f4affe4a1b9577" candidate_term: 1 candidate_status { last_received { term: 0 index: 0 } } ignore_live_leader: false dest_uuid: "5eaec2b3c54546f892e390438a33e792"
I20260710 11:06:08.245410 19278 raft_consensus.cc:359] T 1e0855a757674e689f8f86f987f10932 P 5eaec2b3c54546f892e390438a33e792 [term 0 FOLLOWER]: Replica starting. Triggering 0 pending ops. Active config: opid_index: -1 OBSOLETE_local: false peers { permanent_uuid: "ad0ee3dce4ca4105a36c526517c37e02" member_type: VOTER last_known_addr { host: "127.17.130.1" port: 46819 } } peers { permanent_uuid: "5eaec2b3c54546f892e390438a33e792" member_type: VOTER last_known_addr { host: "127.17.130.2" port: 33635 } } peers { permanent_uuid: "9f6b9f81b7fc4cbea1f4affe4a1b9577" member_type: VOTER last_known_addr { host: "127.17.130.3" port: 44429 } }
I20260710 11:06:08.250144 19278 raft_consensus.cc:385] T 1e0855a757674e689f8f86f987f10932 P 5eaec2b3c54546f892e390438a33e792 [term 0 FOLLOWER]: Consensus starting up: Expiring failure detector timer to make a prompt election more likely
I20260710 11:06:08.251053 19278 raft_consensus.cc:740] T 1e0855a757674e689f8f86f987f10932 P 5eaec2b3c54546f892e390438a33e792 [term 0 FOLLOWER]: Becoming Follower/Learner. State: Replica: 5eaec2b3c54546f892e390438a33e792, State: Initialized, Role: FOLLOWER
I20260710 11:06:08.252489 19278 consensus_queue.cc:260] T 1e0855a757674e689f8f86f987f10932 P 5eaec2b3c54546f892e390438a33e792 [NON_LEADER]: Queue going to NON_LEADER mode. State: All replicated index: 0, Majority replicated index: 0, Committed index: 0, Last appended: 0.0, Last appended by leader: 0, Current term: 0, Majority size: -1, State: 0, Mode: NON_LEADER, active raft config: opid_index: -1 OBSOLETE_local: false peers { permanent_uuid: "ad0ee3dce4ca4105a36c526517c37e02" member_type: VOTER last_known_addr { host: "127.17.130.1" port: 46819 } } peers { permanent_uuid: "5eaec2b3c54546f892e390438a33e792" member_type: VOTER last_known_addr { host: "127.17.130.2" port: 33635 } } peers { permanent_uuid: "9f6b9f81b7fc4cbea1f4affe4a1b9577" member_type: VOTER last_known_addr { host: "127.17.130.3" port: 44429 } }
I20260710 11:06:08.259626 19278 ts_tablet_manager.cc:1434] T 1e0855a757674e689f8f86f987f10932 P 5eaec2b3c54546f892e390438a33e792: Time spent starting tablet: real 0.023s	user 0.009s	sys 0.000s
I20260710 11:06:08.266062 19322 raft_consensus.cc:493] T 41dbac1b513c4213840bacd2e322b91b P ad0ee3dce4ca4105a36c526517c37e02 [term 0 FOLLOWER]: Starting pre-election (no leader contacted us within the election timeout)
I20260710 11:06:08.266511 19322 raft_consensus.cc:515] T 41dbac1b513c4213840bacd2e322b91b P ad0ee3dce4ca4105a36c526517c37e02 [term 0 FOLLOWER]: Starting pre-election with config: opid_index: -1 OBSOLETE_local: false peers { permanent_uuid: "ad0ee3dce4ca4105a36c526517c37e02" member_type: VOTER last_known_addr { host: "127.17.130.1" port: 46819 } } peers { permanent_uuid: "5eaec2b3c54546f892e390438a33e792" member_type: VOTER last_known_addr { host: "127.17.130.2" port: 33635 } } peers { permanent_uuid: "9f6b9f81b7fc4cbea1f4affe4a1b9577" member_type: VOTER last_known_addr { host: "127.17.130.3" port: 44429 } }
I20260710 11:06:08.268936 19322 leader_election.cc:290] T 41dbac1b513c4213840bacd2e322b91b P ad0ee3dce4ca4105a36c526517c37e02 [CANDIDATE]: Term 1 pre-election: Requested pre-vote from peers 5eaec2b3c54546f892e390438a33e792 (127.17.130.2:33635), 9f6b9f81b7fc4cbea1f4affe4a1b9577 (127.17.130.3:44429)
I20260710 11:06:08.258726 19161 raft_consensus.cc:3060] T ad5e5d4ee33a445cbab2969d5e5095ea P 5eaec2b3c54546f892e390438a33e792 [term 0 FOLLOWER]: Advancing to term 1
I20260710 11:06:08.258726 19284 leader_election.cc:290] T ad5e5d4ee33a445cbab2969d5e5095ea P 9f6b9f81b7fc4cbea1f4affe4a1b9577 [CANDIDATE]: Term 1 election: Requested vote from peers ad0ee3dce4ca4105a36c526517c37e02 (127.17.130.1:46819), 5eaec2b3c54546f892e390438a33e792 (127.17.130.2:33635)
I20260710 11:06:08.296543 19278 tablet_bootstrap.cc:492] T b8be00d5e454467abf422a78c7c5832b P 5eaec2b3c54546f892e390438a33e792: Bootstrap starting.
I20260710 11:06:08.295497 19158 raft_consensus.cc:2468] T fc6f899ea7ee45609d5e0e459e16bab4 P 5eaec2b3c54546f892e390438a33e792 [term 1 FOLLOWER]: Leader election vote request: Granting yes vote for candidate ad0ee3dce4ca4105a36c526517c37e02 in term 1.
I20260710 11:06:08.287032 19290 raft_consensus.cc:493] T 41dbac1b513c4213840bacd2e322b91b P 5eaec2b3c54546f892e390438a33e792 [term 0 FOLLOWER]: Starting pre-election (no leader contacted us within the election timeout)
I20260710 11:06:08.322088 19278 tablet_bootstrap.cc:654] T b8be00d5e454467abf422a78c7c5832b P 5eaec2b3c54546f892e390438a33e792: Neither blocks nor log segments found. Creating new log.
I20260710 11:06:08.322300 19200 leader_election.cc:304] T 0de9121e3a1e4c479171e90694b1af80 P 9f6b9f81b7fc4cbea1f4affe4a1b9577 [CANDIDATE]: Term 1 pre-election: Election decided. Result: candidate won. Election summary: received 2 responses out of 3 voters: 2 yes votes; 0 no votes. yes voters: 5eaec2b3c54546f892e390438a33e792, 9f6b9f81b7fc4cbea1f4affe4a1b9577; no voters: 
I20260710 11:06:08.323504 19290 raft_consensus.cc:515] T 41dbac1b513c4213840bacd2e322b91b P 5eaec2b3c54546f892e390438a33e792 [term 0 FOLLOWER]: Starting pre-election with config: opid_index: -1 OBSOLETE_local: false peers { permanent_uuid: "ad0ee3dce4ca4105a36c526517c37e02" member_type: VOTER last_known_addr { host: "127.17.130.1" port: 46819 } } peers { permanent_uuid: "5eaec2b3c54546f892e390438a33e792" member_type: VOTER last_known_addr { host: "127.17.130.2" port: 33635 } } peers { permanent_uuid: "9f6b9f81b7fc4cbea1f4affe4a1b9577" member_type: VOTER last_known_addr { host: "127.17.130.3" port: 44429 } }
I20260710 11:06:08.321149 19292 raft_consensus.cc:493] T 7a72a5fd7f0a4b53bae5da831cf540cf P 9f6b9f81b7fc4cbea1f4affe4a1b9577 [term 0 FOLLOWER]: Starting pre-election (no leader contacted us within the election timeout)
I20260710 11:06:08.330442 19235 tablet_service.cc:1917] Received RequestConsensusVote() RPC: tablet_id: "fc6f899ea7ee45609d5e0e459e16bab4" candidate_uuid: "ad0ee3dce4ca4105a36c526517c37e02" candidate_term: 1 candidate_status { last_received { term: 0 index: 0 } } ignore_live_leader: false dest_uuid: "9f6b9f81b7fc4cbea1f4affe4a1b9577"
I20260710 11:06:08.331065 19235 raft_consensus.cc:3060] T fc6f899ea7ee45609d5e0e459e16bab4 P 9f6b9f81b7fc4cbea1f4affe4a1b9577 [term 0 FOLLOWER]: Advancing to term 1
W20260710 11:06:08.288947 19201 outbound_call.cc:321] RPC callback for RPC call kudu.consensus.ConsensusService.RequestConsensusVote -> {remote=127.17.130.1:46819, user_credentials={real_user=slave}} blocked reactor thread for 120658us
I20260710 11:06:08.328504 19234 tablet_service.cc:1917] Received RequestConsensusVote() RPC: tablet_id: "41dbac1b513c4213840bacd2e322b91b" candidate_uuid: "ad0ee3dce4ca4105a36c526517c37e02" candidate_term: 1 candidate_status { last_received { term: 0 index: 0 } } ignore_live_leader: false dest_uuid: "9f6b9f81b7fc4cbea1f4affe4a1b9577" is_pre_election: true
I20260710 11:06:08.333145 18982 catalog_manager.cc:5697] T ad5e5d4ee33a445cbab2969d5e5095ea P 9f6b9f81b7fc4cbea1f4affe4a1b9577 reported cstate change: term changed from 0 to 1, leader changed from <none> to 9f6b9f81b7fc4cbea1f4affe4a1b9577 (127.17.130.3). New cstate: current_term: 1 leader_uuid: "9f6b9f81b7fc4cbea1f4affe4a1b9577" committed_config { opid_index: -1 OBSOLETE_local: false peers { permanent_uuid: "ad0ee3dce4ca4105a36c526517c37e02" member_type: VOTER last_known_addr { host: "127.17.130.1" port: 46819 } health_report { overall_health: UNKNOWN } } peers { permanent_uuid: "5eaec2b3c54546f892e390438a33e792" member_type: VOTER last_known_addr { host: "127.17.130.2" port: 33635 } health_report { overall_health: UNKNOWN } } peers { permanent_uuid: "9f6b9f81b7fc4cbea1f4affe4a1b9577" member_type: VOTER last_known_addr { host: "127.17.130.3" port: 44429 } health_report { overall_health: HEALTHY } } }
I20260710 11:06:08.338258 19322 raft_consensus.cc:493] T a6142cbef3764636a163b8672e248244 P ad0ee3dce4ca4105a36c526517c37e02 [term 0 FOLLOWER]: Starting pre-election (no leader contacted us within the election timeout)
I20260710 11:06:08.342327 19290 leader_election.cc:290] T 41dbac1b513c4213840bacd2e322b91b P 5eaec2b3c54546f892e390438a33e792 [CANDIDATE]: Term 1 pre-election: Requested pre-vote from peers ad0ee3dce4ca4105a36c526517c37e02 (127.17.130.1:46819), 9f6b9f81b7fc4cbea1f4affe4a1b9577 (127.17.130.3:44429)
I20260710 11:06:08.342499 19322 raft_consensus.cc:515] T a6142cbef3764636a163b8672e248244 P ad0ee3dce4ca4105a36c526517c37e02 [term 0 FOLLOWER]: Starting pre-election with config: opid_index: -1 OBSOLETE_local: false peers { permanent_uuid: "ad0ee3dce4ca4105a36c526517c37e02" member_type: VOTER last_known_addr { host: "127.17.130.1" port: 46819 } } peers { permanent_uuid: "5eaec2b3c54546f892e390438a33e792" member_type: VOTER last_known_addr { host: "127.17.130.2" port: 33635 } } peers { permanent_uuid: "9f6b9f81b7fc4cbea1f4affe4a1b9577" member_type: VOTER last_known_addr { host: "127.17.130.3" port: 44429 } }
I20260710 11:06:08.344170 19234 raft_consensus.cc:2468] T 41dbac1b513c4213840bacd2e322b91b P 9f6b9f81b7fc4cbea1f4affe4a1b9577 [term 0 FOLLOWER]: Leader pre-election vote request: Granting yes vote for candidate ad0ee3dce4ca4105a36c526517c37e02 in term 0.
W20260710 11:06:08.340205 19200 leader_election.cc:343] T b8be00d5e454467abf422a78c7c5832b P 9f6b9f81b7fc4cbea1f4affe4a1b9577 [CANDIDATE]: Term 1 pre-election: Tablet error from VoteRequest() call to peer 5eaec2b3c54546f892e390438a33e792 (127.17.130.2:33635): Illegal state: must be running to vote when last-logged opid is not known
I20260710 11:06:08.355023 19051 leader_election.cc:304] T fc6f899ea7ee45609d5e0e459e16bab4 P ad0ee3dce4ca4105a36c526517c37e02 [CANDIDATE]: Term 1 election: Election decided. Result: candidate won. Election summary: received 2 responses out of 3 voters: 2 yes votes; 0 no votes. yes voters: 5eaec2b3c54546f892e390438a33e792, ad0ee3dce4ca4105a36c526517c37e02; no voters: 
I20260710 11:06:08.355376 19290 raft_consensus.cc:493] T 05d73606dfe1437ab6de048fc4b16fcf P 5eaec2b3c54546f892e390438a33e792 [term 0 FOLLOWER]: Starting pre-election (no leader contacted us within the election timeout)
I20260710 11:06:08.356115 19325 raft_consensus.cc:2804] T 0de9121e3a1e4c479171e90694b1af80 P 9f6b9f81b7fc4cbea1f4affe4a1b9577 [term 0 FOLLOWER]: Leader pre-election won for term 1
I20260710 11:06:08.355962 19290 raft_consensus.cc:515] T 05d73606dfe1437ab6de048fc4b16fcf P 5eaec2b3c54546f892e390438a33e792 [term 0 FOLLOWER]: Starting pre-election with config: opid_index: -1 OBSOLETE_local: false peers { permanent_uuid: "ad0ee3dce4ca4105a36c526517c37e02" member_type: VOTER last_known_addr { host: "127.17.130.1" port: 46819 } } peers { permanent_uuid: "5eaec2b3c54546f892e390438a33e792" member_type: VOTER last_known_addr { host: "127.17.130.2" port: 33635 } } peers { permanent_uuid: "9f6b9f81b7fc4cbea1f4affe4a1b9577" member_type: VOTER last_known_addr { host: "127.17.130.3" port: 44429 } }
I20260710 11:06:08.356528 19325 raft_consensus.cc:493] T 0de9121e3a1e4c479171e90694b1af80 P 9f6b9f81b7fc4cbea1f4affe4a1b9577 [term 0 FOLLOWER]: Starting leader election (no leader contacted us within the election timeout)
I20260710 11:06:08.356379 19050 leader_election.cc:304] T 41dbac1b513c4213840bacd2e322b91b P ad0ee3dce4ca4105a36c526517c37e02 [CANDIDATE]: Term 1 pre-election: Election decided. Result: candidate won. Election summary: received 2 responses out of 3 voters: 2 yes votes; 0 no votes. yes voters: 9f6b9f81b7fc4cbea1f4affe4a1b9577, ad0ee3dce4ca4105a36c526517c37e02; no voters: 
I20260710 11:06:08.357007 19325 raft_consensus.cc:3060] T 0de9121e3a1e4c479171e90694b1af80 P 9f6b9f81b7fc4cbea1f4affe4a1b9577 [term 0 FOLLOWER]: Advancing to term 1
I20260710 11:06:08.358103 19290 leader_election.cc:290] T 05d73606dfe1437ab6de048fc4b16fcf P 5eaec2b3c54546f892e390438a33e792 [CANDIDATE]: Term 1 pre-election: Requested pre-vote from peers ad0ee3dce4ca4105a36c526517c37e02 (127.17.130.1:46819), 9f6b9f81b7fc4cbea1f4affe4a1b9577 (127.17.130.3:44429)
I20260710 11:06:08.360020 19159 tablet_service.cc:1917] Received RequestConsensusVote() RPC: tablet_id: "41dbac1b513c4213840bacd2e322b91b" candidate_uuid: "ad0ee3dce4ca4105a36c526517c37e02" candidate_term: 1 candidate_status { last_received { term: 0 index: 0 } } ignore_live_leader: false dest_uuid: "5eaec2b3c54546f892e390438a33e792" is_pre_election: true
I20260710 11:06:08.360658 19159 raft_consensus.cc:2468] T 41dbac1b513c4213840bacd2e322b91b P 5eaec2b3c54546f892e390438a33e792 [term 0 FOLLOWER]: Leader pre-election vote request: Granting yes vote for candidate ad0ee3dce4ca4105a36c526517c37e02 in term 0.
I20260710 11:06:08.362401 19159 tablet_service.cc:1917] Received RequestConsensusVote() RPC: tablet_id: "a6142cbef3764636a163b8672e248244" candidate_uuid: "ad0ee3dce4ca4105a36c526517c37e02" candidate_term: 1 candidate_status { last_received { term: 0 index: 0 } } ignore_live_leader: false dest_uuid: "5eaec2b3c54546f892e390438a33e792" is_pre_election: true
I20260710 11:06:08.363176 19159 raft_consensus.cc:2393] T a6142cbef3764636a163b8672e248244 P 5eaec2b3c54546f892e390438a33e792 [term 1 FOLLOWER]: Leader pre-election vote request: Denying vote to candidate ad0ee3dce4ca4105a36c526517c37e02 in current term 1: Already voted for candidate 9f6b9f81b7fc4cbea1f4affe4a1b9577 in this term.
I20260710 11:06:08.337138 19292 raft_consensus.cc:515] T 7a72a5fd7f0a4b53bae5da831cf540cf P 9f6b9f81b7fc4cbea1f4affe4a1b9577 [term 0 FOLLOWER]: Starting pre-election with config: opid_index: -1 OBSOLETE_local: false peers { permanent_uuid: "ad0ee3dce4ca4105a36c526517c37e02" member_type: VOTER last_known_addr { host: "127.17.130.1" port: 46819 } } peers { permanent_uuid: "5eaec2b3c54546f892e390438a33e792" member_type: VOTER last_known_addr { host: "127.17.130.2" port: 33635 } } peers { permanent_uuid: "9f6b9f81b7fc4cbea1f4affe4a1b9577" member_type: VOTER last_known_addr { host: "127.17.130.3" port: 44429 } }
I20260710 11:06:08.365023 19085 tablet_service.cc:1917] Received RequestConsensusVote() RPC: tablet_id: "0de9121e3a1e4c479171e90694b1af80" candidate_uuid: "9f6b9f81b7fc4cbea1f4affe4a1b9577" candidate_term: 1 candidate_status { last_received { term: 0 index: 0 } } ignore_live_leader: false dest_uuid: "ad0ee3dce4ca4105a36c526517c37e02" is_pre_election: true
I20260710 11:06:08.366844 19281 raft_consensus.cc:2804] T fc6f899ea7ee45609d5e0e459e16bab4 P ad0ee3dce4ca4105a36c526517c37e02 [term 1 FOLLOWER]: Leader election won for term 1
I20260710 11:06:08.368217 19321 raft_consensus.cc:2804] T 41dbac1b513c4213840bacd2e322b91b P ad0ee3dce4ca4105a36c526517c37e02 [term 0 FOLLOWER]: Leader pre-election won for term 1
I20260710 11:06:08.368582 19321 raft_consensus.cc:493] T 41dbac1b513c4213840bacd2e322b91b P ad0ee3dce4ca4105a36c526517c37e02 [term 0 FOLLOWER]: Starting leader election (no leader contacted us within the election timeout)
I20260710 11:06:08.368889 19321 raft_consensus.cc:3060] T 41dbac1b513c4213840bacd2e322b91b P ad0ee3dce4ca4105a36c526517c37e02 [term 0 FOLLOWER]: Advancing to term 1
I20260710 11:06:08.369293 19322 leader_election.cc:290] T a6142cbef3764636a163b8672e248244 P ad0ee3dce4ca4105a36c526517c37e02 [CANDIDATE]: Term 1 pre-election: Requested pre-vote from peers 5eaec2b3c54546f892e390438a33e792 (127.17.130.2:33635), 9f6b9f81b7fc4cbea1f4affe4a1b9577 (127.17.130.3:44429)
I20260710 11:06:08.370287 19235 raft_consensus.cc:2468] T fc6f899ea7ee45609d5e0e459e16bab4 P 9f6b9f81b7fc4cbea1f4affe4a1b9577 [term 1 FOLLOWER]: Leader election vote request: Granting yes vote for candidate ad0ee3dce4ca4105a36c526517c37e02 in term 1.
I20260710 11:06:08.371999 19323 raft_consensus.cc:493] T b8be00d5e454467abf422a78c7c5832b P ad0ee3dce4ca4105a36c526517c37e02 [term 0 FOLLOWER]: Starting pre-election (no leader contacted us within the election timeout)
I20260710 11:06:08.372471 19323 raft_consensus.cc:515] T b8be00d5e454467abf422a78c7c5832b P ad0ee3dce4ca4105a36c526517c37e02 [term 0 FOLLOWER]: Starting pre-election with config: opid_index: -1 OBSOLETE_local: false peers { permanent_uuid: "ad0ee3dce4ca4105a36c526517c37e02" member_type: VOTER last_known_addr { host: "127.17.130.1" port: 46819 } } peers { permanent_uuid: "5eaec2b3c54546f892e390438a33e792" member_type: VOTER last_known_addr { host: "127.17.130.2" port: 33635 } } peers { permanent_uuid: "9f6b9f81b7fc4cbea1f4affe4a1b9577" member_type: VOTER last_known_addr { host: "127.17.130.3" port: 44429 } }
I20260710 11:06:08.373426 19234 tablet_service.cc:1917] Received RequestConsensusVote() RPC: tablet_id: "a6142cbef3764636a163b8672e248244" candidate_uuid: "ad0ee3dce4ca4105a36c526517c37e02" candidate_term: 1 candidate_status { last_received { term: 0 index: 0 } } ignore_live_leader: false dest_uuid: "9f6b9f81b7fc4cbea1f4affe4a1b9577" is_pre_election: true
I20260710 11:06:08.375458 19158 tablet_service.cc:1917] Received RequestConsensusVote() RPC: tablet_id: "b8be00d5e454467abf422a78c7c5832b" candidate_uuid: "ad0ee3dce4ca4105a36c526517c37e02" candidate_term: 1 candidate_status { last_received { term: 0 index: 0 } } ignore_live_leader: false dest_uuid: "5eaec2b3c54546f892e390438a33e792" is_pre_election: true
I20260710 11:06:08.376250 19050 leader_election.cc:304] T a6142cbef3764636a163b8672e248244 P ad0ee3dce4ca4105a36c526517c37e02 [CANDIDATE]: Term 1 pre-election: Election decided. Result: candidate lost. Election summary: received 3 responses out of 3 voters: 1 yes votes; 2 no votes. yes voters: ad0ee3dce4ca4105a36c526517c37e02; no voters: 5eaec2b3c54546f892e390438a33e792, 9f6b9f81b7fc4cbea1f4affe4a1b9577
W20260710 11:06:08.377178 19051 leader_election.cc:343] T b8be00d5e454467abf422a78c7c5832b P ad0ee3dce4ca4105a36c526517c37e02 [CANDIDATE]: Term 1 pre-election: Tablet error from VoteRequest() call to peer 5eaec2b3c54546f892e390438a33e792 (127.17.130.2:33635): Illegal state: must be running to vote when last-logged opid is not known
I20260710 11:06:08.374778 19323 leader_election.cc:290] T b8be00d5e454467abf422a78c7c5832b P ad0ee3dce4ca4105a36c526517c37e02 [CANDIDATE]: Term 1 pre-election: Requested pre-vote from peers 5eaec2b3c54546f892e390438a33e792 (127.17.130.2:33635), 9f6b9f81b7fc4cbea1f4affe4a1b9577 (127.17.130.3:44429)
I20260710 11:06:08.382104 19322 raft_consensus.cc:3060] T a6142cbef3764636a163b8672e248244 P ad0ee3dce4ca4105a36c526517c37e02 [term 0 FOLLOWER]: Advancing to term 1
I20260710 11:06:08.384841 19084 tablet_service.cc:1917] Received RequestConsensusVote() RPC: tablet_id: "05d73606dfe1437ab6de048fc4b16fcf" candidate_uuid: "5eaec2b3c54546f892e390438a33e792" candidate_term: 1 candidate_status { last_received { term: 0 index: 0 } } ignore_live_leader: false dest_uuid: "ad0ee3dce4ca4105a36c526517c37e02" is_pre_election: true
W20260710 11:06:08.387673 19201 leader_election.cc:343] T 0de9121e3a1e4c479171e90694b1af80 P 9f6b9f81b7fc4cbea1f4affe4a1b9577 [CANDIDATE]: Term 1 pre-election: Tablet error from VoteRequest() call to peer ad0ee3dce4ca4105a36c526517c37e02 (127.17.130.1:46819): Illegal state: must be running to vote when last-logged opid is not known
I20260710 11:06:08.387609 19084 raft_consensus.cc:2468] T 05d73606dfe1437ab6de048fc4b16fcf P ad0ee3dce4ca4105a36c526517c37e02 [term 0 FOLLOWER]: Leader pre-election vote request: Granting yes vote for candidate 5eaec2b3c54546f892e390438a33e792 in term 0.
I20260710 11:06:08.383591 19284 consensus_queue.cc:1048] T a6142cbef3764636a163b8672e248244 P 9f6b9f81b7fc4cbea1f4affe4a1b9577 [LEADER]: Connected to new peer: Peer: permanent_uuid: "5eaec2b3c54546f892e390438a33e792" member_type: VOTER last_known_addr { host: "127.17.130.2" port: 33635 }, Status: LMP_MISMATCH, Last received: 0.0, Next index: 1, Last known committed idx: 0, Time since last communication: 0.005s
I20260710 11:06:08.383766 19086 tablet_service.cc:1917] Received RequestConsensusVote() RPC: tablet_id: "41dbac1b513c4213840bacd2e322b91b" candidate_uuid: "5eaec2b3c54546f892e390438a33e792" candidate_term: 1 candidate_status { last_received { term: 0 index: 0 } } ignore_live_leader: false dest_uuid: "ad0ee3dce4ca4105a36c526517c37e02" is_pre_election: true
I20260710 11:06:08.389850 19161 raft_consensus.cc:2468] T ad5e5d4ee33a445cbab2969d5e5095ea P 5eaec2b3c54546f892e390438a33e792 [term 1 FOLLOWER]: Leader election vote request: Granting yes vote for candidate 9f6b9f81b7fc4cbea1f4affe4a1b9577 in term 1.
I20260710 11:06:08.383445 19085 tablet_service.cc:1917] Received RequestConsensusVote() RPC: tablet_id: "ad5e5d4ee33a445cbab2969d5e5095ea" candidate_uuid: "5eaec2b3c54546f892e390438a33e792" candidate_term: 1 candidate_status { last_received { term: 0 index: 0 } } ignore_live_leader: false dest_uuid: "ad0ee3dce4ca4105a36c526517c37e02" is_pre_election: true
I20260710 11:06:08.391186 19085 raft_consensus.cc:2393] T ad5e5d4ee33a445cbab2969d5e5095ea P ad0ee3dce4ca4105a36c526517c37e02 [term 1 FOLLOWER]: Leader pre-election vote request: Denying vote to candidate 5eaec2b3c54546f892e390438a33e792 in current term 1: Already voted for candidate 9f6b9f81b7fc4cbea1f4affe4a1b9577 in this term.
I20260710 11:06:08.384972 19235 tablet_service.cc:1917] Received RequestConsensusVote() RPC: tablet_id: "b8be00d5e454467abf422a78c7c5832b" candidate_uuid: "ad0ee3dce4ca4105a36c526517c37e02" candidate_term: 1 candidate_status { last_received { term: 0 index: 0 } } ignore_live_leader: false dest_uuid: "9f6b9f81b7fc4cbea1f4affe4a1b9577" is_pre_election: true
I20260710 11:06:08.393417 19085 tablet_service.cc:1917] Received RequestConsensusVote() RPC: tablet_id: "b8be00d5e454467abf422a78c7c5832b" candidate_uuid: "9f6b9f81b7fc4cbea1f4affe4a1b9577" candidate_term: 1 candidate_status { last_received { term: 0 index: 0 } } ignore_live_leader: false dest_uuid: "ad0ee3dce4ca4105a36c526517c37e02" is_pre_election: true
I20260710 11:06:08.382249 19321 raft_consensus.cc:515] T 41dbac1b513c4213840bacd2e322b91b P ad0ee3dce4ca4105a36c526517c37e02 [term 1 FOLLOWER]: Starting leader election with config: opid_index: -1 OBSOLETE_local: false peers { permanent_uuid: "ad0ee3dce4ca4105a36c526517c37e02" member_type: VOTER last_known_addr { host: "127.17.130.1" port: 46819 } } peers { permanent_uuid: "5eaec2b3c54546f892e390438a33e792" member_type: VOTER last_known_addr { host: "127.17.130.2" port: 33635 } } peers { permanent_uuid: "9f6b9f81b7fc4cbea1f4affe4a1b9577" member_type: VOTER last_known_addr { host: "127.17.130.3" port: 44429 } }
I20260710 11:06:08.394958 19127 leader_election.cc:304] T 05d73606dfe1437ab6de048fc4b16fcf P 5eaec2b3c54546f892e390438a33e792 [CANDIDATE]: Term 1 pre-election: Election decided. Result: candidate won. Election summary: received 2 responses out of 3 voters: 2 yes votes; 0 no votes. yes voters: 5eaec2b3c54546f892e390438a33e792, ad0ee3dce4ca4105a36c526517c37e02; no voters: 
I20260710 11:06:08.401271 19085 raft_consensus.cc:2468] T b8be00d5e454467abf422a78c7c5832b P ad0ee3dce4ca4105a36c526517c37e02 [term 0 FOLLOWER]: Leader pre-election vote request: Granting yes vote for candidate 9f6b9f81b7fc4cbea1f4affe4a1b9577 in term 0.
I20260710 11:06:08.402915 19281 raft_consensus.cc:697] T fc6f899ea7ee45609d5e0e459e16bab4 P ad0ee3dce4ca4105a36c526517c37e02 [term 1 LEADER]: Becoming Leader. State: Replica: ad0ee3dce4ca4105a36c526517c37e02, State: Running, Role: LEADER
