I20260710 11:05:56.392560  7480 catalog_manager.cc:5697] T 068045e02e1e490bab02a407aaf8c73a P c704a20f652548a79e838cd83110aad2 reported cstate change: term changed from 1 to 2, leader changed from 78da12abbd0740a9b2dfb7c49f2bc673 (127.6.202.195) to c704a20f652548a79e838cd83110aad2 (127.6.202.193). New cstate: current_term: 2 leader_uuid: "c704a20f652548a79e838cd83110aad2" committed_config { opid_index: -1 OBSOLETE_local: false peers { permanent_uuid: "c704a20f652548a79e838cd83110aad2" member_type: VOTER last_known_addr { host: "127.6.202.193" port: 45789 } health_report { overall_health: HEALTHY } } peers { permanent_uuid: "63d2ced3681e4c3c8b473f589cb62171" member_type: VOTER last_known_addr { host: "127.6.202.194" port: 34677 } health_report { overall_health: UNKNOWN } } peers { permanent_uuid: "78da12abbd0740a9b2dfb7c49f2bc673" member_type: VOTER last_known_addr { host: "127.6.202.195" port: 42739 } health_report { overall_health: UNKNOWN } } }
I20260710 11:05:56.407055  7480 catalog_manager.cc:5697] T ccd530dd7ffe4d06845573bc56724821 P c704a20f652548a79e838cd83110aad2 reported cstate change: term changed from 1 to 2, leader changed from 63d2ced3681e4c3c8b473f589cb62171 (127.6.202.194) to c704a20f652548a79e838cd83110aad2 (127.6.202.193). New cstate: current_term: 2 leader_uuid: "c704a20f652548a79e838cd83110aad2" committed_config { opid_index: -1 OBSOLETE_local: false peers { permanent_uuid: "63d2ced3681e4c3c8b473f589cb62171" member_type: VOTER last_known_addr { host: "127.6.202.194" port: 34677 } health_report { overall_health: UNKNOWN } } peers { permanent_uuid: "c704a20f652548a79e838cd83110aad2" member_type: VOTER last_known_addr { host: "127.6.202.193" port: 45789 } health_report { overall_health: HEALTHY } } peers { permanent_uuid: "78da12abbd0740a9b2dfb7c49f2bc673" member_type: VOTER last_known_addr { host: "127.6.202.195" port: 42739 } health_report { overall_health: UNKNOWN } } }
I20260710 11:05:56.435572  7825 raft_consensus.cc:993] T bc008b6e51b54bad8d7025f25e21a895 P 78da12abbd0740a9b2dfb7c49f2bc673: : Instructing follower 63d2ced3681e4c3c8b473f589cb62171 to start an election
I20260710 11:05:56.436198  7814 raft_consensus.cc:1081] T bc008b6e51b54bad8d7025f25e21a895 P 78da12abbd0740a9b2dfb7c49f2bc673 [term 1 LEADER]: Signalling peer 63d2ced3681e4c3c8b473f589cb62171 to start an election
I20260710 11:05:56.438202  7655 tablet_service.cc:2044] Received Run Leader Election RPC: tablet_id: "bc008b6e51b54bad8d7025f25e21a895"
dest_uuid: "63d2ced3681e4c3c8b473f589cb62171"
 from {username='slave'} at 127.0.0.1:52644
I20260710 11:05:56.438884  7655 raft_consensus.cc:493] T bc008b6e51b54bad8d7025f25e21a895 P 63d2ced3681e4c3c8b473f589cb62171 [term 1 FOLLOWER]: Starting forced leader election (received explicit request)
I20260710 11:05:56.439322  7655 raft_consensus.cc:3060] T bc008b6e51b54bad8d7025f25e21a895 P 63d2ced3681e4c3c8b473f589cb62171 [term 1 FOLLOWER]: Advancing to term 2
I20260710 11:05:56.445062  7655 raft_consensus.cc:515] T bc008b6e51b54bad8d7025f25e21a895 P 63d2ced3681e4c3c8b473f589cb62171 [term 2 FOLLOWER]: Starting forced leader election with config: opid_index: -1 OBSOLETE_local: false peers { permanent_uuid: "c704a20f652548a79e838cd83110aad2" member_type: VOTER last_known_addr { host: "127.6.202.193" port: 45789 } } peers { permanent_uuid: "63d2ced3681e4c3c8b473f589cb62171" member_type: VOTER last_known_addr { host: "127.6.202.194" port: 34677 } } peers { permanent_uuid: "78da12abbd0740a9b2dfb7c49f2bc673" member_type: VOTER last_known_addr { host: "127.6.202.195" port: 42739 } }
I20260710 11:05:56.447130  7655 leader_election.cc:290] T bc008b6e51b54bad8d7025f25e21a895 P 63d2ced3681e4c3c8b473f589cb62171 [CANDIDATE]: Term 2 election: Requested vote from peers c704a20f652548a79e838cd83110aad2 (127.6.202.193:45789), 78da12abbd0740a9b2dfb7c49f2bc673 (127.6.202.195:42739)
I20260710 11:05:56.448200  7580 tablet_service.cc:1917] Received RequestConsensusVote() RPC: tablet_id: "bc008b6e51b54bad8d7025f25e21a895" candidate_uuid: "63d2ced3681e4c3c8b473f589cb62171" candidate_term: 2 candidate_status { last_received { term: 1 index: 1 } } ignore_live_leader: true dest_uuid: "c704a20f652548a79e838cd83110aad2"
I20260710 11:05:56.448510  7730 tablet_service.cc:1917] Received RequestConsensusVote() RPC: tablet_id: "bc008b6e51b54bad8d7025f25e21a895" candidate_uuid: "63d2ced3681e4c3c8b473f589cb62171" candidate_term: 2 candidate_status { last_received { term: 1 index: 1 } } ignore_live_leader: true dest_uuid: "78da12abbd0740a9b2dfb7c49f2bc673"
I20260710 11:05:56.448899  7580 raft_consensus.cc:3060] T bc008b6e51b54bad8d7025f25e21a895 P c704a20f652548a79e838cd83110aad2 [term 1 FOLLOWER]: Advancing to term 2
I20260710 11:05:56.449311  7730 raft_consensus.cc:3055] T bc008b6e51b54bad8d7025f25e21a895 P 78da12abbd0740a9b2dfb7c49f2bc673 [term 1 LEADER]: Stepping down as leader of term 1
I20260710 11:05:56.449623  7730 raft_consensus.cc:740] T bc008b6e51b54bad8d7025f25e21a895 P 78da12abbd0740a9b2dfb7c49f2bc673 [term 1 LEADER]: Becoming Follower/Learner. State: Replica: 78da12abbd0740a9b2dfb7c49f2bc673, State: Running, Role: LEADER
I20260710 11:05:56.450510  7730 consensus_queue.cc:260] T bc008b6e51b54bad8d7025f25e21a895 P 78da12abbd0740a9b2dfb7c49f2bc673 [NON_LEADER]: Queue going to NON_LEADER mode. State: All replicated index: 0, Majority replicated index: 1, Committed index: 1, Last appended: 1.1, Last appended by leader: 1, Current term: 1, Majority size: -1, State: 0, Mode: NON_LEADER, active raft config: opid_index: -1 OBSOLETE_local: false peers { permanent_uuid: "c704a20f652548a79e838cd83110aad2" member_type: VOTER last_known_addr { host: "127.6.202.193" port: 45789 } } peers { permanent_uuid: "63d2ced3681e4c3c8b473f589cb62171" member_type: VOTER last_known_addr { host: "127.6.202.194" port: 34677 } } peers { permanent_uuid: "78da12abbd0740a9b2dfb7c49f2bc673" member_type: VOTER last_known_addr { host: "127.6.202.195" port: 42739 } }
I20260710 11:05:56.451805  7730 raft_consensus.cc:3060] T bc008b6e51b54bad8d7025f25e21a895 P 78da12abbd0740a9b2dfb7c49f2bc673 [term 1 FOLLOWER]: Advancing to term 2
I20260710 11:05:56.454998  7580 raft_consensus.cc:2468] T bc008b6e51b54bad8d7025f25e21a895 P c704a20f652548a79e838cd83110aad2 [term 2 FOLLOWER]: Leader election vote request: Granting yes vote for candidate 63d2ced3681e4c3c8b473f589cb62171 in term 2.
I20260710 11:05:56.456377  7622 leader_election.cc:304] T bc008b6e51b54bad8d7025f25e21a895 P 63d2ced3681e4c3c8b473f589cb62171 [CANDIDATE]: Term 2 election: Election decided. Result: candidate won. Election summary: received 2 responses out of 3 voters: 2 yes votes; 0 no votes. yes voters: 63d2ced3681e4c3c8b473f589cb62171, c704a20f652548a79e838cd83110aad2; no voters: 
I20260710 11:05:56.457365  7799 raft_consensus.cc:2804] T bc008b6e51b54bad8d7025f25e21a895 P 63d2ced3681e4c3c8b473f589cb62171 [term 2 FOLLOWER]: Leader election won for term 2
I20260710 11:05:56.457957  7799 raft_consensus.cc:697] T bc008b6e51b54bad8d7025f25e21a895 P 63d2ced3681e4c3c8b473f589cb62171 [term 2 LEADER]: Becoming Leader. State: Replica: 63d2ced3681e4c3c8b473f589cb62171, State: Running, Role: LEADER
I20260710 11:05:56.458408  7730 raft_consensus.cc:2468] T bc008b6e51b54bad8d7025f25e21a895 P 78da12abbd0740a9b2dfb7c49f2bc673 [term 2 FOLLOWER]: Leader election vote request: Granting yes vote for candidate 63d2ced3681e4c3c8b473f589cb62171 in term 2.
I20260710 11:05:56.458719  7799 consensus_queue.cc:237] T bc008b6e51b54bad8d7025f25e21a895 P 63d2ced3681e4c3c8b473f589cb62171 [LEADER]: Queue going to LEADER mode. State: All replicated index: 0, Majority replicated index: 1, Committed index: 1, Last appended: 1.1, Last appended by leader: 1, Current term: 2, Majority size: 2, State: 0, Mode: LEADER, active raft config: opid_index: -1 OBSOLETE_local: false peers { permanent_uuid: "c704a20f652548a79e838cd83110aad2" member_type: VOTER last_known_addr { host: "127.6.202.193" port: 45789 } } peers { permanent_uuid: "63d2ced3681e4c3c8b473f589cb62171" member_type: VOTER last_known_addr { host: "127.6.202.194" port: 34677 } } peers { permanent_uuid: "78da12abbd0740a9b2dfb7c49f2bc673" member_type: VOTER last_known_addr { host: "127.6.202.195" port: 42739 } }
I20260710 11:05:56.465917  7480 catalog_manager.cc:5697] T bc008b6e51b54bad8d7025f25e21a895 P 63d2ced3681e4c3c8b473f589cb62171 reported cstate change: term changed from 1 to 2, leader changed from 78da12abbd0740a9b2dfb7c49f2bc673 (127.6.202.195) to 63d2ced3681e4c3c8b473f589cb62171 (127.6.202.194). New cstate: current_term: 2 leader_uuid: "63d2ced3681e4c3c8b473f589cb62171" committed_config { opid_index: -1 OBSOLETE_local: false peers { permanent_uuid: "c704a20f652548a79e838cd83110aad2" member_type: VOTER last_known_addr { host: "127.6.202.193" port: 45789 } health_report { overall_health: UNKNOWN } } peers { permanent_uuid: "63d2ced3681e4c3c8b473f589cb62171" member_type: VOTER last_known_addr { host: "127.6.202.194" port: 34677 } health_report { overall_health: HEALTHY } } peers { permanent_uuid: "78da12abbd0740a9b2dfb7c49f2bc673" member_type: VOTER last_known_addr { host: "127.6.202.195" port: 42739 } health_report { overall_health: UNKNOWN } } }
I20260710 11:05:56.525116  7730 raft_consensus.cc:1275] T 4bb1abfdb16246ada711c995f1f46ec4 P 78da12abbd0740a9b2dfb7c49f2bc673 [term 2 FOLLOWER]: Refusing update from remote peer c704a20f652548a79e838cd83110aad2: Log matching property violated. Preceding OpId in replica: term: 1 index: 1. Preceding OpId from leader: term: 2 index: 2. (index mismatch)
I20260710 11:05:56.526525  7858 consensus_queue.cc:1048] T 4bb1abfdb16246ada711c995f1f46ec4 P c704a20f652548a79e838cd83110aad2 [LEADER]: Connected to new peer: Peer: permanent_uuid: "78da12abbd0740a9b2dfb7c49f2bc673" member_type: VOTER last_known_addr { host: "127.6.202.195" port: 42739 }, Status: LMP_MISMATCH, Last received: 0.0, Next index: 2, Last known committed idx: 1, Time since last communication: 0.000s
I20260710 11:05:56.534678  7655 raft_consensus.cc:1275] T 4bb1abfdb16246ada711c995f1f46ec4 P 63d2ced3681e4c3c8b473f589cb62171 [term 2 FOLLOWER]: Refusing update from remote peer c704a20f652548a79e838cd83110aad2: Log matching property violated. Preceding OpId in replica: term: 1 index: 1. Preceding OpId from leader: term: 2 index: 2. (index mismatch)
I20260710 11:05:56.538091  7838 consensus_queue.cc:1048] T 4bb1abfdb16246ada711c995f1f46ec4 P c704a20f652548a79e838cd83110aad2 [LEADER]: Connected to new peer: Peer: permanent_uuid: "63d2ced3681e4c3c8b473f589cb62171" member_type: VOTER last_known_addr { host: "127.6.202.194" port: 34677 }, Status: LMP_MISMATCH, Last received: 0.0, Next index: 2, Last known committed idx: 1, Time since last communication: 0.000s
I20260710 11:05:56.710156  7730 raft_consensus.cc:1275] T 0de25d1b32204b9fbe14aeeff1d98460 P 78da12abbd0740a9b2dfb7c49f2bc673 [term 2 FOLLOWER]: Refusing update from remote peer c704a20f652548a79e838cd83110aad2: Log matching property violated. Preceding OpId in replica: term: 1 index: 1. Preceding OpId from leader: term: 2 index: 2. (index mismatch)
I20260710 11:05:56.711833  7838 consensus_queue.cc:1048] T 0de25d1b32204b9fbe14aeeff1d98460 P c704a20f652548a79e838cd83110aad2 [LEADER]: Connected to new peer: Peer: permanent_uuid: "78da12abbd0740a9b2dfb7c49f2bc673" member_type: VOTER last_known_addr { host: "127.6.202.195" port: 42739 }, Status: LMP_MISMATCH, Last received: 0.0, Next index: 2, Last known committed idx: 1, Time since last communication: 0.000s
I20260710 11:05:56.726536  7655 raft_consensus.cc:1275] T 0de25d1b32204b9fbe14aeeff1d98460 P 63d2ced3681e4c3c8b473f589cb62171 [term 2 FOLLOWER]: Refusing update from remote peer c704a20f652548a79e838cd83110aad2: Log matching property violated. Preceding OpId in replica: term: 1 index: 1. Preceding OpId from leader: term: 2 index: 2. (index mismatch)
I20260710 11:05:56.728035  7838 consensus_queue.cc:1048] T 0de25d1b32204b9fbe14aeeff1d98460 P c704a20f652548a79e838cd83110aad2 [LEADER]: Connected to new peer: Peer: permanent_uuid: "63d2ced3681e4c3c8b473f589cb62171" member_type: VOTER last_known_addr { host: "127.6.202.194" port: 34677 }, Status: LMP_MISMATCH, Last received: 0.0, Next index: 2, Last known committed idx: 1, Time since last communication: 0.000s
I20260710 11:05:56.780004  7730 raft_consensus.cc:1275] T 068045e02e1e490bab02a407aaf8c73a P 78da12abbd0740a9b2dfb7c49f2bc673 [term 2 FOLLOWER]: Refusing update from remote peer c704a20f652548a79e838cd83110aad2: Log matching property violated. Preceding OpId in replica: term: 1 index: 1. Preceding OpId from leader: term: 2 index: 2. (index mismatch)
I20260710 11:05:56.781615  7838 consensus_queue.cc:1048] T 068045e02e1e490bab02a407aaf8c73a P c704a20f652548a79e838cd83110aad2 [LEADER]: Connected to new peer: Peer: permanent_uuid: "78da12abbd0740a9b2dfb7c49f2bc673" member_type: VOTER last_known_addr { host: "127.6.202.195" port: 42739 }, Status: LMP_MISMATCH, Last received: 0.0, Next index: 2, Last known committed idx: 1, Time since last communication: 0.000s
I20260710 11:05:56.790990  7655 raft_consensus.cc:1275] T 068045e02e1e490bab02a407aaf8c73a P 63d2ced3681e4c3c8b473f589cb62171 [term 2 FOLLOWER]: Refusing update from remote peer c704a20f652548a79e838cd83110aad2: Log matching property violated. Preceding OpId in replica: term: 1 index: 1. Preceding OpId from leader: term: 2 index: 2. (index mismatch)
I20260710 11:05:56.792950  7838 consensus_queue.cc:1048] T 068045e02e1e490bab02a407aaf8c73a P c704a20f652548a79e838cd83110aad2 [LEADER]: Connected to new peer: Peer: permanent_uuid: "63d2ced3681e4c3c8b473f589cb62171" member_type: VOTER last_known_addr { host: "127.6.202.194" port: 34677 }, Status: LMP_MISMATCH, Last received: 0.0, Next index: 2, Last known committed idx: 1, Time since last communication: 0.000s
I20260710 11:05:56.904731  7730 raft_consensus.cc:1275] T ccd530dd7ffe4d06845573bc56724821 P 78da12abbd0740a9b2dfb7c49f2bc673 [term 2 FOLLOWER]: Refusing update from remote peer c704a20f652548a79e838cd83110aad2: Log matching property violated. Preceding OpId in replica: term: 1 index: 1. Preceding OpId from leader: term: 2 index: 2. (index mismatch)
I20260710 11:05:56.906415  7838 consensus_queue.cc:1048] T ccd530dd7ffe4d06845573bc56724821 P c704a20f652548a79e838cd83110aad2 [LEADER]: Connected to new peer: Peer: permanent_uuid: "78da12abbd0740a9b2dfb7c49f2bc673" member_type: VOTER last_known_addr { host: "127.6.202.195" port: 42739 }, Status: LMP_MISMATCH, Last received: 0.0, Next index: 2, Last known committed idx: 1, Time since last communication: 0.000s
I20260710 11:05:56.907944  7655 raft_consensus.cc:1275] T ccd530dd7ffe4d06845573bc56724821 P 63d2ced3681e4c3c8b473f589cb62171 [term 2 FOLLOWER]: Refusing update from remote peer c704a20f652548a79e838cd83110aad2: Log matching property violated. Preceding OpId in replica: term: 1 index: 1. Preceding OpId from leader: term: 2 index: 2. (index mismatch)
I20260710 11:05:56.909781  7838 consensus_queue.cc:1048] T ccd530dd7ffe4d06845573bc56724821 P c704a20f652548a79e838cd83110aad2 [LEADER]: Connected to new peer: Peer: permanent_uuid: "63d2ced3681e4c3c8b473f589cb62171" member_type: VOTER last_known_addr { host: "127.6.202.194" port: 34677 }, Status: LMP_MISMATCH, Last received: 0.0, Next index: 2, Last known committed idx: 1, Time since last communication: 0.001s
I20260710 11:05:56.917395  7580 raft_consensus.cc:1275] T bc008b6e51b54bad8d7025f25e21a895 P c704a20f652548a79e838cd83110aad2 [term 2 FOLLOWER]: Refusing update from remote peer 63d2ced3681e4c3c8b473f589cb62171: Log matching property violated. Preceding OpId in replica: term: 1 index: 1. Preceding OpId from leader: term: 2 index: 2. (index mismatch)
I20260710 11:05:56.919046  7778 consensus_queue.cc:1048] T bc008b6e51b54bad8d7025f25e21a895 P 63d2ced3681e4c3c8b473f589cb62171 [LEADER]: Connected to new peer: Peer: permanent_uuid: "c704a20f652548a79e838cd83110aad2" member_type: VOTER last_known_addr { host: "127.6.202.193" port: 45789 }, Status: LMP_MISMATCH, Last received: 0.0, Next index: 2, Last known committed idx: 1, Time since last communication: 0.000s
I20260710 11:05:56.937394  7730 raft_consensus.cc:1275] T bc008b6e51b54bad8d7025f25e21a895 P 78da12abbd0740a9b2dfb7c49f2bc673 [term 2 FOLLOWER]: Refusing update from remote peer 63d2ced3681e4c3c8b473f589cb62171: Log matching property violated. Preceding OpId in replica: term: 1 index: 1. Preceding OpId from leader: term: 2 index: 2. (index mismatch)
I20260710 11:05:56.944425  7778 consensus_queue.cc:1048] T bc008b6e51b54bad8d7025f25e21a895 P 63d2ced3681e4c3c8b473f589cb62171 [LEADER]: Connected to new peer: Peer: permanent_uuid: "78da12abbd0740a9b2dfb7c49f2bc673" member_type: VOTER last_known_addr { host: "127.6.202.195" port: 42739 }, Status: LMP_MISMATCH, Last received: 0.0, Next index: 2, Last known committed idx: 1, Time since last communication: 0.001s
W20260710 11:05:58.887257  7511 debug-util.cc:398] Leaking SignalData structure 0x7b080004d0e0 after lost signal to thread 6958
W20260710 11:05:58.888144  7511 debug-util.cc:398] Leaking SignalData structure 0x7b080004d7c0 after lost signal to thread 7514
W20260710 11:05:58.889068  7511 debug-util.cc:398] Leaking SignalData structure 0x7b080009d680 after lost signal to thread 7606
W20260710 11:05:58.889815  7511 debug-util.cc:398] Leaking SignalData structure 0x7b08001d51c0 after lost signal to thread 7681
W20260710 11:05:58.890538  7511 debug-util.cc:398] Leaking SignalData structure 0x7b08000b84e0 after lost signal to thread 7755
I20260710 11:05:59.041461  6955 auto_leader_rebalancer-test.cc:348] The leader distribution is 
I20260710 11:05:59.042397  6955 auto_leader_rebalancer.cc:141] leader rebalance for table test-workload
I20260710 11:05:59.062659  7582 tablet_service.cc:2072] Received LeaderStepDown RPC: tablet_id: "0de25d1b32204b9fbe14aeeff1d98460"
dest_uuid: "c704a20f652548a79e838cd83110aad2"
mode: GRACEFUL
new_leader_uuid: "78da12abbd0740a9b2dfb7c49f2bc673"
 from {username='slave'} at 127.0.0.1:49750
I20260710 11:05:59.063478  7582 raft_consensus.cc:606] T 0de25d1b32204b9fbe14aeeff1d98460 P c704a20f652548a79e838cd83110aad2 [term 2 LEADER]: Received request to transfer leadership to TS 78da12abbd0740a9b2dfb7c49f2bc673
I20260710 11:05:59.066604  7582 tablet_service.cc:2072] Received LeaderStepDown RPC: tablet_id: "ccd530dd7ffe4d06845573bc56724821"
dest_uuid: "c704a20f652548a79e838cd83110aad2"
mode: GRACEFUL
new_leader_uuid: "78da12abbd0740a9b2dfb7c49f2bc673"
 from {username='slave'} at 127.0.0.1:49750
I20260710 11:05:59.067255  7582 raft_consensus.cc:606] T ccd530dd7ffe4d06845573bc56724821 P c704a20f652548a79e838cd83110aad2 [term 2 LEADER]: Received request to transfer leadership to TS 78da12abbd0740a9b2dfb7c49f2bc673
I20260710 11:05:59.068570  6955 auto_leader_rebalancer.cc:452] table: test-workload, leader rebalance finish, leader transfer count: 2
I20260710 11:05:59.069079  6955 auto_leader_rebalancer.cc:527] All tables' leader rebalancing finished this round
I20260710 11:05:59.239562  7874 raft_consensus.cc:993] T ccd530dd7ffe4d06845573bc56724821 P c704a20f652548a79e838cd83110aad2: : Instructing follower 78da12abbd0740a9b2dfb7c49f2bc673 to start an election
I20260710 11:05:59.240150  7865 raft_consensus.cc:1081] T ccd530dd7ffe4d06845573bc56724821 P c704a20f652548a79e838cd83110aad2 [term 2 LEADER]: Signalling peer 78da12abbd0740a9b2dfb7c49f2bc673 to start an election
I20260710 11:05:59.242354  7730 tablet_service.cc:2044] Received Run Leader Election RPC: tablet_id: "ccd530dd7ffe4d06845573bc56724821"
dest_uuid: "78da12abbd0740a9b2dfb7c49f2bc673"
 from {username='slave'} at 127.0.0.1:48012
I20260710 11:05:59.243160  7730 raft_consensus.cc:493] T ccd530dd7ffe4d06845573bc56724821 P 78da12abbd0740a9b2dfb7c49f2bc673 [term 2 FOLLOWER]: Starting forced leader election (received explicit request)
I20260710 11:05:59.243629  7730 raft_consensus.cc:3060] T ccd530dd7ffe4d06845573bc56724821 P 78da12abbd0740a9b2dfb7c49f2bc673 [term 2 FOLLOWER]: Advancing to term 3
I20260710 11:05:59.252180  7730 raft_consensus.cc:515] T ccd530dd7ffe4d06845573bc56724821 P 78da12abbd0740a9b2dfb7c49f2bc673 [term 3 FOLLOWER]: Starting forced leader election with config: opid_index: -1 OBSOLETE_local: false peers { permanent_uuid: "63d2ced3681e4c3c8b473f589cb62171" member_type: VOTER last_known_addr { host: "127.6.202.194" port: 34677 } } peers { permanent_uuid: "c704a20f652548a79e838cd83110aad2" member_type: VOTER last_known_addr { host: "127.6.202.193" port: 45789 } } peers { permanent_uuid: "78da12abbd0740a9b2dfb7c49f2bc673" member_type: VOTER last_known_addr { host: "127.6.202.195" port: 42739 } }
I20260710 11:05:59.254658  7730 leader_election.cc:290] T ccd530dd7ffe4d06845573bc56724821 P 78da12abbd0740a9b2dfb7c49f2bc673 [CANDIDATE]: Term 3 election: Requested vote from peers 63d2ced3681e4c3c8b473f589cb62171 (127.6.202.194:34677), c704a20f652548a79e838cd83110aad2 (127.6.202.193:45789)
I20260710 11:05:59.255805  7656 tablet_service.cc:1917] Received RequestConsensusVote() RPC: tablet_id: "ccd530dd7ffe4d06845573bc56724821" candidate_uuid: "78da12abbd0740a9b2dfb7c49f2bc673" candidate_term: 3 candidate_status { last_received { term: 2 index: 2 } } ignore_live_leader: true dest_uuid: "63d2ced3681e4c3c8b473f589cb62171"
I20260710 11:05:59.256026  7582 tablet_service.cc:1917] Received RequestConsensusVote() RPC: tablet_id: "ccd530dd7ffe4d06845573bc56724821" candidate_uuid: "78da12abbd0740a9b2dfb7c49f2bc673" candidate_term: 3 candidate_status { last_received { term: 2 index: 2 } } ignore_live_leader: true dest_uuid: "c704a20f652548a79e838cd83110aad2"
I20260710 11:05:59.256700  7656 raft_consensus.cc:3060] T ccd530dd7ffe4d06845573bc56724821 P 63d2ced3681e4c3c8b473f589cb62171 [term 2 FOLLOWER]: Advancing to term 3
I20260710 11:05:59.256743  7582 raft_consensus.cc:3055] T ccd530dd7ffe4d06845573bc56724821 P c704a20f652548a79e838cd83110aad2 [term 2 LEADER]: Stepping down as leader of term 2
I20260710 11:05:59.257299  7582 raft_consensus.cc:740] T ccd530dd7ffe4d06845573bc56724821 P c704a20f652548a79e838cd83110aad2 [term 2 LEADER]: Becoming Follower/Learner. State: Replica: c704a20f652548a79e838cd83110aad2, State: Running, Role: LEADER
I20260710 11:05:59.258211  7582 consensus_queue.cc:260] T ccd530dd7ffe4d06845573bc56724821 P c704a20f652548a79e838cd83110aad2 [NON_LEADER]: Queue going to NON_LEADER mode. State: All replicated index: 0, Majority replicated index: 2, Committed index: 2, Last appended: 2.2, Last appended by leader: 2, Current term: 2, Majority size: -1, State: 0, Mode: NON_LEADER, active raft config: opid_index: -1 OBSOLETE_local: false peers { permanent_uuid: "63d2ced3681e4c3c8b473f589cb62171" member_type: VOTER last_known_addr { host: "127.6.202.194" port: 34677 } } peers { permanent_uuid: "c704a20f652548a79e838cd83110aad2" member_type: VOTER last_known_addr { host: "127.6.202.193" port: 45789 } } peers { permanent_uuid: "78da12abbd0740a9b2dfb7c49f2bc673" member_type: VOTER last_known_addr { host: "127.6.202.195" port: 42739 } }
I20260710 11:05:59.259580  7582 raft_consensus.cc:3060] T ccd530dd7ffe4d06845573bc56724821 P c704a20f652548a79e838cd83110aad2 [term 2 FOLLOWER]: Advancing to term 3
I20260710 11:05:59.264987  7656 raft_consensus.cc:2468] T ccd530dd7ffe4d06845573bc56724821 P 63d2ced3681e4c3c8b473f589cb62171 [term 3 FOLLOWER]: Leader election vote request: Granting yes vote for candidate 78da12abbd0740a9b2dfb7c49f2bc673 in term 3.
I20260710 11:05:59.266616  7696 leader_election.cc:304] T ccd530dd7ffe4d06845573bc56724821 P 78da12abbd0740a9b2dfb7c49f2bc673 [CANDIDATE]: Term 3 election: Election decided. Result: candidate won. Election summary: received 2 responses out of 3 voters: 2 yes votes; 0 no votes. yes voters: 63d2ced3681e4c3c8b473f589cb62171, 78da12abbd0740a9b2dfb7c49f2bc673; no voters: 
I20260710 11:05:59.267154  7582 raft_consensus.cc:2468] T ccd530dd7ffe4d06845573bc56724821 P c704a20f652548a79e838cd83110aad2 [term 3 FOLLOWER]: Leader election vote request: Granting yes vote for candidate 78da12abbd0740a9b2dfb7c49f2bc673 in term 3.
I20260710 11:05:59.267669  7814 raft_consensus.cc:2804] T ccd530dd7ffe4d06845573bc56724821 P 78da12abbd0740a9b2dfb7c49f2bc673 [term 3 FOLLOWER]: Leader election won for term 3
I20260710 11:05:59.269055  7814 raft_consensus.cc:697] T ccd530dd7ffe4d06845573bc56724821 P 78da12abbd0740a9b2dfb7c49f2bc673 [term 3 LEADER]: Becoming Leader. State: Replica: 78da12abbd0740a9b2dfb7c49f2bc673, State: Running, Role: LEADER
I20260710 11:05:59.270130  7814 consensus_queue.cc:237] T ccd530dd7ffe4d06845573bc56724821 P 78da12abbd0740a9b2dfb7c49f2bc673 [LEADER]: Queue going to LEADER mode. State: All replicated index: 0, Majority replicated index: 2, Committed index: 2, Last appended: 2.2, Last appended by leader: 2, Current term: 3, Majority size: 2, State: 0, Mode: LEADER, active raft config: opid_index: -1 OBSOLETE_local: false peers { permanent_uuid: "63d2ced3681e4c3c8b473f589cb62171" member_type: VOTER last_known_addr { host: "127.6.202.194" port: 34677 } } peers { permanent_uuid: "c704a20f652548a79e838cd83110aad2" member_type: VOTER last_known_addr { host: "127.6.202.193" port: 45789 } } peers { permanent_uuid: "78da12abbd0740a9b2dfb7c49f2bc673" member_type: VOTER last_known_addr { host: "127.6.202.195" port: 42739 } }
I20260710 11:05:59.283735  7480 catalog_manager.cc:5697] T ccd530dd7ffe4d06845573bc56724821 P 78da12abbd0740a9b2dfb7c49f2bc673 reported cstate change: term changed from 2 to 3, leader changed from c704a20f652548a79e838cd83110aad2 (127.6.202.193) to 78da12abbd0740a9b2dfb7c49f2bc673 (127.6.202.195). New cstate: current_term: 3 leader_uuid: "78da12abbd0740a9b2dfb7c49f2bc673" committed_config { opid_index: -1 OBSOLETE_local: false peers { permanent_uuid: "63d2ced3681e4c3c8b473f589cb62171" member_type: VOTER last_known_addr { host: "127.6.202.194" port: 34677 } health_report { overall_health: UNKNOWN } } peers { permanent_uuid: "c704a20f652548a79e838cd83110aad2" member_type: VOTER last_known_addr { host: "127.6.202.193" port: 45789 } health_report { overall_health: UNKNOWN } } peers { permanent_uuid: "78da12abbd0740a9b2dfb7c49f2bc673" member_type: VOTER last_known_addr { host: "127.6.202.195" port: 42739 } health_report { overall_health: HEALTHY } } }
I20260710 11:05:59.295559  7865 raft_consensus.cc:993] T 0de25d1b32204b9fbe14aeeff1d98460 P c704a20f652548a79e838cd83110aad2: : Instructing follower 78da12abbd0740a9b2dfb7c49f2bc673 to start an election
I20260710 11:05:59.296258  7865 raft_consensus.cc:1081] T 0de25d1b32204b9fbe14aeeff1d98460 P c704a20f652548a79e838cd83110aad2 [term 2 LEADER]: Signalling peer 78da12abbd0740a9b2dfb7c49f2bc673 to start an election
I20260710 11:05:59.298732  7730 tablet_service.cc:2044] Received Run Leader Election RPC: tablet_id: "0de25d1b32204b9fbe14aeeff1d98460"
dest_uuid: "78da12abbd0740a9b2dfb7c49f2bc673"
 from {username='slave'} at 127.0.0.1:48012
I20260710 11:05:59.299496  7730 raft_consensus.cc:493] T 0de25d1b32204b9fbe14aeeff1d98460 P 78da12abbd0740a9b2dfb7c49f2bc673 [term 2 FOLLOWER]: Starting forced leader election (received explicit request)
I20260710 11:05:59.299911  7730 raft_consensus.cc:3060] T 0de25d1b32204b9fbe14aeeff1d98460 P 78da12abbd0740a9b2dfb7c49f2bc673 [term 2 FOLLOWER]: Advancing to term 3
I20260710 11:05:59.307801  7730 raft_consensus.cc:515] T 0de25d1b32204b9fbe14aeeff1d98460 P 78da12abbd0740a9b2dfb7c49f2bc673 [term 3 FOLLOWER]: Starting forced leader election with config: opid_index: -1 OBSOLETE_local: false peers { permanent_uuid: "c704a20f652548a79e838cd83110aad2" member_type: VOTER last_known_addr { host: "127.6.202.193" port: 45789 } } peers { permanent_uuid: "63d2ced3681e4c3c8b473f589cb62171" member_type: VOTER last_known_addr { host: "127.6.202.194" port: 34677 } } peers { permanent_uuid: "78da12abbd0740a9b2dfb7c49f2bc673" member_type: VOTER last_known_addr { host: "127.6.202.195" port: 42739 } }
I20260710 11:05:59.310213  7730 leader_election.cc:290] T 0de25d1b32204b9fbe14aeeff1d98460 P 78da12abbd0740a9b2dfb7c49f2bc673 [CANDIDATE]: Term 3 election: Requested vote from peers c704a20f652548a79e838cd83110aad2 (127.6.202.193:45789), 63d2ced3681e4c3c8b473f589cb62171 (127.6.202.194:34677)
I20260710 11:05:59.311553  7656 tablet_service.cc:1917] Received RequestConsensusVote() RPC: tablet_id: "0de25d1b32204b9fbe14aeeff1d98460" candidate_uuid: "78da12abbd0740a9b2dfb7c49f2bc673" candidate_term: 3 candidate_status { last_received { term: 2 index: 2 } } ignore_live_leader: true dest_uuid: "63d2ced3681e4c3c8b473f589cb62171"
I20260710 11:05:59.312188  7656 raft_consensus.cc:3060] T 0de25d1b32204b9fbe14aeeff1d98460 P 63d2ced3681e4c3c8b473f589cb62171 [term 2 FOLLOWER]: Advancing to term 3
I20260710 11:05:59.312494  7582 tablet_service.cc:1917] Received RequestConsensusVote() RPC: tablet_id: "0de25d1b32204b9fbe14aeeff1d98460" candidate_uuid: "78da12abbd0740a9b2dfb7c49f2bc673" candidate_term: 3 candidate_status { last_received { term: 2 index: 2 } } ignore_live_leader: true dest_uuid: "c704a20f652548a79e838cd83110aad2"
I20260710 11:05:59.313297  7582 raft_consensus.cc:3055] T 0de25d1b32204b9fbe14aeeff1d98460 P c704a20f652548a79e838cd83110aad2 [term 2 LEADER]: Stepping down as leader of term 2
I20260710 11:05:59.313663  7582 raft_consensus.cc:740] T 0de25d1b32204b9fbe14aeeff1d98460 P c704a20f652548a79e838cd83110aad2 [term 2 LEADER]: Becoming Follower/Learner. State: Replica: c704a20f652548a79e838cd83110aad2, State: Running, Role: LEADER
I20260710 11:05:59.314632  7582 consensus_queue.cc:260] T 0de25d1b32204b9fbe14aeeff1d98460 P c704a20f652548a79e838cd83110aad2 [NON_LEADER]: Queue going to NON_LEADER mode. State: All replicated index: 0, Majority replicated index: 2, Committed index: 2, Last appended: 2.2, Last appended by leader: 2, Current term: 2, Majority size: -1, State: 0, Mode: NON_LEADER, active raft config: opid_index: -1 OBSOLETE_local: false peers { permanent_uuid: "c704a20f652548a79e838cd83110aad2" member_type: VOTER last_known_addr { host: "127.6.202.193" port: 45789 } } peers { permanent_uuid: "63d2ced3681e4c3c8b473f589cb62171" member_type: VOTER last_known_addr { host: "127.6.202.194" port: 34677 } } peers { permanent_uuid: "78da12abbd0740a9b2dfb7c49f2bc673" member_type: VOTER last_known_addr { host: "127.6.202.195" port: 42739 } }
I20260710 11:05:59.316000  7582 raft_consensus.cc:3060] T 0de25d1b32204b9fbe14aeeff1d98460 P c704a20f652548a79e838cd83110aad2 [term 2 FOLLOWER]: Advancing to term 3
I20260710 11:05:59.319002  7656 raft_consensus.cc:2468] T 0de25d1b32204b9fbe14aeeff1d98460 P 63d2ced3681e4c3c8b473f589cb62171 [term 3 FOLLOWER]: Leader election vote request: Granting yes vote for candidate 78da12abbd0740a9b2dfb7c49f2bc673 in term 3.
I20260710 11:05:59.320458  7696 leader_election.cc:304] T 0de25d1b32204b9fbe14aeeff1d98460 P 78da12abbd0740a9b2dfb7c49f2bc673 [CANDIDATE]: Term 3 election: Election decided. Result: candidate won. Election summary: received 2 responses out of 3 voters: 2 yes votes; 0 no votes. yes voters: 63d2ced3681e4c3c8b473f589cb62171, 78da12abbd0740a9b2dfb7c49f2bc673; no voters: 
I20260710 11:05:59.321307  7814 raft_consensus.cc:2804] T 0de25d1b32204b9fbe14aeeff1d98460 P 78da12abbd0740a9b2dfb7c49f2bc673 [term 3 FOLLOWER]: Leader election won for term 3
I20260710 11:05:59.321816  7814 raft_consensus.cc:697] T 0de25d1b32204b9fbe14aeeff1d98460 P 78da12abbd0740a9b2dfb7c49f2bc673 [term 3 LEADER]: Becoming Leader. State: Replica: 78da12abbd0740a9b2dfb7c49f2bc673, State: Running, Role: LEADER
I20260710 11:05:59.322778  7814 consensus_queue.cc:237] T 0de25d1b32204b9fbe14aeeff1d98460 P 78da12abbd0740a9b2dfb7c49f2bc673 [LEADER]: Queue going to LEADER mode. State: All replicated index: 0, Majority replicated index: 2, Committed index: 2, Last appended: 2.2, Last appended by leader: 2, Current term: 3, Majority size: 2, State: 0, Mode: LEADER, active raft config: opid_index: -1 OBSOLETE_local: false peers { permanent_uuid: "c704a20f652548a79e838cd83110aad2" member_type: VOTER last_known_addr { host: "127.6.202.193" port: 45789 } } peers { permanent_uuid: "63d2ced3681e4c3c8b473f589cb62171" member_type: VOTER last_known_addr { host: "127.6.202.194" port: 34677 } } peers { permanent_uuid: "78da12abbd0740a9b2dfb7c49f2bc673" member_type: VOTER last_known_addr { host: "127.6.202.195" port: 42739 } }
I20260710 11:05:59.326575  7582 raft_consensus.cc:2468] T 0de25d1b32204b9fbe14aeeff1d98460 P c704a20f652548a79e838cd83110aad2 [term 3 FOLLOWER]: Leader election vote request: Granting yes vote for candidate 78da12abbd0740a9b2dfb7c49f2bc673 in term 3.
I20260710 11:05:59.334971  7480 catalog_manager.cc:5697] T 0de25d1b32204b9fbe14aeeff1d98460 P 78da12abbd0740a9b2dfb7c49f2bc673 reported cstate change: term changed from 2 to 3, leader changed from c704a20f652548a79e838cd83110aad2 (127.6.202.193) to 78da12abbd0740a9b2dfb7c49f2bc673 (127.6.202.195). New cstate: current_term: 3 leader_uuid: "78da12abbd0740a9b2dfb7c49f2bc673" committed_config { opid_index: -1 OBSOLETE_local: false peers { permanent_uuid: "c704a20f652548a79e838cd83110aad2" member_type: VOTER last_known_addr { host: "127.6.202.193" port: 45789 } health_report { overall_health: UNKNOWN } } peers { permanent_uuid: "63d2ced3681e4c3c8b473f589cb62171" member_type: VOTER last_known_addr { host: "127.6.202.194" port: 34677 } health_report { overall_health: UNKNOWN } } peers { permanent_uuid: "78da12abbd0740a9b2dfb7c49f2bc673" member_type: VOTER last_known_addr { host: "127.6.202.195" port: 42739 } health_report { overall_health: HEALTHY } } }
I20260710 11:05:59.710626  7656 raft_consensus.cc:1275] T ccd530dd7ffe4d06845573bc56724821 P 63d2ced3681e4c3c8b473f589cb62171 [term 3 FOLLOWER]: Refusing update from remote peer 78da12abbd0740a9b2dfb7c49f2bc673: Log matching property violated. Preceding OpId in replica: term: 2 index: 2. Preceding OpId from leader: term: 3 index: 3. (index mismatch)
I20260710 11:05:59.712198  7814 consensus_queue.cc:1048] T ccd530dd7ffe4d06845573bc56724821 P 78da12abbd0740a9b2dfb7c49f2bc673 [LEADER]: Connected to new peer: Peer: permanent_uuid: "63d2ced3681e4c3c8b473f589cb62171" member_type: VOTER last_known_addr { host: "127.6.202.194" port: 34677 }, Status: LMP_MISMATCH, Last received: 0.0, Next index: 3, Last known committed idx: 2, Time since last communication: 0.000s
I20260710 11:05:59.742753  7582 raft_consensus.cc:1275] T ccd530dd7ffe4d06845573bc56724821 P c704a20f652548a79e838cd83110aad2 [term 3 FOLLOWER]: Refusing update from remote peer 78da12abbd0740a9b2dfb7c49f2bc673: Log matching property violated. Preceding OpId in replica: term: 2 index: 2. Preceding OpId from leader: term: 3 index: 3. (index mismatch)
I20260710 11:05:59.744196  7886 consensus_queue.cc:1048] T ccd530dd7ffe4d06845573bc56724821 P 78da12abbd0740a9b2dfb7c49f2bc673 [LEADER]: Connected to new peer: Peer: permanent_uuid: "c704a20f652548a79e838cd83110aad2" member_type: VOTER last_known_addr { host: "127.6.202.193" port: 45789 }, Status: LMP_MISMATCH, Last received: 0.0, Next index: 3, Last known committed idx: 2, Time since last communication: 0.000s
I20260710 11:05:59.760427  7582 raft_consensus.cc:1275] T 0de25d1b32204b9fbe14aeeff1d98460 P c704a20f652548a79e838cd83110aad2 [term 3 FOLLOWER]: Refusing update from remote peer 78da12abbd0740a9b2dfb7c49f2bc673: Log matching property violated. Preceding OpId in replica: term: 2 index: 2. Preceding OpId from leader: term: 3 index: 3. (index mismatch)
I20260710 11:05:59.762202  7886 consensus_queue.cc:1048] T 0de25d1b32204b9fbe14aeeff1d98460 P 78da12abbd0740a9b2dfb7c49f2bc673 [LEADER]: Connected to new peer: Peer: permanent_uuid: "c704a20f652548a79e838cd83110aad2" member_type: VOTER last_known_addr { host: "127.6.202.193" port: 45789 }, Status: LMP_MISMATCH, Last received: 0.0, Next index: 3, Last known committed idx: 2, Time since last communication: 0.001s
I20260710 11:05:59.777360  7656 raft_consensus.cc:1275] T 0de25d1b32204b9fbe14aeeff1d98460 P 63d2ced3681e4c3c8b473f589cb62171 [term 3 FOLLOWER]: Refusing update from remote peer 78da12abbd0740a9b2dfb7c49f2bc673: Log matching property violated. Preceding OpId in replica: term: 2 index: 2. Preceding OpId from leader: term: 3 index: 3. (index mismatch)
I20260710 11:05:59.779618  7814 consensus_queue.cc:1048] T 0de25d1b32204b9fbe14aeeff1d98460 P 78da12abbd0740a9b2dfb7c49f2bc673 [LEADER]: Connected to new peer: Peer: permanent_uuid: "63d2ced3681e4c3c8b473f589cb62171" member_type: VOTER last_known_addr { host: "127.6.202.194" port: 34677 }, Status: LMP_MISMATCH, Last received: 0.0, Next index: 3, Last known committed idx: 2, Time since last communication: 0.000s
I20260710 11:06:00.070042  6955 auto_leader_rebalancer.cc:141] leader rebalance for table test-workload
I20260710 11:06:00.081952  7730 tablet_service.cc:2072] Received LeaderStepDown RPC: tablet_id: "ccd530dd7ffe4d06845573bc56724821"
dest_uuid: "78da12abbd0740a9b2dfb7c49f2bc673"
mode: GRACEFUL
new_leader_uuid: "c704a20f652548a79e838cd83110aad2"
 from {username='slave'} at 127.0.0.1:48028
I20260710 11:06:00.082578  7730 raft_consensus.cc:606] T ccd530dd7ffe4d06845573bc56724821 P 78da12abbd0740a9b2dfb7c49f2bc673 [term 3 LEADER]: Received request to transfer leadership to TS c704a20f652548a79e838cd83110aad2
I20260710 11:06:00.092990  7730 tablet_service.cc:2072] Received LeaderStepDown RPC: tablet_id: "0de25d1b32204b9fbe14aeeff1d98460"
dest_uuid: "78da12abbd0740a9b2dfb7c49f2bc673"
mode: GRACEFUL
new_leader_uuid: "c704a20f652548a79e838cd83110aad2"
 from {username='slave'} at 127.0.0.1:48028
I20260710 11:06:00.093792  7730 raft_consensus.cc:606] T 0de25d1b32204b9fbe14aeeff1d98460 P 78da12abbd0740a9b2dfb7c49f2bc673 [term 3 LEADER]: Received request to transfer leadership to TS c704a20f652548a79e838cd83110aad2
I20260710 11:06:00.114812  7656 tablet_service.cc:2072] Received LeaderStepDown RPC: tablet_id: "36e3156b5d544dbd8d365b7a486ea6c6"
dest_uuid: "63d2ced3681e4c3c8b473f589cb62171"
mode: GRACEFUL
new_leader_uuid: "c704a20f652548a79e838cd83110aad2"
 from {username='slave'} at 127.0.0.1:52648
I20260710 11:06:00.115504  7656 raft_consensus.cc:606] T 36e3156b5d544dbd8d365b7a486ea6c6 P 63d2ced3681e4c3c8b473f589cb62171 [term 1 LEADER]: Received request to transfer leadership to TS c704a20f652548a79e838cd83110aad2
I20260710 11:06:00.121407  7656 tablet_service.cc:2072] Received LeaderStepDown RPC: tablet_id: "a4af4fcdc0a74ba189781a530d929494"
dest_uuid: "63d2ced3681e4c3c8b473f589cb62171"
mode: GRACEFUL
new_leader_uuid: "c704a20f652548a79e838cd83110aad2"
 from {username='slave'} at 127.0.0.1:52648
I20260710 11:06:00.121994  7656 raft_consensus.cc:606] T a4af4fcdc0a74ba189781a530d929494 P 63d2ced3681e4c3c8b473f589cb62171 [term 1 LEADER]: Received request to transfer leadership to TS c704a20f652548a79e838cd83110aad2
I20260710 11:06:00.129547  7656 tablet_service.cc:2072] Received LeaderStepDown RPC: tablet_id: "bc008b6e51b54bad8d7025f25e21a895"
dest_uuid: "63d2ced3681e4c3c8b473f589cb62171"
mode: GRACEFUL
new_leader_uuid: "c704a20f652548a79e838cd83110aad2"
 from {username='slave'} at 127.0.0.1:52648
I20260710 11:06:00.130268  7656 raft_consensus.cc:606] T bc008b6e51b54bad8d7025f25e21a895 P 63d2ced3681e4c3c8b473f589cb62171 [term 2 LEADER]: Received request to transfer leadership to TS c704a20f652548a79e838cd83110aad2
I20260710 11:06:00.189363  7875 raft_consensus.cc:993] T 0de25d1b32204b9fbe14aeeff1d98460 P 78da12abbd0740a9b2dfb7c49f2bc673: : Instructing follower c704a20f652548a79e838cd83110aad2 to start an election
I20260710 11:06:00.189844  7875 raft_consensus.cc:1081] T 0de25d1b32204b9fbe14aeeff1d98460 P 78da12abbd0740a9b2dfb7c49f2bc673 [term 3 LEADER]: Signalling peer c704a20f652548a79e838cd83110aad2 to start an election
I20260710 11:06:00.191516  7582 tablet_service.cc:2044] Received Run Leader Election RPC: tablet_id: "0de25d1b32204b9fbe14aeeff1d98460"
dest_uuid: "c704a20f652548a79e838cd83110aad2"
 from {username='slave'} at 127.0.0.1:49736
I20260710 11:06:00.192076  7582 raft_consensus.cc:493] T 0de25d1b32204b9fbe14aeeff1d98460 P c704a20f652548a79e838cd83110aad2 [term 3 FOLLOWER]: Starting forced leader election (received explicit request)
I20260710 11:06:00.192400  7582 raft_consensus.cc:3060] T 0de25d1b32204b9fbe14aeeff1d98460 P c704a20f652548a79e838cd83110aad2 [term 3 FOLLOWER]: Advancing to term 4
I20260710 11:06:00.197294  7582 raft_consensus.cc:515] T 0de25d1b32204b9fbe14aeeff1d98460 P c704a20f652548a79e838cd83110aad2 [term 4 FOLLOWER]: Starting forced leader election with config: opid_index: -1 OBSOLETE_local: false peers { permanent_uuid: "c704a20f652548a79e838cd83110aad2" member_type: VOTER last_known_addr { host: "127.6.202.193" port: 45789 } } peers { permanent_uuid: "63d2ced3681e4c3c8b473f589cb62171" member_type: VOTER last_known_addr { host: "127.6.202.194" port: 34677 } } peers { permanent_uuid: "78da12abbd0740a9b2dfb7c49f2bc673" member_type: VOTER last_known_addr { host: "127.6.202.195" port: 42739 } }
I20260710 11:06:00.199476  7582 leader_election.cc:290] T 0de25d1b32204b9fbe14aeeff1d98460 P c704a20f652548a79e838cd83110aad2 [CANDIDATE]: Term 4 election: Requested vote from peers 63d2ced3681e4c3c8b473f589cb62171 (127.6.202.194:34677), 78da12abbd0740a9b2dfb7c49f2bc673 (127.6.202.195:42739)
I20260710 11:06:00.199754  7656 tablet_service.cc:1917] Received RequestConsensusVote() RPC: tablet_id: "0de25d1b32204b9fbe14aeeff1d98460" candidate_uuid: "c704a20f652548a79e838cd83110aad2" candidate_term: 4 candidate_status { last_received { term: 3 index: 3 } } ignore_live_leader: true dest_uuid: "63d2ced3681e4c3c8b473f589cb62171"
I20260710 11:06:00.200315  7656 raft_consensus.cc:3060] T 0de25d1b32204b9fbe14aeeff1d98460 P 63d2ced3681e4c3c8b473f589cb62171 [term 3 FOLLOWER]: Advancing to term 4
I20260710 11:06:00.201637  7730 tablet_service.cc:1917] Received RequestConsensusVote() RPC: tablet_id: "0de25d1b32204b9fbe14aeeff1d98460" candidate_uuid: "c704a20f652548a79e838cd83110aad2" candidate_term: 4 candidate_status { last_received { term: 3 index: 3 } } ignore_live_leader: true dest_uuid: "78da12abbd0740a9b2dfb7c49f2bc673"
I20260710 11:06:00.202553  7730 raft_consensus.cc:3055] T 0de25d1b32204b9fbe14aeeff1d98460 P 78da12abbd0740a9b2dfb7c49f2bc673 [term 3 LEADER]: Stepping down as leader of term 3
I20260710 11:06:00.203083  7730 raft_consensus.cc:740] T 0de25d1b32204b9fbe14aeeff1d98460 P 78da12abbd0740a9b2dfb7c49f2bc673 [term 3 LEADER]: Becoming Follower/Learner. State: Replica: 78da12abbd0740a9b2dfb7c49f2bc673, State: Running, Role: LEADER
I20260710 11:06:00.204399  7730 consensus_queue.cc:260] T 0de25d1b32204b9fbe14aeeff1d98460 P 78da12abbd0740a9b2dfb7c49f2bc673 [NON_LEADER]: Queue going to NON_LEADER mode. State: All replicated index: 0, Majority replicated index: 3, Committed index: 3, Last appended: 3.3, Last appended by leader: 3, Current term: 3, Majority size: -1, State: 0, Mode: NON_LEADER, active raft config: opid_index: -1 OBSOLETE_local: false peers { permanent_uuid: "c704a20f652548a79e838cd83110aad2" member_type: VOTER last_known_addr { host: "127.6.202.193" port: 45789 } } peers { permanent_uuid: "63d2ced3681e4c3c8b473f589cb62171" member_type: VOTER last_known_addr { host: "127.6.202.194" port: 34677 } } peers { permanent_uuid: "78da12abbd0740a9b2dfb7c49f2bc673" member_type: VOTER last_known_addr { host: "127.6.202.195" port: 42739 } }
I20260710 11:06:00.206539  7730 raft_consensus.cc:3060] T 0de25d1b32204b9fbe14aeeff1d98460 P 78da12abbd0740a9b2dfb7c49f2bc673 [term 3 FOLLOWER]: Advancing to term 4
I20260710 11:06:00.208106  7656 raft_consensus.cc:2468] T 0de25d1b32204b9fbe14aeeff1d98460 P 63d2ced3681e4c3c8b473f589cb62171 [term 4 FOLLOWER]: Leader election vote request: Granting yes vote for candidate c704a20f652548a79e838cd83110aad2 in term 4.
I20260710 11:06:00.209604  7547 leader_election.cc:304] T 0de25d1b32204b9fbe14aeeff1d98460 P c704a20f652548a79e838cd83110aad2 [CANDIDATE]: Term 4 election: Election decided. Result: candidate won. Election summary: received 2 responses out of 3 voters: 2 yes votes; 0 no votes. yes voters: 63d2ced3681e4c3c8b473f589cb62171, c704a20f652548a79e838cd83110aad2; no voters: 
I20260710 11:06:00.210965  7865 raft_consensus.cc:2804] T 0de25d1b32204b9fbe14aeeff1d98460 P c704a20f652548a79e838cd83110aad2 [term 4 FOLLOWER]: Leader election won for term 4
I20260710 11:06:00.216306  7865 raft_consensus.cc:697] T 0de25d1b32204b9fbe14aeeff1d98460 P c704a20f652548a79e838cd83110aad2 [term 4 LEADER]: Becoming Leader. State: Replica: c704a20f652548a79e838cd83110aad2, State: Running, Role: LEADER
I20260710 11:06:00.217242  7865 consensus_queue.cc:237] T 0de25d1b32204b9fbe14aeeff1d98460 P c704a20f652548a79e838cd83110aad2 [LEADER]: Queue going to LEADER mode. State: All replicated index: 0, Majority replicated index: 3, Committed index: 3, Last appended: 3.3, Last appended by leader: 3, Current term: 4, Majority size: 2, State: 0, Mode: LEADER, active raft config: opid_index: -1 OBSOLETE_local: false peers { permanent_uuid: "c704a20f652548a79e838cd83110aad2" member_type: VOTER last_known_addr { host: "127.6.202.193" port: 45789 } } peers { permanent_uuid: "63d2ced3681e4c3c8b473f589cb62171" member_type: VOTER last_known_addr { host: "127.6.202.194" port: 34677 } } peers { permanent_uuid: "78da12abbd0740a9b2dfb7c49f2bc673" member_type: VOTER last_known_addr { host: "127.6.202.195" port: 42739 } }
I20260710 11:06:00.221899  7891 raft_consensus.cc:993] T 36e3156b5d544dbd8d365b7a486ea6c6 P 63d2ced3681e4c3c8b473f589cb62171: : Instructing follower c704a20f652548a79e838cd83110aad2 to start an election
I20260710 11:06:00.222517  7891 raft_consensus.cc:1081] T 36e3156b5d544dbd8d365b7a486ea6c6 P 63d2ced3681e4c3c8b473f589cb62171 [term 1 LEADER]: Signalling peer c704a20f652548a79e838cd83110aad2 to start an election
I20260710 11:06:00.216621  7730 raft_consensus.cc:2468] T 0de25d1b32204b9fbe14aeeff1d98460 P 78da12abbd0740a9b2dfb7c49f2bc673 [term 4 FOLLOWER]: Leader election vote request: Granting yes vote for candidate c704a20f652548a79e838cd83110aad2 in term 4.
I20260710 11:06:00.224740  7582 tablet_service.cc:2044] Received Run Leader Election RPC: tablet_id: "36e3156b5d544dbd8d365b7a486ea6c6"
dest_uuid: "c704a20f652548a79e838cd83110aad2"
 from {username='slave'} at 127.0.0.1:49726
I20260710 11:06:00.225314  7582 raft_consensus.cc:493] T 36e3156b5d544dbd8d365b7a486ea6c6 P c704a20f652548a79e838cd83110aad2 [term 1 FOLLOWER]: Starting forced leader election (received explicit request)
I20260710 11:06:00.225672  7582 raft_consensus.cc:3060] T 36e3156b5d544dbd8d365b7a486ea6c6 P c704a20f652548a79e838cd83110aad2 [term 1 FOLLOWER]: Advancing to term 2
I20260710 11:06:00.230376  7582 raft_consensus.cc:515] T 36e3156b5d544dbd8d365b7a486ea6c6 P c704a20f652548a79e838cd83110aad2 [term 2 FOLLOWER]: Starting forced leader election with config: opid_index: -1 OBSOLETE_local: false peers { permanent_uuid: "c704a20f652548a79e838cd83110aad2" member_type: VOTER last_known_addr { host: "127.6.202.193" port: 45789 } } peers { permanent_uuid: "63d2ced3681e4c3c8b473f589cb62171" member_type: VOTER last_known_addr { host: "127.6.202.194" port: 34677 } } peers { permanent_uuid: "78da12abbd0740a9b2dfb7c49f2bc673" member_type: VOTER last_known_addr { host: "127.6.202.195" port: 42739 } }
I20260710 11:06:00.230297  7479 catalog_manager.cc:5697] T 0de25d1b32204b9fbe14aeeff1d98460 P c704a20f652548a79e838cd83110aad2 reported cstate change: term changed from 3 to 4, leader changed from 78da12abbd0740a9b2dfb7c49f2bc673 (127.6.202.195) to c704a20f652548a79e838cd83110aad2 (127.6.202.193). New cstate: current_term: 4 leader_uuid: "c704a20f652548a79e838cd83110aad2" committed_config { opid_index: -1 OBSOLETE_local: false peers { permanent_uuid: "c704a20f652548a79e838cd83110aad2" member_type: VOTER last_known_addr { host: "127.6.202.193" port: 45789 } health_report { overall_health: HEALTHY } } peers { permanent_uuid: "63d2ced3681e4c3c8b473f589cb62171" member_type: VOTER last_known_addr { host: "127.6.202.194" port: 34677 } health_report { overall_health: UNKNOWN } } peers { permanent_uuid: "78da12abbd0740a9b2dfb7c49f2bc673" member_type: VOTER last_known_addr { host: "127.6.202.195" port: 42739 } health_report { overall_health: UNKNOWN } } }
I20260710 11:06:00.232530  7582 leader_election.cc:290] T 36e3156b5d544dbd8d365b7a486ea6c6 P c704a20f652548a79e838cd83110aad2 [CANDIDATE]: Term 2 election: Requested vote from peers 63d2ced3681e4c3c8b473f589cb62171 (127.6.202.194:34677), 78da12abbd0740a9b2dfb7c49f2bc673 (127.6.202.195:42739)
I20260710 11:06:00.233717  7656 tablet_service.cc:1917] Received RequestConsensusVote() RPC: tablet_id: "36e3156b5d544dbd8d365b7a486ea6c6" candidate_uuid: "c704a20f652548a79e838cd83110aad2" candidate_term: 2 candidate_status { last_received { term: 1 index: 1 } } ignore_live_leader: true dest_uuid: "63d2ced3681e4c3c8b473f589cb62171"
I20260710 11:06:00.234519  7656 raft_consensus.cc:3055] T 36e3156b5d544dbd8d365b7a486ea6c6 P 63d2ced3681e4c3c8b473f589cb62171 [term 1 LEADER]: Stepping down as leader of term 1
I20260710 11:06:00.234930  7656 raft_consensus.cc:740] T 36e3156b5d544dbd8d365b7a486ea6c6 P 63d2ced3681e4c3c8b473f589cb62171 [term 1 LEADER]: Becoming Follower/Learner. State: Replica: 63d2ced3681e4c3c8b473f589cb62171, State: Running, Role: LEADER
I20260710 11:06:00.235252  7730 tablet_service.cc:1917] Received RequestConsensusVote() RPC: tablet_id: "36e3156b5d544dbd8d365b7a486ea6c6" candidate_uuid: "c704a20f652548a79e838cd83110aad2" candidate_term: 2 candidate_status { last_received { term: 1 index: 1 } } ignore_live_leader: true dest_uuid: "78da12abbd0740a9b2dfb7c49f2bc673"
I20260710 11:06:00.235985  7730 raft_consensus.cc:3060] T 36e3156b5d544dbd8d365b7a486ea6c6 P 78da12abbd0740a9b2dfb7c49f2bc673 [term 1 FOLLOWER]: Advancing to term 2
