I20260710 11:06:17.576851 25462 raft_consensus.cc:2955] T 479a0a81914f4d59b702913d8e22093f P 881ecf0a91eb4c51a118179527eb0f2c [term 1 FOLLOWER]: Committing config change with OpId 1.2: config changed from index -1 to 2, NON_VOTER 199db4a8bee34647b3bebb73afb3ba7a (127.23.180.68) added. New config: { opid_index: 2 OBSOLETE_local: false peers { permanent_uuid: "f0753cf3cbdd436d991f875d1ce2f254" member_type: VOTER last_known_addr { host: "127.23.180.67" port: 33575 } } peers { permanent_uuid: "83967e1a898a4d158eb1d5be34c83c6e" member_type: VOTER last_known_addr { host: "127.23.180.65" port: 42159 } } peers { permanent_uuid: "881ecf0a91eb4c51a118179527eb0f2c" member_type: VOTER last_known_addr { host: "127.23.180.66" port: 35287 } attrs { replace: true } } peers { permanent_uuid: "199db4a8bee34647b3bebb73afb3ba7a" member_type: NON_VOTER last_known_addr { host: "127.23.180.68" port: 33905 } attrs { promote: true } } }
I20260710 11:06:17.588573 25285 catalog_manager.cc:5697] T 479a0a81914f4d59b702913d8e22093f P 83967e1a898a4d158eb1d5be34c83c6e reported cstate change: config changed from index -1 to 2, NON_VOTER 199db4a8bee34647b3bebb73afb3ba7a (127.23.180.68) added. New cstate: current_term: 1 leader_uuid: "83967e1a898a4d158eb1d5be34c83c6e" committed_config { opid_index: 2 OBSOLETE_local: false peers { permanent_uuid: "f0753cf3cbdd436d991f875d1ce2f254" member_type: VOTER last_known_addr { host: "127.23.180.67" port: 33575 } health_report { overall_health: UNKNOWN } } peers { permanent_uuid: "83967e1a898a4d158eb1d5be34c83c6e" member_type: VOTER last_known_addr { host: "127.23.180.65" port: 42159 } health_report { overall_health: HEALTHY } } peers { permanent_uuid: "881ecf0a91eb4c51a118179527eb0f2c" member_type: VOTER last_known_addr { host: "127.23.180.66" port: 35287 } attrs { replace: true } health_report { overall_health: HEALTHY } } peers { permanent_uuid: "199db4a8bee34647b3bebb73afb3ba7a" member_type: NON_VOTER last_known_addr { host: "127.23.180.68" port: 33905 } attrs { promote: true } health_report { overall_health: UNKNOWN } } }
I20260710 11:06:17.590780 25387 tablet_service.cc:2072] Received LeaderStepDown RPC: tablet_id: "5871ae2a637e4a3783bb03ad490d3bd3"
dest_uuid: "83967e1a898a4d158eb1d5be34c83c6e"
mode: GRACEFUL
 from {username='slave'} at 127.0.0.1:38754
I20260710 11:06:17.591455 25387 raft_consensus.cc:606] T 5871ae2a637e4a3783bb03ad490d3bd3 P 83967e1a898a4d158eb1d5be34c83c6e [term 2 LEADER]: Received request to transfer leadership
I20260710 11:06:17.595487 25387 tablet_service.cc:2072] Received LeaderStepDown RPC: tablet_id: "5871ae2a637e4a3783bb03ad490d3bd3"
dest_uuid: "83967e1a898a4d158eb1d5be34c83c6e"
mode: GRACEFUL
 from {username='slave'} at 127.0.0.1:38754
I20260710 11:06:17.595985 25387 raft_consensus.cc:606] T 5871ae2a637e4a3783bb03ad490d3bd3 P 83967e1a898a4d158eb1d5be34c83c6e [term 2 LEADER]: Received request to transfer leadership
W20260710 11:06:17.597080 25271 proxy.cc:239] Call had error, refreshing address and retrying: Remote error: Service unavailable: leadership transfer for 5871ae2a637e4a3783bb03ad490d3bd3 already in progress [suppressed 2 similar messages]
I20260710 11:06:17.595896 25535 raft_consensus.cc:2955] T 479a0a81914f4d59b702913d8e22093f P f0753cf3cbdd436d991f875d1ce2f254 [term 1 FOLLOWER]: Committing config change with OpId 1.2: config changed from index -1 to 2, NON_VOTER 199db4a8bee34647b3bebb73afb3ba7a (127.23.180.68) added. New config: { opid_index: 2 OBSOLETE_local: false peers { permanent_uuid: "f0753cf3cbdd436d991f875d1ce2f254" member_type: VOTER last_known_addr { host: "127.23.180.67" port: 33575 } } peers { permanent_uuid: "83967e1a898a4d158eb1d5be34c83c6e" member_type: VOTER last_known_addr { host: "127.23.180.65" port: 42159 } } peers { permanent_uuid: "881ecf0a91eb4c51a118179527eb0f2c" member_type: VOTER last_known_addr { host: "127.23.180.66" port: 35287 } attrs { replace: true } } peers { permanent_uuid: "199db4a8bee34647b3bebb73afb3ba7a" member_type: NON_VOTER last_known_addr { host: "127.23.180.68" port: 33905 } attrs { promote: true } } }
I20260710 11:06:17.604259 25387 tablet_service.cc:2072] Received LeaderStepDown RPC: tablet_id: "5871ae2a637e4a3783bb03ad490d3bd3"
dest_uuid: "83967e1a898a4d158eb1d5be34c83c6e"
mode: GRACEFUL
 from {username='slave'} at 127.0.0.1:38754
I20260710 11:06:17.604866 25387 raft_consensus.cc:606] T 5871ae2a637e4a3783bb03ad490d3bd3 P 83967e1a898a4d158eb1d5be34c83c6e [term 2 LEADER]: Received request to transfer leadership
W20260710 11:06:17.616230 25335 auto_rebalancer.cc:893] Removing replace marker failed: Service unavailable: leader transfer in progress
W20260710 11:06:17.616653 25335 auto_rebalancer.cc:901] Could not move replica: Remote error: Service unavailable: leadership transfer for 5871ae2a637e4a3783bb03ad490d3bd3 already in progress
W20260710 11:06:17.616915 25335 auto_rebalancer.cc:330] scheduled replica move failed to complete: Remote error: Service unavailable: leadership transfer for 5871ae2a637e4a3783bb03ad490d3bd3 already in progress
I20260710 11:06:17.836284 26038 raft_consensus.cc:993] T 5871ae2a637e4a3783bb03ad490d3bd3 P 83967e1a898a4d158eb1d5be34c83c6e: : Instructing follower f0753cf3cbdd436d991f875d1ce2f254 to start an election
I20260710 11:06:17.836834 26026 raft_consensus.cc:1081] T 5871ae2a637e4a3783bb03ad490d3bd3 P 83967e1a898a4d158eb1d5be34c83c6e [term 2 LEADER]: Signalling peer f0753cf3cbdd436d991f875d1ce2f254 to start an election
I20260710 11:06:17.838647 25533 tablet_service.cc:2044] Received Run Leader Election RPC: tablet_id: "5871ae2a637e4a3783bb03ad490d3bd3"
dest_uuid: "f0753cf3cbdd436d991f875d1ce2f254"
 from {username='slave'} at 127.0.0.1:57852
I20260710 11:06:17.839401 25533 raft_consensus.cc:493] T 5871ae2a637e4a3783bb03ad490d3bd3 P f0753cf3cbdd436d991f875d1ce2f254 [term 2 FOLLOWER]: Starting forced leader election (received explicit request)
I20260710 11:06:17.839829 25533 raft_consensus.cc:3060] T 5871ae2a637e4a3783bb03ad490d3bd3 P f0753cf3cbdd436d991f875d1ce2f254 [term 2 FOLLOWER]: Advancing to term 3
I20260710 11:06:17.848884 25533 raft_consensus.cc:515] T 5871ae2a637e4a3783bb03ad490d3bd3 P f0753cf3cbdd436d991f875d1ce2f254 [term 3 FOLLOWER]: Starting forced leader election with config: opid_index: 2 OBSOLETE_local: false peers { permanent_uuid: "83967e1a898a4d158eb1d5be34c83c6e" member_type: VOTER last_known_addr { host: "127.23.180.65" port: 42159 } attrs { replace: true } } peers { permanent_uuid: "881ecf0a91eb4c51a118179527eb0f2c" member_type: VOTER last_known_addr { host: "127.23.180.66" port: 35287 } } peers { permanent_uuid: "f0753cf3cbdd436d991f875d1ce2f254" member_type: VOTER last_known_addr { host: "127.23.180.67" port: 33575 } } peers { permanent_uuid: "199db4a8bee34647b3bebb73afb3ba7a" member_type: NON_VOTER last_known_addr { host: "127.23.180.68" port: 33905 } attrs { promote: true } }
I20260710 11:06:17.851740 25533 leader_election.cc:290] T 5871ae2a637e4a3783bb03ad490d3bd3 P f0753cf3cbdd436d991f875d1ce2f254 [CANDIDATE]: Term 3 election: Requested vote from peers 83967e1a898a4d158eb1d5be34c83c6e (127.23.180.65:42159), 881ecf0a91eb4c51a118179527eb0f2c (127.23.180.66:35287)
I20260710 11:06:17.855167 25387 tablet_service.cc:1917] Received RequestConsensusVote() RPC: tablet_id: "5871ae2a637e4a3783bb03ad490d3bd3" candidate_uuid: "f0753cf3cbdd436d991f875d1ce2f254" candidate_term: 3 candidate_status { last_received { term: 2 index: 3 } } ignore_live_leader: true dest_uuid: "83967e1a898a4d158eb1d5be34c83c6e"
I20260710 11:06:17.855901 25387 raft_consensus.cc:3055] T 5871ae2a637e4a3783bb03ad490d3bd3 P 83967e1a898a4d158eb1d5be34c83c6e [term 2 LEADER]: Stepping down as leader of term 2
I20260710 11:06:17.856245 25387 raft_consensus.cc:740] T 5871ae2a637e4a3783bb03ad490d3bd3 P 83967e1a898a4d158eb1d5be34c83c6e [term 2 LEADER]: Becoming Follower/Learner. State: Replica: 83967e1a898a4d158eb1d5be34c83c6e, State: Running, Role: LEADER
I20260710 11:06:17.857143 25387 consensus_queue.cc:260] T 5871ae2a637e4a3783bb03ad490d3bd3 P 83967e1a898a4d158eb1d5be34c83c6e [NON_LEADER]: Queue going to NON_LEADER mode. State: All replicated index: 0, Majority replicated index: 3, Committed index: 3, Last appended: 2.3, Last appended by leader: 3, Current term: 2, Majority size: -1, State: 0, Mode: NON_LEADER, active raft config: opid_index: 2 OBSOLETE_local: false peers { permanent_uuid: "83967e1a898a4d158eb1d5be34c83c6e" member_type: VOTER last_known_addr { host: "127.23.180.65" port: 42159 } attrs { replace: true } } peers { permanent_uuid: "881ecf0a91eb4c51a118179527eb0f2c" member_type: VOTER last_known_addr { host: "127.23.180.66" port: 35287 } } peers { permanent_uuid: "f0753cf3cbdd436d991f875d1ce2f254" member_type: VOTER last_known_addr { host: "127.23.180.67" port: 33575 } } peers { permanent_uuid: "199db4a8bee34647b3bebb73afb3ba7a" member_type: NON_VOTER last_known_addr { host: "127.23.180.68" port: 33905 } attrs { promote: true } }
I20260710 11:06:17.858827 25387 raft_consensus.cc:3060] T 5871ae2a637e4a3783bb03ad490d3bd3 P 83967e1a898a4d158eb1d5be34c83c6e [term 2 FOLLOWER]: Advancing to term 3
I20260710 11:06:17.863379 25462 tablet_service.cc:1917] Received RequestConsensusVote() RPC: tablet_id: "5871ae2a637e4a3783bb03ad490d3bd3" candidate_uuid: "f0753cf3cbdd436d991f875d1ce2f254" candidate_term: 3 candidate_status { last_received { term: 2 index: 3 } } ignore_live_leader: true dest_uuid: "881ecf0a91eb4c51a118179527eb0f2c"
I20260710 11:06:17.863993 25462 raft_consensus.cc:3060] T 5871ae2a637e4a3783bb03ad490d3bd3 P 881ecf0a91eb4c51a118179527eb0f2c [term 2 FOLLOWER]: Advancing to term 3
I20260710 11:06:17.868125 25387 raft_consensus.cc:2468] T 5871ae2a637e4a3783bb03ad490d3bd3 P 83967e1a898a4d158eb1d5be34c83c6e [term 3 FOLLOWER]: Leader election vote request: Granting yes vote for candidate f0753cf3cbdd436d991f875d1ce2f254 in term 3.
I20260710 11:06:17.869566 25501 leader_election.cc:304] T 5871ae2a637e4a3783bb03ad490d3bd3 P f0753cf3cbdd436d991f875d1ce2f254 [CANDIDATE]: Term 3 election: Election decided. Result: candidate won. Election summary: received 2 responses out of 3 voters: 2 yes votes; 0 no votes. yes voters: 83967e1a898a4d158eb1d5be34c83c6e, f0753cf3cbdd436d991f875d1ce2f254; no voters: 
I20260710 11:06:17.870388 26013 raft_consensus.cc:2804] T 5871ae2a637e4a3783bb03ad490d3bd3 P f0753cf3cbdd436d991f875d1ce2f254 [term 3 FOLLOWER]: Leader election won for term 3
I20260710 11:06:17.870841 26013 raft_consensus.cc:697] T 5871ae2a637e4a3783bb03ad490d3bd3 P f0753cf3cbdd436d991f875d1ce2f254 [term 3 LEADER]: Becoming Leader. State: Replica: f0753cf3cbdd436d991f875d1ce2f254, State: Running, Role: LEADER
I20260710 11:06:17.871663 26013 consensus_queue.cc:237] T 5871ae2a637e4a3783bb03ad490d3bd3 P f0753cf3cbdd436d991f875d1ce2f254 [LEADER]: Queue going to LEADER mode. State: All replicated index: 0, Majority replicated index: 3, Committed index: 3, Last appended: 2.3, Last appended by leader: 3, Current term: 3, Majority size: 2, State: 0, Mode: LEADER, active raft config: opid_index: 2 OBSOLETE_local: false peers { permanent_uuid: "83967e1a898a4d158eb1d5be34c83c6e" member_type: VOTER last_known_addr { host: "127.23.180.65" port: 42159 } attrs { replace: true } } peers { permanent_uuid: "881ecf0a91eb4c51a118179527eb0f2c" member_type: VOTER last_known_addr { host: "127.23.180.66" port: 35287 } } peers { permanent_uuid: "f0753cf3cbdd436d991f875d1ce2f254" member_type: VOTER last_known_addr { host: "127.23.180.67" port: 33575 } } peers { permanent_uuid: "199db4a8bee34647b3bebb73afb3ba7a" member_type: NON_VOTER last_known_addr { host: "127.23.180.68" port: 33905 } attrs { promote: true } }
I20260710 11:06:17.872606 25462 raft_consensus.cc:2468] T 5871ae2a637e4a3783bb03ad490d3bd3 P 881ecf0a91eb4c51a118179527eb0f2c [term 3 FOLLOWER]: Leader election vote request: Granting yes vote for candidate f0753cf3cbdd436d991f875d1ce2f254 in term 3.
I20260710 11:06:17.883616 25287 catalog_manager.cc:5697] T 5871ae2a637e4a3783bb03ad490d3bd3 P f0753cf3cbdd436d991f875d1ce2f254 reported cstate change: term changed from 2 to 3, leader changed from 83967e1a898a4d158eb1d5be34c83c6e (127.23.180.65) to f0753cf3cbdd436d991f875d1ce2f254 (127.23.180.67). New cstate: current_term: 3 leader_uuid: "f0753cf3cbdd436d991f875d1ce2f254" committed_config { opid_index: 2 OBSOLETE_local: false peers { permanent_uuid: "83967e1a898a4d158eb1d5be34c83c6e" member_type: VOTER last_known_addr { host: "127.23.180.65" port: 42159 } attrs { replace: true } health_report { overall_health: UNKNOWN } } peers { permanent_uuid: "881ecf0a91eb4c51a118179527eb0f2c" member_type: VOTER last_known_addr { host: "127.23.180.66" port: 35287 } health_report { overall_health: UNKNOWN } } peers { permanent_uuid: "f0753cf3cbdd436d991f875d1ce2f254" member_type: VOTER last_known_addr { host: "127.23.180.67" port: 33575 } health_report { overall_health: HEALTHY } } peers { permanent_uuid: "199db4a8bee34647b3bebb73afb3ba7a" member_type: NON_VOTER last_known_addr { host: "127.23.180.68" port: 33905 } attrs { promote: true } health_report { overall_health: UNKNOWN } } }
I20260710 11:06:18.024066 26043 ts_tablet_manager.cc:933] T 4ca3c8535a794eb18dba36a69a1f04c5 P 199db4a8bee34647b3bebb73afb3ba7a: Initiating tablet copy from peer 83967e1a898a4d158eb1d5be34c83c6e (127.23.180.65:42159)
I20260710 11:06:18.032399 26043 tablet_copy_client.cc:323] T 4ca3c8535a794eb18dba36a69a1f04c5 P 199db4a8bee34647b3bebb73afb3ba7a: tablet copy: Beginning tablet copy session from remote peer at address 127.23.180.65:42159
I20260710 11:06:18.034269 25398 tablet_copy_service.cc:140] P 83967e1a898a4d158eb1d5be34c83c6e: Received BeginTabletCopySession request for tablet 4ca3c8535a794eb18dba36a69a1f04c5 from peer 199db4a8bee34647b3bebb73afb3ba7a ({username='slave'} at 127.0.0.1:38778)
I20260710 11:06:18.034799 25398 tablet_copy_service.cc:161] P 83967e1a898a4d158eb1d5be34c83c6e: Beginning new tablet copy session on tablet 4ca3c8535a794eb18dba36a69a1f04c5 from peer 199db4a8bee34647b3bebb73afb3ba7a at {username='slave'} at 127.0.0.1:38778: session id = 199db4a8bee34647b3bebb73afb3ba7a-4ca3c8535a794eb18dba36a69a1f04c5
I20260710 11:06:18.045758 25398 tablet_copy_source_session.cc:215] T 4ca3c8535a794eb18dba36a69a1f04c5 P 83967e1a898a4d158eb1d5be34c83c6e: Tablet Copy: opened 0 blocks and 1 log segments
I20260710 11:06:18.049433 26043 data_dirs.cc:400] Could only allocate 1 dirs of requested 3 for tablet 4ca3c8535a794eb18dba36a69a1f04c5. 1 dirs total, 0 dirs full, 0 dirs failed
I20260710 11:06:18.067368 26043 tablet_copy_client.cc:806] T 4ca3c8535a794eb18dba36a69a1f04c5 P 199db4a8bee34647b3bebb73afb3ba7a: tablet copy: Starting download of 0 data blocks...
I20260710 11:06:18.068133 26043 tablet_copy_client.cc:670] T 4ca3c8535a794eb18dba36a69a1f04c5 P 199db4a8bee34647b3bebb73afb3ba7a: tablet copy: Starting download of 1 WAL segments...
I20260710 11:06:18.072892 26043 tablet_copy_client.cc:538] T 4ca3c8535a794eb18dba36a69a1f04c5 P 199db4a8bee34647b3bebb73afb3ba7a: tablet copy: Tablet Copy complete. Replacing tablet superblock.
I20260710 11:06:18.083950 26043 tablet_bootstrap.cc:492] T 4ca3c8535a794eb18dba36a69a1f04c5 P 199db4a8bee34647b3bebb73afb3ba7a: Bootstrap starting.
I20260710 11:06:18.100481 26045 ts_tablet_manager.cc:933] T 479a0a81914f4d59b702913d8e22093f P 199db4a8bee34647b3bebb73afb3ba7a: Initiating tablet copy from peer 83967e1a898a4d158eb1d5be34c83c6e (127.23.180.65:42159)
I20260710 11:06:18.114183 26043 tablet_bootstrap.cc:492] T 4ca3c8535a794eb18dba36a69a1f04c5 P 199db4a8bee34647b3bebb73afb3ba7a: Bootstrap replayed 1/1 log segments. Stats: ops{read=2 overwritten=0 applied=2 ignored=0} inserts{seen=0 ignored=0} mutations{seen=0 ignored=0} orphaned_commits=0. Pending: 0 replicates
I20260710 11:06:18.115304 26043 tablet_bootstrap.cc:492] T 4ca3c8535a794eb18dba36a69a1f04c5 P 199db4a8bee34647b3bebb73afb3ba7a: Bootstrap complete.
I20260710 11:06:18.116029 26043 ts_tablet_manager.cc:1403] T 4ca3c8535a794eb18dba36a69a1f04c5 P 199db4a8bee34647b3bebb73afb3ba7a: Time spent bootstrapping tablet: real 0.032s	user 0.026s	sys 0.003s
I20260710 11:06:18.119019 26043 raft_consensus.cc:359] T 4ca3c8535a794eb18dba36a69a1f04c5 P 199db4a8bee34647b3bebb73afb3ba7a [term 1 LEARNER]: Replica starting. Triggering 0 pending ops. Active config: opid_index: 2 OBSOLETE_local: false peers { permanent_uuid: "83967e1a898a4d158eb1d5be34c83c6e" member_type: VOTER last_known_addr { host: "127.23.180.65" port: 42159 } } peers { permanent_uuid: "881ecf0a91eb4c51a118179527eb0f2c" member_type: VOTER last_known_addr { host: "127.23.180.66" port: 35287 } } peers { permanent_uuid: "f0753cf3cbdd436d991f875d1ce2f254" member_type: VOTER last_known_addr { host: "127.23.180.67" port: 33575 } attrs { replace: true } } peers { permanent_uuid: "199db4a8bee34647b3bebb73afb3ba7a" member_type: NON_VOTER last_known_addr { host: "127.23.180.68" port: 33905 } attrs { promote: true } }
I20260710 11:06:18.119879 26043 raft_consensus.cc:740] T 4ca3c8535a794eb18dba36a69a1f04c5 P 199db4a8bee34647b3bebb73afb3ba7a [term 1 LEARNER]: Becoming Follower/Learner. State: Replica: 199db4a8bee34647b3bebb73afb3ba7a, State: Initialized, Role: LEARNER
I20260710 11:06:18.120541 26043 consensus_queue.cc:260] T 4ca3c8535a794eb18dba36a69a1f04c5 P 199db4a8bee34647b3bebb73afb3ba7a [NON_LEADER]: Queue going to NON_LEADER mode. State: All replicated index: 0, Majority replicated index: 0, Committed index: 2, Last appended: 1.2, Last appended by leader: 2, Current term: 0, Majority size: -1, State: 0, Mode: NON_LEADER, active raft config: opid_index: 2 OBSOLETE_local: false peers { permanent_uuid: "83967e1a898a4d158eb1d5be34c83c6e" member_type: VOTER last_known_addr { host: "127.23.180.65" port: 42159 } } peers { permanent_uuid: "881ecf0a91eb4c51a118179527eb0f2c" member_type: VOTER last_known_addr { host: "127.23.180.66" port: 35287 } } peers { permanent_uuid: "f0753cf3cbdd436d991f875d1ce2f254" member_type: VOTER last_known_addr { host: "127.23.180.67" port: 33575 } attrs { replace: true } } peers { permanent_uuid: "199db4a8bee34647b3bebb73afb3ba7a" member_type: NON_VOTER last_known_addr { host: "127.23.180.68" port: 33905 } attrs { promote: true } }
I20260710 11:06:18.130352 26043 ts_tablet_manager.cc:1434] T 4ca3c8535a794eb18dba36a69a1f04c5 P 199db4a8bee34647b3bebb73afb3ba7a: Time spent starting tablet: real 0.014s	user 0.009s	sys 0.004s
I20260710 11:06:18.134984 26045 tablet_copy_client.cc:323] T 479a0a81914f4d59b702913d8e22093f P 199db4a8bee34647b3bebb73afb3ba7a: tablet copy: Beginning tablet copy session from remote peer at address 127.23.180.65:42159
I20260710 11:06:18.137059 25398 tablet_copy_service.cc:140] P 83967e1a898a4d158eb1d5be34c83c6e: Received BeginTabletCopySession request for tablet 479a0a81914f4d59b702913d8e22093f from peer 199db4a8bee34647b3bebb73afb3ba7a ({username='slave'} at 127.0.0.1:38778)
I20260710 11:06:18.137607 25398 tablet_copy_service.cc:161] P 83967e1a898a4d158eb1d5be34c83c6e: Beginning new tablet copy session on tablet 479a0a81914f4d59b702913d8e22093f from peer 199db4a8bee34647b3bebb73afb3ba7a at {username='slave'} at 127.0.0.1:38778: session id = 199db4a8bee34647b3bebb73afb3ba7a-479a0a81914f4d59b702913d8e22093f
I20260710 11:06:18.138399 25399 tablet_copy_service.cc:342] P 83967e1a898a4d158eb1d5be34c83c6e: Request end of tablet copy session 199db4a8bee34647b3bebb73afb3ba7a-4ca3c8535a794eb18dba36a69a1f04c5 received from {username='slave'} at 127.0.0.1:38778
I20260710 11:06:18.138770 25399 tablet_copy_service.cc:434] P 83967e1a898a4d158eb1d5be34c83c6e: ending tablet copy session 199db4a8bee34647b3bebb73afb3ba7a-4ca3c8535a794eb18dba36a69a1f04c5 on tablet 4ca3c8535a794eb18dba36a69a1f04c5 with peer 199db4a8bee34647b3bebb73afb3ba7a
I20260710 11:06:18.146847 25398 tablet_copy_source_session.cc:215] T 479a0a81914f4d59b702913d8e22093f P 83967e1a898a4d158eb1d5be34c83c6e: Tablet Copy: opened 0 blocks and 1 log segments
I20260710 11:06:18.151468 26045 data_dirs.cc:400] Could only allocate 1 dirs of requested 3 for tablet 479a0a81914f4d59b702913d8e22093f. 1 dirs total, 0 dirs full, 0 dirs failed
I20260710 11:06:18.163326 26045 tablet_copy_client.cc:806] T 479a0a81914f4d59b702913d8e22093f P 199db4a8bee34647b3bebb73afb3ba7a: tablet copy: Starting download of 0 data blocks...
I20260710 11:06:18.163998 26045 tablet_copy_client.cc:670] T 479a0a81914f4d59b702913d8e22093f P 199db4a8bee34647b3bebb73afb3ba7a: tablet copy: Starting download of 1 WAL segments...
I20260710 11:06:18.167302 26045 tablet_copy_client.cc:538] T 479a0a81914f4d59b702913d8e22093f P 199db4a8bee34647b3bebb73afb3ba7a: tablet copy: Tablet Copy complete. Replacing tablet superblock.
I20260710 11:06:18.176011 26045 tablet_bootstrap.cc:492] T 479a0a81914f4d59b702913d8e22093f P 199db4a8bee34647b3bebb73afb3ba7a: Bootstrap starting.
I20260710 11:06:18.192664 26045 tablet_bootstrap.cc:492] T 479a0a81914f4d59b702913d8e22093f P 199db4a8bee34647b3bebb73afb3ba7a: Bootstrap replayed 1/1 log segments. Stats: ops{read=2 overwritten=0 applied=2 ignored=0} inserts{seen=0 ignored=0} mutations{seen=0 ignored=0} orphaned_commits=0. Pending: 0 replicates
I20260710 11:06:18.193361 26045 tablet_bootstrap.cc:492] T 479a0a81914f4d59b702913d8e22093f P 199db4a8bee34647b3bebb73afb3ba7a: Bootstrap complete.
I20260710 11:06:18.193908 26045 ts_tablet_manager.cc:1403] T 479a0a81914f4d59b702913d8e22093f P 199db4a8bee34647b3bebb73afb3ba7a: Time spent bootstrapping tablet: real 0.018s	user 0.011s	sys 0.005s
I20260710 11:06:18.196015 26045 raft_consensus.cc:359] T 479a0a81914f4d59b702913d8e22093f P 199db4a8bee34647b3bebb73afb3ba7a [term 1 LEARNER]: Replica starting. Triggering 0 pending ops. Active config: opid_index: 2 OBSOLETE_local: false peers { permanent_uuid: "f0753cf3cbdd436d991f875d1ce2f254" member_type: VOTER last_known_addr { host: "127.23.180.67" port: 33575 } } peers { permanent_uuid: "83967e1a898a4d158eb1d5be34c83c6e" member_type: VOTER last_known_addr { host: "127.23.180.65" port: 42159 } } peers { permanent_uuid: "881ecf0a91eb4c51a118179527eb0f2c" member_type: VOTER last_known_addr { host: "127.23.180.66" port: 35287 } attrs { replace: true } } peers { permanent_uuid: "199db4a8bee34647b3bebb73afb3ba7a" member_type: NON_VOTER last_known_addr { host: "127.23.180.68" port: 33905 } attrs { promote: true } }
I20260710 11:06:18.196615 26045 raft_consensus.cc:740] T 479a0a81914f4d59b702913d8e22093f P 199db4a8bee34647b3bebb73afb3ba7a [term 1 LEARNER]: Becoming Follower/Learner. State: Replica: 199db4a8bee34647b3bebb73afb3ba7a, State: Initialized, Role: LEARNER
I20260710 11:06:18.197220 26045 consensus_queue.cc:260] T 479a0a81914f4d59b702913d8e22093f P 199db4a8bee34647b3bebb73afb3ba7a [NON_LEADER]: Queue going to NON_LEADER mode. State: All replicated index: 0, Majority replicated index: 0, Committed index: 2, Last appended: 1.2, Last appended by leader: 2, Current term: 0, Majority size: -1, State: 0, Mode: NON_LEADER, active raft config: opid_index: 2 OBSOLETE_local: false peers { permanent_uuid: "f0753cf3cbdd436d991f875d1ce2f254" member_type: VOTER last_known_addr { host: "127.23.180.67" port: 33575 } } peers { permanent_uuid: "83967e1a898a4d158eb1d5be34c83c6e" member_type: VOTER last_known_addr { host: "127.23.180.65" port: 42159 } } peers { permanent_uuid: "881ecf0a91eb4c51a118179527eb0f2c" member_type: VOTER last_known_addr { host: "127.23.180.66" port: 35287 } attrs { replace: true } } peers { permanent_uuid: "199db4a8bee34647b3bebb73afb3ba7a" member_type: NON_VOTER last_known_addr { host: "127.23.180.68" port: 33905 } attrs { promote: true } }
I20260710 11:06:18.199656 26045 ts_tablet_manager.cc:1434] T 479a0a81914f4d59b702913d8e22093f P 199db4a8bee34647b3bebb73afb3ba7a: Time spent starting tablet: real 0.005s	user 0.004s	sys 0.000s
I20260710 11:06:18.203588 25398 tablet_copy_service.cc:342] P 83967e1a898a4d158eb1d5be34c83c6e: Request end of tablet copy session 199db4a8bee34647b3bebb73afb3ba7a-479a0a81914f4d59b702913d8e22093f received from {username='slave'} at 127.0.0.1:38778
I20260710 11:06:18.204015 25398 tablet_copy_service.cc:434] P 83967e1a898a4d158eb1d5be34c83c6e: ending tablet copy session 199db4a8bee34647b3bebb73afb3ba7a-479a0a81914f4d59b702913d8e22093f on tablet 479a0a81914f4d59b702913d8e22093f with peer 199db4a8bee34647b3bebb73afb3ba7a
I20260710 11:06:18.337023 25463 raft_consensus.cc:1275] T 5871ae2a637e4a3783bb03ad490d3bd3 P 881ecf0a91eb4c51a118179527eb0f2c [term 3 FOLLOWER]: Refusing update from remote peer f0753cf3cbdd436d991f875d1ce2f254: Log matching property violated. Preceding OpId in replica: term: 2 index: 3. Preceding OpId from leader: term: 3 index: 4. (index mismatch)
I20260710 11:06:18.338718 26013 consensus_queue.cc:1048] T 5871ae2a637e4a3783bb03ad490d3bd3 P f0753cf3cbdd436d991f875d1ce2f254 [LEADER]: Connected to new peer: Peer: permanent_uuid: "881ecf0a91eb4c51a118179527eb0f2c" member_type: VOTER last_known_addr { host: "127.23.180.66" port: 35287 }, Status: LMP_MISMATCH, Last received: 0.0, Next index: 4, Last known committed idx: 3, Time since last communication: 0.000s
W20260710 11:06:18.347788 25501 consensus_peers.cc:597] T 5871ae2a637e4a3783bb03ad490d3bd3 P f0753cf3cbdd436d991f875d1ce2f254 -> Peer 199db4a8bee34647b3bebb73afb3ba7a (127.23.180.68:33905): Couldn't send request to peer 199db4a8bee34647b3bebb73afb3ba7a. Error code: TABLET_NOT_FOUND (6). Status: Not found: Tablet not found: 5871ae2a637e4a3783bb03ad490d3bd3. This is attempt 1: this message will repeat every 5th retry.
I20260710 11:06:18.360183 25387 raft_consensus.cc:1275] T 5871ae2a637e4a3783bb03ad490d3bd3 P 83967e1a898a4d158eb1d5be34c83c6e [term 3 FOLLOWER]: Refusing update from remote peer f0753cf3cbdd436d991f875d1ce2f254: Log matching property violated. Preceding OpId in replica: term: 2 index: 3. Preceding OpId from leader: term: 3 index: 4. (index mismatch)
I20260710 11:06:18.363256 26031 consensus_queue.cc:1048] T 5871ae2a637e4a3783bb03ad490d3bd3 P f0753cf3cbdd436d991f875d1ce2f254 [LEADER]: Connected to new peer: Peer: permanent_uuid: "83967e1a898a4d158eb1d5be34c83c6e" member_type: VOTER last_known_addr { host: "127.23.180.65" port: 42159 } attrs { replace: true }, Status: LMP_MISMATCH, Last received: 0.0, Next index: 4, Last known committed idx: 3, Time since last communication: 0.000s
I20260710 11:06:18.530690 25811 raft_consensus.cc:1217] T 4ca3c8535a794eb18dba36a69a1f04c5 P 199db4a8bee34647b3bebb73afb3ba7a [term 1 LEARNER]: Deduplicated request from leader. Original: 1.1->[1.2-1.2]   Dedup: 1.2->[]
I20260710 11:06:18.534495 25811 raft_consensus.cc:1217] T 479a0a81914f4d59b702913d8e22093f P 199db4a8bee34647b3bebb73afb3ba7a [term 1 LEARNER]: Deduplicated request from leader. Original: 1.1->[1.2-1.2]   Dedup: 1.2->[]
I20260710 11:06:18.810976 26054 ts_tablet_manager.cc:933] T 5871ae2a637e4a3783bb03ad490d3bd3 P 199db4a8bee34647b3bebb73afb3ba7a: Initiating tablet copy from peer f0753cf3cbdd436d991f875d1ce2f254 (127.23.180.67:33575)
I20260710 11:06:18.812448 26054 tablet_copy_client.cc:323] T 5871ae2a637e4a3783bb03ad490d3bd3 P 199db4a8bee34647b3bebb73afb3ba7a: tablet copy: Beginning tablet copy session from remote peer at address 127.23.180.67:33575
I20260710 11:06:18.814020 25548 tablet_copy_service.cc:140] P f0753cf3cbdd436d991f875d1ce2f254: Received BeginTabletCopySession request for tablet 5871ae2a637e4a3783bb03ad490d3bd3 from peer 199db4a8bee34647b3bebb73afb3ba7a ({username='slave'} at 127.0.0.1:57864)
I20260710 11:06:18.814584 25548 tablet_copy_service.cc:161] P f0753cf3cbdd436d991f875d1ce2f254: Beginning new tablet copy session on tablet 5871ae2a637e4a3783bb03ad490d3bd3 from peer 199db4a8bee34647b3bebb73afb3ba7a at {username='slave'} at 127.0.0.1:57864: session id = 199db4a8bee34647b3bebb73afb3ba7a-5871ae2a637e4a3783bb03ad490d3bd3
I20260710 11:06:18.821939 25548 tablet_copy_source_session.cc:215] T 5871ae2a637e4a3783bb03ad490d3bd3 P f0753cf3cbdd436d991f875d1ce2f254: Tablet Copy: opened 0 blocks and 1 log segments
I20260710 11:06:18.825027 26054 data_dirs.cc:400] Could only allocate 1 dirs of requested 3 for tablet 5871ae2a637e4a3783bb03ad490d3bd3. 1 dirs total, 0 dirs full, 0 dirs failed
I20260710 11:06:18.837452 26054 tablet_copy_client.cc:806] T 5871ae2a637e4a3783bb03ad490d3bd3 P 199db4a8bee34647b3bebb73afb3ba7a: tablet copy: Starting download of 0 data blocks...
I20260710 11:06:18.838083 26054 tablet_copy_client.cc:670] T 5871ae2a637e4a3783bb03ad490d3bd3 P 199db4a8bee34647b3bebb73afb3ba7a: tablet copy: Starting download of 1 WAL segments...
I20260710 11:06:18.841926 26054 tablet_copy_client.cc:538] T 5871ae2a637e4a3783bb03ad490d3bd3 P 199db4a8bee34647b3bebb73afb3ba7a: tablet copy: Tablet Copy complete. Replacing tablet superblock.
I20260710 11:06:18.848311 26054 tablet_bootstrap.cc:492] T 5871ae2a637e4a3783bb03ad490d3bd3 P 199db4a8bee34647b3bebb73afb3ba7a: Bootstrap starting.
I20260710 11:06:18.868045 26054 tablet_bootstrap.cc:492] T 5871ae2a637e4a3783bb03ad490d3bd3 P 199db4a8bee34647b3bebb73afb3ba7a: Bootstrap replayed 1/1 log segments. Stats: ops{read=4 overwritten=0 applied=4 ignored=0} inserts{seen=0 ignored=0} mutations{seen=0 ignored=0} orphaned_commits=0. Pending: 0 replicates
I20260710 11:06:18.868760 26054 tablet_bootstrap.cc:492] T 5871ae2a637e4a3783bb03ad490d3bd3 P 199db4a8bee34647b3bebb73afb3ba7a: Bootstrap complete.
I20260710 11:06:18.869306 26054 ts_tablet_manager.cc:1403] T 5871ae2a637e4a3783bb03ad490d3bd3 P 199db4a8bee34647b3bebb73afb3ba7a: Time spent bootstrapping tablet: real 0.021s	user 0.015s	sys 0.005s
I20260710 11:06:18.871791 26054 raft_consensus.cc:359] T 5871ae2a637e4a3783bb03ad490d3bd3 P 199db4a8bee34647b3bebb73afb3ba7a [term 3 LEARNER]: Replica starting. Triggering 0 pending ops. Active config: opid_index: 2 OBSOLETE_local: false peers { permanent_uuid: "83967e1a898a4d158eb1d5be34c83c6e" member_type: VOTER last_known_addr { host: "127.23.180.65" port: 42159 } attrs { replace: true } } peers { permanent_uuid: "881ecf0a91eb4c51a118179527eb0f2c" member_type: VOTER last_known_addr { host: "127.23.180.66" port: 35287 } } peers { permanent_uuid: "f0753cf3cbdd436d991f875d1ce2f254" member_type: VOTER last_known_addr { host: "127.23.180.67" port: 33575 } } peers { permanent_uuid: "199db4a8bee34647b3bebb73afb3ba7a" member_type: NON_VOTER last_known_addr { host: "127.23.180.68" port: 33905 } attrs { promote: true } }
I20260710 11:06:18.872831 26054 raft_consensus.cc:740] T 5871ae2a637e4a3783bb03ad490d3bd3 P 199db4a8bee34647b3bebb73afb3ba7a [term 3 LEARNER]: Becoming Follower/Learner. State: Replica: 199db4a8bee34647b3bebb73afb3ba7a, State: Initialized, Role: LEARNER
I20260710 11:06:18.873487 26054 consensus_queue.cc:260] T 5871ae2a637e4a3783bb03ad490d3bd3 P 199db4a8bee34647b3bebb73afb3ba7a [NON_LEADER]: Queue going to NON_LEADER mode. State: All replicated index: 0, Majority replicated index: 0, Committed index: 4, Last appended: 3.4, Last appended by leader: 4, Current term: 0, Majority size: -1, State: 0, Mode: NON_LEADER, active raft config: opid_index: 2 OBSOLETE_local: false peers { permanent_uuid: "83967e1a898a4d158eb1d5be34c83c6e" member_type: VOTER last_known_addr { host: "127.23.180.65" port: 42159 } attrs { replace: true } } peers { permanent_uuid: "881ecf0a91eb4c51a118179527eb0f2c" member_type: VOTER last_known_addr { host: "127.23.180.66" port: 35287 } } peers { permanent_uuid: "f0753cf3cbdd436d991f875d1ce2f254" member_type: VOTER last_known_addr { host: "127.23.180.67" port: 33575 } } peers { permanent_uuid: "199db4a8bee34647b3bebb73afb3ba7a" member_type: NON_VOTER last_known_addr { host: "127.23.180.68" port: 33905 } attrs { promote: true } }
I20260710 11:06:18.876976 26054 ts_tablet_manager.cc:1434] T 5871ae2a637e4a3783bb03ad490d3bd3 P 199db4a8bee34647b3bebb73afb3ba7a: Time spent starting tablet: real 0.007s	user 0.009s	sys 0.000s
I20260710 11:06:18.878750 25548 tablet_copy_service.cc:342] P f0753cf3cbdd436d991f875d1ce2f254: Request end of tablet copy session 199db4a8bee34647b3bebb73afb3ba7a-5871ae2a637e4a3783bb03ad490d3bd3 received from {username='slave'} at 127.0.0.1:57864
I20260710 11:06:18.879148 25548 tablet_copy_service.cc:434] P f0753cf3cbdd436d991f875d1ce2f254: ending tablet copy session 199db4a8bee34647b3bebb73afb3ba7a-5871ae2a637e4a3783bb03ad490d3bd3 on tablet 5871ae2a637e4a3783bb03ad490d3bd3 with peer 199db4a8bee34647b3bebb73afb3ba7a
I20260710 11:06:18.959055 25974 raft_consensus.cc:1064] T 479a0a81914f4d59b702913d8e22093f P 83967e1a898a4d158eb1d5be34c83c6e: attempting to promote NON_VOTER 199db4a8bee34647b3bebb73afb3ba7a to VOTER
I20260710 11:06:18.961285 25974 consensus_queue.cc:237] T 479a0a81914f4d59b702913d8e22093f P 83967e1a898a4d158eb1d5be34c83c6e [LEADER]: Queue going to LEADER mode. State: All replicated index: 0, Majority replicated index: 2, Committed index: 2, Last appended: 1.2, Last appended by leader: 0, Current term: 1, Majority size: 3, State: 0, Mode: LEADER, active raft config: opid_index: 3 OBSOLETE_local: false peers { permanent_uuid: "f0753cf3cbdd436d991f875d1ce2f254" member_type: VOTER last_known_addr { host: "127.23.180.67" port: 33575 } } peers { permanent_uuid: "83967e1a898a4d158eb1d5be34c83c6e" member_type: VOTER last_known_addr { host: "127.23.180.65" port: 42159 } } peers { permanent_uuid: "881ecf0a91eb4c51a118179527eb0f2c" member_type: VOTER last_known_addr { host: "127.23.180.66" port: 35287 } attrs { replace: true } } peers { permanent_uuid: "199db4a8bee34647b3bebb73afb3ba7a" member_type: VOTER last_known_addr { host: "127.23.180.68" port: 33905 } attrs { promote: false } }
I20260710 11:06:18.968618 25463 raft_consensus.cc:1275] T 479a0a81914f4d59b702913d8e22093f P 881ecf0a91eb4c51a118179527eb0f2c [term 1 FOLLOWER]: Refusing update from remote peer 83967e1a898a4d158eb1d5be34c83c6e: Log matching property violated. Preceding OpId in replica: term: 1 index: 2. Preceding OpId from leader: term: 1 index: 3. (index mismatch)
I20260710 11:06:18.968770 25533 raft_consensus.cc:1275] T 479a0a81914f4d59b702913d8e22093f P f0753cf3cbdd436d991f875d1ce2f254 [term 1 FOLLOWER]: Refusing update from remote peer 83967e1a898a4d158eb1d5be34c83c6e: Log matching property violated. Preceding OpId in replica: term: 1 index: 2. Preceding OpId from leader: term: 1 index: 3. (index mismatch)
I20260710 11:06:18.970203 25974 consensus_queue.cc:1048] T 479a0a81914f4d59b702913d8e22093f P 83967e1a898a4d158eb1d5be34c83c6e [LEADER]: Connected to new peer: Peer: permanent_uuid: "f0753cf3cbdd436d991f875d1ce2f254" member_type: VOTER last_known_addr { host: "127.23.180.67" port: 33575 }, Status: LMP_MISMATCH, Last received: 0.0, Next index: 3, Last known committed idx: 2, Time since last communication: 0.000s
I20260710 11:06:18.970714 25811 raft_consensus.cc:1275] T 479a0a81914f4d59b702913d8e22093f P 199db4a8bee34647b3bebb73afb3ba7a [term 1 LEARNER]: Refusing update from remote peer 83967e1a898a4d158eb1d5be34c83c6e: Log matching property violated. Preceding OpId in replica: term: 1 index: 2. Preceding OpId from leader: term: 1 index: 3. (index mismatch)
I20260710 11:06:18.974507 26038 consensus_queue.cc:1048] T 479a0a81914f4d59b702913d8e22093f P 83967e1a898a4d158eb1d5be34c83c6e [LEADER]: Connected to new peer: Peer: permanent_uuid: "199db4a8bee34647b3bebb73afb3ba7a" member_type: VOTER last_known_addr { host: "127.23.180.68" port: 33905 } attrs { promote: false }, Status: LMP_MISMATCH, Last received: 0.0, Next index: 3, Last known committed idx: 2, Time since last communication: 0.000s
I20260710 11:06:18.982234 26026 consensus_queue.cc:1048] T 479a0a81914f4d59b702913d8e22093f P 83967e1a898a4d158eb1d5be34c83c6e [LEADER]: Connected to new peer: Peer: permanent_uuid: "881ecf0a91eb4c51a118179527eb0f2c" member_type: VOTER last_known_addr { host: "127.23.180.66" port: 35287 } attrs { replace: true }, Status: LMP_MISMATCH, Last received: 0.0, Next index: 3, Last known committed idx: 2, Time since last communication: 0.001s
I20260710 11:06:19.000036 25974 raft_consensus.cc:2955] T 479a0a81914f4d59b702913d8e22093f P 83967e1a898a4d158eb1d5be34c83c6e [term 1 LEADER]: Committing config change with OpId 1.3: config changed from index 2 to 3, 199db4a8bee34647b3bebb73afb3ba7a (127.23.180.68) changed from NON_VOTER to VOTER. New config: { opid_index: 3 OBSOLETE_local: false peers { permanent_uuid: "f0753cf3cbdd436d991f875d1ce2f254" member_type: VOTER last_known_addr { host: "127.23.180.67" port: 33575 } } peers { permanent_uuid: "83967e1a898a4d158eb1d5be34c83c6e" member_type: VOTER last_known_addr { host: "127.23.180.65" port: 42159 } } peers { permanent_uuid: "881ecf0a91eb4c51a118179527eb0f2c" member_type: VOTER last_known_addr { host: "127.23.180.66" port: 35287 } attrs { replace: true } } peers { permanent_uuid: "199db4a8bee34647b3bebb73afb3ba7a" member_type: VOTER last_known_addr { host: "127.23.180.68" port: 33905 } attrs { promote: false } } }
I20260710 11:06:19.001420 25462 raft_consensus.cc:2955] T 479a0a81914f4d59b702913d8e22093f P 881ecf0a91eb4c51a118179527eb0f2c [term 1 FOLLOWER]: Committing config change with OpId 1.3: config changed from index 2 to 3, 199db4a8bee34647b3bebb73afb3ba7a (127.23.180.68) changed from NON_VOTER to VOTER. New config: { opid_index: 3 OBSOLETE_local: false peers { permanent_uuid: "f0753cf3cbdd436d991f875d1ce2f254" member_type: VOTER last_known_addr { host: "127.23.180.67" port: 33575 } } peers { permanent_uuid: "83967e1a898a4d158eb1d5be34c83c6e" member_type: VOTER last_known_addr { host: "127.23.180.65" port: 42159 } } peers { permanent_uuid: "881ecf0a91eb4c51a118179527eb0f2c" member_type: VOTER last_known_addr { host: "127.23.180.66" port: 35287 } attrs { replace: true } } peers { permanent_uuid: "199db4a8bee34647b3bebb73afb3ba7a" member_type: VOTER last_known_addr { host: "127.23.180.68" port: 33905 } attrs { promote: false } } }
I20260710 11:06:19.003468 25811 raft_consensus.cc:2955] T 479a0a81914f4d59b702913d8e22093f P 199db4a8bee34647b3bebb73afb3ba7a [term 1 FOLLOWER]: Committing config change with OpId 1.3: config changed from index 2 to 3, 199db4a8bee34647b3bebb73afb3ba7a (127.23.180.68) changed from NON_VOTER to VOTER. New config: { opid_index: 3 OBSOLETE_local: false peers { permanent_uuid: "f0753cf3cbdd436d991f875d1ce2f254" member_type: VOTER last_known_addr { host: "127.23.180.67" port: 33575 } } peers { permanent_uuid: "83967e1a898a4d158eb1d5be34c83c6e" member_type: VOTER last_known_addr { host: "127.23.180.65" port: 42159 } } peers { permanent_uuid: "881ecf0a91eb4c51a118179527eb0f2c" member_type: VOTER last_known_addr { host: "127.23.180.66" port: 35287 } attrs { replace: true } } peers { permanent_uuid: "199db4a8bee34647b3bebb73afb3ba7a" member_type: VOTER last_known_addr { host: "127.23.180.68" port: 33905 } attrs { promote: false } } }
I20260710 11:06:19.015331 25287 catalog_manager.cc:5697] T 479a0a81914f4d59b702913d8e22093f P 83967e1a898a4d158eb1d5be34c83c6e reported cstate change: config changed from index 2 to 3, 199db4a8bee34647b3bebb73afb3ba7a (127.23.180.68) changed from NON_VOTER to VOTER. New cstate: current_term: 1 leader_uuid: "83967e1a898a4d158eb1d5be34c83c6e" committed_config { opid_index: 3 OBSOLETE_local: false peers { permanent_uuid: "f0753cf3cbdd436d991f875d1ce2f254" member_type: VOTER last_known_addr { host: "127.23.180.67" port: 33575 } health_report { overall_health: HEALTHY } } peers { permanent_uuid: "83967e1a898a4d158eb1d5be34c83c6e" member_type: VOTER last_known_addr { host: "127.23.180.65" port: 42159 } health_report { overall_health: HEALTHY } } peers { permanent_uuid: "881ecf0a91eb4c51a118179527eb0f2c" member_type: VOTER last_known_addr { host: "127.23.180.66" port: 35287 } attrs { replace: true } health_report { overall_health: HEALTHY } } peers { permanent_uuid: "199db4a8bee34647b3bebb73afb3ba7a" member_type: VOTER last_known_addr { host: "127.23.180.68" port: 33905 } attrs { promote: false } health_report { overall_health: HEALTHY } } }
I20260710 11:06:19.015666 25533 raft_consensus.cc:2955] T 479a0a81914f4d59b702913d8e22093f P f0753cf3cbdd436d991f875d1ce2f254 [term 1 FOLLOWER]: Committing config change with OpId 1.3: config changed from index 2 to 3, 199db4a8bee34647b3bebb73afb3ba7a (127.23.180.68) changed from NON_VOTER to VOTER. New config: { opid_index: 3 OBSOLETE_local: false peers { permanent_uuid: "f0753cf3cbdd436d991f875d1ce2f254" member_type: VOTER last_known_addr { host: "127.23.180.67" port: 33575 } } peers { permanent_uuid: "83967e1a898a4d158eb1d5be34c83c6e" member_type: VOTER last_known_addr { host: "127.23.180.65" port: 42159 } } peers { permanent_uuid: "881ecf0a91eb4c51a118179527eb0f2c" member_type: VOTER last_known_addr { host: "127.23.180.66" port: 35287 } attrs { replace: true } } peers { permanent_uuid: "199db4a8bee34647b3bebb73afb3ba7a" member_type: VOTER last_known_addr { host: "127.23.180.68" port: 33905 } attrs { promote: false } } }
I20260710 11:06:19.039474 25387 consensus_queue.cc:237] T 479a0a81914f4d59b702913d8e22093f P 83967e1a898a4d158eb1d5be34c83c6e [LEADER]: Queue going to LEADER mode. State: All replicated index: 0, Majority replicated index: 3, Committed index: 3, Last appended: 1.3, Last appended by leader: 0, Current term: 1, Majority size: 2, State: 0, Mode: LEADER, active raft config: opid_index: 4 OBSOLETE_local: false peers { permanent_uuid: "f0753cf3cbdd436d991f875d1ce2f254" member_type: VOTER last_known_addr { host: "127.23.180.67" port: 33575 } } peers { permanent_uuid: "83967e1a898a4d158eb1d5be34c83c6e" member_type: VOTER last_known_addr { host: "127.23.180.65" port: 42159 } } peers { permanent_uuid: "199db4a8bee34647b3bebb73afb3ba7a" member_type: VOTER last_known_addr { host: "127.23.180.68" port: 33905 } attrs { promote: false } }
I20260710 11:06:19.049768 25533 raft_consensus.cc:1275] T 479a0a81914f4d59b702913d8e22093f P f0753cf3cbdd436d991f875d1ce2f254 [term 1 FOLLOWER]: Refusing update from remote peer 83967e1a898a4d158eb1d5be34c83c6e: Log matching property violated. Preceding OpId in replica: term: 1 index: 3. Preceding OpId from leader: term: 1 index: 4. (index mismatch)
I20260710 11:06:19.050339 25811 raft_consensus.cc:1275] T 479a0a81914f4d59b702913d8e22093f P 199db4a8bee34647b3bebb73afb3ba7a [term 1 FOLLOWER]: Refusing update from remote peer 83967e1a898a4d158eb1d5be34c83c6e: Log matching property violated. Preceding OpId in replica: term: 1 index: 3. Preceding OpId from leader: term: 1 index: 4. (index mismatch)
I20260710 11:06:19.051326 26026 consensus_queue.cc:1048] T 479a0a81914f4d59b702913d8e22093f P 83967e1a898a4d158eb1d5be34c83c6e [LEADER]: Connected to new peer: Peer: permanent_uuid: "f0753cf3cbdd436d991f875d1ce2f254" member_type: VOTER last_known_addr { host: "127.23.180.67" port: 33575 }, Status: LMP_MISMATCH, Last received: 0.0, Next index: 4, Last known committed idx: 3, Time since last communication: 0.000s
I20260710 11:06:19.053745 26038 consensus_queue.cc:1048] T 479a0a81914f4d59b702913d8e22093f P 83967e1a898a4d158eb1d5be34c83c6e [LEADER]: Connected to new peer: Peer: permanent_uuid: "199db4a8bee34647b3bebb73afb3ba7a" member_type: VOTER last_known_addr { host: "127.23.180.68" port: 33905 } attrs { promote: false }, Status: LMP_MISMATCH, Last received: 0.0, Next index: 4, Last known committed idx: 3, Time since last communication: 0.001s
I20260710 11:06:19.058807 25974 raft_consensus.cc:2955] T 479a0a81914f4d59b702913d8e22093f P 83967e1a898a4d158eb1d5be34c83c6e [term 1 LEADER]: Committing config change with OpId 1.4: config changed from index 3 to 4, VOTER 881ecf0a91eb4c51a118179527eb0f2c (127.23.180.66) evicted. New config: { opid_index: 4 OBSOLETE_local: false peers { permanent_uuid: "f0753cf3cbdd436d991f875d1ce2f254" member_type: VOTER last_known_addr { host: "127.23.180.67" port: 33575 } } peers { permanent_uuid: "83967e1a898a4d158eb1d5be34c83c6e" member_type: VOTER last_known_addr { host: "127.23.180.65" port: 42159 } } peers { permanent_uuid: "199db4a8bee34647b3bebb73afb3ba7a" member_type: VOTER last_known_addr { host: "127.23.180.68" port: 33905 } attrs { promote: false } } }
I20260710 11:06:19.061635 25533 raft_consensus.cc:2955] T 479a0a81914f4d59b702913d8e22093f P f0753cf3cbdd436d991f875d1ce2f254 [term 1 FOLLOWER]: Committing config change with OpId 1.4: config changed from index 3 to 4, VOTER 881ecf0a91eb4c51a118179527eb0f2c (127.23.180.66) evicted. New config: { opid_index: 4 OBSOLETE_local: false peers { permanent_uuid: "f0753cf3cbdd436d991f875d1ce2f254" member_type: VOTER last_known_addr { host: "127.23.180.67" port: 33575 } } peers { permanent_uuid: "83967e1a898a4d158eb1d5be34c83c6e" member_type: VOTER last_known_addr { host: "127.23.180.65" port: 42159 } } peers { permanent_uuid: "199db4a8bee34647b3bebb73afb3ba7a" member_type: VOTER last_known_addr { host: "127.23.180.68" port: 33905 } attrs { promote: false } } }
I20260710 11:06:19.066562 25811 raft_consensus.cc:2955] T 479a0a81914f4d59b702913d8e22093f P 199db4a8bee34647b3bebb73afb3ba7a [term 1 FOLLOWER]: Committing config change with OpId 1.4: config changed from index 3 to 4, VOTER 881ecf0a91eb4c51a118179527eb0f2c (127.23.180.66) evicted. New config: { opid_index: 4 OBSOLETE_local: false peers { permanent_uuid: "f0753cf3cbdd436d991f875d1ce2f254" member_type: VOTER last_known_addr { host: "127.23.180.67" port: 33575 } } peers { permanent_uuid: "83967e1a898a4d158eb1d5be34c83c6e" member_type: VOTER last_known_addr { host: "127.23.180.65" port: 42159 } } peers { permanent_uuid: "199db4a8bee34647b3bebb73afb3ba7a" member_type: VOTER last_known_addr { host: "127.23.180.68" port: 33905 } attrs { promote: false } } }
I20260710 11:06:19.069152 25271 catalog_manager.cc:5210] ChangeConfig:REMOVE_PEER RPC for tablet 479a0a81914f4d59b702913d8e22093f with cas_config_opid_index 3: ChangeConfig:REMOVE_PEER succeeded (attempt 1)
I20260710 11:06:19.074095 25286 catalog_manager.cc:5697] T 479a0a81914f4d59b702913d8e22093f P 83967e1a898a4d158eb1d5be34c83c6e reported cstate change: config changed from index 3 to 4, VOTER 881ecf0a91eb4c51a118179527eb0f2c (127.23.180.66) evicted. New cstate: current_term: 1 leader_uuid: "83967e1a898a4d158eb1d5be34c83c6e" committed_config { opid_index: 4 OBSOLETE_local: false peers { permanent_uuid: "f0753cf3cbdd436d991f875d1ce2f254" member_type: VOTER last_known_addr { host: "127.23.180.67" port: 33575 } health_report { overall_health: HEALTHY } } peers { permanent_uuid: "83967e1a898a4d158eb1d5be34c83c6e" member_type: VOTER last_known_addr { host: "127.23.180.65" port: 42159 } health_report { overall_health: HEALTHY } } peers { permanent_uuid: "199db4a8bee34647b3bebb73afb3ba7a" member_type: VOTER last_known_addr { host: "127.23.180.68" port: 33905 } attrs { promote: false } health_report { overall_health: HEALTHY } } }
I20260710 11:06:19.090435 25453 tablet_service.cc:1558] Processing DeleteTablet for tablet 479a0a81914f4d59b702913d8e22093f with delete_type TABLET_DATA_TOMBSTONED (TS 881ecf0a91eb4c51a118179527eb0f2c not found in new config with opid_index 4) from {username='slave'} at 127.0.0.1:32970
I20260710 11:06:19.092610 26067 tablet_replica.cc:333] T 479a0a81914f4d59b702913d8e22093f P 881ecf0a91eb4c51a118179527eb0f2c: stopping tablet replica
I20260710 11:06:19.093850 26067 raft_consensus.cc:2243] T 479a0a81914f4d59b702913d8e22093f P 881ecf0a91eb4c51a118179527eb0f2c [term 1 FOLLOWER]: Raft consensus shutting down.
I20260710 11:06:19.094758 26067 raft_consensus.cc:2272] T 479a0a81914f4d59b702913d8e22093f P 881ecf0a91eb4c51a118179527eb0f2c [term 1 FOLLOWER]: Raft consensus is shut down!
I20260710 11:06:19.098415 26067 ts_tablet_manager.cc:1916] T 479a0a81914f4d59b702913d8e22093f P 881ecf0a91eb4c51a118179527eb0f2c: Deleting tablet data with delete state TABLET_DATA_TOMBSTONED
I20260710 11:06:19.112602 26067 ts_tablet_manager.cc:1929] T 479a0a81914f4d59b702913d8e22093f P 881ecf0a91eb4c51a118179527eb0f2c: tablet deleted with delete type TABLET_DATA_TOMBSTONED: last-logged OpId 1.3
I20260710 11:06:19.112967 26067 log.cc:1199] T 479a0a81914f4d59b702913d8e22093f P 881ecf0a91eb4c51a118179527eb0f2c: Deleting WAL directory at /tmp/dist-test-taskv8Q1Ij/test-tmp/auto_leader_rebalancer-test.0.LeaderRebalancerTest.AddTserver.1783681539680947-24273-0/minicluster-data/ts-1-root/wals/479a0a81914f4d59b702913d8e22093f
I20260710 11:06:19.114590 25273 catalog_manager.cc:5028] TS 881ecf0a91eb4c51a118179527eb0f2c (127.23.180.66:35287): tablet 479a0a81914f4d59b702913d8e22093f (table test-workload [id=e3d0dfa287fa462fb5265e6be6e62df4]) successfully deleted
I20260710 11:06:19.134939 25974 raft_consensus.cc:1064] T 4ca3c8535a794eb18dba36a69a1f04c5 P 83967e1a898a4d158eb1d5be34c83c6e: attempting to promote NON_VOTER 199db4a8bee34647b3bebb73afb3ba7a to VOTER
I20260710 11:06:19.136896 25974 consensus_queue.cc:237] T 4ca3c8535a794eb18dba36a69a1f04c5 P 83967e1a898a4d158eb1d5be34c83c6e [LEADER]: Queue going to LEADER mode. State: All replicated index: 0, Majority replicated index: 2, Committed index: 2, Last appended: 1.2, Last appended by leader: 0, Current term: 1, Majority size: 3, State: 0, Mode: LEADER, active raft config: opid_index: 3 OBSOLETE_local: false peers { permanent_uuid: "83967e1a898a4d158eb1d5be34c83c6e" member_type: VOTER last_known_addr { host: "127.23.180.65" port: 42159 } } peers { permanent_uuid: "881ecf0a91eb4c51a118179527eb0f2c" member_type: VOTER last_known_addr { host: "127.23.180.66" port: 35287 } } peers { permanent_uuid: "f0753cf3cbdd436d991f875d1ce2f254" member_type: VOTER last_known_addr { host: "127.23.180.67" port: 33575 } attrs { replace: true } } peers { permanent_uuid: "199db4a8bee34647b3bebb73afb3ba7a" member_type: VOTER last_known_addr { host: "127.23.180.68" port: 33905 } attrs { promote: false } }
I20260710 11:06:19.144749 25462 raft_consensus.cc:1275] T 4ca3c8535a794eb18dba36a69a1f04c5 P 881ecf0a91eb4c51a118179527eb0f2c [term 1 FOLLOWER]: Refusing update from remote peer 83967e1a898a4d158eb1d5be34c83c6e: Log matching property violated. Preceding OpId in replica: term: 1 index: 2. Preceding OpId from leader: term: 1 index: 3. (index mismatch)
