W20260710 11:05:52.409806 16862 instance_detector.cc:116] could not retrieve Azure instance metadata: Network error: curl error: HTTP response code said error: The requested URL returned error: 404
W20260710 11:05:52.412726 16864 instance_detector.cc:116] could not retrieve OpenStack instance metadata: Network error: curl error: HTTP response code said error: The requested URL returned error: 404
I20260710 11:05:52.413451 16858 heartbeater.cc:344] Connected to a master server at 127.15.185.254:34593
I20260710 11:05:52.413746 16103 server_base.cc:1061] running on GCE node
I20260710 11:05:52.413864 16858 heartbeater.cc:461] Registering TS with master...
I20260710 11:05:52.414685 16103 hybrid_clock.cc:584] initializing the hybrid clock with 'system_unsync' time source
I20260710 11:05:52.414713 16858 heartbeater.cc:507] Master 127.15.185.254:34593 requested a full tablet report, sending...
W20260710 11:05:52.415083 16103 system_unsync_time.cc:38] NTP support is disabled. Clock error bounds will not be accurate. This configuration is not suitable for distributed clusters.
I20260710 11:05:52.415354 16103 hybrid_clock.cc:648] HybridClock initialized: now 1783681552415334 us; error 0 us; skew 500 ppm
I20260710 11:05:52.416280 16103 server_base.cc:861] Flag tcmalloc_max_total_thread_cache_bytes is not working since tcmalloc is not enabled.
I20260710 11:05:52.417681 16656 ts_manager.cc:194] Registered new tserver with Master: 80422c3aed964292bc927140c6a459e2 (127.15.185.194:42901)
I20260710 11:05:52.419307 16656 master_service.cc:502] Signed X509 certificate for tserver {username='slave'} at 127.0.0.1:60120
I20260710 11:05:52.419411 16103 webserver.cc:533] Webserver started at http://127.15.185.195:44541/ using document root <none> and password file <none>
I20260710 11:05:52.419941 16103 fs_manager.cc:362] Metadata directory not provided
I20260710 11:05:52.420198 16103 fs_manager.cc:368] Using write-ahead log directory (fs_wal_dir) as metadata directory
I20260710 11:05:52.420522 16103 server_base.cc:909] This appears to be a new deployment of Kudu; creating new FS layout
I20260710 11:05:52.421730 16103 fs_manager.cc:1068] Generated new instance metadata in path /tmp/dist-test-task445Wu_/test-tmp/auto_leader_rebalancer-test.0.LeaderRebalancerTest.FunctionalTestForNotDivided.1783681537904819-16103-0/minicluster-data/ts-2-root/instance:
uuid: "ef37df3bc9bc4439b30d9b989cd94509"
format_stamp: "Formatted at 2026-07-10 11:05:52 on dist-test-slave-9ml7"
I20260710 11:05:52.425964 16103 fs_manager.cc:696] Time spent creating directory manager: real 0.004s	user 0.005s	sys 0.000s
I20260710 11:05:52.429302 16869 log_block_manager.cc:4127] Time spent loading block containers with low live blocks: real 0.000s	user 0.000s	sys 0.000s
I20260710 11:05:52.430064 16103 fs_manager.cc:730] Time spent opening block manager: real 0.002s	user 0.001s	sys 0.000s
I20260710 11:05:52.430346 16103 fs_manager.cc:647] Opened local filesystem: /tmp/dist-test-task445Wu_/test-tmp/auto_leader_rebalancer-test.0.LeaderRebalancerTest.FunctionalTestForNotDivided.1783681537904819-16103-0/minicluster-data/ts-2-root
uuid: "ef37df3bc9bc4439b30d9b989cd94509"
format_stamp: "Formatted at 2026-07-10 11:05:52 on dist-test-slave-9ml7"
I20260710 11:05:52.430596 16103 fs_report.cc:389] FS layout report
--------------------
wal directory: /tmp/dist-test-task445Wu_/test-tmp/auto_leader_rebalancer-test.0.LeaderRebalancerTest.FunctionalTestForNotDivided.1783681537904819-16103-0/minicluster-data/ts-2-root
metadata directory: /tmp/dist-test-task445Wu_/test-tmp/auto_leader_rebalancer-test.0.LeaderRebalancerTest.FunctionalTestForNotDivided.1783681537904819-16103-0/minicluster-data/ts-2-root
1 data directories: /tmp/dist-test-task445Wu_/test-tmp/auto_leader_rebalancer-test.0.LeaderRebalancerTest.FunctionalTestForNotDivided.1783681537904819-16103-0/minicluster-data/ts-2-root/data
Total live blocks: 0
Total live bytes: 0
Total live bytes (after alignment): 0
Total number of LBM containers: 0 (0 full)
Did not check for missing blocks
Did not check for orphaned blocks
Total full LBM containers with extra space: 0 (0 repaired)
Total full LBM container extra space in bytes: 0 (0 repaired)
Total incomplete LBM containers: 0 (0 repaired)
Total LBM partial records: 0 (0 repaired)
Total corrupted LBM metadata records in RocksDB: 0 (0 repaired)
I20260710 11:05:52.448669 16103 rpc_server.cc:225] running with OpenSSL 1.1.1  11 Sep 2018
I20260710 11:05:52.449854 16103 kserver.cc:163] Server-wide thread pool size limit: 3276
I20260710 11:05:52.451303 16103 txn_system_client.cc:432] TxnSystemClient initialization is disabled...
I20260710 11:05:52.453877 16103 ts_tablet_manager.cc:585] Loaded tablet metadata (0 total tablets, 0 live tablets)
I20260710 11:05:52.454119 16103 ts_tablet_manager.cc:531] Time spent load tablet metadata: real 0.000s	user 0.000s	sys 0.000s
I20260710 11:05:52.454368 16103 ts_tablet_manager.cc:616] Registered 0 tablets
I20260710 11:05:52.454541 16103 ts_tablet_manager.cc:595] Time spent register tablets: real 0.000s	user 0.000s	sys 0.000s
I20260710 11:05:52.501960 16103 rpc_server.cc:307] RPC server started. Bound to: 127.15.185.195:43483
I20260710 11:05:52.502089 16931 acceptor_pool.cc:272] collecting diagnostics on the listening RPC socket 127.15.185.195:43483 every 8 connection(s)
I20260710 11:05:52.517131 16932 heartbeater.cc:344] Connected to a master server at 127.15.185.254:34593
I20260710 11:05:52.517596 16932 heartbeater.cc:461] Registering TS with master...
I20260710 11:05:52.518596 16932 heartbeater.cc:507] Master 127.15.185.254:34593 requested a full tablet report, sending...
I20260710 11:05:52.520896 16656 ts_manager.cc:194] Registered new tserver with Master: ef37df3bc9bc4439b30d9b989cd94509 (127.15.185.195:43483)
I20260710 11:05:52.522047 16103 internal_mini_cluster.cc:371] 3 TS(s) registered with all masters after 0.016377311s
I20260710 11:05:52.522683 16656 master_service.cc:502] Signed X509 certificate for tserver {username='slave'} at 127.0.0.1:60124
I20260710 11:05:52.550573 16656 catalog_manager.cc:2283] Servicing CreateTable request from {username='slave'} at 127.0.0.1:60136:
name: "test-workload"
schema {
  columns {
    name: "key"
    type: INT32
    is_key: true
    is_nullable: false
    encoding: AUTO_ENCODING
    compression: DEFAULT_COMPRESSION
    cfile_block_size: 0
    immutable: false
  }
  columns {
    name: "int_val"
    type: INT32
    is_key: false
    is_nullable: false
    encoding: AUTO_ENCODING
    compression: DEFAULT_COMPRESSION
    cfile_block_size: 0
    immutable: false
  }
  columns {
    name: "string_val"
    type: STRING
    is_key: false
    is_nullable: true
    encoding: AUTO_ENCODING
    compression: DEFAULT_COMPRESSION
    cfile_block_size: 0
    immutable: false
  }
}
num_replicas: 3
split_rows_range_bounds {
  rows: "\004\001\000\314\314\314\014\004\001\000\230\231\231\031\004\001\000dff&\004\001\0000333\004\001\000\374\377\377?\004\001\000\310\314\314L\004\001\000\224\231\231Y\004\001\000`fff\004\001\000,33s""\004\001\000\314\314\314\014\004\001\000\230\231\231\031\004\001\000dff&\004\001\0000333\004\001\000\374\377\377?\004\001\000\310\314\314L\004\001\000\224\231\231Y\004\001\000`fff\004\001\000,33s"
  indirect_data: """"
}
partition_schema {
  range_schema {
    columns {
      name: "key"
    }
  }
}
W20260710 11:05:52.553337 16656 catalog_manager.cc:7077] The number of live tablet servers is not enough to re-replicate a tablet replica of the newly created table test-workload in case of a server failure: 4 tablet servers would be needed, 3 are available. Consider bringing up more tablet servers.
I20260710 11:05:52.621421 16748 tablet_service.cc:1511] Processing CreateTablet for tablet 4eb161d1883f4915bfcf12863ed11c8c (DEFAULT_TABLE table=test-workload [id=6b4effba961b47eba01a466ace06fb66]), partition=RANGE (key) PARTITION VALUES < 214748364
I20260710 11:05:52.621989 16747 tablet_service.cc:1511] Processing CreateTablet for tablet b79318526e394d58bea8a01fd16f6558 (DEFAULT_TABLE table=test-workload [id=6b4effba961b47eba01a466ace06fb66]), partition=RANGE (key) PARTITION 214748364 <= VALUES < 429496728
I20260710 11:05:52.623735 16748 data_dirs.cc:400] Could only allocate 1 dirs of requested 3 for tablet 4eb161d1883f4915bfcf12863ed11c8c. 1 dirs total, 0 dirs full, 0 dirs failed
I20260710 11:05:52.624616 16747 data_dirs.cc:400] Could only allocate 1 dirs of requested 3 for tablet b79318526e394d58bea8a01fd16f6558. 1 dirs total, 0 dirs full, 0 dirs failed
I20260710 11:05:52.625281 16746 tablet_service.cc:1511] Processing CreateTablet for tablet 42c73fab6d8148a9b5576f243889795f (DEFAULT_TABLE table=test-workload [id=6b4effba961b47eba01a466ace06fb66]), partition=RANGE (key) PARTITION 429496728 <= VALUES < 644245092
I20260710 11:05:52.626617 16746 data_dirs.cc:400] Could only allocate 1 dirs of requested 3 for tablet 42c73fab6d8148a9b5576f243889795f. 1 dirs total, 0 dirs full, 0 dirs failed
I20260710 11:05:52.631676 16745 tablet_service.cc:1511] Processing CreateTablet for tablet dd0d2e4f9d2747999426ae5d526fda5a (DEFAULT_TABLE table=test-workload [id=6b4effba961b47eba01a466ace06fb66]), partition=RANGE (key) PARTITION 644245092 <= VALUES < 858993456
I20260710 11:05:52.632946 16745 data_dirs.cc:400] Could only allocate 1 dirs of requested 3 for tablet dd0d2e4f9d2747999426ae5d526fda5a. 1 dirs total, 0 dirs full, 0 dirs failed
I20260710 11:05:52.634306 16744 tablet_service.cc:1511] Processing CreateTablet for tablet c4585f843a3e441d9e41512fd274326a (DEFAULT_TABLE table=test-workload [id=6b4effba961b47eba01a466ace06fb66]), partition=RANGE (key) PARTITION 858993456 <= VALUES < 1073741820
I20260710 11:05:52.636153 16744 data_dirs.cc:400] Could only allocate 1 dirs of requested 3 for tablet c4585f843a3e441d9e41512fd274326a. 1 dirs total, 0 dirs full, 0 dirs failed
I20260710 11:05:52.636363 16897 tablet_service.cc:1511] Processing CreateTablet for tablet 4eb161d1883f4915bfcf12863ed11c8c (DEFAULT_TABLE table=test-workload [id=6b4effba961b47eba01a466ace06fb66]), partition=RANGE (key) PARTITION VALUES < 214748364
I20260710 11:05:52.637691 16897 data_dirs.cc:400] Could only allocate 1 dirs of requested 3 for tablet 4eb161d1883f4915bfcf12863ed11c8c. 1 dirs total, 0 dirs full, 0 dirs failed
I20260710 11:05:52.639020 16895 tablet_service.cc:1511] Processing CreateTablet for tablet 42c73fab6d8148a9b5576f243889795f (DEFAULT_TABLE table=test-workload [id=6b4effba961b47eba01a466ace06fb66]), partition=RANGE (key) PARTITION 429496728 <= VALUES < 644245092
I20260710 11:05:52.640656 16895 data_dirs.cc:400] Could only allocate 1 dirs of requested 3 for tablet 42c73fab6d8148a9b5576f243889795f. 1 dirs total, 0 dirs full, 0 dirs failed
I20260710 11:05:52.641279 16743 tablet_service.cc:1511] Processing CreateTablet for tablet 9186d80a037a40d78b5247fbcff22fa4 (DEFAULT_TABLE table=test-workload [id=6b4effba961b47eba01a466ace06fb66]), partition=RANGE (key) PARTITION 1073741820 <= VALUES < 1288490184
I20260710 11:05:52.642663 16743 data_dirs.cc:400] Could only allocate 1 dirs of requested 3 for tablet 9186d80a037a40d78b5247fbcff22fa4. 1 dirs total, 0 dirs full, 0 dirs failed
I20260710 11:05:52.644886 16893 tablet_service.cc:1511] Processing CreateTablet for tablet c4585f843a3e441d9e41512fd274326a (DEFAULT_TABLE table=test-workload [id=6b4effba961b47eba01a466ace06fb66]), partition=RANGE (key) PARTITION 858993456 <= VALUES < 1073741820
I20260710 11:05:52.646909 16893 data_dirs.cc:400] Could only allocate 1 dirs of requested 3 for tablet c4585f843a3e441d9e41512fd274326a. 1 dirs total, 0 dirs full, 0 dirs failed
I20260710 11:05:52.637351 16896 tablet_service.cc:1511] Processing CreateTablet for tablet b79318526e394d58bea8a01fd16f6558 (DEFAULT_TABLE table=test-workload [id=6b4effba961b47eba01a466ace06fb66]), partition=RANGE (key) PARTITION 214748364 <= VALUES < 429496728
I20260710 11:05:52.649523 16896 data_dirs.cc:400] Could only allocate 1 dirs of requested 3 for tablet b79318526e394d58bea8a01fd16f6558. 1 dirs total, 0 dirs full, 0 dirs failed
I20260710 11:05:52.649209 16894 tablet_service.cc:1511] Processing CreateTablet for tablet dd0d2e4f9d2747999426ae5d526fda5a (DEFAULT_TABLE table=test-workload [id=6b4effba961b47eba01a466ace06fb66]), partition=RANGE (key) PARTITION 644245092 <= VALUES < 858993456
I20260710 11:05:52.650894 16894 data_dirs.cc:400] Could only allocate 1 dirs of requested 3 for tablet dd0d2e4f9d2747999426ae5d526fda5a. 1 dirs total, 0 dirs full, 0 dirs failed
I20260710 11:05:52.664855 16892 tablet_service.cc:1511] Processing CreateTablet for tablet 9186d80a037a40d78b5247fbcff22fa4 (DEFAULT_TABLE table=test-workload [id=6b4effba961b47eba01a466ace06fb66]), partition=RANGE (key) PARTITION 1073741820 <= VALUES < 1288490184
I20260710 11:05:52.666823 16892 data_dirs.cc:400] Could only allocate 1 dirs of requested 3 for tablet 9186d80a037a40d78b5247fbcff22fa4. 1 dirs total, 0 dirs full, 0 dirs failed
I20260710 11:05:52.685974 16742 tablet_service.cc:1511] Processing CreateTablet for tablet fe0c25679fbd4947931e2e5ba5b3a50c (DEFAULT_TABLE table=test-workload [id=6b4effba961b47eba01a466ace06fb66]), partition=RANGE (key) PARTITION 1288490184 <= VALUES < 1503238548
I20260710 11:05:52.689787 16891 tablet_service.cc:1511] Processing CreateTablet for tablet fe0c25679fbd4947931e2e5ba5b3a50c (DEFAULT_TABLE table=test-workload [id=6b4effba961b47eba01a466ace06fb66]), partition=RANGE (key) PARTITION 1288490184 <= VALUES < 1503238548
I20260710 11:05:52.691457 16891 data_dirs.cc:400] Could only allocate 1 dirs of requested 3 for tablet fe0c25679fbd4947931e2e5ba5b3a50c. 1 dirs total, 0 dirs full, 0 dirs failed
I20260710 11:05:52.695785 16948 tablet_bootstrap.cc:492] T b79318526e394d58bea8a01fd16f6558 P ef37df3bc9bc4439b30d9b989cd94509: Bootstrap starting.
I20260710 11:05:52.697250 16823 tablet_service.cc:1511] Processing CreateTablet for tablet 4eb161d1883f4915bfcf12863ed11c8c (DEFAULT_TABLE table=test-workload [id=6b4effba961b47eba01a466ace06fb66]), partition=RANGE (key) PARTITION VALUES < 214748364
I20260710 11:05:52.698485 16823 data_dirs.cc:400] Could only allocate 1 dirs of requested 3 for tablet 4eb161d1883f4915bfcf12863ed11c8c. 1 dirs total, 0 dirs full, 0 dirs failed
I20260710 11:05:52.700752 16822 tablet_service.cc:1511] Processing CreateTablet for tablet b79318526e394d58bea8a01fd16f6558 (DEFAULT_TABLE table=test-workload [id=6b4effba961b47eba01a466ace06fb66]), partition=RANGE (key) PARTITION 214748364 <= VALUES < 429496728
I20260710 11:05:52.701959 16822 data_dirs.cc:400] Could only allocate 1 dirs of requested 3 for tablet b79318526e394d58bea8a01fd16f6558. 1 dirs total, 0 dirs full, 0 dirs failed
I20260710 11:05:52.702569 16948 tablet_bootstrap.cc:654] T b79318526e394d58bea8a01fd16f6558 P ef37df3bc9bc4439b30d9b989cd94509: Neither blocks nor log segments found. Creating new log.
I20260710 11:05:52.704725 16821 tablet_service.cc:1511] Processing CreateTablet for tablet 42c73fab6d8148a9b5576f243889795f (DEFAULT_TABLE table=test-workload [id=6b4effba961b47eba01a466ace06fb66]), partition=RANGE (key) PARTITION 429496728 <= VALUES < 644245092
I20260710 11:05:52.706033 16821 data_dirs.cc:400] Could only allocate 1 dirs of requested 3 for tablet 42c73fab6d8148a9b5576f243889795f. 1 dirs total, 0 dirs full, 0 dirs failed
I20260710 11:05:52.708643 16820 tablet_service.cc:1511] Processing CreateTablet for tablet dd0d2e4f9d2747999426ae5d526fda5a (DEFAULT_TABLE table=test-workload [id=6b4effba961b47eba01a466ace06fb66]), partition=RANGE (key) PARTITION 644245092 <= VALUES < 858993456
I20260710 11:05:52.709715 16742 data_dirs.cc:400] Could only allocate 1 dirs of requested 3 for tablet fe0c25679fbd4947931e2e5ba5b3a50c. 1 dirs total, 0 dirs full, 0 dirs failed
I20260710 11:05:52.709869 16820 data_dirs.cc:400] Could only allocate 1 dirs of requested 3 for tablet dd0d2e4f9d2747999426ae5d526fda5a. 1 dirs total, 0 dirs full, 0 dirs failed
I20260710 11:05:52.712673 16819 tablet_service.cc:1511] Processing CreateTablet for tablet c4585f843a3e441d9e41512fd274326a (DEFAULT_TABLE table=test-workload [id=6b4effba961b47eba01a466ace06fb66]), partition=RANGE (key) PARTITION 858993456 <= VALUES < 1073741820
I20260710 11:05:52.713894 16819 data_dirs.cc:400] Could only allocate 1 dirs of requested 3 for tablet c4585f843a3e441d9e41512fd274326a. 1 dirs total, 0 dirs full, 0 dirs failed
I20260710 11:05:52.716722 16818 tablet_service.cc:1511] Processing CreateTablet for tablet 9186d80a037a40d78b5247fbcff22fa4 (DEFAULT_TABLE table=test-workload [id=6b4effba961b47eba01a466ace06fb66]), partition=RANGE (key) PARTITION 1073741820 <= VALUES < 1288490184
I20260710 11:05:52.717957 16818 data_dirs.cc:400] Could only allocate 1 dirs of requested 3 for tablet 9186d80a037a40d78b5247fbcff22fa4. 1 dirs total, 0 dirs full, 0 dirs failed
I20260710 11:05:52.720763 16817 tablet_service.cc:1511] Processing CreateTablet for tablet fe0c25679fbd4947931e2e5ba5b3a50c (DEFAULT_TABLE table=test-workload [id=6b4effba961b47eba01a466ace06fb66]), partition=RANGE (key) PARTITION 1288490184 <= VALUES < 1503238548
I20260710 11:05:52.721961 16817 data_dirs.cc:400] Could only allocate 1 dirs of requested 3 for tablet fe0c25679fbd4947931e2e5ba5b3a50c. 1 dirs total, 0 dirs full, 0 dirs failed
I20260710 11:05:52.751336 16743 tablet_service.cc:1511] Processing CreateTablet for tablet db04096cb9ca487c9ba58ce554ef227b (DEFAULT_TABLE table=test-workload [id=6b4effba961b47eba01a466ace06fb66]), partition=RANGE (key) PARTITION 1503238548 <= VALUES < 1717986912
I20260710 11:05:52.753108 16743 data_dirs.cc:400] Could only allocate 1 dirs of requested 3 for tablet db04096cb9ca487c9ba58ce554ef227b. 1 dirs total, 0 dirs full, 0 dirs failed
I20260710 11:05:52.753319 16816 tablet_service.cc:1511] Processing CreateTablet for tablet db04096cb9ca487c9ba58ce554ef227b (DEFAULT_TABLE table=test-workload [id=6b4effba961b47eba01a466ace06fb66]), partition=RANGE (key) PARTITION 1503238548 <= VALUES < 1717986912
I20260710 11:05:52.754603 16816 data_dirs.cc:400] Could only allocate 1 dirs of requested 3 for tablet db04096cb9ca487c9ba58ce554ef227b. 1 dirs total, 0 dirs full, 0 dirs failed
I20260710 11:05:52.755404 16896 tablet_service.cc:1511] Processing CreateTablet for tablet db04096cb9ca487c9ba58ce554ef227b (DEFAULT_TABLE table=test-workload [id=6b4effba961b47eba01a466ace06fb66]), partition=RANGE (key) PARTITION 1503238548 <= VALUES < 1717986912
I20260710 11:05:52.756639 16896 data_dirs.cc:400] Could only allocate 1 dirs of requested 3 for tablet db04096cb9ca487c9ba58ce554ef227b. 1 dirs total, 0 dirs full, 0 dirs failed
I20260710 11:05:52.756767 16741 tablet_service.cc:1511] Processing CreateTablet for tablet 663361cceda34e1087ce0ef00ea61cba (DEFAULT_TABLE table=test-workload [id=6b4effba961b47eba01a466ace06fb66]), partition=RANGE (key) PARTITION 1717986912 <= VALUES < 1932735276
I20260710 11:05:52.757988 16741 data_dirs.cc:400] Could only allocate 1 dirs of requested 3 for tablet 663361cceda34e1087ce0ef00ea61cba. 1 dirs total, 0 dirs full, 0 dirs failed
I20260710 11:05:52.758869 16947 tablet_bootstrap.cc:492] T b79318526e394d58bea8a01fd16f6558 P ee3e95ca5ebd4ac0b89ba53eb3012241: Bootstrap starting.
I20260710 11:05:52.781354 16815 tablet_service.cc:1511] Processing CreateTablet for tablet 663361cceda34e1087ce0ef00ea61cba (DEFAULT_TABLE table=test-workload [id=6b4effba961b47eba01a466ace06fb66]), partition=RANGE (key) PARTITION 1717986912 <= VALUES < 1932735276
I20260710 11:05:52.781965 16891 tablet_service.cc:1511] Processing CreateTablet for tablet 663361cceda34e1087ce0ef00ea61cba (DEFAULT_TABLE table=test-workload [id=6b4effba961b47eba01a466ace06fb66]), partition=RANGE (key) PARTITION 1717986912 <= VALUES < 1932735276
I20260710 11:05:52.783022 16815 data_dirs.cc:400] Could only allocate 1 dirs of requested 3 for tablet 663361cceda34e1087ce0ef00ea61cba. 1 dirs total, 0 dirs full, 0 dirs failed
I20260710 11:05:52.783171 16891 data_dirs.cc:400] Could only allocate 1 dirs of requested 3 for tablet 663361cceda34e1087ce0ef00ea61cba. 1 dirs total, 0 dirs full, 0 dirs failed
I20260710 11:05:52.785892 16947 tablet_bootstrap.cc:654] T b79318526e394d58bea8a01fd16f6558 P ee3e95ca5ebd4ac0b89ba53eb3012241: Neither blocks nor log segments found. Creating new log.
I20260710 11:05:52.812935 16741 tablet_service.cc:1511] Processing CreateTablet for tablet c1637c5ad6d04f64834ff4b9e3ef69e7 (DEFAULT_TABLE table=test-workload [id=6b4effba961b47eba01a466ace06fb66]), partition=RANGE (key) PARTITION 1932735276 <= VALUES
I20260710 11:05:52.813994 16741 data_dirs.cc:400] Could only allocate 1 dirs of requested 3 for tablet c1637c5ad6d04f64834ff4b9e3ef69e7. 1 dirs total, 0 dirs full, 0 dirs failed
I20260710 11:05:52.823071 16891 tablet_service.cc:1511] Processing CreateTablet for tablet c1637c5ad6d04f64834ff4b9e3ef69e7 (DEFAULT_TABLE table=test-workload [id=6b4effba961b47eba01a466ace06fb66]), partition=RANGE (key) PARTITION 1932735276 <= VALUES
I20260710 11:05:52.827363 16891 data_dirs.cc:400] Could only allocate 1 dirs of requested 3 for tablet c1637c5ad6d04f64834ff4b9e3ef69e7. 1 dirs total, 0 dirs full, 0 dirs failed
I20260710 11:05:52.830256 16947 tablet_bootstrap.cc:492] T b79318526e394d58bea8a01fd16f6558 P ee3e95ca5ebd4ac0b89ba53eb3012241: No bootstrap required, opened a new log
I20260710 11:05:52.830708 16947 ts_tablet_manager.cc:1403] T b79318526e394d58bea8a01fd16f6558 P ee3e95ca5ebd4ac0b89ba53eb3012241: Time spent bootstrapping tablet: real 0.072s	user 0.013s	sys 0.009s
I20260710 11:05:52.832953 16948 tablet_bootstrap.cc:492] T b79318526e394d58bea8a01fd16f6558 P ef37df3bc9bc4439b30d9b989cd94509: No bootstrap required, opened a new log
I20260710 11:05:52.833475 16948 ts_tablet_manager.cc:1403] T b79318526e394d58bea8a01fd16f6558 P ef37df3bc9bc4439b30d9b989cd94509: Time spent bootstrapping tablet: real 0.138s	user 0.019s	sys 0.047s
I20260710 11:05:52.833444 16947 raft_consensus.cc:359] T b79318526e394d58bea8a01fd16f6558 P ee3e95ca5ebd4ac0b89ba53eb3012241 [term 0 FOLLOWER]: Replica starting. Triggering 0 pending ops. Active config: opid_index: -1 OBSOLETE_local: false peers { permanent_uuid: "ee3e95ca5ebd4ac0b89ba53eb3012241" member_type: VOTER last_known_addr { host: "127.15.185.193" port: 32805 } } peers { permanent_uuid: "80422c3aed964292bc927140c6a459e2" member_type: VOTER last_known_addr { host: "127.15.185.194" port: 42901 } } peers { permanent_uuid: "ef37df3bc9bc4439b30d9b989cd94509" member_type: VOTER last_known_addr { host: "127.15.185.195" port: 43483 } }
I20260710 11:05:52.834300 16947 raft_consensus.cc:385] T b79318526e394d58bea8a01fd16f6558 P ee3e95ca5ebd4ac0b89ba53eb3012241 [term 0 FOLLOWER]: Consensus starting up: Expiring failure detector timer to make a prompt election more likely
I20260710 11:05:52.834595 16947 raft_consensus.cc:740] T b79318526e394d58bea8a01fd16f6558 P ee3e95ca5ebd4ac0b89ba53eb3012241 [term 0 FOLLOWER]: Becoming Follower/Learner. State: Replica: ee3e95ca5ebd4ac0b89ba53eb3012241, State: Initialized, Role: FOLLOWER
I20260710 11:05:52.835325 16947 consensus_queue.cc:260] T b79318526e394d58bea8a01fd16f6558 P ee3e95ca5ebd4ac0b89ba53eb3012241 [NON_LEADER]: Queue going to NON_LEADER mode. State: All replicated index: 0, Majority replicated index: 0, Committed index: 0, Last appended: 0.0, Last appended by leader: 0, Current term: 0, Majority size: -1, State: 0, Mode: NON_LEADER, active raft config: opid_index: -1 OBSOLETE_local: false peers { permanent_uuid: "ee3e95ca5ebd4ac0b89ba53eb3012241" member_type: VOTER last_known_addr { host: "127.15.185.193" port: 32805 } } peers { permanent_uuid: "80422c3aed964292bc927140c6a459e2" member_type: VOTER last_known_addr { host: "127.15.185.194" port: 42901 } } peers { permanent_uuid: "ef37df3bc9bc4439b30d9b989cd94509" member_type: VOTER last_known_addr { host: "127.15.185.195" port: 43483 } }
I20260710 11:05:52.836010 16948 raft_consensus.cc:359] T b79318526e394d58bea8a01fd16f6558 P ef37df3bc9bc4439b30d9b989cd94509 [term 0 FOLLOWER]: Replica starting. Triggering 0 pending ops. Active config: opid_index: -1 OBSOLETE_local: false peers { permanent_uuid: "ee3e95ca5ebd4ac0b89ba53eb3012241" member_type: VOTER last_known_addr { host: "127.15.185.193" port: 32805 } } peers { permanent_uuid: "80422c3aed964292bc927140c6a459e2" member_type: VOTER last_known_addr { host: "127.15.185.194" port: 42901 } } peers { permanent_uuid: "ef37df3bc9bc4439b30d9b989cd94509" member_type: VOTER last_known_addr { host: "127.15.185.195" port: 43483 } }
I20260710 11:05:52.836684 16948 raft_consensus.cc:385] T b79318526e394d58bea8a01fd16f6558 P ef37df3bc9bc4439b30d9b989cd94509 [term 0 FOLLOWER]: Consensus starting up: Expiring failure detector timer to make a prompt election more likely
I20260710 11:05:52.837695 16950 tablet_bootstrap.cc:492] T 42c73fab6d8148a9b5576f243889795f P 80422c3aed964292bc927140c6a459e2: Bootstrap starting.
I20260710 11:05:52.841492 16822 tablet_service.cc:1511] Processing CreateTablet for tablet c1637c5ad6d04f64834ff4b9e3ef69e7 (DEFAULT_TABLE table=test-workload [id=6b4effba961b47eba01a466ace06fb66]), partition=RANGE (key) PARTITION 1932735276 <= VALUES
I20260710 11:05:52.837606 16948 raft_consensus.cc:740] T b79318526e394d58bea8a01fd16f6558 P ef37df3bc9bc4439b30d9b989cd94509 [term 0 FOLLOWER]: Becoming Follower/Learner. State: Replica: ef37df3bc9bc4439b30d9b989cd94509, State: Initialized, Role: FOLLOWER
I20260710 11:05:52.842993 16948 consensus_queue.cc:260] T b79318526e394d58bea8a01fd16f6558 P ef37df3bc9bc4439b30d9b989cd94509 [NON_LEADER]: Queue going to NON_LEADER mode. State: All replicated index: 0, Majority replicated index: 0, Committed index: 0, Last appended: 0.0, Last appended by leader: 0, Current term: 0, Majority size: -1, State: 0, Mode: NON_LEADER, active raft config: opid_index: -1 OBSOLETE_local: false peers { permanent_uuid: "ee3e95ca5ebd4ac0b89ba53eb3012241" member_type: VOTER last_known_addr { host: "127.15.185.193" port: 32805 } } peers { permanent_uuid: "80422c3aed964292bc927140c6a459e2" member_type: VOTER last_known_addr { host: "127.15.185.194" port: 42901 } } peers { permanent_uuid: "ef37df3bc9bc4439b30d9b989cd94509" member_type: VOTER last_known_addr { host: "127.15.185.195" port: 43483 } }
I20260710 11:05:52.845683 16822 data_dirs.cc:400] Could only allocate 1 dirs of requested 3 for tablet c1637c5ad6d04f64834ff4b9e3ef69e7. 1 dirs total, 0 dirs full, 0 dirs failed
I20260710 11:05:52.848191 16947 ts_tablet_manager.cc:1434] T b79318526e394d58bea8a01fd16f6558 P ee3e95ca5ebd4ac0b89ba53eb3012241: Time spent starting tablet: real 0.017s	user 0.014s	sys 0.004s
I20260710 11:05:52.848969 16783 heartbeater.cc:499] Master 127.15.185.254:34593 was elected leader, sending a full tablet report...
I20260710 11:05:52.853053 16950 tablet_bootstrap.cc:654] T 42c73fab6d8148a9b5576f243889795f P 80422c3aed964292bc927140c6a459e2: Neither blocks nor log segments found. Creating new log.
I20260710 11:05:52.865839 16932 heartbeater.cc:499] Master 127.15.185.254:34593 was elected leader, sending a full tablet report...
I20260710 11:05:52.866984 16948 ts_tablet_manager.cc:1434] T b79318526e394d58bea8a01fd16f6558 P ef37df3bc9bc4439b30d9b989cd94509: Time spent starting tablet: real 0.033s	user 0.014s	sys 0.010s
I20260710 11:05:52.868115 16948 tablet_bootstrap.cc:492] T 4eb161d1883f4915bfcf12863ed11c8c P ef37df3bc9bc4439b30d9b989cd94509: Bootstrap starting.
I20260710 11:05:52.871387 16950 tablet_bootstrap.cc:492] T 42c73fab6d8148a9b5576f243889795f P 80422c3aed964292bc927140c6a459e2: No bootstrap required, opened a new log
I20260710 11:05:52.871821 16947 tablet_bootstrap.cc:492] T 9186d80a037a40d78b5247fbcff22fa4 P ee3e95ca5ebd4ac0b89ba53eb3012241: Bootstrap starting.
I20260710 11:05:52.871873 16950 ts_tablet_manager.cc:1403] T 42c73fab6d8148a9b5576f243889795f P 80422c3aed964292bc927140c6a459e2: Time spent bootstrapping tablet: real 0.035s	user 0.013s	sys 0.000s
I20260710 11:05:52.874195 16948 tablet_bootstrap.cc:654] T 4eb161d1883f4915bfcf12863ed11c8c P ef37df3bc9bc4439b30d9b989cd94509: Neither blocks nor log segments found. Creating new log.
I20260710 11:05:52.874636 16950 raft_consensus.cc:359] T 42c73fab6d8148a9b5576f243889795f P 80422c3aed964292bc927140c6a459e2 [term 0 FOLLOWER]: Replica starting. Triggering 0 pending ops. Active config: opid_index: -1 OBSOLETE_local: false peers { permanent_uuid: "ee3e95ca5ebd4ac0b89ba53eb3012241" member_type: VOTER last_known_addr { host: "127.15.185.193" port: 32805 } } peers { permanent_uuid: "80422c3aed964292bc927140c6a459e2" member_type: VOTER last_known_addr { host: "127.15.185.194" port: 42901 } } peers { permanent_uuid: "ef37df3bc9bc4439b30d9b989cd94509" member_type: VOTER last_known_addr { host: "127.15.185.195" port: 43483 } }
I20260710 11:05:52.875177 16950 raft_consensus.cc:385] T 42c73fab6d8148a9b5576f243889795f P 80422c3aed964292bc927140c6a459e2 [term 0 FOLLOWER]: Consensus starting up: Expiring failure detector timer to make a prompt election more likely
I20260710 11:05:52.875474 16950 raft_consensus.cc:740] T 42c73fab6d8148a9b5576f243889795f P 80422c3aed964292bc927140c6a459e2 [term 0 FOLLOWER]: Becoming Follower/Learner. State: Replica: 80422c3aed964292bc927140c6a459e2, State: Initialized, Role: FOLLOWER
I20260710 11:05:52.876296 16950 consensus_queue.cc:260] T 42c73fab6d8148a9b5576f243889795f P 80422c3aed964292bc927140c6a459e2 [NON_LEADER]: Queue going to NON_LEADER mode. State: All replicated index: 0, Majority replicated index: 0, Committed index: 0, Last appended: 0.0, Last appended by leader: 0, Current term: 0, Majority size: -1, State: 0, Mode: NON_LEADER, active raft config: opid_index: -1 OBSOLETE_local: false peers { permanent_uuid: "ee3e95ca5ebd4ac0b89ba53eb3012241" member_type: VOTER last_known_addr { host: "127.15.185.193" port: 32805 } } peers { permanent_uuid: "80422c3aed964292bc927140c6a459e2" member_type: VOTER last_known_addr { host: "127.15.185.194" port: 42901 } } peers { permanent_uuid: "ef37df3bc9bc4439b30d9b989cd94509" member_type: VOTER last_known_addr { host: "127.15.185.195" port: 43483 } }
I20260710 11:05:52.880657 16947 tablet_bootstrap.cc:654] T 9186d80a037a40d78b5247fbcff22fa4 P ee3e95ca5ebd4ac0b89ba53eb3012241: Neither blocks nor log segments found. Creating new log.
I20260710 11:05:52.886458 16948 tablet_bootstrap.cc:492] T 4eb161d1883f4915bfcf12863ed11c8c P ef37df3bc9bc4439b30d9b989cd94509: No bootstrap required, opened a new log
I20260710 11:05:52.887140 16948 ts_tablet_manager.cc:1403] T 4eb161d1883f4915bfcf12863ed11c8c P ef37df3bc9bc4439b30d9b989cd94509: Time spent bootstrapping tablet: real 0.019s	user 0.011s	sys 0.005s
I20260710 11:05:52.891330 16948 raft_consensus.cc:359] T 4eb161d1883f4915bfcf12863ed11c8c P ef37df3bc9bc4439b30d9b989cd94509 [term 0 FOLLOWER]: Replica starting. Triggering 0 pending ops. Active config: opid_index: -1 OBSOLETE_local: false peers { permanent_uuid: "ee3e95ca5ebd4ac0b89ba53eb3012241" member_type: VOTER last_known_addr { host: "127.15.185.193" port: 32805 } } peers { permanent_uuid: "80422c3aed964292bc927140c6a459e2" member_type: VOTER last_known_addr { host: "127.15.185.194" port: 42901 } } peers { permanent_uuid: "ef37df3bc9bc4439b30d9b989cd94509" member_type: VOTER last_known_addr { host: "127.15.185.195" port: 43483 } }
I20260710 11:05:52.892298 16948 raft_consensus.cc:385] T 4eb161d1883f4915bfcf12863ed11c8c P ef37df3bc9bc4439b30d9b989cd94509 [term 0 FOLLOWER]: Consensus starting up: Expiring failure detector timer to make a prompt election more likely
I20260710 11:05:52.892671 16948 raft_consensus.cc:740] T 4eb161d1883f4915bfcf12863ed11c8c P ef37df3bc9bc4439b30d9b989cd94509 [term 0 FOLLOWER]: Becoming Follower/Learner. State: Replica: ef37df3bc9bc4439b30d9b989cd94509, State: Initialized, Role: FOLLOWER
I20260710 11:05:52.894224 16858 heartbeater.cc:499] Master 127.15.185.254:34593 was elected leader, sending a full tablet report...
I20260710 11:05:52.893878 16948 consensus_queue.cc:260] T 4eb161d1883f4915bfcf12863ed11c8c P ef37df3bc9bc4439b30d9b989cd94509 [NON_LEADER]: Queue going to NON_LEADER mode. State: All replicated index: 0, Majority replicated index: 0, Committed index: 0, Last appended: 0.0, Last appended by leader: 0, Current term: 0, Majority size: -1, State: 0, Mode: NON_LEADER, active raft config: opid_index: -1 OBSOLETE_local: false peers { permanent_uuid: "ee3e95ca5ebd4ac0b89ba53eb3012241" member_type: VOTER last_known_addr { host: "127.15.185.193" port: 32805 } } peers { permanent_uuid: "80422c3aed964292bc927140c6a459e2" member_type: VOTER last_known_addr { host: "127.15.185.194" port: 42901 } } peers { permanent_uuid: "ef37df3bc9bc4439b30d9b989cd94509" member_type: VOTER last_known_addr { host: "127.15.185.195" port: 43483 } }
I20260710 11:05:52.897871 16952 raft_consensus.cc:493] T b79318526e394d58bea8a01fd16f6558 P ee3e95ca5ebd4ac0b89ba53eb3012241 [term 0 FOLLOWER]: Starting pre-election (no leader contacted us within the election timeout)
I20260710 11:05:52.898521 16952 raft_consensus.cc:515] T b79318526e394d58bea8a01fd16f6558 P ee3e95ca5ebd4ac0b89ba53eb3012241 [term 0 FOLLOWER]: Starting pre-election with config: opid_index: -1 OBSOLETE_local: false peers { permanent_uuid: "ee3e95ca5ebd4ac0b89ba53eb3012241" member_type: VOTER last_known_addr { host: "127.15.185.193" port: 32805 } } peers { permanent_uuid: "80422c3aed964292bc927140c6a459e2" member_type: VOTER last_known_addr { host: "127.15.185.194" port: 42901 } } peers { permanent_uuid: "ef37df3bc9bc4439b30d9b989cd94509" member_type: VOTER last_known_addr { host: "127.15.185.195" port: 43483 } }
I20260710 11:05:52.907224 16952 leader_election.cc:290] T b79318526e394d58bea8a01fd16f6558 P ee3e95ca5ebd4ac0b89ba53eb3012241 [CANDIDATE]: Term 1 pre-election: Requested pre-vote from peers 80422c3aed964292bc927140c6a459e2 (127.15.185.194:42901), ef37df3bc9bc4439b30d9b989cd94509 (127.15.185.195:43483)
I20260710 11:05:52.908159 16948 ts_tablet_manager.cc:1434] T 4eb161d1883f4915bfcf12863ed11c8c P ef37df3bc9bc4439b30d9b989cd94509: Time spent starting tablet: real 0.021s	user 0.010s	sys 0.003s
I20260710 11:05:52.909336 16948 tablet_bootstrap.cc:492] T c4585f843a3e441d9e41512fd274326a P ef37df3bc9bc4439b30d9b989cd94509: Bootstrap starting.
I20260710 11:05:52.911723 16947 tablet_bootstrap.cc:492] T 9186d80a037a40d78b5247fbcff22fa4 P ee3e95ca5ebd4ac0b89ba53eb3012241: No bootstrap required, opened a new log
I20260710 11:05:52.912700 16947 ts_tablet_manager.cc:1403] T 9186d80a037a40d78b5247fbcff22fa4 P ee3e95ca5ebd4ac0b89ba53eb3012241: Time spent bootstrapping tablet: real 0.048s	user 0.020s	sys 0.017s
I20260710 11:05:52.915904 16947 raft_consensus.cc:359] T 9186d80a037a40d78b5247fbcff22fa4 P ee3e95ca5ebd4ac0b89ba53eb3012241 [term 0 FOLLOWER]: Replica starting. Triggering 0 pending ops. Active config: opid_index: -1 OBSOLETE_local: false peers { permanent_uuid: "ee3e95ca5ebd4ac0b89ba53eb3012241" member_type: VOTER last_known_addr { host: "127.15.185.193" port: 32805 } } peers { permanent_uuid: "80422c3aed964292bc927140c6a459e2" member_type: VOTER last_known_addr { host: "127.15.185.194" port: 42901 } } peers { permanent_uuid: "ef37df3bc9bc4439b30d9b989cd94509" member_type: VOTER last_known_addr { host: "127.15.185.195" port: 43483 } }
I20260710 11:05:52.916919 16947 raft_consensus.cc:385] T 9186d80a037a40d78b5247fbcff22fa4 P ee3e95ca5ebd4ac0b89ba53eb3012241 [term 0 FOLLOWER]: Consensus starting up: Expiring failure detector timer to make a prompt election more likely
I20260710 11:05:52.917356 16947 raft_consensus.cc:740] T 9186d80a037a40d78b5247fbcff22fa4 P ee3e95ca5ebd4ac0b89ba53eb3012241 [term 0 FOLLOWER]: Becoming Follower/Learner. State: Replica: ee3e95ca5ebd4ac0b89ba53eb3012241, State: Initialized, Role: FOLLOWER
I20260710 11:05:52.917788 16948 tablet_bootstrap.cc:654] T c4585f843a3e441d9e41512fd274326a P ef37df3bc9bc4439b30d9b989cd94509: Neither blocks nor log segments found. Creating new log.
I20260710 11:05:52.918314 16947 consensus_queue.cc:260] T 9186d80a037a40d78b5247fbcff22fa4 P ee3e95ca5ebd4ac0b89ba53eb3012241 [NON_LEADER]: Queue going to NON_LEADER mode. State: All replicated index: 0, Majority replicated index: 0, Committed index: 0, Last appended: 0.0, Last appended by leader: 0, Current term: 0, Majority size: -1, State: 0, Mode: NON_LEADER, active raft config: opid_index: -1 OBSOLETE_local: false peers { permanent_uuid: "ee3e95ca5ebd4ac0b89ba53eb3012241" member_type: VOTER last_known_addr { host: "127.15.185.193" port: 32805 } } peers { permanent_uuid: "80422c3aed964292bc927140c6a459e2" member_type: VOTER last_known_addr { host: "127.15.185.194" port: 42901 } } peers { permanent_uuid: "ef37df3bc9bc4439b30d9b989cd94509" member_type: VOTER last_known_addr { host: "127.15.185.195" port: 43483 } }
I20260710 11:05:52.920665 16950 ts_tablet_manager.cc:1434] T 42c73fab6d8148a9b5576f243889795f P 80422c3aed964292bc927140c6a459e2: Time spent starting tablet: real 0.048s	user 0.003s	sys 0.017s
I20260710 11:05:52.920910 16947 ts_tablet_manager.cc:1434] T 9186d80a037a40d78b5247fbcff22fa4 P ee3e95ca5ebd4ac0b89ba53eb3012241: Time spent starting tablet: real 0.008s	user 0.003s	sys 0.003s
I20260710 11:05:52.922287 16950 tablet_bootstrap.cc:492] T db04096cb9ca487c9ba58ce554ef227b P 80422c3aed964292bc927140c6a459e2: Bootstrap starting.
I20260710 11:05:52.925307 16947 tablet_bootstrap.cc:492] T 42c73fab6d8148a9b5576f243889795f P ee3e95ca5ebd4ac0b89ba53eb3012241: Bootstrap starting.
I20260710 11:05:52.930040 16952 raft_consensus.cc:493] T 9186d80a037a40d78b5247fbcff22fa4 P ee3e95ca5ebd4ac0b89ba53eb3012241 [term 0 FOLLOWER]: Starting pre-election (no leader contacted us within the election timeout)
I20260710 11:05:52.930590 16952 raft_consensus.cc:515] T 9186d80a037a40d78b5247fbcff22fa4 P ee3e95ca5ebd4ac0b89ba53eb3012241 [term 0 FOLLOWER]: Starting pre-election with config: opid_index: -1 OBSOLETE_local: false peers { permanent_uuid: "ee3e95ca5ebd4ac0b89ba53eb3012241" member_type: VOTER last_known_addr { host: "127.15.185.193" port: 32805 } } peers { permanent_uuid: "80422c3aed964292bc927140c6a459e2" member_type: VOTER last_known_addr { host: "127.15.185.194" port: 42901 } } peers { permanent_uuid: "ef37df3bc9bc4439b30d9b989cd94509" member_type: VOTER last_known_addr { host: "127.15.185.195" port: 43483 } }
I20260710 11:05:52.932899 16952 leader_election.cc:290] T 9186d80a037a40d78b5247fbcff22fa4 P ee3e95ca5ebd4ac0b89ba53eb3012241 [CANDIDATE]: Term 1 pre-election: Requested pre-vote from peers 80422c3aed964292bc927140c6a459e2 (127.15.185.194:42901), ef37df3bc9bc4439b30d9b989cd94509 (127.15.185.195:43483)
I20260710 11:05:52.939988 16947 tablet_bootstrap.cc:654] T 42c73fab6d8148a9b5576f243889795f P ee3e95ca5ebd4ac0b89ba53eb3012241: Neither blocks nor log segments found. Creating new log.
I20260710 11:05:52.940717 16950 tablet_bootstrap.cc:654] T db04096cb9ca487c9ba58ce554ef227b P 80422c3aed964292bc927140c6a459e2: Neither blocks nor log segments found. Creating new log.
I20260710 11:05:52.945122 16948 tablet_bootstrap.cc:492] T c4585f843a3e441d9e41512fd274326a P ef37df3bc9bc4439b30d9b989cd94509: No bootstrap required, opened a new log
I20260710 11:05:52.945565 16948 ts_tablet_manager.cc:1403] T c4585f843a3e441d9e41512fd274326a P ef37df3bc9bc4439b30d9b989cd94509: Time spent bootstrapping tablet: real 0.036s	user 0.016s	sys 0.016s
I20260710 11:05:52.948330 16907 tablet_service.cc:1917] Received RequestConsensusVote() RPC: tablet_id: "b79318526e394d58bea8a01fd16f6558" candidate_uuid: "ee3e95ca5ebd4ac0b89ba53eb3012241" candidate_term: 1 candidate_status { last_received { term: 0 index: 0 } } ignore_live_leader: false dest_uuid: "ef37df3bc9bc4439b30d9b989cd94509" is_pre_election: true
I20260710 11:05:52.948321 16948 raft_consensus.cc:359] T c4585f843a3e441d9e41512fd274326a P ef37df3bc9bc4439b30d9b989cd94509 [term 0 FOLLOWER]: Replica starting. Triggering 0 pending ops. Active config: opid_index: -1 OBSOLETE_local: false peers { permanent_uuid: "ee3e95ca5ebd4ac0b89ba53eb3012241" member_type: VOTER last_known_addr { host: "127.15.185.193" port: 32805 } } peers { permanent_uuid: "80422c3aed964292bc927140c6a459e2" member_type: VOTER last_known_addr { host: "127.15.185.194" port: 42901 } } peers { permanent_uuid: "ef37df3bc9bc4439b30d9b989cd94509" member_type: VOTER last_known_addr { host: "127.15.185.195" port: 43483 } }
I20260710 11:05:52.949123 16948 raft_consensus.cc:385] T c4585f843a3e441d9e41512fd274326a P ef37df3bc9bc4439b30d9b989cd94509 [term 0 FOLLOWER]: Consensus starting up: Expiring failure detector timer to make a prompt election more likely
I20260710 11:05:52.949424 16948 raft_consensus.cc:740] T c4585f843a3e441d9e41512fd274326a P ef37df3bc9bc4439b30d9b989cd94509 [term 0 FOLLOWER]: Becoming Follower/Learner. State: Replica: ef37df3bc9bc4439b30d9b989cd94509, State: Initialized, Role: FOLLOWER
I20260710 11:05:52.950217 16906 tablet_service.cc:1917] Received RequestConsensusVote() RPC: tablet_id: "9186d80a037a40d78b5247fbcff22fa4" candidate_uuid: "ee3e95ca5ebd4ac0b89ba53eb3012241" candidate_term: 1 candidate_status { last_received { term: 0 index: 0 } } ignore_live_leader: false dest_uuid: "ef37df3bc9bc4439b30d9b989cd94509" is_pre_election: true
I20260710 11:05:52.950333 16948 consensus_queue.cc:260] T c4585f843a3e441d9e41512fd274326a P ef37df3bc9bc4439b30d9b989cd94509 [NON_LEADER]: Queue going to NON_LEADER mode. State: All replicated index: 0, Majority replicated index: 0, Committed index: 0, Last appended: 0.0, Last appended by leader: 0, Current term: 0, Majority size: -1, State: 0, Mode: NON_LEADER, active raft config: opid_index: -1 OBSOLETE_local: false peers { permanent_uuid: "ee3e95ca5ebd4ac0b89ba53eb3012241" member_type: VOTER last_known_addr { host: "127.15.185.193" port: 32805 } } peers { permanent_uuid: "80422c3aed964292bc927140c6a459e2" member_type: VOTER last_known_addr { host: "127.15.185.194" port: 42901 } } peers { permanent_uuid: "ef37df3bc9bc4439b30d9b989cd94509" member_type: VOTER last_known_addr { host: "127.15.185.195" port: 43483 } }
I20260710 11:05:52.949113 16907 raft_consensus.cc:2468] T b79318526e394d58bea8a01fd16f6558 P ef37df3bc9bc4439b30d9b989cd94509 [term 0 FOLLOWER]: Leader pre-election vote request: Granting yes vote for candidate ee3e95ca5ebd4ac0b89ba53eb3012241 in term 0.
I20260710 11:05:52.952427 16948 ts_tablet_manager.cc:1434] T c4585f843a3e441d9e41512fd274326a P ef37df3bc9bc4439b30d9b989cd94509: Time spent starting tablet: real 0.007s	user 0.008s	sys 0.000s
W20260710 11:05:52.952803 16723 leader_election.cc:343] T 9186d80a037a40d78b5247fbcff22fa4 P ee3e95ca5ebd4ac0b89ba53eb3012241 [CANDIDATE]: Term 1 pre-election: Tablet error from VoteRequest() call to peer ef37df3bc9bc4439b30d9b989cd94509 (127.15.185.195:43483): Illegal state: must be running to vote when last-logged opid is not known
I20260710 11:05:52.954507 16948 tablet_bootstrap.cc:492] T 9186d80a037a40d78b5247fbcff22fa4 P ef37df3bc9bc4439b30d9b989cd94509: Bootstrap starting.
I20260710 11:05:52.954622 16833 tablet_service.cc:1917] Received RequestConsensusVote() RPC: tablet_id: "b79318526e394d58bea8a01fd16f6558" candidate_uuid: "ee3e95ca5ebd4ac0b89ba53eb3012241" candidate_term: 1 candidate_status { last_received { term: 0 index: 0 } } ignore_live_leader: false dest_uuid: "80422c3aed964292bc927140c6a459e2" is_pre_election: true
I20260710 11:05:52.955025 16947 tablet_bootstrap.cc:492] T 42c73fab6d8148a9b5576f243889795f P ee3e95ca5ebd4ac0b89ba53eb3012241: No bootstrap required, opened a new log
I20260710 11:05:52.955561 16947 ts_tablet_manager.cc:1403] T 42c73fab6d8148a9b5576f243889795f P ee3e95ca5ebd4ac0b89ba53eb3012241: Time spent bootstrapping tablet: real 0.030s	user 0.010s	sys 0.001s
I20260710 11:05:52.956069 16832 tablet_service.cc:1917] Received RequestConsensusVote() RPC: tablet_id: "9186d80a037a40d78b5247fbcff22fa4" candidate_uuid: "ee3e95ca5ebd4ac0b89ba53eb3012241" candidate_term: 1 candidate_status { last_received { term: 0 index: 0 } } ignore_live_leader: false dest_uuid: "80422c3aed964292bc927140c6a459e2" is_pre_election: true
I20260710 11:05:52.953363 16723 leader_election.cc:304] T b79318526e394d58bea8a01fd16f6558 P ee3e95ca5ebd4ac0b89ba53eb3012241 [CANDIDATE]: Term 1 pre-election: Election decided. Result: candidate won. Election summary: received 2 responses out of 3 voters: 2 yes votes; 0 no votes. yes voters: ee3e95ca5ebd4ac0b89ba53eb3012241, ef37df3bc9bc4439b30d9b989cd94509; no voters: 
I20260710 11:05:52.958043 16952 raft_consensus.cc:2804] T b79318526e394d58bea8a01fd16f6558 P ee3e95ca5ebd4ac0b89ba53eb3012241 [term 0 FOLLOWER]: Leader pre-election won for term 1
I20260710 11:05:52.958393 16952 raft_consensus.cc:493] T b79318526e394d58bea8a01fd16f6558 P ee3e95ca5ebd4ac0b89ba53eb3012241 [term 0 FOLLOWER]: Starting leader election (no leader contacted us within the election timeout)
I20260710 11:05:52.958762 16952 raft_consensus.cc:3060] T b79318526e394d58bea8a01fd16f6558 P ee3e95ca5ebd4ac0b89ba53eb3012241 [term 0 FOLLOWER]: Advancing to term 1
I20260710 11:05:52.960968 16950 tablet_bootstrap.cc:492] T db04096cb9ca487c9ba58ce554ef227b P 80422c3aed964292bc927140c6a459e2: No bootstrap required, opened a new log
I20260710 11:05:52.961449 16950 ts_tablet_manager.cc:1403] T db04096cb9ca487c9ba58ce554ef227b P 80422c3aed964292bc927140c6a459e2: Time spent bootstrapping tablet: real 0.039s	user 0.007s	sys 0.004s
I20260710 11:05:52.961615 16948 tablet_bootstrap.cc:654] T 9186d80a037a40d78b5247fbcff22fa4 P ef37df3bc9bc4439b30d9b989cd94509: Neither blocks nor log segments found. Creating new log.
W20260710 11:05:52.963447 16722 leader_election.cc:343] T b79318526e394d58bea8a01fd16f6558 P ee3e95ca5ebd4ac0b89ba53eb3012241 [CANDIDATE]: Term 1 pre-election: Tablet error from VoteRequest() call to peer 80422c3aed964292bc927140c6a459e2 (127.15.185.194:42901): Illegal state: must be running to vote when last-logged opid is not known
I20260710 11:05:52.965147 16950 raft_consensus.cc:359] T db04096cb9ca487c9ba58ce554ef227b P 80422c3aed964292bc927140c6a459e2 [term 0 FOLLOWER]: Replica starting. Triggering 0 pending ops. Active config: opid_index: -1 OBSOLETE_local: false peers { permanent_uuid: "ee3e95ca5ebd4ac0b89ba53eb3012241" member_type: VOTER last_known_addr { host: "127.15.185.193" port: 32805 } } peers { permanent_uuid: "80422c3aed964292bc927140c6a459e2" member_type: VOTER last_known_addr { host: "127.15.185.194" port: 42901 } } peers { permanent_uuid: "ef37df3bc9bc4439b30d9b989cd94509" member_type: VOTER last_known_addr { host: "127.15.185.195" port: 43483 } }
I20260710 11:05:52.966277 16950 raft_consensus.cc:385] T db04096cb9ca487c9ba58ce554ef227b P 80422c3aed964292bc927140c6a459e2 [term 0 FOLLOWER]: Consensus starting up: Expiring failure detector timer to make a prompt election more likely
I20260710 11:05:52.966707 16950 raft_consensus.cc:740] T db04096cb9ca487c9ba58ce554ef227b P 80422c3aed964292bc927140c6a459e2 [term 0 FOLLOWER]: Becoming Follower/Learner. State: Replica: 80422c3aed964292bc927140c6a459e2, State: Initialized, Role: FOLLOWER
W20260710 11:05:52.967181 16722 leader_election.cc:343] T 9186d80a037a40d78b5247fbcff22fa4 P ee3e95ca5ebd4ac0b89ba53eb3012241 [CANDIDATE]: Term 1 pre-election: Tablet error from VoteRequest() call to peer 80422c3aed964292bc927140c6a459e2 (127.15.185.194:42901): Illegal state: must be running to vote when last-logged opid is not known
I20260710 11:05:52.967742 16950 consensus_queue.cc:260] T db04096cb9ca487c9ba58ce554ef227b P 80422c3aed964292bc927140c6a459e2 [NON_LEADER]: Queue going to NON_LEADER mode. State: All replicated index: 0, Majority replicated index: 0, Committed index: 0, Last appended: 0.0, Last appended by leader: 0, Current term: 0, Majority size: -1, State: 0, Mode: NON_LEADER, active raft config: opid_index: -1 OBSOLETE_local: false peers { permanent_uuid: "ee3e95ca5ebd4ac0b89ba53eb3012241" member_type: VOTER last_known_addr { host: "127.15.185.193" port: 32805 } } peers { permanent_uuid: "80422c3aed964292bc927140c6a459e2" member_type: VOTER last_known_addr { host: "127.15.185.194" port: 42901 } } peers { permanent_uuid: "ef37df3bc9bc4439b30d9b989cd94509" member_type: VOTER last_known_addr { host: "127.15.185.195" port: 43483 } }
I20260710 11:05:52.969091 16956 raft_consensus.cc:493] T db04096cb9ca487c9ba58ce554ef227b P 80422c3aed964292bc927140c6a459e2 [term 0 FOLLOWER]: Starting pre-election (no leader contacted us within the election timeout)
I20260710 11:05:52.968756 16947 raft_consensus.cc:359] T 42c73fab6d8148a9b5576f243889795f P ee3e95ca5ebd4ac0b89ba53eb3012241 [term 0 FOLLOWER]: Replica starting. Triggering 0 pending ops. Active config: opid_index: -1 OBSOLETE_local: false peers { permanent_uuid: "ee3e95ca5ebd4ac0b89ba53eb3012241" member_type: VOTER last_known_addr { host: "127.15.185.193" port: 32805 } } peers { permanent_uuid: "80422c3aed964292bc927140c6a459e2" member_type: VOTER last_known_addr { host: "127.15.185.194" port: 42901 } } peers { permanent_uuid: "ef37df3bc9bc4439b30d9b989cd94509" member_type: VOTER last_known_addr { host: "127.15.185.195" port: 43483 } }
I20260710 11:05:52.968935 16722 leader_election.cc:304] T 9186d80a037a40d78b5247fbcff22fa4 P ee3e95ca5ebd4ac0b89ba53eb3012241 [CANDIDATE]: Term 1 pre-election: Election decided. Result: candidate lost. Election summary: received 3 responses out of 3 voters: 1 yes votes; 2 no votes. yes voters: ee3e95ca5ebd4ac0b89ba53eb3012241; no voters: 80422c3aed964292bc927140c6a459e2, ef37df3bc9bc4439b30d9b989cd94509
I20260710 11:05:52.969620 16947 raft_consensus.cc:385] T 42c73fab6d8148a9b5576f243889795f P ee3e95ca5ebd4ac0b89ba53eb3012241 [term 0 FOLLOWER]: Consensus starting up: Expiring failure detector timer to make a prompt election more likely
I20260710 11:05:52.970103 16947 raft_consensus.cc:740] T 42c73fab6d8148a9b5576f243889795f P ee3e95ca5ebd4ac0b89ba53eb3012241 [term 0 FOLLOWER]: Becoming Follower/Learner. State: Replica: ee3e95ca5ebd4ac0b89ba53eb3012241, State: Initialized, Role: FOLLOWER
