I20260710 11:06:03.475069 27132 catalog_manager.cc:5697] T 5ee88b1960a342e08a76243bcd77ebe2 P a505281c5f0c4bf0b049152427443519 reported cstate change: term changed from 0 to 1, leader changed from <none> to a505281c5f0c4bf0b049152427443519 (127.25.129.65). New cstate: current_term: 1 leader_uuid: "a505281c5f0c4bf0b049152427443519" committed_config { opid_index: -1 OBSOLETE_local: false peers { permanent_uuid: "a505281c5f0c4bf0b049152427443519" member_type: VOTER last_known_addr { host: "127.25.129.65" port: 42239 } health_report { overall_health: HEALTHY } } peers { permanent_uuid: "9de295e9c0c847c0b69227c14ab0cdf3" member_type: VOTER last_known_addr { host: "127.25.129.66" port: 41115 } health_report { overall_health: UNKNOWN } } peers { permanent_uuid: "3cd6c00748694f59a0ebfeaaf0623d43" member_type: VOTER last_known_addr { host: "127.25.129.67" port: 42323 } health_report { overall_health: UNKNOWN } } }
I20260710 11:06:03.480297 27236 tablet_service.cc:1917] Received RequestConsensusVote() RPC: tablet_id: "59be8dd9606f47c6a005ddf9e6da2313" candidate_uuid: "9de295e9c0c847c0b69227c14ab0cdf3" candidate_term: 1 candidate_status { last_received { term: 0 index: 0 } } ignore_live_leader: false dest_uuid: "a505281c5f0c4bf0b049152427443519"
I20260710 11:06:03.481141 27236 raft_consensus.cc:3060] T 59be8dd9606f47c6a005ddf9e6da2313 P a505281c5f0c4bf0b049152427443519 [term 0 FOLLOWER]: Advancing to term 1
I20260710 11:06:03.482751 27468 raft_consensus.cc:493] T 14d2d804539d4505952948274289401e P 3cd6c00748694f59a0ebfeaaf0623d43 [term 0 FOLLOWER]: Starting pre-election (no leader contacted us within the election timeout)
I20260710 11:06:03.483285 27468 raft_consensus.cc:515] T 14d2d804539d4505952948274289401e P 3cd6c00748694f59a0ebfeaaf0623d43 [term 0 FOLLOWER]: Starting pre-election with config: opid_index: -1 OBSOLETE_local: false peers { permanent_uuid: "a505281c5f0c4bf0b049152427443519" member_type: VOTER last_known_addr { host: "127.25.129.65" port: 42239 } } peers { permanent_uuid: "9de295e9c0c847c0b69227c14ab0cdf3" member_type: VOTER last_known_addr { host: "127.25.129.66" port: 41115 } } peers { permanent_uuid: "3cd6c00748694f59a0ebfeaaf0623d43" member_type: VOTER last_known_addr { host: "127.25.129.67" port: 42323 } }
I20260710 11:06:03.486513 27428 ts_tablet_manager.cc:1434] T eea04e0a5e7740e0953dbb489ac77b1f P 9de295e9c0c847c0b69227c14ab0cdf3: Time spent starting tablet: real 0.034s	user 0.009s	sys 0.000s
I20260710 11:06:03.486855 27468 leader_election.cc:290] T 14d2d804539d4505952948274289401e P 3cd6c00748694f59a0ebfeaaf0623d43 [CANDIDATE]: Term 1 pre-election: Requested pre-vote from peers a505281c5f0c4bf0b049152427443519 (127.25.129.65:42239), 9de295e9c0c847c0b69227c14ab0cdf3 (127.25.129.66:41115)
I20260710 11:06:03.489585 27311 tablet_service.cc:1917] Received RequestConsensusVote() RPC: tablet_id: "14d2d804539d4505952948274289401e" candidate_uuid: "3cd6c00748694f59a0ebfeaaf0623d43" candidate_term: 1 candidate_status { last_received { term: 0 index: 0 } } ignore_live_leader: false dest_uuid: "9de295e9c0c847c0b69227c14ab0cdf3" is_pre_election: true
I20260710 11:06:03.491031 27428 tablet_bootstrap.cc:492] T 8c6862b82981428f800c99d17a274b06 P 9de295e9c0c847c0b69227c14ab0cdf3: Bootstrap starting.
I20260710 11:06:03.492493 27426 tablet_bootstrap.cc:492] T e7e22def9bf34b5bb89ee1f8c7597af2 P 3cd6c00748694f59a0ebfeaaf0623d43: No bootstrap required, opened a new log
I20260710 11:06:03.493029 27426 ts_tablet_manager.cc:1403] T e7e22def9bf34b5bb89ee1f8c7597af2 P 3cd6c00748694f59a0ebfeaaf0623d43: Time spent bootstrapping tablet: real 0.059s	user 0.032s	sys 0.019s
I20260710 11:06:03.496049 27426 raft_consensus.cc:359] T e7e22def9bf34b5bb89ee1f8c7597af2 P 3cd6c00748694f59a0ebfeaaf0623d43 [term 0 FOLLOWER]: Replica starting. Triggering 0 pending ops. Active config: opid_index: -1 OBSOLETE_local: false peers { permanent_uuid: "a505281c5f0c4bf0b049152427443519" member_type: VOTER last_known_addr { host: "127.25.129.65" port: 42239 } } peers { permanent_uuid: "9de295e9c0c847c0b69227c14ab0cdf3" member_type: VOTER last_known_addr { host: "127.25.129.66" port: 41115 } } peers { permanent_uuid: "3cd6c00748694f59a0ebfeaaf0623d43" member_type: VOTER last_known_addr { host: "127.25.129.67" port: 42323 } }
I20260710 11:06:03.496925 27426 raft_consensus.cc:385] T e7e22def9bf34b5bb89ee1f8c7597af2 P 3cd6c00748694f59a0ebfeaaf0623d43 [term 0 FOLLOWER]: Consensus starting up: Expiring failure detector timer to make a prompt election more likely
I20260710 11:06:03.497282 27426 raft_consensus.cc:740] T e7e22def9bf34b5bb89ee1f8c7597af2 P 3cd6c00748694f59a0ebfeaaf0623d43 [term 0 FOLLOWER]: Becoming Follower/Learner. State: Replica: 3cd6c00748694f59a0ebfeaaf0623d43, State: Initialized, Role: FOLLOWER
I20260710 11:06:03.498195 27428 tablet_bootstrap.cc:654] T 8c6862b82981428f800c99d17a274b06 P 9de295e9c0c847c0b69227c14ab0cdf3: Neither blocks nor log segments found. Creating new log.
I20260710 11:06:03.498383 27426 consensus_queue.cc:260] T e7e22def9bf34b5bb89ee1f8c7597af2 P 3cd6c00748694f59a0ebfeaaf0623d43 [NON_LEADER]: Queue going to NON_LEADER mode. State: All replicated index: 0, Majority replicated index: 0, Committed index: 0, Last appended: 0.0, Last appended by leader: 0, Current term: 0, Majority size: -1, State: 0, Mode: NON_LEADER, active raft config: opid_index: -1 OBSOLETE_local: false peers { permanent_uuid: "a505281c5f0c4bf0b049152427443519" member_type: VOTER last_known_addr { host: "127.25.129.65" port: 42239 } } peers { permanent_uuid: "9de295e9c0c847c0b69227c14ab0cdf3" member_type: VOTER last_known_addr { host: "127.25.129.66" port: 41115 } } peers { permanent_uuid: "3cd6c00748694f59a0ebfeaaf0623d43" member_type: VOTER last_known_addr { host: "127.25.129.67" port: 42323 } }
I20260710 11:06:03.498595 27133 catalog_manager.cc:5697] T c5187a0a77e143a68455aa7fd82bf377 P 3cd6c00748694f59a0ebfeaaf0623d43 reported cstate change: term changed from 0 to 1, leader changed from <none> to 3cd6c00748694f59a0ebfeaaf0623d43 (127.25.129.67). New cstate: current_term: 1 leader_uuid: "3cd6c00748694f59a0ebfeaaf0623d43" committed_config { opid_index: -1 OBSOLETE_local: false peers { permanent_uuid: "a505281c5f0c4bf0b049152427443519" member_type: VOTER last_known_addr { host: "127.25.129.65" port: 42239 } health_report { overall_health: UNKNOWN } } peers { permanent_uuid: "9de295e9c0c847c0b69227c14ab0cdf3" member_type: VOTER last_known_addr { host: "127.25.129.66" port: 41115 } health_report { overall_health: UNKNOWN } } peers { permanent_uuid: "3cd6c00748694f59a0ebfeaaf0623d43" member_type: VOTER last_known_addr { host: "127.25.129.67" port: 42323 } health_report { overall_health: HEALTHY } } }
I20260710 11:06:03.499650 27235 tablet_service.cc:1917] Received RequestConsensusVote() RPC: tablet_id: "14d2d804539d4505952948274289401e" candidate_uuid: "3cd6c00748694f59a0ebfeaaf0623d43" candidate_term: 1 candidate_status { last_received { term: 0 index: 0 } } ignore_live_leader: false dest_uuid: "a505281c5f0c4bf0b049152427443519" is_pre_election: true
I20260710 11:06:03.500967 27426 ts_tablet_manager.cc:1434] T e7e22def9bf34b5bb89ee1f8c7597af2 P 3cd6c00748694f59a0ebfeaaf0623d43: Time spent starting tablet: real 0.008s	user 0.005s	sys 0.001s
I20260710 11:06:03.502455 27426 tablet_bootstrap.cc:492] T 224496b4cb43408f986f40fb0d55a1c9 P 3cd6c00748694f59a0ebfeaaf0623d43: Bootstrap starting.
I20260710 11:06:03.502416 27385 tablet_service.cc:1917] Received RequestConsensusVote() RPC: tablet_id: "59be8dd9606f47c6a005ddf9e6da2313" candidate_uuid: "9de295e9c0c847c0b69227c14ab0cdf3" candidate_term: 1 candidate_status { last_received { term: 0 index: 0 } } ignore_live_leader: false dest_uuid: "3cd6c00748694f59a0ebfeaaf0623d43"
I20260710 11:06:03.503333 27385 raft_consensus.cc:3060] T 59be8dd9606f47c6a005ddf9e6da2313 P 3cd6c00748694f59a0ebfeaaf0623d43 [term 0 FOLLOWER]: Advancing to term 1
I20260710 11:06:03.506273 27432 raft_consensus.cc:493] T acd8714471514ee5af4e3b7f0840bea1 P a505281c5f0c4bf0b049152427443519 [term 0 FOLLOWER]: Starting pre-election (no leader contacted us within the election timeout)
I20260710 11:06:03.507007 27432 raft_consensus.cc:515] T acd8714471514ee5af4e3b7f0840bea1 P a505281c5f0c4bf0b049152427443519 [term 0 FOLLOWER]: Starting pre-election with config: opid_index: -1 OBSOLETE_local: false peers { permanent_uuid: "a505281c5f0c4bf0b049152427443519" member_type: VOTER last_known_addr { host: "127.25.129.65" port: 42239 } } peers { permanent_uuid: "9de295e9c0c847c0b69227c14ab0cdf3" member_type: VOTER last_known_addr { host: "127.25.129.66" port: 41115 } } peers { permanent_uuid: "3cd6c00748694f59a0ebfeaaf0623d43" member_type: VOTER last_known_addr { host: "127.25.129.67" port: 42323 } }
I20260710 11:06:03.509362 27432 leader_election.cc:290] T acd8714471514ee5af4e3b7f0840bea1 P a505281c5f0c4bf0b049152427443519 [CANDIDATE]: Term 1 pre-election: Requested pre-vote from peers 9de295e9c0c847c0b69227c14ab0cdf3 (127.25.129.66:41115), 3cd6c00748694f59a0ebfeaaf0623d43 (127.25.129.67:42323)
I20260710 11:06:03.511302 27384 tablet_service.cc:1917] Received RequestConsensusVote() RPC: tablet_id: "acd8714471514ee5af4e3b7f0840bea1" candidate_uuid: "a505281c5f0c4bf0b049152427443519" candidate_term: 1 candidate_status { last_received { term: 0 index: 0 } } ignore_live_leader: false dest_uuid: "3cd6c00748694f59a0ebfeaaf0623d43" is_pre_election: true
I20260710 11:06:03.511991 27384 raft_consensus.cc:2468] T acd8714471514ee5af4e3b7f0840bea1 P 3cd6c00748694f59a0ebfeaaf0623d43 [term 0 FOLLOWER]: Leader pre-election vote request: Granting yes vote for candidate a505281c5f0c4bf0b049152427443519 in term 0.
I20260710 11:06:03.512194 27426 tablet_bootstrap.cc:654] T 224496b4cb43408f986f40fb0d55a1c9 P 3cd6c00748694f59a0ebfeaaf0623d43: Neither blocks nor log segments found. Creating new log.
I20260710 11:06:03.513674 27199 leader_election.cc:304] T acd8714471514ee5af4e3b7f0840bea1 P a505281c5f0c4bf0b049152427443519 [CANDIDATE]: Term 1 pre-election: Election decided. Result: candidate won. Election summary: received 2 responses out of 3 voters: 2 yes votes; 0 no votes. yes voters: 3cd6c00748694f59a0ebfeaaf0623d43, a505281c5f0c4bf0b049152427443519; no voters: 
I20260710 11:06:03.519871 27310 tablet_service.cc:1917] Received RequestConsensusVote() RPC: tablet_id: "acd8714471514ee5af4e3b7f0840bea1" candidate_uuid: "a505281c5f0c4bf0b049152427443519" candidate_term: 1 candidate_status { last_received { term: 0 index: 0 } } ignore_live_leader: false dest_uuid: "9de295e9c0c847c0b69227c14ab0cdf3" is_pre_election: true
I20260710 11:06:03.520789 27310 raft_consensus.cc:2468] T acd8714471514ee5af4e3b7f0840bea1 P 9de295e9c0c847c0b69227c14ab0cdf3 [term 0 FOLLOWER]: Leader pre-election vote request: Granting yes vote for candidate a505281c5f0c4bf0b049152427443519 in term 0.
I20260710 11:06:03.523191 27432 raft_consensus.cc:2804] T acd8714471514ee5af4e3b7f0840bea1 P a505281c5f0c4bf0b049152427443519 [term 0 FOLLOWER]: Leader pre-election won for term 1
I20260710 11:06:03.523766 27432 raft_consensus.cc:493] T acd8714471514ee5af4e3b7f0840bea1 P a505281c5f0c4bf0b049152427443519 [term 0 FOLLOWER]: Starting leader election (no leader contacted us within the election timeout)
I20260710 11:06:03.524209 27432 raft_consensus.cc:3060] T acd8714471514ee5af4e3b7f0840bea1 P a505281c5f0c4bf0b049152427443519 [term 0 FOLLOWER]: Advancing to term 1
I20260710 11:06:03.525818 27426 tablet_bootstrap.cc:492] T 224496b4cb43408f986f40fb0d55a1c9 P 3cd6c00748694f59a0ebfeaaf0623d43: No bootstrap required, opened a new log
I20260710 11:06:03.526531 27426 ts_tablet_manager.cc:1403] T 224496b4cb43408f986f40fb0d55a1c9 P 3cd6c00748694f59a0ebfeaaf0623d43: Time spent bootstrapping tablet: real 0.024s	user 0.012s	sys 0.009s
I20260710 11:06:03.530254 27426 raft_consensus.cc:359] T 224496b4cb43408f986f40fb0d55a1c9 P 3cd6c00748694f59a0ebfeaaf0623d43 [term 0 FOLLOWER]: Replica starting. Triggering 0 pending ops. Active config: opid_index: -1 OBSOLETE_local: false peers { permanent_uuid: "a505281c5f0c4bf0b049152427443519" member_type: VOTER last_known_addr { host: "127.25.129.65" port: 42239 } } peers { permanent_uuid: "9de295e9c0c847c0b69227c14ab0cdf3" member_type: VOTER last_known_addr { host: "127.25.129.66" port: 41115 } } peers { permanent_uuid: "3cd6c00748694f59a0ebfeaaf0623d43" member_type: VOTER last_known_addr { host: "127.25.129.67" port: 42323 } }
I20260710 11:06:03.531231 27426 raft_consensus.cc:385] T 224496b4cb43408f986f40fb0d55a1c9 P 3cd6c00748694f59a0ebfeaaf0623d43 [term 0 FOLLOWER]: Consensus starting up: Expiring failure detector timer to make a prompt election more likely
I20260710 11:06:03.531831 27426 raft_consensus.cc:740] T 224496b4cb43408f986f40fb0d55a1c9 P 3cd6c00748694f59a0ebfeaaf0623d43 [term 0 FOLLOWER]: Becoming Follower/Learner. State: Replica: 3cd6c00748694f59a0ebfeaaf0623d43, State: Initialized, Role: FOLLOWER
I20260710 11:06:03.532884 27426 consensus_queue.cc:260] T 224496b4cb43408f986f40fb0d55a1c9 P 3cd6c00748694f59a0ebfeaaf0623d43 [NON_LEADER]: Queue going to NON_LEADER mode. State: All replicated index: 0, Majority replicated index: 0, Committed index: 0, Last appended: 0.0, Last appended by leader: 0, Current term: 0, Majority size: -1, State: 0, Mode: NON_LEADER, active raft config: opid_index: -1 OBSOLETE_local: false peers { permanent_uuid: "a505281c5f0c4bf0b049152427443519" member_type: VOTER last_known_addr { host: "127.25.129.65" port: 42239 } } peers { permanent_uuid: "9de295e9c0c847c0b69227c14ab0cdf3" member_type: VOTER last_known_addr { host: "127.25.129.66" port: 41115 } } peers { permanent_uuid: "3cd6c00748694f59a0ebfeaaf0623d43" member_type: VOTER last_known_addr { host: "127.25.129.67" port: 42323 } }
I20260710 11:06:03.497217 27311 raft_consensus.cc:2468] T 14d2d804539d4505952948274289401e P 9de295e9c0c847c0b69227c14ab0cdf3 [term 0 FOLLOWER]: Leader pre-election vote request: Granting yes vote for candidate 3cd6c00748694f59a0ebfeaaf0623d43 in term 0.
I20260710 11:06:03.534324 27351 leader_election.cc:304] T 59be8dd9606f47c6a005ddf9e6da2313 P 3cd6c00748694f59a0ebfeaaf0623d43 [CANDIDATE]: Term 1 pre-election: Election decided. Result: candidate won. Election summary: received 3 responses out of 3 voters: 2 yes votes; 1 no votes. yes voters: 3cd6c00748694f59a0ebfeaaf0623d43, a505281c5f0c4bf0b049152427443519; no voters: 9de295e9c0c847c0b69227c14ab0cdf3
I20260710 11:06:03.535293 27433 leader_election.cc:290] T 59be8dd9606f47c6a005ddf9e6da2313 P 9de295e9c0c847c0b69227c14ab0cdf3 [CANDIDATE]: Term 1 election: Requested vote from peers a505281c5f0c4bf0b049152427443519 (127.25.129.65:42239), 3cd6c00748694f59a0ebfeaaf0623d43 (127.25.129.67:42323)
I20260710 11:06:03.535421 27348 leader_election.cc:304] T 14d2d804539d4505952948274289401e P 3cd6c00748694f59a0ebfeaaf0623d43 [CANDIDATE]: Term 1 pre-election: Election decided. Result: candidate won. Election summary: received 2 responses out of 3 voters: 2 yes votes; 0 no votes. yes voters: 3cd6c00748694f59a0ebfeaaf0623d43, 9de295e9c0c847c0b69227c14ab0cdf3; no voters: 
I20260710 11:06:03.537701 27385 raft_consensus.cc:2468] T 59be8dd9606f47c6a005ddf9e6da2313 P 3cd6c00748694f59a0ebfeaaf0623d43 [term 1 FOLLOWER]: Leader election vote request: Granting yes vote for candidate 9de295e9c0c847c0b69227c14ab0cdf3 in term 1.
I20260710 11:06:03.539072 27426 ts_tablet_manager.cc:1434] T 224496b4cb43408f986f40fb0d55a1c9 P 3cd6c00748694f59a0ebfeaaf0623d43: Time spent starting tablet: real 0.012s	user 0.004s	sys 0.005s
I20260710 11:06:03.540407 27426 tablet_bootstrap.cc:492] T 5ee88b1960a342e08a76243bcd77ebe2 P 3cd6c00748694f59a0ebfeaaf0623d43: Bootstrap starting.
I20260710 11:06:03.540205 27274 leader_election.cc:304] T 59be8dd9606f47c6a005ddf9e6da2313 P 9de295e9c0c847c0b69227c14ab0cdf3 [CANDIDATE]: Term 1 election: Election decided. Result: candidate won. Election summary: received 2 responses out of 3 voters: 2 yes votes; 0 no votes. yes voters: 3cd6c00748694f59a0ebfeaaf0623d43, 9de295e9c0c847c0b69227c14ab0cdf3; no voters: 
I20260710 11:06:03.540961 27468 raft_consensus.cc:2764] T 59be8dd9606f47c6a005ddf9e6da2313 P 3cd6c00748694f59a0ebfeaaf0623d43 [term 1 FOLLOWER]: Leader pre-election decision vote started in defunct term 0: won
I20260710 11:06:03.541859 27468 raft_consensus.cc:2804] T 14d2d804539d4505952948274289401e P 3cd6c00748694f59a0ebfeaaf0623d43 [term 0 FOLLOWER]: Leader pre-election won for term 1
I20260710 11:06:03.542514 27468 raft_consensus.cc:493] T 14d2d804539d4505952948274289401e P 3cd6c00748694f59a0ebfeaaf0623d43 [term 0 FOLLOWER]: Starting leader election (no leader contacted us within the election timeout)
I20260710 11:06:03.543365 27468 raft_consensus.cc:3060] T 14d2d804539d4505952948274289401e P 3cd6c00748694f59a0ebfeaaf0623d43 [term 0 FOLLOWER]: Advancing to term 1
I20260710 11:06:03.549866 27426 tablet_bootstrap.cc:654] T 5ee88b1960a342e08a76243bcd77ebe2 P 3cd6c00748694f59a0ebfeaaf0623d43: Neither blocks nor log segments found. Creating new log.
I20260710 11:06:03.550360 27433 raft_consensus.cc:2804] T 59be8dd9606f47c6a005ddf9e6da2313 P 9de295e9c0c847c0b69227c14ab0cdf3 [term 1 FOLLOWER]: Leader election won for term 1
I20260710 11:06:03.552292 27433 raft_consensus.cc:697] T 59be8dd9606f47c6a005ddf9e6da2313 P 9de295e9c0c847c0b69227c14ab0cdf3 [term 1 LEADER]: Becoming Leader. State: Replica: 9de295e9c0c847c0b69227c14ab0cdf3, State: Running, Role: LEADER
I20260710 11:06:03.554234 27433 consensus_queue.cc:237] T 59be8dd9606f47c6a005ddf9e6da2313 P 9de295e9c0c847c0b69227c14ab0cdf3 [LEADER]: Queue going to LEADER mode. State: All replicated index: 0, Majority replicated index: 0, Committed index: 0, Last appended: 0.0, Last appended by leader: 0, Current term: 1, Majority size: 2, State: 0, Mode: LEADER, active raft config: opid_index: -1 OBSOLETE_local: false peers { permanent_uuid: "a505281c5f0c4bf0b049152427443519" member_type: VOTER last_known_addr { host: "127.25.129.65" port: 42239 } } peers { permanent_uuid: "9de295e9c0c847c0b69227c14ab0cdf3" member_type: VOTER last_known_addr { host: "127.25.129.66" port: 41115 } } peers { permanent_uuid: "3cd6c00748694f59a0ebfeaaf0623d43" member_type: VOTER last_known_addr { host: "127.25.129.67" port: 42323 } }
W20260710 11:06:03.557379 27351 leader_election.cc:343] T 14d2d804539d4505952948274289401e P 3cd6c00748694f59a0ebfeaaf0623d43 [CANDIDATE]: Term 1 pre-election: Tablet error from VoteRequest() call to peer a505281c5f0c4bf0b049152427443519 (127.25.129.65:42239): Illegal state: must be running to vote when last-logged opid is not known
I20260710 11:06:03.567754 27426 tablet_bootstrap.cc:492] T 5ee88b1960a342e08a76243bcd77ebe2 P 3cd6c00748694f59a0ebfeaaf0623d43: No bootstrap required, opened a new log
I20260710 11:06:03.568575 27426 ts_tablet_manager.cc:1403] T 5ee88b1960a342e08a76243bcd77ebe2 P 3cd6c00748694f59a0ebfeaaf0623d43: Time spent bootstrapping tablet: real 0.028s	user 0.017s	sys 0.004s
I20260710 11:06:03.571939 27236 raft_consensus.cc:2468] T 59be8dd9606f47c6a005ddf9e6da2313 P a505281c5f0c4bf0b049152427443519 [term 1 FOLLOWER]: Leader election vote request: Granting yes vote for candidate 9de295e9c0c847c0b69227c14ab0cdf3 in term 1.
I20260710 11:06:03.575016 27426 raft_consensus.cc:359] T 5ee88b1960a342e08a76243bcd77ebe2 P 3cd6c00748694f59a0ebfeaaf0623d43 [term 0 FOLLOWER]: Replica starting. Triggering 0 pending ops. Active config: opid_index: -1 OBSOLETE_local: false peers { permanent_uuid: "a505281c5f0c4bf0b049152427443519" member_type: VOTER last_known_addr { host: "127.25.129.65" port: 42239 } } peers { permanent_uuid: "9de295e9c0c847c0b69227c14ab0cdf3" member_type: VOTER last_known_addr { host: "127.25.129.66" port: 41115 } } peers { permanent_uuid: "3cd6c00748694f59a0ebfeaaf0623d43" member_type: VOTER last_known_addr { host: "127.25.129.67" port: 42323 } }
I20260710 11:06:03.576095 27426 raft_consensus.cc:385] T 5ee88b1960a342e08a76243bcd77ebe2 P 3cd6c00748694f59a0ebfeaaf0623d43 [term 0 FOLLOWER]: Consensus starting up: Expiring failure detector timer to make a prompt election more likely
I20260710 11:06:03.576509 27426 raft_consensus.cc:740] T 5ee88b1960a342e08a76243bcd77ebe2 P 3cd6c00748694f59a0ebfeaaf0623d43 [term 0 FOLLOWER]: Becoming Follower/Learner. State: Replica: 3cd6c00748694f59a0ebfeaaf0623d43, State: Initialized, Role: FOLLOWER
I20260710 11:06:03.577078 27468 raft_consensus.cc:515] T 14d2d804539d4505952948274289401e P 3cd6c00748694f59a0ebfeaaf0623d43 [term 1 FOLLOWER]: Starting leader election with config: opid_index: -1 OBSOLETE_local: false peers { permanent_uuid: "a505281c5f0c4bf0b049152427443519" member_type: VOTER last_known_addr { host: "127.25.129.65" port: 42239 } } peers { permanent_uuid: "9de295e9c0c847c0b69227c14ab0cdf3" member_type: VOTER last_known_addr { host: "127.25.129.66" port: 41115 } } peers { permanent_uuid: "3cd6c00748694f59a0ebfeaaf0623d43" member_type: VOTER last_known_addr { host: "127.25.129.67" port: 42323 } }
I20260710 11:06:03.577638 27426 consensus_queue.cc:260] T 5ee88b1960a342e08a76243bcd77ebe2 P 3cd6c00748694f59a0ebfeaaf0623d43 [NON_LEADER]: Queue going to NON_LEADER mode. State: All replicated index: 0, Majority replicated index: 0, Committed index: 0, Last appended: 0.0, Last appended by leader: 0, Current term: 0, Majority size: -1, State: 0, Mode: NON_LEADER, active raft config: opid_index: -1 OBSOLETE_local: false peers { permanent_uuid: "a505281c5f0c4bf0b049152427443519" member_type: VOTER last_known_addr { host: "127.25.129.65" port: 42239 } } peers { permanent_uuid: "9de295e9c0c847c0b69227c14ab0cdf3" member_type: VOTER last_known_addr { host: "127.25.129.66" port: 41115 } } peers { permanent_uuid: "3cd6c00748694f59a0ebfeaaf0623d43" member_type: VOTER last_known_addr { host: "127.25.129.67" port: 42323 } }
I20260710 11:06:03.581609 27426 ts_tablet_manager.cc:1434] T 5ee88b1960a342e08a76243bcd77ebe2 P 3cd6c00748694f59a0ebfeaaf0623d43: Time spent starting tablet: real 0.012s	user 0.006s	sys 0.003s
I20260710 11:06:03.583238 27426 tablet_bootstrap.cc:492] T 5e2bb96d79374921b032dd2d0cff2fbe P 3cd6c00748694f59a0ebfeaaf0623d43: Bootstrap starting.
I20260710 11:06:03.580978 27432 raft_consensus.cc:515] T acd8714471514ee5af4e3b7f0840bea1 P a505281c5f0c4bf0b049152427443519 [term 1 FOLLOWER]: Starting leader election with config: opid_index: -1 OBSOLETE_local: false peers { permanent_uuid: "a505281c5f0c4bf0b049152427443519" member_type: VOTER last_known_addr { host: "127.25.129.65" port: 42239 } } peers { permanent_uuid: "9de295e9c0c847c0b69227c14ab0cdf3" member_type: VOTER last_known_addr { host: "127.25.129.66" port: 41115 } } peers { permanent_uuid: "3cd6c00748694f59a0ebfeaaf0623d43" member_type: VOTER last_known_addr { host: "127.25.129.67" port: 42323 } }
I20260710 11:06:03.585457 27432 leader_election.cc:290] T acd8714471514ee5af4e3b7f0840bea1 P a505281c5f0c4bf0b049152427443519 [CANDIDATE]: Term 1 election: Requested vote from peers 9de295e9c0c847c0b69227c14ab0cdf3 (127.25.129.66:41115), 3cd6c00748694f59a0ebfeaaf0623d43 (127.25.129.67:42323)
I20260710 11:06:03.586367 27311 tablet_service.cc:1917] Received RequestConsensusVote() RPC: tablet_id: "acd8714471514ee5af4e3b7f0840bea1" candidate_uuid: "a505281c5f0c4bf0b049152427443519" candidate_term: 1 candidate_status { last_received { term: 0 index: 0 } } ignore_live_leader: false dest_uuid: "9de295e9c0c847c0b69227c14ab0cdf3"
I20260710 11:06:03.587213 27311 raft_consensus.cc:3060] T acd8714471514ee5af4e3b7f0840bea1 P 9de295e9c0c847c0b69227c14ab0cdf3 [term 0 FOLLOWER]: Advancing to term 1
I20260710 11:06:03.588088 27310 tablet_service.cc:1917] Received RequestConsensusVote() RPC: tablet_id: "14d2d804539d4505952948274289401e" candidate_uuid: "3cd6c00748694f59a0ebfeaaf0623d43" candidate_term: 1 candidate_status { last_received { term: 0 index: 0 } } ignore_live_leader: false dest_uuid: "9de295e9c0c847c0b69227c14ab0cdf3"
I20260710 11:06:03.589013 27310 raft_consensus.cc:3060] T 14d2d804539d4505952948274289401e P 9de295e9c0c847c0b69227c14ab0cdf3 [term 0 FOLLOWER]: Advancing to term 1
I20260710 11:06:03.589869 27428 tablet_bootstrap.cc:492] T 8c6862b82981428f800c99d17a274b06 P 9de295e9c0c847c0b69227c14ab0cdf3: No bootstrap required, opened a new log
I20260710 11:06:03.590395 27428 ts_tablet_manager.cc:1403] T 8c6862b82981428f800c99d17a274b06 P 9de295e9c0c847c0b69227c14ab0cdf3: Time spent bootstrapping tablet: real 0.100s	user 0.051s	sys 0.047s
I20260710 11:06:03.586510 27468 leader_election.cc:290] T 14d2d804539d4505952948274289401e P 3cd6c00748694f59a0ebfeaaf0623d43 [CANDIDATE]: Term 1 election: Requested vote from peers a505281c5f0c4bf0b049152427443519 (127.25.129.65:42239), 9de295e9c0c847c0b69227c14ab0cdf3 (127.25.129.66:41115)
I20260710 11:06:03.593386 27426 tablet_bootstrap.cc:654] T 5e2bb96d79374921b032dd2d0cff2fbe P 3cd6c00748694f59a0ebfeaaf0623d43: Neither blocks nor log segments found. Creating new log.
I20260710 11:06:03.595283 27311 raft_consensus.cc:2468] T acd8714471514ee5af4e3b7f0840bea1 P 9de295e9c0c847c0b69227c14ab0cdf3 [term 1 FOLLOWER]: Leader election vote request: Granting yes vote for candidate a505281c5f0c4bf0b049152427443519 in term 1.
I20260710 11:06:03.596205 27425 tablet_bootstrap.cc:492] T 14d2d804539d4505952948274289401e P a505281c5f0c4bf0b049152427443519: No bootstrap required, opened a new log
I20260710 11:06:03.596688 27425 ts_tablet_manager.cc:1403] T 14d2d804539d4505952948274289401e P a505281c5f0c4bf0b049152427443519: Time spent bootstrapping tablet: real 0.175s	user 0.059s	sys 0.055s
I20260710 11:06:03.596714 27199 leader_election.cc:304] T acd8714471514ee5af4e3b7f0840bea1 P a505281c5f0c4bf0b049152427443519 [CANDIDATE]: Term 1 election: Election decided. Result: candidate won. Election summary: received 2 responses out of 3 voters: 2 yes votes; 0 no votes. yes voters: 9de295e9c0c847c0b69227c14ab0cdf3, a505281c5f0c4bf0b049152427443519; no voters: 
I20260710 11:06:03.593327 27428 raft_consensus.cc:359] T 8c6862b82981428f800c99d17a274b06 P 9de295e9c0c847c0b69227c14ab0cdf3 [term 0 FOLLOWER]: Replica starting. Triggering 0 pending ops. Active config: opid_index: -1 OBSOLETE_local: false peers { permanent_uuid: "a505281c5f0c4bf0b049152427443519" member_type: VOTER last_known_addr { host: "127.25.129.65" port: 42239 } } peers { permanent_uuid: "3cd6c00748694f59a0ebfeaaf0623d43" member_type: VOTER last_known_addr { host: "127.25.129.67" port: 42323 } } peers { permanent_uuid: "9de295e9c0c847c0b69227c14ab0cdf3" member_type: VOTER last_known_addr { host: "127.25.129.66" port: 41115 } }
I20260710 11:06:03.597875 27432 raft_consensus.cc:2804] T acd8714471514ee5af4e3b7f0840bea1 P a505281c5f0c4bf0b049152427443519 [term 1 FOLLOWER]: Leader election won for term 1
I20260710 11:06:03.598246 27428 raft_consensus.cc:385] T 8c6862b82981428f800c99d17a274b06 P 9de295e9c0c847c0b69227c14ab0cdf3 [term 0 FOLLOWER]: Consensus starting up: Expiring failure detector timer to make a prompt election more likely
I20260710 11:06:03.598598 27428 raft_consensus.cc:740] T 8c6862b82981428f800c99d17a274b06 P 9de295e9c0c847c0b69227c14ab0cdf3 [term 0 FOLLOWER]: Becoming Follower/Learner. State: Replica: 9de295e9c0c847c0b69227c14ab0cdf3, State: Initialized, Role: FOLLOWER
I20260710 11:06:03.599373 27428 consensus_queue.cc:260] T 8c6862b82981428f800c99d17a274b06 P 9de295e9c0c847c0b69227c14ab0cdf3 [NON_LEADER]: Queue going to NON_LEADER mode. State: All replicated index: 0, Majority replicated index: 0, Committed index: 0, Last appended: 0.0, Last appended by leader: 0, Current term: 0, Majority size: -1, State: 0, Mode: NON_LEADER, active raft config: opid_index: -1 OBSOLETE_local: false peers { permanent_uuid: "a505281c5f0c4bf0b049152427443519" member_type: VOTER last_known_addr { host: "127.25.129.65" port: 42239 } } peers { permanent_uuid: "3cd6c00748694f59a0ebfeaaf0623d43" member_type: VOTER last_known_addr { host: "127.25.129.67" port: 42323 } } peers { permanent_uuid: "9de295e9c0c847c0b69227c14ab0cdf3" member_type: VOTER last_known_addr { host: "127.25.129.66" port: 41115 } }
I20260710 11:06:03.599620 27385 tablet_service.cc:1917] Received RequestConsensusVote() RPC: tablet_id: "acd8714471514ee5af4e3b7f0840bea1" candidate_uuid: "a505281c5f0c4bf0b049152427443519" candidate_term: 1 candidate_status { last_received { term: 0 index: 0 } } ignore_live_leader: false dest_uuid: "3cd6c00748694f59a0ebfeaaf0623d43"
I20260710 11:06:03.600281 27425 raft_consensus.cc:359] T 14d2d804539d4505952948274289401e P a505281c5f0c4bf0b049152427443519 [term 0 FOLLOWER]: Replica starting. Triggering 0 pending ops. Active config: opid_index: -1 OBSOLETE_local: false peers { permanent_uuid: "a505281c5f0c4bf0b049152427443519" member_type: VOTER last_known_addr { host: "127.25.129.65" port: 42239 } } peers { permanent_uuid: "9de295e9c0c847c0b69227c14ab0cdf3" member_type: VOTER last_known_addr { host: "127.25.129.66" port: 41115 } } peers { permanent_uuid: "3cd6c00748694f59a0ebfeaaf0623d43" member_type: VOTER last_known_addr { host: "127.25.129.67" port: 42323 } }
I20260710 11:06:03.600955 27385 raft_consensus.cc:3060] T acd8714471514ee5af4e3b7f0840bea1 P 3cd6c00748694f59a0ebfeaaf0623d43 [term 0 FOLLOWER]: Advancing to term 1
I20260710 11:06:03.598682 27432 raft_consensus.cc:697] T acd8714471514ee5af4e3b7f0840bea1 P a505281c5f0c4bf0b049152427443519 [term 1 LEADER]: Becoming Leader. State: Replica: a505281c5f0c4bf0b049152427443519, State: Running, Role: LEADER
I20260710 11:06:03.601274 27425 raft_consensus.cc:385] T 14d2d804539d4505952948274289401e P a505281c5f0c4bf0b049152427443519 [term 0 FOLLOWER]: Consensus starting up: Expiring failure detector timer to make a prompt election more likely
I20260710 11:06:03.602749 27425 raft_consensus.cc:740] T 14d2d804539d4505952948274289401e P a505281c5f0c4bf0b049152427443519 [term 0 FOLLOWER]: Becoming Follower/Learner. State: Replica: a505281c5f0c4bf0b049152427443519, State: Initialized, Role: FOLLOWER
I20260710 11:06:03.603826 27425 consensus_queue.cc:260] T 14d2d804539d4505952948274289401e P a505281c5f0c4bf0b049152427443519 [NON_LEADER]: Queue going to NON_LEADER mode. State: All replicated index: 0, Majority replicated index: 0, Committed index: 0, Last appended: 0.0, Last appended by leader: 0, Current term: 0, Majority size: -1, State: 0, Mode: NON_LEADER, active raft config: opid_index: -1 OBSOLETE_local: false peers { permanent_uuid: "a505281c5f0c4bf0b049152427443519" member_type: VOTER last_known_addr { host: "127.25.129.65" port: 42239 } } peers { permanent_uuid: "9de295e9c0c847c0b69227c14ab0cdf3" member_type: VOTER last_known_addr { host: "127.25.129.66" port: 41115 } } peers { permanent_uuid: "3cd6c00748694f59a0ebfeaaf0623d43" member_type: VOTER last_known_addr { host: "127.25.129.67" port: 42323 } }
I20260710 11:06:03.602212 27432 consensus_queue.cc:237] T acd8714471514ee5af4e3b7f0840bea1 P a505281c5f0c4bf0b049152427443519 [LEADER]: Queue going to LEADER mode. State: All replicated index: 0, Majority replicated index: 0, Committed index: 0, Last appended: 0.0, Last appended by leader: 0, Current term: 1, Majority size: 2, State: 0, Mode: LEADER, active raft config: opid_index: -1 OBSOLETE_local: false peers { permanent_uuid: "a505281c5f0c4bf0b049152427443519" member_type: VOTER last_known_addr { host: "127.25.129.65" port: 42239 } } peers { permanent_uuid: "9de295e9c0c847c0b69227c14ab0cdf3" member_type: VOTER last_known_addr { host: "127.25.129.66" port: 41115 } } peers { permanent_uuid: "3cd6c00748694f59a0ebfeaaf0623d43" member_type: VOTER last_known_addr { host: "127.25.129.67" port: 42323 } }
I20260710 11:06:03.600350 27236 tablet_service.cc:1917] Received RequestConsensusVote() RPC: tablet_id: "14d2d804539d4505952948274289401e" candidate_uuid: "3cd6c00748694f59a0ebfeaaf0623d43" candidate_term: 1 candidate_status { last_received { term: 0 index: 0 } } ignore_live_leader: false dest_uuid: "a505281c5f0c4bf0b049152427443519"
I20260710 11:06:03.609874 27236 raft_consensus.cc:3060] T 14d2d804539d4505952948274289401e P a505281c5f0c4bf0b049152427443519 [term 0 FOLLOWER]: Advancing to term 1
I20260710 11:06:03.614202 27425 ts_tablet_manager.cc:1434] T 14d2d804539d4505952948274289401e P a505281c5f0c4bf0b049152427443519: Time spent starting tablet: real 0.017s	user 0.010s	sys 0.002s
I20260710 11:06:03.616523 27425 tablet_bootstrap.cc:492] T dc7c4524631643f9a1fffe0a8b200727 P a505281c5f0c4bf0b049152427443519: Bootstrap starting.
I20260710 11:06:03.624571 27236 raft_consensus.cc:2468] T 14d2d804539d4505952948274289401e P a505281c5f0c4bf0b049152427443519 [term 1 FOLLOWER]: Leader election vote request: Granting yes vote for candidate 3cd6c00748694f59a0ebfeaaf0623d43 in term 1.
I20260710 11:06:03.616091 27133 catalog_manager.cc:5697] T 59be8dd9606f47c6a005ddf9e6da2313 P 9de295e9c0c847c0b69227c14ab0cdf3 reported cstate change: term changed from 0 to 1, leader changed from <none> to 9de295e9c0c847c0b69227c14ab0cdf3 (127.25.129.66). New cstate: current_term: 1 leader_uuid: "9de295e9c0c847c0b69227c14ab0cdf3" committed_config { opid_index: -1 OBSOLETE_local: false peers { permanent_uuid: "a505281c5f0c4bf0b049152427443519" member_type: VOTER last_known_addr { host: "127.25.129.65" port: 42239 } health_report { overall_health: UNKNOWN } } peers { permanent_uuid: "9de295e9c0c847c0b69227c14ab0cdf3" member_type: VOTER last_known_addr { host: "127.25.129.66" port: 41115 } health_report { overall_health: HEALTHY } } peers { permanent_uuid: "3cd6c00748694f59a0ebfeaaf0623d43" member_type: VOTER last_known_addr { host: "127.25.129.67" port: 42323 } health_report { overall_health: UNKNOWN } } }
I20260710 11:06:03.601547 27428 ts_tablet_manager.cc:1434] T 8c6862b82981428f800c99d17a274b06 P 9de295e9c0c847c0b69227c14ab0cdf3: Time spent starting tablet: real 0.011s	user 0.004s	sys 0.000s
I20260710 11:06:03.618130 27468 raft_consensus.cc:493] T eea04e0a5e7740e0953dbb489ac77b1f P 3cd6c00748694f59a0ebfeaaf0623d43 [term 0 FOLLOWER]: Starting pre-election (no leader contacted us within the election timeout)
I20260710 11:06:03.626008 27468 raft_consensus.cc:515] T eea04e0a5e7740e0953dbb489ac77b1f P 3cd6c00748694f59a0ebfeaaf0623d43 [term 0 FOLLOWER]: Starting pre-election with config: opid_index: -1 OBSOLETE_local: false peers { permanent_uuid: "a505281c5f0c4bf0b049152427443519" member_type: VOTER last_known_addr { host: "127.25.129.65" port: 42239 } } peers { permanent_uuid: "9de295e9c0c847c0b69227c14ab0cdf3" member_type: VOTER last_known_addr { host: "127.25.129.66" port: 41115 } } peers { permanent_uuid: "3cd6c00748694f59a0ebfeaaf0623d43" member_type: VOTER last_known_addr { host: "127.25.129.67" port: 42323 } }
I20260710 11:06:03.626641 27428 tablet_bootstrap.cc:492] T c5187a0a77e143a68455aa7fd82bf377 P 9de295e9c0c847c0b69227c14ab0cdf3: Bootstrap starting.
I20260710 11:06:03.626941 27425 tablet_bootstrap.cc:654] T dc7c4524631643f9a1fffe0a8b200727 P a505281c5f0c4bf0b049152427443519: Neither blocks nor log segments found. Creating new log.
I20260710 11:06:03.628525 27468 leader_election.cc:290] T eea04e0a5e7740e0953dbb489ac77b1f P 3cd6c00748694f59a0ebfeaaf0623d43 [CANDIDATE]: Term 1 pre-election: Requested pre-vote from peers a505281c5f0c4bf0b049152427443519 (127.25.129.65:42239), 9de295e9c0c847c0b69227c14ab0cdf3 (127.25.129.66:41115)
I20260710 11:06:03.628515 27385 raft_consensus.cc:2468] T acd8714471514ee5af4e3b7f0840bea1 P 3cd6c00748694f59a0ebfeaaf0623d43 [term 1 FOLLOWER]: Leader election vote request: Granting yes vote for candidate a505281c5f0c4bf0b049152427443519 in term 1.
I20260710 11:06:03.629873 27311 tablet_service.cc:1917] Received RequestConsensusVote() RPC: tablet_id: "eea04e0a5e7740e0953dbb489ac77b1f" candidate_uuid: "3cd6c00748694f59a0ebfeaaf0623d43" candidate_term: 1 candidate_status { last_received { term: 0 index: 0 } } ignore_live_leader: false dest_uuid: "9de295e9c0c847c0b69227c14ab0cdf3" is_pre_election: true
I20260710 11:06:03.630793 27311 raft_consensus.cc:2468] T eea04e0a5e7740e0953dbb489ac77b1f P 9de295e9c0c847c0b69227c14ab0cdf3 [term 0 FOLLOWER]: Leader pre-election vote request: Granting yes vote for candidate 3cd6c00748694f59a0ebfeaaf0623d43 in term 0.
I20260710 11:06:03.618279 27426 tablet_bootstrap.cc:492] T 5e2bb96d79374921b032dd2d0cff2fbe P 3cd6c00748694f59a0ebfeaaf0623d43: No bootstrap required, opened a new log
I20260710 11:06:03.631955 27426 ts_tablet_manager.cc:1403] T 5e2bb96d79374921b032dd2d0cff2fbe P 3cd6c00748694f59a0ebfeaaf0623d43: Time spent bootstrapping tablet: real 0.049s	user 0.013s	sys 0.012s
I20260710 11:06:03.632256 27348 leader_election.cc:304] T eea04e0a5e7740e0953dbb489ac77b1f P 3cd6c00748694f59a0ebfeaaf0623d43 [CANDIDATE]: Term 1 pre-election: Election decided. Result: candidate won. Election summary: received 2 responses out of 3 voters: 2 yes votes; 0 no votes. yes voters: 3cd6c00748694f59a0ebfeaaf0623d43, 9de295e9c0c847c0b69227c14ab0cdf3; no voters: 
I20260710 11:06:03.633249 27468 raft_consensus.cc:2804] T eea04e0a5e7740e0953dbb489ac77b1f P 3cd6c00748694f59a0ebfeaaf0623d43 [term 0 FOLLOWER]: Leader pre-election won for term 1
I20260710 11:06:03.633104 27236 tablet_service.cc:1917] Received RequestConsensusVote() RPC: tablet_id: "eea04e0a5e7740e0953dbb489ac77b1f" candidate_uuid: "3cd6c00748694f59a0ebfeaaf0623d43" candidate_term: 1 candidate_status { last_received { term: 0 index: 0 } } ignore_live_leader: false dest_uuid: "a505281c5f0c4bf0b049152427443519" is_pre_election: true
I20260710 11:06:03.633646 27468 raft_consensus.cc:493] T eea04e0a5e7740e0953dbb489ac77b1f P 3cd6c00748694f59a0ebfeaaf0623d43 [term 0 FOLLOWER]: Starting leader election (no leader contacted us within the election timeout)
I20260710 11:06:03.634127 27236 raft_consensus.cc:2468] T eea04e0a5e7740e0953dbb489ac77b1f P a505281c5f0c4bf0b049152427443519 [term 0 FOLLOWER]: Leader pre-election vote request: Granting yes vote for candidate 3cd6c00748694f59a0ebfeaaf0623d43 in term 0.
I20260710 11:06:03.634986 27426 raft_consensus.cc:359] T 5e2bb96d79374921b032dd2d0cff2fbe P 3cd6c00748694f59a0ebfeaaf0623d43 [term 0 FOLLOWER]: Replica starting. Triggering 0 pending ops. Active config: opid_index: -1 OBSOLETE_local: false peers { permanent_uuid: "a505281c5f0c4bf0b049152427443519" member_type: VOTER last_known_addr { host: "127.25.129.65" port: 42239 } } peers { permanent_uuid: "9de295e9c0c847c0b69227c14ab0cdf3" member_type: VOTER last_known_addr { host: "127.25.129.66" port: 41115 } } peers { permanent_uuid: "3cd6c00748694f59a0ebfeaaf0623d43" member_type: VOTER last_known_addr { host: "127.25.129.67" port: 42323 } }
I20260710 11:06:03.634130 27468 raft_consensus.cc:3060] T eea04e0a5e7740e0953dbb489ac77b1f P 3cd6c00748694f59a0ebfeaaf0623d43 [term 0 FOLLOWER]: Advancing to term 1
I20260710 11:06:03.615260 27310 raft_consensus.cc:2468] T 14d2d804539d4505952948274289401e P 9de295e9c0c847c0b69227c14ab0cdf3 [term 1 FOLLOWER]: Leader election vote request: Granting yes vote for candidate 3cd6c00748694f59a0ebfeaaf0623d43 in term 1.
I20260710 11:06:03.636637 27428 tablet_bootstrap.cc:654] T c5187a0a77e143a68455aa7fd82bf377 P 9de295e9c0c847c0b69227c14ab0cdf3: Neither blocks nor log segments found. Creating new log.
I20260710 11:06:03.636799 27425 tablet_bootstrap.cc:492] T dc7c4524631643f9a1fffe0a8b200727 P a505281c5f0c4bf0b049152427443519: No bootstrap required, opened a new log
I20260710 11:06:03.637404 27425 ts_tablet_manager.cc:1403] T dc7c4524631643f9a1fffe0a8b200727 P a505281c5f0c4bf0b049152427443519: Time spent bootstrapping tablet: real 0.021s	user 0.011s	sys 0.004s
I20260710 11:06:03.640224 27425 raft_consensus.cc:359] T dc7c4524631643f9a1fffe0a8b200727 P a505281c5f0c4bf0b049152427443519 [term 0 FOLLOWER]: Replica starting. Triggering 0 pending ops. Active config: opid_index: -1 OBSOLETE_local: false peers { permanent_uuid: "a505281c5f0c4bf0b049152427443519" member_type: VOTER last_known_addr { host: "127.25.129.65" port: 42239 } } peers { permanent_uuid: "9de295e9c0c847c0b69227c14ab0cdf3" member_type: VOTER last_known_addr { host: "127.25.129.66" port: 41115 } } peers { permanent_uuid: "3cd6c00748694f59a0ebfeaaf0623d43" member_type: VOTER last_known_addr { host: "127.25.129.67" port: 42323 } }
I20260710 11:06:03.641008 27425 raft_consensus.cc:385] T dc7c4524631643f9a1fffe0a8b200727 P a505281c5f0c4bf0b049152427443519 [term 0 FOLLOWER]: Consensus starting up: Expiring failure detector timer to make a prompt election more likely
I20260710 11:06:03.641364 27425 raft_consensus.cc:740] T dc7c4524631643f9a1fffe0a8b200727 P a505281c5f0c4bf0b049152427443519 [term 0 FOLLOWER]: Becoming Follower/Learner. State: Replica: a505281c5f0c4bf0b049152427443519, State: Initialized, Role: FOLLOWER
I20260710 11:06:03.645344 27425 consensus_queue.cc:260] T dc7c4524631643f9a1fffe0a8b200727 P a505281c5f0c4bf0b049152427443519 [NON_LEADER]: Queue going to NON_LEADER mode. State: All replicated index: 0, Majority replicated index: 0, Committed index: 0, Last appended: 0.0, Last appended by leader: 0, Current term: 0, Majority size: -1, State: 0, Mode: NON_LEADER, active raft config: opid_index: -1 OBSOLETE_local: false peers { permanent_uuid: "a505281c5f0c4bf0b049152427443519" member_type: VOTER last_known_addr { host: "127.25.129.65" port: 42239 } } peers { permanent_uuid: "9de295e9c0c847c0b69227c14ab0cdf3" member_type: VOTER last_known_addr { host: "127.25.129.66" port: 41115 } } peers { permanent_uuid: "3cd6c00748694f59a0ebfeaaf0623d43" member_type: VOTER last_known_addr { host: "127.25.129.67" port: 42323 } }
I20260710 11:06:03.647307 27425 ts_tablet_manager.cc:1434] T dc7c4524631643f9a1fffe0a8b200727 P a505281c5f0c4bf0b049152427443519: Time spent starting tablet: real 0.010s	user 0.002s	sys 0.003s
I20260710 11:06:03.648041 27425 tablet_bootstrap.cc:492] T b7a28463f6d84046a03a24e2624d7276 P a505281c5f0c4bf0b049152427443519: Bootstrap starting.
I20260710 11:06:03.642163 27426 raft_consensus.cc:385] T 5e2bb96d79374921b032dd2d0cff2fbe P 3cd6c00748694f59a0ebfeaaf0623d43 [term 0 FOLLOWER]: Consensus starting up: Expiring failure detector timer to make a prompt election more likely
I20260710 11:06:03.643573 27468 raft_consensus.cc:515] T eea04e0a5e7740e0953dbb489ac77b1f P 3cd6c00748694f59a0ebfeaaf0623d43 [term 1 FOLLOWER]: Starting leader election with config: opid_index: -1 OBSOLETE_local: false peers { permanent_uuid: "a505281c5f0c4bf0b049152427443519" member_type: VOTER last_known_addr { host: "127.25.129.65" port: 42239 } } peers { permanent_uuid: "9de295e9c0c847c0b69227c14ab0cdf3" member_type: VOTER last_known_addr { host: "127.25.129.66" port: 41115 } } peers { permanent_uuid: "3cd6c00748694f59a0ebfeaaf0623d43" member_type: VOTER last_known_addr { host: "127.25.129.67" port: 42323 } }
I20260710 11:06:03.650378 27426 raft_consensus.cc:740] T 5e2bb96d79374921b032dd2d0cff2fbe P 3cd6c00748694f59a0ebfeaaf0623d43 [term 0 FOLLOWER]: Becoming Follower/Learner. State: Replica: 3cd6c00748694f59a0ebfeaaf0623d43, State: Initialized, Role: FOLLOWER
I20260710 11:06:03.651346 27426 consensus_queue.cc:260] T 5e2bb96d79374921b032dd2d0cff2fbe P 3cd6c00748694f59a0ebfeaaf0623d43 [NON_LEADER]: Queue going to NON_LEADER mode. State: All replicated index: 0, Majority replicated index: 0, Committed index: 0, Last appended: 0.0, Last appended by leader: 0, Current term: 0, Majority size: -1, State: 0, Mode: NON_LEADER, active raft config: opid_index: -1 OBSOLETE_local: false peers { permanent_uuid: "a505281c5f0c4bf0b049152427443519" member_type: VOTER last_known_addr { host: "127.25.129.65" port: 42239 } } peers { permanent_uuid: "9de295e9c0c847c0b69227c14ab0cdf3" member_type: VOTER last_known_addr { host: "127.25.129.66" port: 41115 } } peers { permanent_uuid: "3cd6c00748694f59a0ebfeaaf0623d43" member_type: VOTER last_known_addr { host: "127.25.129.67" port: 42323 } }
I20260710 11:06:03.651870 27468 leader_election.cc:290] T eea04e0a5e7740e0953dbb489ac77b1f P 3cd6c00748694f59a0ebfeaaf0623d43 [CANDIDATE]: Term 1 election: Requested vote from peers a505281c5f0c4bf0b049152427443519 (127.25.129.65:42239), 9de295e9c0c847c0b69227c14ab0cdf3 (127.25.129.66:41115)
I20260710 11:06:03.653865 27426 ts_tablet_manager.cc:1434] T 5e2bb96d79374921b032dd2d0cff2fbe P 3cd6c00748694f59a0ebfeaaf0623d43: Time spent starting tablet: real 0.022s	user 0.006s	sys 0.000s
I20260710 11:06:03.655300 27426 tablet_bootstrap.cc:492] T 089f856c759749ae9f053e3a5766bd01 P 3cd6c00748694f59a0ebfeaaf0623d43: Bootstrap starting.
I20260710 11:06:03.653827 27132 catalog_manager.cc:5697] T acd8714471514ee5af4e3b7f0840bea1 P a505281c5f0c4bf0b049152427443519 reported cstate change: term changed from 0 to 1, leader changed from <none> to a505281c5f0c4bf0b049152427443519 (127.25.129.65). New cstate: current_term: 1 leader_uuid: "a505281c5f0c4bf0b049152427443519" committed_config { opid_index: -1 OBSOLETE_local: false peers { permanent_uuid: "a505281c5f0c4bf0b049152427443519" member_type: VOTER last_known_addr { host: "127.25.129.65" port: 42239 } health_report { overall_health: HEALTHY } } peers { permanent_uuid: "9de295e9c0c847c0b69227c14ab0cdf3" member_type: VOTER last_known_addr { host: "127.25.129.66" port: 41115 } health_report { overall_health: UNKNOWN } } peers { permanent_uuid: "3cd6c00748694f59a0ebfeaaf0623d43" member_type: VOTER last_known_addr { host: "127.25.129.67" port: 42323 } health_report { overall_health: UNKNOWN } } }
I20260710 11:06:03.632627 27351 leader_election.cc:304] T 14d2d804539d4505952948274289401e P 3cd6c00748694f59a0ebfeaaf0623d43 [CANDIDATE]: Term 1 election: Election decided. Result: candidate won. Election summary: received 2 responses out of 3 voters: 2 yes votes; 0 no votes. yes voters: 3cd6c00748694f59a0ebfeaaf0623d43, a505281c5f0c4bf0b049152427443519; no voters: 
I20260710 11:06:03.658573 27425 tablet_bootstrap.cc:654] T b7a28463f6d84046a03a24e2624d7276 P a505281c5f0c4bf0b049152427443519: Neither blocks nor log segments found. Creating new log.
I20260710 11:06:03.659706 27432 raft_consensus.cc:493] T e7e22def9bf34b5bb89ee1f8c7597af2 P a505281c5f0c4bf0b049152427443519 [term 0 FOLLOWER]: Starting pre-election (no leader contacted us within the election timeout)
I20260710 11:06:03.660296 27432 raft_consensus.cc:515] T e7e22def9bf34b5bb89ee1f8c7597af2 P a505281c5f0c4bf0b049152427443519 [term 0 FOLLOWER]: Starting pre-election with config: opid_index: -1 OBSOLETE_local: false peers { permanent_uuid: "a505281c5f0c4bf0b049152427443519" member_type: VOTER last_known_addr { host: "127.25.129.65" port: 42239 } } peers { permanent_uuid: "9de295e9c0c847c0b69227c14ab0cdf3" member_type: VOTER last_known_addr { host: "127.25.129.66" port: 41115 } } peers { permanent_uuid: "3cd6c00748694f59a0ebfeaaf0623d43" member_type: VOTER last_known_addr { host: "127.25.129.67" port: 42323 } }
I20260710 11:06:03.663770 27311 tablet_service.cc:1917] Received RequestConsensusVote() RPC: tablet_id: "e7e22def9bf34b5bb89ee1f8c7597af2" candidate_uuid: "a505281c5f0c4bf0b049152427443519" candidate_term: 1 candidate_status { last_received { term: 0 index: 0 } } ignore_live_leader: false dest_uuid: "9de295e9c0c847c0b69227c14ab0cdf3" is_pre_election: true
W20260710 11:06:03.665326 27199 leader_election.cc:343] T e7e22def9bf34b5bb89ee1f8c7597af2 P a505281c5f0c4bf0b049152427443519 [CANDIDATE]: Term 1 pre-election: Tablet error from VoteRequest() call to peer 9de295e9c0c847c0b69227c14ab0cdf3 (127.25.129.66:41115): Illegal state: must be running to vote when last-logged opid is not known
I20260710 11:06:03.665432 27385 tablet_service.cc:1917] Received RequestConsensusVote() RPC: tablet_id: "e7e22def9bf34b5bb89ee1f8c7597af2" candidate_uuid: "a505281c5f0c4bf0b049152427443519" candidate_term: 1 candidate_status { last_received { term: 0 index: 0 } } ignore_live_leader: false dest_uuid: "3cd6c00748694f59a0ebfeaaf0623d43" is_pre_election: true
I20260710 11:06:03.665895 27432 leader_election.cc:290] T e7e22def9bf34b5bb89ee1f8c7597af2 P a505281c5f0c4bf0b049152427443519 [CANDIDATE]: Term 1 pre-election: Requested pre-vote from peers 9de295e9c0c847c0b69227c14ab0cdf3 (127.25.129.66:41115), 3cd6c00748694f59a0ebfeaaf0623d43 (127.25.129.67:42323)
I20260710 11:06:03.666121 27385 raft_consensus.cc:2468] T e7e22def9bf34b5bb89ee1f8c7597af2 P 3cd6c00748694f59a0ebfeaaf0623d43 [term 0 FOLLOWER]: Leader pre-election vote request: Granting yes vote for candidate a505281c5f0c4bf0b049152427443519 in term 0.
I20260710 11:06:03.670949 27199 leader_election.cc:304] T e7e22def9bf34b5bb89ee1f8c7597af2 P a505281c5f0c4bf0b049152427443519 [CANDIDATE]: Term 1 pre-election: Election decided. Result: candidate won. Election summary: received 3 responses out of 3 voters: 2 yes votes; 1 no votes. yes voters: 3cd6c00748694f59a0ebfeaaf0623d43, a505281c5f0c4bf0b049152427443519; no voters: 9de295e9c0c847c0b69227c14ab0cdf3
I20260710 11:06:03.672067 27432 raft_consensus.cc:2804] T e7e22def9bf34b5bb89ee1f8c7597af2 P a505281c5f0c4bf0b049152427443519 [term 0 FOLLOWER]: Leader pre-election won for term 1
I20260710 11:06:03.672421 27432 raft_consensus.cc:493] T e7e22def9bf34b5bb89ee1f8c7597af2 P a505281c5f0c4bf0b049152427443519 [term 0 FOLLOWER]: Starting leader election (no leader contacted us within the election timeout)
I20260710 11:06:03.673187 27432 raft_consensus.cc:3060] T e7e22def9bf34b5bb89ee1f8c7597af2 P a505281c5f0c4bf0b049152427443519 [term 0 FOLLOWER]: Advancing to term 1
I20260710 11:06:03.675644 27426 tablet_bootstrap.cc:654] T 089f856c759749ae9f053e3a5766bd01 P 3cd6c00748694f59a0ebfeaaf0623d43: Neither blocks nor log segments found. Creating new log.
I20260710 11:06:03.680534 27428 tablet_bootstrap.cc:492] T c5187a0a77e143a68455aa7fd82bf377 P 9de295e9c0c847c0b69227c14ab0cdf3: No bootstrap required, opened a new log
I20260710 11:06:03.681147 27428 ts_tablet_manager.cc:1403] T c5187a0a77e143a68455aa7fd82bf377 P 9de295e9c0c847c0b69227c14ab0cdf3: Time spent bootstrapping tablet: real 0.055s	user 0.015s	sys 0.018s
I20260710 11:06:03.682374 27425 tablet_bootstrap.cc:492] T b7a28463f6d84046a03a24e2624d7276 P a505281c5f0c4bf0b049152427443519: No bootstrap required, opened a new log
