I20260710 11:05:52.311678  7416 catalog_manager.cc:5697] T f7bb6528f0754309ba71e87df88d3251 P 64b968e57e7f4033b5c983ce922dfb8a reported cstate change: term changed from 1 to 2, leader changed from 64885454e44d4ea0a7f98be6ef145f21 (127.6.187.65) to 64b968e57e7f4033b5c983ce922dfb8a (127.6.187.67). New cstate: current_term: 2 leader_uuid: "64b968e57e7f4033b5c983ce922dfb8a" committed_config { opid_index: -1 OBSOLETE_local: false peers { permanent_uuid: "64885454e44d4ea0a7f98be6ef145f21" member_type: VOTER last_known_addr { host: "127.6.187.65" port: 38247 } health_report { overall_health: UNKNOWN } } peers { permanent_uuid: "d578c0996d0b4d52b822b94fd8d0e1b5" member_type: VOTER last_known_addr { host: "127.6.187.66" port: 39869 } health_report { overall_health: UNKNOWN } } peers { permanent_uuid: "64b968e57e7f4033b5c983ce922dfb8a" member_type: VOTER last_known_addr { host: "127.6.187.67" port: 42187 } health_report { overall_health: HEALTHY } } }
I20260710 11:05:52.318799  7415 catalog_manager.cc:5697] T 6632336fc6b1482daae0c52d4a9496a6 P 64885454e44d4ea0a7f98be6ef145f21 reported cstate change: term changed from 1 to 2, leader changed from 64b968e57e7f4033b5c983ce922dfb8a (127.6.187.67) to 64885454e44d4ea0a7f98be6ef145f21 (127.6.187.65). New cstate: current_term: 2 leader_uuid: "64885454e44d4ea0a7f98be6ef145f21" committed_config { opid_index: -1 OBSOLETE_local: false peers { permanent_uuid: "64885454e44d4ea0a7f98be6ef145f21" member_type: VOTER last_known_addr { host: "127.6.187.65" port: 38247 } health_report { overall_health: HEALTHY } } peers { permanent_uuid: "d578c0996d0b4d52b822b94fd8d0e1b5" member_type: VOTER last_known_addr { host: "127.6.187.66" port: 39869 } health_report { overall_health: UNKNOWN } } peers { permanent_uuid: "64b968e57e7f4033b5c983ce922dfb8a" member_type: VOTER last_known_addr { host: "127.6.187.67" port: 42187 } health_report { overall_health: UNKNOWN } } }
I20260710 11:05:52.320084  7415 catalog_manager.cc:5697] T 03bcd564014942ab9d4e862d45605b92 P 64885454e44d4ea0a7f98be6ef145f21 reported cstate change: term changed from 1 to 2, leader changed from d578c0996d0b4d52b822b94fd8d0e1b5 (127.6.187.66) to 64885454e44d4ea0a7f98be6ef145f21 (127.6.187.65). New cstate: current_term: 2 leader_uuid: "64885454e44d4ea0a7f98be6ef145f21" committed_config { opid_index: -1 OBSOLETE_local: false peers { permanent_uuid: "64885454e44d4ea0a7f98be6ef145f21" member_type: VOTER last_known_addr { host: "127.6.187.65" port: 38247 } health_report { overall_health: HEALTHY } } peers { permanent_uuid: "d578c0996d0b4d52b822b94fd8d0e1b5" member_type: VOTER last_known_addr { host: "127.6.187.66" port: 39869 } health_report { overall_health: UNKNOWN } } peers { permanent_uuid: "64b968e57e7f4033b5c983ce922dfb8a" member_type: VOTER last_known_addr { host: "127.6.187.67" port: 42187 } health_report { overall_health: UNKNOWN } } }
I20260710 11:05:52.324285  7748 raft_consensus.cc:993] T d0c9088b2285412981e4c1ae0057268d P d578c0996d0b4d52b822b94fd8d0e1b5: : Instructing follower 64885454e44d4ea0a7f98be6ef145f21 to start an election
I20260710 11:05:52.324656  7725 raft_consensus.cc:1081] T d0c9088b2285412981e4c1ae0057268d P d578c0996d0b4d52b822b94fd8d0e1b5 [term 1 LEADER]: Signalling peer 64885454e44d4ea0a7f98be6ef145f21 to start an election
I20260710 11:05:52.326057  7516 tablet_service.cc:2044] Received Run Leader Election RPC: tablet_id: "d0c9088b2285412981e4c1ae0057268d"
dest_uuid: "64885454e44d4ea0a7f98be6ef145f21"
 from {username='slave'} at 127.0.0.1:48616
I20260710 11:05:52.326614  7516 raft_consensus.cc:493] T d0c9088b2285412981e4c1ae0057268d P 64885454e44d4ea0a7f98be6ef145f21 [term 1 FOLLOWER]: Starting forced leader election (received explicit request)
I20260710 11:05:52.326951  7516 raft_consensus.cc:3060] T d0c9088b2285412981e4c1ae0057268d P 64885454e44d4ea0a7f98be6ef145f21 [term 1 FOLLOWER]: Advancing to term 2
I20260710 11:05:52.332405  7516 raft_consensus.cc:515] T d0c9088b2285412981e4c1ae0057268d P 64885454e44d4ea0a7f98be6ef145f21 [term 2 FOLLOWER]: Starting forced leader election with config: opid_index: -1 OBSOLETE_local: false peers { permanent_uuid: "64885454e44d4ea0a7f98be6ef145f21" member_type: VOTER last_known_addr { host: "127.6.187.65" port: 38247 } } peers { permanent_uuid: "d578c0996d0b4d52b822b94fd8d0e1b5" member_type: VOTER last_known_addr { host: "127.6.187.66" port: 39869 } } peers { permanent_uuid: "64b968e57e7f4033b5c983ce922dfb8a" member_type: VOTER last_known_addr { host: "127.6.187.67" port: 42187 } }
I20260710 11:05:52.334337  7516 leader_election.cc:290] T d0c9088b2285412981e4c1ae0057268d P 64885454e44d4ea0a7f98be6ef145f21 [CANDIDATE]: Term 2 election: Requested vote from peers d578c0996d0b4d52b822b94fd8d0e1b5 (127.6.187.66:39869), 64b968e57e7f4033b5c983ce922dfb8a (127.6.187.67:42187)
I20260710 11:05:52.334832  7590 tablet_service.cc:1917] Received RequestConsensusVote() RPC: tablet_id: "d0c9088b2285412981e4c1ae0057268d" candidate_uuid: "64885454e44d4ea0a7f98be6ef145f21" candidate_term: 2 candidate_status { last_received { term: 1 index: 1 } } ignore_live_leader: true dest_uuid: "d578c0996d0b4d52b822b94fd8d0e1b5"
I20260710 11:05:52.335281  7590 raft_consensus.cc:3055] T d0c9088b2285412981e4c1ae0057268d P d578c0996d0b4d52b822b94fd8d0e1b5 [term 1 LEADER]: Stepping down as leader of term 1
I20260710 11:05:52.335258  7667 tablet_service.cc:1917] Received RequestConsensusVote() RPC: tablet_id: "d0c9088b2285412981e4c1ae0057268d" candidate_uuid: "64885454e44d4ea0a7f98be6ef145f21" candidate_term: 2 candidate_status { last_received { term: 1 index: 1 } } ignore_live_leader: true dest_uuid: "64b968e57e7f4033b5c983ce922dfb8a"
I20260710 11:05:52.335726  7590 raft_consensus.cc:740] T d0c9088b2285412981e4c1ae0057268d P d578c0996d0b4d52b822b94fd8d0e1b5 [term 1 LEADER]: Becoming Follower/Learner. State: Replica: d578c0996d0b4d52b822b94fd8d0e1b5, State: Running, Role: LEADER
I20260710 11:05:52.335870  7667 raft_consensus.cc:3060] T d0c9088b2285412981e4c1ae0057268d P 64b968e57e7f4033b5c983ce922dfb8a [term 1 FOLLOWER]: Advancing to term 2
I20260710 11:05:52.336483  7590 consensus_queue.cc:260] T d0c9088b2285412981e4c1ae0057268d P d578c0996d0b4d52b822b94fd8d0e1b5 [NON_LEADER]: Queue going to NON_LEADER mode. State: All replicated index: 0, Majority replicated index: 1, Committed index: 1, Last appended: 1.1, Last appended by leader: 1, Current term: 1, Majority size: -1, State: 0, Mode: NON_LEADER, active raft config: opid_index: -1 OBSOLETE_local: false peers { permanent_uuid: "64885454e44d4ea0a7f98be6ef145f21" member_type: VOTER last_known_addr { host: "127.6.187.65" port: 38247 } } peers { permanent_uuid: "d578c0996d0b4d52b822b94fd8d0e1b5" member_type: VOTER last_known_addr { host: "127.6.187.66" port: 39869 } } peers { permanent_uuid: "64b968e57e7f4033b5c983ce922dfb8a" member_type: VOTER last_known_addr { host: "127.6.187.67" port: 42187 } }
I20260710 11:05:52.337657  7590 raft_consensus.cc:3060] T d0c9088b2285412981e4c1ae0057268d P d578c0996d0b4d52b822b94fd8d0e1b5 [term 1 FOLLOWER]: Advancing to term 2
I20260710 11:05:52.342077  7667 raft_consensus.cc:2468] T d0c9088b2285412981e4c1ae0057268d P 64b968e57e7f4033b5c983ce922dfb8a [term 2 FOLLOWER]: Leader election vote request: Granting yes vote for candidate 64885454e44d4ea0a7f98be6ef145f21 in term 2.
I20260710 11:05:52.343068  7482 leader_election.cc:304] T d0c9088b2285412981e4c1ae0057268d P 64885454e44d4ea0a7f98be6ef145f21 [CANDIDATE]: Term 2 election: Election decided. Result: candidate won. Election summary: received 2 responses out of 3 voters: 2 yes votes; 0 no votes. yes voters: 64885454e44d4ea0a7f98be6ef145f21, 64b968e57e7f4033b5c983ce922dfb8a; no voters: 
I20260710 11:05:52.343771  7791 raft_consensus.cc:2804] T d0c9088b2285412981e4c1ae0057268d P 64885454e44d4ea0a7f98be6ef145f21 [term 2 FOLLOWER]: Leader election won for term 2
I20260710 11:05:52.343801  7590 raft_consensus.cc:2468] T d0c9088b2285412981e4c1ae0057268d P d578c0996d0b4d52b822b94fd8d0e1b5 [term 2 FOLLOWER]: Leader election vote request: Granting yes vote for candidate 64885454e44d4ea0a7f98be6ef145f21 in term 2.
I20260710 11:05:52.344209  7791 raft_consensus.cc:697] T d0c9088b2285412981e4c1ae0057268d P 64885454e44d4ea0a7f98be6ef145f21 [term 2 LEADER]: Becoming Leader. State: Replica: 64885454e44d4ea0a7f98be6ef145f21, State: Running, Role: LEADER
I20260710 11:05:52.345001  7791 consensus_queue.cc:237] T d0c9088b2285412981e4c1ae0057268d P 64885454e44d4ea0a7f98be6ef145f21 [LEADER]: Queue going to LEADER mode. State: All replicated index: 0, Majority replicated index: 1, Committed index: 1, Last appended: 1.1, Last appended by leader: 1, Current term: 2, Majority size: 2, State: 0, Mode: LEADER, active raft config: opid_index: -1 OBSOLETE_local: false peers { permanent_uuid: "64885454e44d4ea0a7f98be6ef145f21" member_type: VOTER last_known_addr { host: "127.6.187.65" port: 38247 } } peers { permanent_uuid: "d578c0996d0b4d52b822b94fd8d0e1b5" member_type: VOTER last_known_addr { host: "127.6.187.66" port: 39869 } } peers { permanent_uuid: "64b968e57e7f4033b5c983ce922dfb8a" member_type: VOTER last_known_addr { host: "127.6.187.67" port: 42187 } }
I20260710 11:05:52.350299  7416 catalog_manager.cc:5697] T d0c9088b2285412981e4c1ae0057268d P 64885454e44d4ea0a7f98be6ef145f21 reported cstate change: term changed from 1 to 2, leader changed from d578c0996d0b4d52b822b94fd8d0e1b5 (127.6.187.66) to 64885454e44d4ea0a7f98be6ef145f21 (127.6.187.65). New cstate: current_term: 2 leader_uuid: "64885454e44d4ea0a7f98be6ef145f21" committed_config { opid_index: -1 OBSOLETE_local: false peers { permanent_uuid: "64885454e44d4ea0a7f98be6ef145f21" member_type: VOTER last_known_addr { host: "127.6.187.65" port: 38247 } health_report { overall_health: HEALTHY } } peers { permanent_uuid: "d578c0996d0b4d52b822b94fd8d0e1b5" member_type: VOTER last_known_addr { host: "127.6.187.66" port: 39869 } health_report { overall_health: UNKNOWN } } peers { permanent_uuid: "64b968e57e7f4033b5c983ce922dfb8a" member_type: VOTER last_known_addr { host: "127.6.187.67" port: 42187 } health_report { overall_health: UNKNOWN } } }
I20260710 11:05:52.516115  7516 raft_consensus.cc:3060] T 2f22dbbebabe4e7d8f96e1a384d03ef6 P 64885454e44d4ea0a7f98be6ef145f21 [term 1 FOLLOWER]: Advancing to term 2
I20260710 11:05:52.520687  7516 raft_consensus.cc:1275] T 2f22dbbebabe4e7d8f96e1a384d03ef6 P 64885454e44d4ea0a7f98be6ef145f21 [term 2 FOLLOWER]: Refusing update from remote peer d578c0996d0b4d52b822b94fd8d0e1b5: Log matching property violated. Preceding OpId in replica: term: 1 index: 1. Preceding OpId from leader: term: 2 index: 2. (index mismatch)
I20260710 11:05:52.521665  7725 consensus_queue.cc:1048] T 2f22dbbebabe4e7d8f96e1a384d03ef6 P d578c0996d0b4d52b822b94fd8d0e1b5 [LEADER]: Connected to new peer: Peer: permanent_uuid: "64885454e44d4ea0a7f98be6ef145f21" member_type: VOTER last_known_addr { host: "127.6.187.65" port: 38247 }, Status: LMP_MISMATCH, Last received: 0.0, Next index: 2, Last known committed idx: 1, Time since last communication: 0.000s
I20260710 11:05:52.529209  7667 raft_consensus.cc:1275] T 2f22dbbebabe4e7d8f96e1a384d03ef6 P 64b968e57e7f4033b5c983ce922dfb8a [term 2 FOLLOWER]: Refusing update from remote peer d578c0996d0b4d52b822b94fd8d0e1b5: Log matching property violated. Preceding OpId in replica: term: 1 index: 1. Preceding OpId from leader: term: 2 index: 2. (index mismatch)
I20260710 11:05:52.530941  7749 consensus_queue.cc:1048] T 2f22dbbebabe4e7d8f96e1a384d03ef6 P d578c0996d0b4d52b822b94fd8d0e1b5 [LEADER]: Connected to new peer: Peer: permanent_uuid: "64b968e57e7f4033b5c983ce922dfb8a" member_type: VOTER last_known_addr { host: "127.6.187.67" port: 42187 }, Status: LMP_MISMATCH, Last received: 0.0, Next index: 2, Last known committed idx: 1, Time since last communication: 0.000s
I20260710 11:05:52.600365  7590 raft_consensus.cc:1275] T 65ffee8483e341fda0ec72a1bb4380e8 P d578c0996d0b4d52b822b94fd8d0e1b5 [term 2 FOLLOWER]: Refusing update from remote peer 64885454e44d4ea0a7f98be6ef145f21: Log matching property violated. Preceding OpId in replica: term: 1 index: 1. Preceding OpId from leader: term: 2 index: 2. (index mismatch)
I20260710 11:05:52.601444  7791 consensus_queue.cc:1048] T 65ffee8483e341fda0ec72a1bb4380e8 P 64885454e44d4ea0a7f98be6ef145f21 [LEADER]: Connected to new peer: Peer: permanent_uuid: "d578c0996d0b4d52b822b94fd8d0e1b5" member_type: VOTER last_known_addr { host: "127.6.187.66" port: 39869 }, Status: LMP_MISMATCH, Last received: 0.0, Next index: 2, Last known committed idx: 1, Time since last communication: 0.000s
I20260710 11:05:52.608538  7667 raft_consensus.cc:1275] T 65ffee8483e341fda0ec72a1bb4380e8 P 64b968e57e7f4033b5c983ce922dfb8a [term 2 FOLLOWER]: Refusing update from remote peer 64885454e44d4ea0a7f98be6ef145f21: Log matching property violated. Preceding OpId in replica: term: 1 index: 1. Preceding OpId from leader: term: 2 index: 2. (index mismatch)
I20260710 11:05:52.609961  7794 consensus_queue.cc:1048] T 65ffee8483e341fda0ec72a1bb4380e8 P 64885454e44d4ea0a7f98be6ef145f21 [LEADER]: Connected to new peer: Peer: permanent_uuid: "64b968e57e7f4033b5c983ce922dfb8a" member_type: VOTER last_known_addr { host: "127.6.187.67" port: 42187 }, Status: LMP_MISMATCH, Last received: 0.0, Next index: 2, Last known committed idx: 1, Time since last communication: 0.001s
I20260710 11:05:52.637501  7667 raft_consensus.cc:1275] T 9f995b0a748f4724852c26c2b83e1a1b P 64b968e57e7f4033b5c983ce922dfb8a [term 2 FOLLOWER]: Refusing update from remote peer 64885454e44d4ea0a7f98be6ef145f21: Log matching property violated. Preceding OpId in replica: term: 1 index: 1. Preceding OpId from leader: term: 2 index: 2. (index mismatch)
I20260710 11:05:52.638489  7794 consensus_queue.cc:1048] T 9f995b0a748f4724852c26c2b83e1a1b P 64885454e44d4ea0a7f98be6ef145f21 [LEADER]: Connected to new peer: Peer: permanent_uuid: "64b968e57e7f4033b5c983ce922dfb8a" member_type: VOTER last_known_addr { host: "127.6.187.67" port: 42187 }, Status: LMP_MISMATCH, Last received: 0.0, Next index: 2, Last known committed idx: 1, Time since last communication: 0.000s
I20260710 11:05:52.647228  7590 raft_consensus.cc:1275] T 9f995b0a748f4724852c26c2b83e1a1b P d578c0996d0b4d52b822b94fd8d0e1b5 [term 2 FOLLOWER]: Refusing update from remote peer 64885454e44d4ea0a7f98be6ef145f21: Log matching property violated. Preceding OpId in replica: term: 1 index: 1. Preceding OpId from leader: term: 2 index: 2. (index mismatch)
I20260710 11:05:52.648437  7792 consensus_queue.cc:1048] T 9f995b0a748f4724852c26c2b83e1a1b P 64885454e44d4ea0a7f98be6ef145f21 [LEADER]: Connected to new peer: Peer: permanent_uuid: "d578c0996d0b4d52b822b94fd8d0e1b5" member_type: VOTER last_known_addr { host: "127.6.187.66" port: 39869 }, Status: LMP_MISMATCH, Last received: 0.0, Next index: 2, Last known committed idx: 1, Time since last communication: 0.000s
I20260710 11:05:52.662997  7590 raft_consensus.cc:1275] T 6632336fc6b1482daae0c52d4a9496a6 P d578c0996d0b4d52b822b94fd8d0e1b5 [term 2 FOLLOWER]: Refusing update from remote peer 64885454e44d4ea0a7f98be6ef145f21: Log matching property violated. Preceding OpId in replica: term: 1 index: 1. Preceding OpId from leader: term: 2 index: 2. (index mismatch)
I20260710 11:05:52.663955  7792 consensus_queue.cc:1048] T 6632336fc6b1482daae0c52d4a9496a6 P 64885454e44d4ea0a7f98be6ef145f21 [LEADER]: Connected to new peer: Peer: permanent_uuid: "d578c0996d0b4d52b822b94fd8d0e1b5" member_type: VOTER last_known_addr { host: "127.6.187.66" port: 39869 }, Status: LMP_MISMATCH, Last received: 0.0, Next index: 2, Last known committed idx: 1, Time since last communication: 0.000s
I20260710 11:05:52.669874  7667 raft_consensus.cc:1275] T 6632336fc6b1482daae0c52d4a9496a6 P 64b968e57e7f4033b5c983ce922dfb8a [term 2 FOLLOWER]: Refusing update from remote peer 64885454e44d4ea0a7f98be6ef145f21: Log matching property violated. Preceding OpId in replica: term: 1 index: 1. Preceding OpId from leader: term: 2 index: 2. (index mismatch)
I20260710 11:05:52.671238  7792 consensus_queue.cc:1048] T 6632336fc6b1482daae0c52d4a9496a6 P 64885454e44d4ea0a7f98be6ef145f21 [LEADER]: Connected to new peer: Peer: permanent_uuid: "64b968e57e7f4033b5c983ce922dfb8a" member_type: VOTER last_known_addr { host: "127.6.187.67" port: 42187 }, Status: LMP_MISMATCH, Last received: 0.0, Next index: 2, Last known committed idx: 1, Time since last communication: 0.000s
I20260710 11:05:52.701177  7516 raft_consensus.cc:1275] T 69d09147a807455ca7a7b3c0efebd2ea P 64885454e44d4ea0a7f98be6ef145f21 [term 2 FOLLOWER]: Refusing update from remote peer d578c0996d0b4d52b822b94fd8d0e1b5: Log matching property violated. Preceding OpId in replica: term: 1 index: 1. Preceding OpId from leader: term: 2 index: 2. (index mismatch)
I20260710 11:05:52.702349  7749 consensus_queue.cc:1048] T 69d09147a807455ca7a7b3c0efebd2ea P d578c0996d0b4d52b822b94fd8d0e1b5 [LEADER]: Connected to new peer: Peer: permanent_uuid: "64885454e44d4ea0a7f98be6ef145f21" member_type: VOTER last_known_addr { host: "127.6.187.65" port: 38247 }, Status: LMP_MISMATCH, Last received: 0.0, Next index: 2, Last known committed idx: 1, Time since last communication: 0.000s
I20260710 11:05:52.707468  7667 raft_consensus.cc:1275] T 03bcd564014942ab9d4e862d45605b92 P 64b968e57e7f4033b5c983ce922dfb8a [term 2 FOLLOWER]: Refusing update from remote peer 64885454e44d4ea0a7f98be6ef145f21: Log matching property violated. Preceding OpId in replica: term: 1 index: 1. Preceding OpId from leader: term: 2 index: 2. (index mismatch)
I20260710 11:05:52.709281  7792 consensus_queue.cc:1048] T 03bcd564014942ab9d4e862d45605b92 P 64885454e44d4ea0a7f98be6ef145f21 [LEADER]: Connected to new peer: Peer: permanent_uuid: "64b968e57e7f4033b5c983ce922dfb8a" member_type: VOTER last_known_addr { host: "127.6.187.67" port: 42187 }, Status: LMP_MISMATCH, Last received: 0.0, Next index: 2, Last known committed idx: 1, Time since last communication: 0.001s
I20260710 11:05:52.710522  7667 raft_consensus.cc:1275] T 69d09147a807455ca7a7b3c0efebd2ea P 64b968e57e7f4033b5c983ce922dfb8a [term 2 FOLLOWER]: Refusing update from remote peer d578c0996d0b4d52b822b94fd8d0e1b5: Log matching property violated. Preceding OpId in replica: term: 1 index: 1. Preceding OpId from leader: term: 2 index: 2. (index mismatch)
I20260710 11:05:52.712118  7725 consensus_queue.cc:1048] T 69d09147a807455ca7a7b3c0efebd2ea P d578c0996d0b4d52b822b94fd8d0e1b5 [LEADER]: Connected to new peer: Peer: permanent_uuid: "64b968e57e7f4033b5c983ce922dfb8a" member_type: VOTER last_known_addr { host: "127.6.187.67" port: 42187 }, Status: LMP_MISMATCH, Last received: 0.0, Next index: 2, Last known committed idx: 1, Time since last communication: 0.000s
I20260710 11:05:52.719599  7590 raft_consensus.cc:1275] T 03bcd564014942ab9d4e862d45605b92 P d578c0996d0b4d52b822b94fd8d0e1b5 [term 2 FOLLOWER]: Refusing update from remote peer 64885454e44d4ea0a7f98be6ef145f21: Log matching property violated. Preceding OpId in replica: term: 1 index: 1. Preceding OpId from leader: term: 2 index: 2. (index mismatch)
I20260710 11:05:52.722276  7792 consensus_queue.cc:1048] T 03bcd564014942ab9d4e862d45605b92 P 64885454e44d4ea0a7f98be6ef145f21 [LEADER]: Connected to new peer: Peer: permanent_uuid: "d578c0996d0b4d52b822b94fd8d0e1b5" member_type: VOTER last_known_addr { host: "127.6.187.66" port: 39869 }, Status: LMP_MISMATCH, Last received: 0.0, Next index: 2, Last known committed idx: 1, Time since last communication: 0.000s
I20260710 11:05:52.729619  7590 raft_consensus.cc:1275] T d0c9088b2285412981e4c1ae0057268d P d578c0996d0b4d52b822b94fd8d0e1b5 [term 2 FOLLOWER]: Refusing update from remote peer 64885454e44d4ea0a7f98be6ef145f21: Log matching property violated. Preceding OpId in replica: term: 1 index: 1. Preceding OpId from leader: term: 2 index: 2. (index mismatch)
I20260710 11:05:52.730741  7792 consensus_queue.cc:1048] T d0c9088b2285412981e4c1ae0057268d P 64885454e44d4ea0a7f98be6ef145f21 [LEADER]: Connected to new peer: Peer: permanent_uuid: "d578c0996d0b4d52b822b94fd8d0e1b5" member_type: VOTER last_known_addr { host: "127.6.187.66" port: 39869 }, Status: LMP_MISMATCH, Last received: 0.0, Next index: 2, Last known committed idx: 1, Time since last communication: 0.000s
I20260710 11:05:52.737156  7667 raft_consensus.cc:1275] T d0c9088b2285412981e4c1ae0057268d P 64b968e57e7f4033b5c983ce922dfb8a [term 2 FOLLOWER]: Refusing update from remote peer 64885454e44d4ea0a7f98be6ef145f21: Log matching property violated. Preceding OpId in replica: term: 1 index: 1. Preceding OpId from leader: term: 2 index: 2. (index mismatch)
I20260710 11:05:52.738346  7794 consensus_queue.cc:1048] T d0c9088b2285412981e4c1ae0057268d P 64885454e44d4ea0a7f98be6ef145f21 [LEADER]: Connected to new peer: Peer: permanent_uuid: "64b968e57e7f4033b5c983ce922dfb8a" member_type: VOTER last_known_addr { host: "127.6.187.67" port: 42187 }, Status: LMP_MISMATCH, Last received: 0.0, Next index: 2, Last known committed idx: 1, Time since last communication: 0.000s
I20260710 11:05:52.794775  7516 raft_consensus.cc:1275] T f7bb6528f0754309ba71e87df88d3251 P 64885454e44d4ea0a7f98be6ef145f21 [term 2 FOLLOWER]: Refusing update from remote peer 64b968e57e7f4033b5c983ce922dfb8a: Log matching property violated. Preceding OpId in replica: term: 1 index: 1. Preceding OpId from leader: term: 2 index: 2. (index mismatch)
I20260710 11:05:52.795888  7755 consensus_queue.cc:1048] T f7bb6528f0754309ba71e87df88d3251 P 64b968e57e7f4033b5c983ce922dfb8a [LEADER]: Connected to new peer: Peer: permanent_uuid: "64885454e44d4ea0a7f98be6ef145f21" member_type: VOTER last_known_addr { host: "127.6.187.65" port: 38247 }, Status: LMP_MISMATCH, Last received: 0.0, Next index: 2, Last known committed idx: 1, Time since last communication: 0.000s
I20260710 11:05:52.802124  7590 raft_consensus.cc:1275] T f7bb6528f0754309ba71e87df88d3251 P d578c0996d0b4d52b822b94fd8d0e1b5 [term 2 FOLLOWER]: Refusing update from remote peer 64b968e57e7f4033b5c983ce922dfb8a: Log matching property violated. Preceding OpId in replica: term: 1 index: 1. Preceding OpId from leader: term: 2 index: 2. (index mismatch)
I20260710 11:05:52.803565  7797 consensus_queue.cc:1048] T f7bb6528f0754309ba71e87df88d3251 P 64b968e57e7f4033b5c983ce922dfb8a [LEADER]: Connected to new peer: Peer: permanent_uuid: "d578c0996d0b4d52b822b94fd8d0e1b5" member_type: VOTER last_known_addr { host: "127.6.187.66" port: 39869 }, Status: LMP_MISMATCH, Last received: 0.0, Next index: 2, Last known committed idx: 0, Time since last communication: 0.000s
I20260710 11:05:55.068045  6893 auto_leader_rebalancer-test.cc:348] The leader distribution is 
I20260710 11:05:55.068712  6893 auto_leader_rebalancer.cc:141] leader rebalance for table test-workload
I20260710 11:05:55.083266  7516 tablet_service.cc:2072] Received LeaderStepDown RPC: tablet_id: "03bcd564014942ab9d4e862d45605b92"
dest_uuid: "64885454e44d4ea0a7f98be6ef145f21"
mode: GRACEFUL
new_leader_uuid: "64b968e57e7f4033b5c983ce922dfb8a"
 from {username='slave'} at 127.0.0.1:39990
I20260710 11:05:55.083804  7516 raft_consensus.cc:606] T 03bcd564014942ab9d4e862d45605b92 P 64885454e44d4ea0a7f98be6ef145f21 [term 2 LEADER]: Received request to transfer leadership to TS 64b968e57e7f4033b5c983ce922dfb8a
I20260710 11:05:55.086215  7515 tablet_service.cc:2072] Received LeaderStepDown RPC: tablet_id: "9f995b0a748f4724852c26c2b83e1a1b"
dest_uuid: "64885454e44d4ea0a7f98be6ef145f21"
mode: GRACEFUL
new_leader_uuid: "64b968e57e7f4033b5c983ce922dfb8a"
 from {username='slave'} at 127.0.0.1:39990
I20260710 11:05:55.086647  7515 raft_consensus.cc:606] T 9f995b0a748f4724852c26c2b83e1a1b P 64885454e44d4ea0a7f98be6ef145f21 [term 2 LEADER]: Received request to transfer leadership to TS 64b968e57e7f4033b5c983ce922dfb8a
I20260710 11:05:55.087466  6893 auto_leader_rebalancer.cc:452] table: test-workload, leader rebalance finish, leader transfer count: 2
I20260710 11:05:55.087852  6893 auto_leader_rebalancer.cc:527] All tables' leader rebalancing finished this round
I20260710 11:05:55.267064  7794 raft_consensus.cc:993] T 03bcd564014942ab9d4e862d45605b92 P 64885454e44d4ea0a7f98be6ef145f21: : Instructing follower 64b968e57e7f4033b5c983ce922dfb8a to start an election
I20260710 11:05:55.267467  7802 raft_consensus.cc:1081] T 03bcd564014942ab9d4e862d45605b92 P 64885454e44d4ea0a7f98be6ef145f21 [term 2 LEADER]: Signalling peer 64b968e57e7f4033b5c983ce922dfb8a to start an election
I20260710 11:05:55.268779  7664 tablet_service.cc:2044] Received Run Leader Election RPC: tablet_id: "03bcd564014942ab9d4e862d45605b92"
dest_uuid: "64b968e57e7f4033b5c983ce922dfb8a"
 from {username='slave'} at 127.0.0.1:36638
I20260710 11:05:55.269203  7664 raft_consensus.cc:493] T 03bcd564014942ab9d4e862d45605b92 P 64b968e57e7f4033b5c983ce922dfb8a [term 2 FOLLOWER]: Starting forced leader election (received explicit request)
I20260710 11:05:55.269518  7664 raft_consensus.cc:3060] T 03bcd564014942ab9d4e862d45605b92 P 64b968e57e7f4033b5c983ce922dfb8a [term 2 FOLLOWER]: Advancing to term 3
I20260710 11:05:55.274820  7664 raft_consensus.cc:515] T 03bcd564014942ab9d4e862d45605b92 P 64b968e57e7f4033b5c983ce922dfb8a [term 3 FOLLOWER]: Starting forced leader election with config: opid_index: -1 OBSOLETE_local: false peers { permanent_uuid: "64885454e44d4ea0a7f98be6ef145f21" member_type: VOTER last_known_addr { host: "127.6.187.65" port: 38247 } } peers { permanent_uuid: "d578c0996d0b4d52b822b94fd8d0e1b5" member_type: VOTER last_known_addr { host: "127.6.187.66" port: 39869 } } peers { permanent_uuid: "64b968e57e7f4033b5c983ce922dfb8a" member_type: VOTER last_known_addr { host: "127.6.187.67" port: 42187 } }
I20260710 11:05:55.276326  7664 leader_election.cc:290] T 03bcd564014942ab9d4e862d45605b92 P 64b968e57e7f4033b5c983ce922dfb8a [CANDIDATE]: Term 3 election: Requested vote from peers 64885454e44d4ea0a7f98be6ef145f21 (127.6.187.65:38247), d578c0996d0b4d52b822b94fd8d0e1b5 (127.6.187.66:39869)
I20260710 11:05:55.277014  7515 tablet_service.cc:1917] Received RequestConsensusVote() RPC: tablet_id: "03bcd564014942ab9d4e862d45605b92" candidate_uuid: "64b968e57e7f4033b5c983ce922dfb8a" candidate_term: 3 candidate_status { last_received { term: 2 index: 2 } } ignore_live_leader: true dest_uuid: "64885454e44d4ea0a7f98be6ef145f21"
I20260710 11:05:55.277316  7591 tablet_service.cc:1917] Received RequestConsensusVote() RPC: tablet_id: "03bcd564014942ab9d4e862d45605b92" candidate_uuid: "64b968e57e7f4033b5c983ce922dfb8a" candidate_term: 3 candidate_status { last_received { term: 2 index: 2 } } ignore_live_leader: true dest_uuid: "d578c0996d0b4d52b822b94fd8d0e1b5"
I20260710 11:05:55.277462  7515 raft_consensus.cc:3055] T 03bcd564014942ab9d4e862d45605b92 P 64885454e44d4ea0a7f98be6ef145f21 [term 2 LEADER]: Stepping down as leader of term 2
I20260710 11:05:55.277751  7515 raft_consensus.cc:740] T 03bcd564014942ab9d4e862d45605b92 P 64885454e44d4ea0a7f98be6ef145f21 [term 2 LEADER]: Becoming Follower/Learner. State: Replica: 64885454e44d4ea0a7f98be6ef145f21, State: Running, Role: LEADER
I20260710 11:05:55.277778  7591 raft_consensus.cc:3060] T 03bcd564014942ab9d4e862d45605b92 P d578c0996d0b4d52b822b94fd8d0e1b5 [term 2 FOLLOWER]: Advancing to term 3
I20260710 11:05:55.278417  7515 consensus_queue.cc:260] T 03bcd564014942ab9d4e862d45605b92 P 64885454e44d4ea0a7f98be6ef145f21 [NON_LEADER]: Queue going to NON_LEADER mode. State: All replicated index: 0, Majority replicated index: 2, Committed index: 2, Last appended: 2.2, Last appended by leader: 2, Current term: 2, Majority size: -1, State: 0, Mode: NON_LEADER, active raft config: opid_index: -1 OBSOLETE_local: false peers { permanent_uuid: "64885454e44d4ea0a7f98be6ef145f21" member_type: VOTER last_known_addr { host: "127.6.187.65" port: 38247 } } peers { permanent_uuid: "d578c0996d0b4d52b822b94fd8d0e1b5" member_type: VOTER last_known_addr { host: "127.6.187.66" port: 39869 } } peers { permanent_uuid: "64b968e57e7f4033b5c983ce922dfb8a" member_type: VOTER last_known_addr { host: "127.6.187.67" port: 42187 } }
I20260710 11:05:55.279253  7515 raft_consensus.cc:3060] T 03bcd564014942ab9d4e862d45605b92 P 64885454e44d4ea0a7f98be6ef145f21 [term 2 FOLLOWER]: Advancing to term 3
I20260710 11:05:55.282081  7591 raft_consensus.cc:2468] T 03bcd564014942ab9d4e862d45605b92 P d578c0996d0b4d52b822b94fd8d0e1b5 [term 3 FOLLOWER]: Leader election vote request: Granting yes vote for candidate 64b968e57e7f4033b5c983ce922dfb8a in term 3.
I20260710 11:05:55.283216  7633 leader_election.cc:304] T 03bcd564014942ab9d4e862d45605b92 P 64b968e57e7f4033b5c983ce922dfb8a [CANDIDATE]: Term 3 election: Election decided. Result: candidate won. Election summary: received 2 responses out of 3 voters: 2 yes votes; 0 no votes. yes voters: 64b968e57e7f4033b5c983ce922dfb8a, d578c0996d0b4d52b822b94fd8d0e1b5; no voters: 
I20260710 11:05:55.283685  7515 raft_consensus.cc:2468] T 03bcd564014942ab9d4e862d45605b92 P 64885454e44d4ea0a7f98be6ef145f21 [term 3 FOLLOWER]: Leader election vote request: Granting yes vote for candidate 64b968e57e7f4033b5c983ce922dfb8a in term 3.
I20260710 11:05:55.283838  7799 raft_consensus.cc:2804] T 03bcd564014942ab9d4e862d45605b92 P 64b968e57e7f4033b5c983ce922dfb8a [term 3 FOLLOWER]: Leader election won for term 3
I20260710 11:05:55.284857  7799 raft_consensus.cc:697] T 03bcd564014942ab9d4e862d45605b92 P 64b968e57e7f4033b5c983ce922dfb8a [term 3 LEADER]: Becoming Leader. State: Replica: 64b968e57e7f4033b5c983ce922dfb8a, State: Running, Role: LEADER
I20260710 11:05:55.285524  7799 consensus_queue.cc:237] T 03bcd564014942ab9d4e862d45605b92 P 64b968e57e7f4033b5c983ce922dfb8a [LEADER]: Queue going to LEADER mode. State: All replicated index: 0, Majority replicated index: 2, Committed index: 2, Last appended: 2.2, Last appended by leader: 2, Current term: 3, Majority size: 2, State: 0, Mode: LEADER, active raft config: opid_index: -1 OBSOLETE_local: false peers { permanent_uuid: "64885454e44d4ea0a7f98be6ef145f21" member_type: VOTER last_known_addr { host: "127.6.187.65" port: 38247 } } peers { permanent_uuid: "d578c0996d0b4d52b822b94fd8d0e1b5" member_type: VOTER last_known_addr { host: "127.6.187.66" port: 39869 } } peers { permanent_uuid: "64b968e57e7f4033b5c983ce922dfb8a" member_type: VOTER last_known_addr { host: "127.6.187.67" port: 42187 } }
I20260710 11:05:55.291949  7415 catalog_manager.cc:5697] T 03bcd564014942ab9d4e862d45605b92 P 64b968e57e7f4033b5c983ce922dfb8a reported cstate change: term changed from 2 to 3, leader changed from 64885454e44d4ea0a7f98be6ef145f21 (127.6.187.65) to 64b968e57e7f4033b5c983ce922dfb8a (127.6.187.67). New cstate: current_term: 3 leader_uuid: "64b968e57e7f4033b5c983ce922dfb8a" committed_config { opid_index: -1 OBSOLETE_local: false peers { permanent_uuid: "64885454e44d4ea0a7f98be6ef145f21" member_type: VOTER last_known_addr { host: "127.6.187.65" port: 38247 } health_report { overall_health: UNKNOWN } } peers { permanent_uuid: "d578c0996d0b4d52b822b94fd8d0e1b5" member_type: VOTER last_known_addr { host: "127.6.187.66" port: 39869 } health_report { overall_health: UNKNOWN } } peers { permanent_uuid: "64b968e57e7f4033b5c983ce922dfb8a" member_type: VOTER last_known_addr { host: "127.6.187.67" port: 42187 } health_report { overall_health: HEALTHY } } }
I20260710 11:05:55.630925  7794 raft_consensus.cc:993] T 9f995b0a748f4724852c26c2b83e1a1b P 64885454e44d4ea0a7f98be6ef145f21: : Instructing follower 64b968e57e7f4033b5c983ce922dfb8a to start an election
I20260710 11:05:55.631345  7802 raft_consensus.cc:1081] T 9f995b0a748f4724852c26c2b83e1a1b P 64885454e44d4ea0a7f98be6ef145f21 [term 2 LEADER]: Signalling peer 64b968e57e7f4033b5c983ce922dfb8a to start an election
I20260710 11:05:55.632649  7664 tablet_service.cc:2044] Received Run Leader Election RPC: tablet_id: "9f995b0a748f4724852c26c2b83e1a1b"
dest_uuid: "64b968e57e7f4033b5c983ce922dfb8a"
 from {username='slave'} at 127.0.0.1:36638
I20260710 11:05:55.633106  7664 raft_consensus.cc:493] T 9f995b0a748f4724852c26c2b83e1a1b P 64b968e57e7f4033b5c983ce922dfb8a [term 2 FOLLOWER]: Starting forced leader election (received explicit request)
I20260710 11:05:55.633384  7664 raft_consensus.cc:3060] T 9f995b0a748f4724852c26c2b83e1a1b P 64b968e57e7f4033b5c983ce922dfb8a [term 2 FOLLOWER]: Advancing to term 3
I20260710 11:05:55.637694  7664 raft_consensus.cc:515] T 9f995b0a748f4724852c26c2b83e1a1b P 64b968e57e7f4033b5c983ce922dfb8a [term 3 FOLLOWER]: Starting forced leader election with config: opid_index: -1 OBSOLETE_local: false peers { permanent_uuid: "64885454e44d4ea0a7f98be6ef145f21" member_type: VOTER last_known_addr { host: "127.6.187.65" port: 38247 } } peers { permanent_uuid: "d578c0996d0b4d52b822b94fd8d0e1b5" member_type: VOTER last_known_addr { host: "127.6.187.66" port: 39869 } } peers { permanent_uuid: "64b968e57e7f4033b5c983ce922dfb8a" member_type: VOTER last_known_addr { host: "127.6.187.67" port: 42187 } }
I20260710 11:05:55.639329  7664 leader_election.cc:290] T 9f995b0a748f4724852c26c2b83e1a1b P 64b968e57e7f4033b5c983ce922dfb8a [CANDIDATE]: Term 3 election: Requested vote from peers 64885454e44d4ea0a7f98be6ef145f21 (127.6.187.65:38247), d578c0996d0b4d52b822b94fd8d0e1b5 (127.6.187.66:39869)
I20260710 11:05:55.640060  7515 tablet_service.cc:1917] Received RequestConsensusVote() RPC: tablet_id: "9f995b0a748f4724852c26c2b83e1a1b" candidate_uuid: "64b968e57e7f4033b5c983ce922dfb8a" candidate_term: 3 candidate_status { last_received { term: 2 index: 2 } } ignore_live_leader: true dest_uuid: "64885454e44d4ea0a7f98be6ef145f21"
I20260710 11:05:55.640311  7591 tablet_service.cc:1917] Received RequestConsensusVote() RPC: tablet_id: "9f995b0a748f4724852c26c2b83e1a1b" candidate_uuid: "64b968e57e7f4033b5c983ce922dfb8a" candidate_term: 3 candidate_status { last_received { term: 2 index: 2 } } ignore_live_leader: true dest_uuid: "d578c0996d0b4d52b822b94fd8d0e1b5"
I20260710 11:05:55.640537  7515 raft_consensus.cc:3055] T 9f995b0a748f4724852c26c2b83e1a1b P 64885454e44d4ea0a7f98be6ef145f21 [term 2 LEADER]: Stepping down as leader of term 2
I20260710 11:05:55.640774  7591 raft_consensus.cc:3060] T 9f995b0a748f4724852c26c2b83e1a1b P d578c0996d0b4d52b822b94fd8d0e1b5 [term 2 FOLLOWER]: Advancing to term 3
I20260710 11:05:55.640807  7515 raft_consensus.cc:740] T 9f995b0a748f4724852c26c2b83e1a1b P 64885454e44d4ea0a7f98be6ef145f21 [term 2 LEADER]: Becoming Follower/Learner. State: Replica: 64885454e44d4ea0a7f98be6ef145f21, State: Running, Role: LEADER
I20260710 11:05:55.641515  7515 consensus_queue.cc:260] T 9f995b0a748f4724852c26c2b83e1a1b P 64885454e44d4ea0a7f98be6ef145f21 [NON_LEADER]: Queue going to NON_LEADER mode. State: All replicated index: 0, Majority replicated index: 2, Committed index: 2, Last appended: 2.2, Last appended by leader: 2, Current term: 2, Majority size: -1, State: 0, Mode: NON_LEADER, active raft config: opid_index: -1 OBSOLETE_local: false peers { permanent_uuid: "64885454e44d4ea0a7f98be6ef145f21" member_type: VOTER last_known_addr { host: "127.6.187.65" port: 38247 } } peers { permanent_uuid: "d578c0996d0b4d52b822b94fd8d0e1b5" member_type: VOTER last_known_addr { host: "127.6.187.66" port: 39869 } } peers { permanent_uuid: "64b968e57e7f4033b5c983ce922dfb8a" member_type: VOTER last_known_addr { host: "127.6.187.67" port: 42187 } }
I20260710 11:05:55.642361  7515 raft_consensus.cc:3060] T 9f995b0a748f4724852c26c2b83e1a1b P 64885454e44d4ea0a7f98be6ef145f21 [term 2 FOLLOWER]: Advancing to term 3
I20260710 11:05:55.644985  7591 raft_consensus.cc:2468] T 9f995b0a748f4724852c26c2b83e1a1b P d578c0996d0b4d52b822b94fd8d0e1b5 [term 3 FOLLOWER]: Leader election vote request: Granting yes vote for candidate 64b968e57e7f4033b5c983ce922dfb8a in term 3.
I20260710 11:05:55.645890  7633 leader_election.cc:304] T 9f995b0a748f4724852c26c2b83e1a1b P 64b968e57e7f4033b5c983ce922dfb8a [CANDIDATE]: Term 3 election: Election decided. Result: candidate won. Election summary: received 2 responses out of 3 voters: 2 yes votes; 0 no votes. yes voters: 64b968e57e7f4033b5c983ce922dfb8a, d578c0996d0b4d52b822b94fd8d0e1b5; no voters: 
I20260710 11:05:55.646536  7799 raft_consensus.cc:2804] T 9f995b0a748f4724852c26c2b83e1a1b P 64b968e57e7f4033b5c983ce922dfb8a [term 3 FOLLOWER]: Leader election won for term 3
I20260710 11:05:55.646539  7515 raft_consensus.cc:2468] T 9f995b0a748f4724852c26c2b83e1a1b P 64885454e44d4ea0a7f98be6ef145f21 [term 3 FOLLOWER]: Leader election vote request: Granting yes vote for candidate 64b968e57e7f4033b5c983ce922dfb8a in term 3.
I20260710 11:05:55.647091  7799 raft_consensus.cc:697] T 9f995b0a748f4724852c26c2b83e1a1b P 64b968e57e7f4033b5c983ce922dfb8a [term 3 LEADER]: Becoming Leader. State: Replica: 64b968e57e7f4033b5c983ce922dfb8a, State: Running, Role: LEADER
I20260710 11:05:55.647815  7799 consensus_queue.cc:237] T 9f995b0a748f4724852c26c2b83e1a1b P 64b968e57e7f4033b5c983ce922dfb8a [LEADER]: Queue going to LEADER mode. State: All replicated index: 0, Majority replicated index: 2, Committed index: 2, Last appended: 2.2, Last appended by leader: 2, Current term: 3, Majority size: 2, State: 0, Mode: LEADER, active raft config: opid_index: -1 OBSOLETE_local: false peers { permanent_uuid: "64885454e44d4ea0a7f98be6ef145f21" member_type: VOTER last_known_addr { host: "127.6.187.65" port: 38247 } } peers { permanent_uuid: "d578c0996d0b4d52b822b94fd8d0e1b5" member_type: VOTER last_known_addr { host: "127.6.187.66" port: 39869 } } peers { permanent_uuid: "64b968e57e7f4033b5c983ce922dfb8a" member_type: VOTER last_known_addr { host: "127.6.187.67" port: 42187 } }
I20260710 11:05:55.653579  7415 catalog_manager.cc:5697] T 9f995b0a748f4724852c26c2b83e1a1b P 64b968e57e7f4033b5c983ce922dfb8a reported cstate change: term changed from 2 to 3, leader changed from 64885454e44d4ea0a7f98be6ef145f21 (127.6.187.65) to 64b968e57e7f4033b5c983ce922dfb8a (127.6.187.67). New cstate: current_term: 3 leader_uuid: "64b968e57e7f4033b5c983ce922dfb8a" committed_config { opid_index: -1 OBSOLETE_local: false peers { permanent_uuid: "64885454e44d4ea0a7f98be6ef145f21" member_type: VOTER last_known_addr { host: "127.6.187.65" port: 38247 } health_report { overall_health: UNKNOWN } } peers { permanent_uuid: "d578c0996d0b4d52b822b94fd8d0e1b5" member_type: VOTER last_known_addr { host: "127.6.187.66" port: 39869 } health_report { overall_health: UNKNOWN } } peers { permanent_uuid: "64b968e57e7f4033b5c983ce922dfb8a" member_type: VOTER last_known_addr { host: "127.6.187.67" port: 42187 } health_report { overall_health: HEALTHY } } }
I20260710 11:05:55.837283  7515 raft_consensus.cc:1275] T 03bcd564014942ab9d4e862d45605b92 P 64885454e44d4ea0a7f98be6ef145f21 [term 3 FOLLOWER]: Refusing update from remote peer 64b968e57e7f4033b5c983ce922dfb8a: Log matching property violated. Preceding OpId in replica: term: 2 index: 2. Preceding OpId from leader: term: 3 index: 3. (index mismatch)
I20260710 11:05:55.838667  7799 consensus_queue.cc:1048] T 03bcd564014942ab9d4e862d45605b92 P 64b968e57e7f4033b5c983ce922dfb8a [LEADER]: Connected to new peer: Peer: permanent_uuid: "64885454e44d4ea0a7f98be6ef145f21" member_type: VOTER last_known_addr { host: "127.6.187.65" port: 38247 }, Status: LMP_MISMATCH, Last received: 0.0, Next index: 3, Last known committed idx: 2, Time since last communication: 0.000s
I20260710 11:05:55.847250  7591 raft_consensus.cc:1275] T 03bcd564014942ab9d4e862d45605b92 P d578c0996d0b4d52b822b94fd8d0e1b5 [term 3 FOLLOWER]: Refusing update from remote peer 64b968e57e7f4033b5c983ce922dfb8a: Log matching property violated. Preceding OpId in replica: term: 2 index: 2. Preceding OpId from leader: term: 3 index: 3. (index mismatch)
I20260710 11:05:55.848711  7805 consensus_queue.cc:1048] T 03bcd564014942ab9d4e862d45605b92 P 64b968e57e7f4033b5c983ce922dfb8a [LEADER]: Connected to new peer: Peer: permanent_uuid: "d578c0996d0b4d52b822b94fd8d0e1b5" member_type: VOTER last_known_addr { host: "127.6.187.66" port: 39869 }, Status: LMP_MISMATCH, Last received: 0.0, Next index: 3, Last known committed idx: 2, Time since last communication: 0.000s
I20260710 11:05:56.032706  7515 raft_consensus.cc:1275] T 9f995b0a748f4724852c26c2b83e1a1b P 64885454e44d4ea0a7f98be6ef145f21 [term 3 FOLLOWER]: Refusing update from remote peer 64b968e57e7f4033b5c983ce922dfb8a: Log matching property violated. Preceding OpId in replica: term: 2 index: 2. Preceding OpId from leader: term: 3 index: 3. (index mismatch)
I20260710 11:05:56.033929  7799 consensus_queue.cc:1048] T 9f995b0a748f4724852c26c2b83e1a1b P 64b968e57e7f4033b5c983ce922dfb8a [LEADER]: Connected to new peer: Peer: permanent_uuid: "64885454e44d4ea0a7f98be6ef145f21" member_type: VOTER last_known_addr { host: "127.6.187.65" port: 38247 }, Status: LMP_MISMATCH, Last received: 0.0, Next index: 3, Last known committed idx: 2, Time since last communication: 0.000s
I20260710 11:05:56.043315  7591 raft_consensus.cc:1275] T 9f995b0a748f4724852c26c2b83e1a1b P d578c0996d0b4d52b822b94fd8d0e1b5 [term 3 FOLLOWER]: Refusing update from remote peer 64b968e57e7f4033b5c983ce922dfb8a: Log matching property violated. Preceding OpId in replica: term: 2 index: 2. Preceding OpId from leader: term: 3 index: 3. (index mismatch)
I20260710 11:05:56.044932  7819 consensus_queue.cc:1048] T 9f995b0a748f4724852c26c2b83e1a1b P 64b968e57e7f4033b5c983ce922dfb8a [LEADER]: Connected to new peer: Peer: permanent_uuid: "d578c0996d0b4d52b822b94fd8d0e1b5" member_type: VOTER last_known_addr { host: "127.6.187.66" port: 39869 }, Status: LMP_MISMATCH, Last received: 0.0, Next index: 3, Last known committed idx: 2, Time since last communication: 0.000s
I20260710 11:05:56.088538  6893 auto_leader_rebalancer.cc:141] leader rebalance for table test-workload
I20260710 11:05:56.102540  7667 tablet_service.cc:2072] Received LeaderStepDown RPC: tablet_id: "03bcd564014942ab9d4e862d45605b92"
dest_uuid: "64b968e57e7f4033b5c983ce922dfb8a"
mode: GRACEFUL
new_leader_uuid: "64885454e44d4ea0a7f98be6ef145f21"
 from {username='slave'} at 127.0.0.1:36648
I20260710 11:05:56.102984  7667 raft_consensus.cc:606] T 03bcd564014942ab9d4e862d45605b92 P 64b968e57e7f4033b5c983ce922dfb8a [term 3 LEADER]: Received request to transfer leadership to TS 64885454e44d4ea0a7f98be6ef145f21
I20260710 11:05:56.109272  7667 tablet_service.cc:2072] Received LeaderStepDown RPC: tablet_id: "9f995b0a748f4724852c26c2b83e1a1b"
dest_uuid: "64b968e57e7f4033b5c983ce922dfb8a"
mode: GRACEFUL
new_leader_uuid: "64885454e44d4ea0a7f98be6ef145f21"
 from {username='slave'} at 127.0.0.1:36648
I20260710 11:05:56.109800  7667 raft_consensus.cc:606] T 9f995b0a748f4724852c26c2b83e1a1b P 64b968e57e7f4033b5c983ce922dfb8a [term 3 LEADER]: Received request to transfer leadership to TS 64885454e44d4ea0a7f98be6ef145f21
I20260710 11:05:56.113759  7591 tablet_service.cc:2072] Received LeaderStepDown RPC: tablet_id: "69d09147a807455ca7a7b3c0efebd2ea"
dest_uuid: "d578c0996d0b4d52b822b94fd8d0e1b5"
mode: GRACEFUL
new_leader_uuid: "64885454e44d4ea0a7f98be6ef145f21"
 from {username='slave'} at 127.0.0.1:57610
I20260710 11:05:56.114180  7591 raft_consensus.cc:606] T 69d09147a807455ca7a7b3c0efebd2ea P d578c0996d0b4d52b822b94fd8d0e1b5 [term 2 LEADER]: Received request to transfer leadership to TS 64885454e44d4ea0a7f98be6ef145f21
I20260710 11:05:56.118216  7591 tablet_service.cc:2072] Received LeaderStepDown RPC: tablet_id: "5e260b8c6f9e4d8699f030bc573913ba"
dest_uuid: "d578c0996d0b4d52b822b94fd8d0e1b5"
mode: GRACEFUL
new_leader_uuid: "64885454e44d4ea0a7f98be6ef145f21"
 from {username='slave'} at 127.0.0.1:57610
I20260710 11:05:56.118584  7591 raft_consensus.cc:606] T 5e260b8c6f9e4d8699f030bc573913ba P d578c0996d0b4d52b822b94fd8d0e1b5 [term 1 LEADER]: Received request to transfer leadership to TS 64885454e44d4ea0a7f98be6ef145f21
I20260710 11:05:56.122328  7591 tablet_service.cc:2072] Received LeaderStepDown RPC: tablet_id: "4e60bd22d25f4e73ab23d9d2c51bf1df"
dest_uuid: "d578c0996d0b4d52b822b94fd8d0e1b5"
mode: GRACEFUL
new_leader_uuid: "64885454e44d4ea0a7f98be6ef145f21"
 from {username='slave'} at 127.0.0.1:57610
I20260710 11:05:56.122701  7591 raft_consensus.cc:606] T 4e60bd22d25f4e73ab23d9d2c51bf1df P d578c0996d0b4d52b822b94fd8d0e1b5 [term 1 LEADER]: Received request to transfer leadership to TS 64885454e44d4ea0a7f98be6ef145f21
I20260710 11:05:56.235023  7801 raft_consensus.cc:993] T 4e60bd22d25f4e73ab23d9d2c51bf1df P d578c0996d0b4d52b822b94fd8d0e1b5: : Instructing follower 64885454e44d4ea0a7f98be6ef145f21 to start an election
I20260710 11:05:56.236027  7817 raft_consensus.cc:1081] T 4e60bd22d25f4e73ab23d9d2c51bf1df P d578c0996d0b4d52b822b94fd8d0e1b5 [term 1 LEADER]: Signalling peer 64885454e44d4ea0a7f98be6ef145f21 to start an election
I20260710 11:05:56.239851  7515 tablet_service.cc:2044] Received Run Leader Election RPC: tablet_id: "4e60bd22d25f4e73ab23d9d2c51bf1df"
dest_uuid: "64885454e44d4ea0a7f98be6ef145f21"
 from {username='slave'} at 127.0.0.1:48616
I20260710 11:05:56.240963  7515 raft_consensus.cc:493] T 4e60bd22d25f4e73ab23d9d2c51bf1df P 64885454e44d4ea0a7f98be6ef145f21 [term 1 FOLLOWER]: Starting forced leader election (received explicit request)
I20260710 11:05:56.241516  7515 raft_consensus.cc:3060] T 4e60bd22d25f4e73ab23d9d2c51bf1df P 64885454e44d4ea0a7f98be6ef145f21 [term 1 FOLLOWER]: Advancing to term 2
I20260710 11:05:56.245265  7817 raft_consensus.cc:993] T 5e260b8c6f9e4d8699f030bc573913ba P d578c0996d0b4d52b822b94fd8d0e1b5: : Instructing follower 64885454e44d4ea0a7f98be6ef145f21 to start an election
I20260710 11:05:56.245869  7823 raft_consensus.cc:1081] T 5e260b8c6f9e4d8699f030bc573913ba P d578c0996d0b4d52b822b94fd8d0e1b5 [term 1 LEADER]: Signalling peer 64885454e44d4ea0a7f98be6ef145f21 to start an election
I20260710 11:05:56.247493  7516 tablet_service.cc:2044] Received Run Leader Election RPC: tablet_id: "5e260b8c6f9e4d8699f030bc573913ba"
dest_uuid: "64885454e44d4ea0a7f98be6ef145f21"
 from {username='slave'} at 127.0.0.1:48616
I20260710 11:05:56.247916  7516 raft_consensus.cc:493] T 5e260b8c6f9e4d8699f030bc573913ba P 64885454e44d4ea0a7f98be6ef145f21 [term 1 FOLLOWER]: Starting forced leader election (received explicit request)
I20260710 11:05:56.248191  7516 raft_consensus.cc:3060] T 5e260b8c6f9e4d8699f030bc573913ba P 64885454e44d4ea0a7f98be6ef145f21 [term 1 FOLLOWER]: Advancing to term 2
I20260710 11:05:56.248603  7515 raft_consensus.cc:515] T 4e60bd22d25f4e73ab23d9d2c51bf1df P 64885454e44d4ea0a7f98be6ef145f21 [term 2 FOLLOWER]: Starting forced leader election with config: opid_index: -1 OBSOLETE_local: false peers { permanent_uuid: "64885454e44d4ea0a7f98be6ef145f21" member_type: VOTER last_known_addr { host: "127.6.187.65" port: 38247 } } peers { permanent_uuid: "d578c0996d0b4d52b822b94fd8d0e1b5" member_type: VOTER last_known_addr { host: "127.6.187.66" port: 39869 } } peers { permanent_uuid: "64b968e57e7f4033b5c983ce922dfb8a" member_type: VOTER last_known_addr { host: "127.6.187.67" port: 42187 } }
I20260710 11:05:56.250942  7515 leader_election.cc:290] T 4e60bd22d25f4e73ab23d9d2c51bf1df P 64885454e44d4ea0a7f98be6ef145f21 [CANDIDATE]: Term 2 election: Requested vote from peers d578c0996d0b4d52b822b94fd8d0e1b5 (127.6.187.66:39869), 64b968e57e7f4033b5c983ce922dfb8a (127.6.187.67:42187)
I20260710 11:05:56.251454  7591 tablet_service.cc:1917] Received RequestConsensusVote() RPC: tablet_id: "4e60bd22d25f4e73ab23d9d2c51bf1df" candidate_uuid: "64885454e44d4ea0a7f98be6ef145f21" candidate_term: 2 candidate_status { last_received { term: 1 index: 1 } } ignore_live_leader: true dest_uuid: "d578c0996d0b4d52b822b94fd8d0e1b5"
I20260710 11:05:56.251868  7667 tablet_service.cc:1917] Received RequestConsensusVote() RPC: tablet_id: "4e60bd22d25f4e73ab23d9d2c51bf1df" candidate_uuid: "64885454e44d4ea0a7f98be6ef145f21" candidate_term: 2 candidate_status { last_received { term: 1 index: 1 } } ignore_live_leader: true dest_uuid: "64b968e57e7f4033b5c983ce922dfb8a"
I20260710 11:05:56.252310  7591 raft_consensus.cc:3055] T 4e60bd22d25f4e73ab23d9d2c51bf1df P d578c0996d0b4d52b822b94fd8d0e1b5 [term 1 LEADER]: Stepping down as leader of term 1
I20260710 11:05:56.252525  7667 raft_consensus.cc:3060] T 4e60bd22d25f4e73ab23d9d2c51bf1df P 64b968e57e7f4033b5c983ce922dfb8a [term 1 FOLLOWER]: Advancing to term 2
I20260710 11:05:56.252696  7591 raft_consensus.cc:740] T 4e60bd22d25f4e73ab23d9d2c51bf1df P d578c0996d0b4d52b822b94fd8d0e1b5 [term 1 LEADER]: Becoming Follower/Learner. State: Replica: d578c0996d0b4d52b822b94fd8d0e1b5, State: Running, Role: LEADER
I20260710 11:05:56.253865  7591 consensus_queue.cc:260] T 4e60bd22d25f4e73ab23d9d2c51bf1df P d578c0996d0b4d52b822b94fd8d0e1b5 [NON_LEADER]: Queue going to NON_LEADER mode. State: All replicated index: 0, Majority replicated index: 1, Committed index: 1, Last appended: 1.1, Last appended by leader: 1, Current term: 1, Majority size: -1, State: 0, Mode: NON_LEADER, active raft config: opid_index: -1 OBSOLETE_local: false peers { permanent_uuid: "64885454e44d4ea0a7f98be6ef145f21" member_type: VOTER last_known_addr { host: "127.6.187.65" port: 38247 } } peers { permanent_uuid: "d578c0996d0b4d52b822b94fd8d0e1b5" member_type: VOTER last_known_addr { host: "127.6.187.66" port: 39869 } } peers { permanent_uuid: "64b968e57e7f4033b5c983ce922dfb8a" member_type: VOTER last_known_addr { host: "127.6.187.67" port: 42187 } }
I20260710 11:05:56.255551  7591 raft_consensus.cc:3060] T 4e60bd22d25f4e73ab23d9d2c51bf1df P d578c0996d0b4d52b822b94fd8d0e1b5 [term 1 FOLLOWER]: Advancing to term 2
I20260710 11:05:56.255430  7516 raft_consensus.cc:515] T 5e260b8c6f9e4d8699f030bc573913ba P 64885454e44d4ea0a7f98be6ef145f21 [term 2 FOLLOWER]: Starting forced leader election with config: opid_index: -1 OBSOLETE_local: false peers { permanent_uuid: "64885454e44d4ea0a7f98be6ef145f21" member_type: VOTER last_known_addr { host: "127.6.187.65" port: 38247 } } peers { permanent_uuid: "d578c0996d0b4d52b822b94fd8d0e1b5" member_type: VOTER last_known_addr { host: "127.6.187.66" port: 39869 } } peers { permanent_uuid: "64b968e57e7f4033b5c983ce922dfb8a" member_type: VOTER last_known_addr { host: "127.6.187.67" port: 42187 } }
