I20260710 11:05:59.396163 11744 consensus_queue.cc:237] T 1693a96606404f7e82feb979fbe704de P f69b5a5befda4800b5094a2a1e8ad19f [LEADER]: Queue going to LEADER mode. State: All replicated index: 0, Majority replicated index: 0, Committed index: 0, Last appended: 0.0, Last appended by leader: 0, Current term: 1, Majority size: 2, State: 0, Mode: LEADER, active raft config: opid_index: -1 OBSOLETE_local: false peers { permanent_uuid: "92ff08ce04f34201bb88cd175c9e5d28" member_type: VOTER last_known_addr { host: "127.10.38.193" port: 42077 } } peers { permanent_uuid: "7148b1424b6f41f9a2b50729743e52ad" member_type: VOTER last_known_addr { host: "127.10.38.194" port: 44773 } } peers { permanent_uuid: "f69b5a5befda4800b5094a2a1e8ad19f" member_type: VOTER last_known_addr { host: "127.10.38.195" port: 44297 } }
I20260710 11:05:59.396216 11738 raft_consensus.cc:359] T f9083de0c2b24ee8bd45448236f2d2b2 P 7148b1424b6f41f9a2b50729743e52ad [term 0 FOLLOWER]: Replica starting. Triggering 0 pending ops. Active config: opid_index: -1 OBSOLETE_local: false peers { permanent_uuid: "92ff08ce04f34201bb88cd175c9e5d28" member_type: VOTER last_known_addr { host: "127.10.38.193" port: 42077 } } peers { permanent_uuid: "7148b1424b6f41f9a2b50729743e52ad" member_type: VOTER last_known_addr { host: "127.10.38.194" port: 44773 } } peers { permanent_uuid: "f69b5a5befda4800b5094a2a1e8ad19f" member_type: VOTER last_known_addr { host: "127.10.38.195" port: 44297 } }
I20260710 11:05:59.397320 11738 raft_consensus.cc:385] T f9083de0c2b24ee8bd45448236f2d2b2 P 7148b1424b6f41f9a2b50729743e52ad [term 0 FOLLOWER]: Consensus starting up: Expiring failure detector timer to make a prompt election more likely
I20260710 11:05:59.397754 11738 raft_consensus.cc:740] T f9083de0c2b24ee8bd45448236f2d2b2 P 7148b1424b6f41f9a2b50729743e52ad [term 0 FOLLOWER]: Becoming Follower/Learner. State: Replica: 7148b1424b6f41f9a2b50729743e52ad, State: Initialized, Role: FOLLOWER
I20260710 11:05:59.399241 11736 tablet_bootstrap.cc:492] T 6ab7ee90e41248c0b642fb875039811e P f69b5a5befda4800b5094a2a1e8ad19f: No bootstrap required, opened a new log
I20260710 11:05:59.398687 11738 consensus_queue.cc:260] T f9083de0c2b24ee8bd45448236f2d2b2 P 7148b1424b6f41f9a2b50729743e52ad [NON_LEADER]: Queue going to NON_LEADER mode. State: All replicated index: 0, Majority replicated index: 0, Committed index: 0, Last appended: 0.0, Last appended by leader: 0, Current term: 0, Majority size: -1, State: 0, Mode: NON_LEADER, active raft config: opid_index: -1 OBSOLETE_local: false peers { permanent_uuid: "92ff08ce04f34201bb88cd175c9e5d28" member_type: VOTER last_known_addr { host: "127.10.38.193" port: 42077 } } peers { permanent_uuid: "7148b1424b6f41f9a2b50729743e52ad" member_type: VOTER last_known_addr { host: "127.10.38.194" port: 44773 } } peers { permanent_uuid: "f69b5a5befda4800b5094a2a1e8ad19f" member_type: VOTER last_known_addr { host: "127.10.38.195" port: 44297 } }
I20260710 11:05:59.399864 11736 ts_tablet_manager.cc:1403] T 6ab7ee90e41248c0b642fb875039811e P f69b5a5befda4800b5094a2a1e8ad19f: Time spent bootstrapping tablet: real 0.057s	user 0.013s	sys 0.003s
I20260710 11:05:59.400295 11620 tablet_service.cc:1917] Received RequestConsensusVote() RPC: tablet_id: "f9083de0c2b24ee8bd45448236f2d2b2" candidate_uuid: "f69b5a5befda4800b5094a2a1e8ad19f" candidate_term: 1 candidate_status { last_received { term: 0 index: 0 } } ignore_live_leader: false dest_uuid: "7148b1424b6f41f9a2b50729743e52ad"
I20260710 11:05:59.401113 11620 raft_consensus.cc:3060] T f9083de0c2b24ee8bd45448236f2d2b2 P 7148b1424b6f41f9a2b50729743e52ad [term 0 FOLLOWER]: Advancing to term 1
I20260710 11:05:59.404023 11736 raft_consensus.cc:359] T 6ab7ee90e41248c0b642fb875039811e P f69b5a5befda4800b5094a2a1e8ad19f [term 0 FOLLOWER]: Replica starting. Triggering 0 pending ops. Active config: opid_index: -1 OBSOLETE_local: false peers { permanent_uuid: "92ff08ce04f34201bb88cd175c9e5d28" member_type: VOTER last_known_addr { host: "127.10.38.193" port: 42077 } } peers { permanent_uuid: "7148b1424b6f41f9a2b50729743e52ad" member_type: VOTER last_known_addr { host: "127.10.38.194" port: 44773 } } peers { permanent_uuid: "f69b5a5befda4800b5094a2a1e8ad19f" member_type: VOTER last_known_addr { host: "127.10.38.195" port: 44297 } }
I20260710 11:05:59.404908 11736 raft_consensus.cc:385] T 6ab7ee90e41248c0b642fb875039811e P f69b5a5befda4800b5094a2a1e8ad19f [term 0 FOLLOWER]: Consensus starting up: Expiring failure detector timer to make a prompt election more likely
I20260710 11:05:59.405230 11736 raft_consensus.cc:740] T 6ab7ee90e41248c0b642fb875039811e P f69b5a5befda4800b5094a2a1e8ad19f [term 0 FOLLOWER]: Becoming Follower/Learner. State: Replica: f69b5a5befda4800b5094a2a1e8ad19f, State: Initialized, Role: FOLLOWER
I20260710 11:05:59.406090 11736 consensus_queue.cc:260] T 6ab7ee90e41248c0b642fb875039811e P f69b5a5befda4800b5094a2a1e8ad19f [NON_LEADER]: Queue going to NON_LEADER mode. State: All replicated index: 0, Majority replicated index: 0, Committed index: 0, Last appended: 0.0, Last appended by leader: 0, Current term: 0, Majority size: -1, State: 0, Mode: NON_LEADER, active raft config: opid_index: -1 OBSOLETE_local: false peers { permanent_uuid: "92ff08ce04f34201bb88cd175c9e5d28" member_type: VOTER last_known_addr { host: "127.10.38.193" port: 42077 } } peers { permanent_uuid: "7148b1424b6f41f9a2b50729743e52ad" member_type: VOTER last_known_addr { host: "127.10.38.194" port: 44773 } } peers { permanent_uuid: "f69b5a5befda4800b5094a2a1e8ad19f" member_type: VOTER last_known_addr { host: "127.10.38.195" port: 44297 } }
I20260710 11:05:59.407334 11546 tablet_service.cc:1917] Received RequestConsensusVote() RPC: tablet_id: "f9083de0c2b24ee8bd45448236f2d2b2" candidate_uuid: "f69b5a5befda4800b5094a2a1e8ad19f" candidate_term: 1 candidate_status { last_received { term: 0 index: 0 } } ignore_live_leader: false dest_uuid: "92ff08ce04f34201bb88cd175c9e5d28"
I20260710 11:05:59.408222 11546 raft_consensus.cc:3060] T f9083de0c2b24ee8bd45448236f2d2b2 P 92ff08ce04f34201bb88cd175c9e5d28 [term 0 FOLLOWER]: Advancing to term 1
I20260710 11:05:59.408762 11736 ts_tablet_manager.cc:1434] T 6ab7ee90e41248c0b642fb875039811e P f69b5a5befda4800b5094a2a1e8ad19f: Time spent starting tablet: real 0.009s	user 0.005s	sys 0.003s
I20260710 11:05:59.410017 11736 tablet_bootstrap.cc:492] T 29b51404c7ad467aa7ab1a6739da5d72 P f69b5a5befda4800b5094a2a1e8ad19f: Bootstrap starting.
I20260710 11:05:59.410723 11738 ts_tablet_manager.cc:1434] T f9083de0c2b24ee8bd45448236f2d2b2 P 7148b1424b6f41f9a2b50729743e52ad: Time spent starting tablet: real 0.018s	user 0.007s	sys 0.001s
I20260710 11:05:59.412878 11738 tablet_bootstrap.cc:492] T 8c3269312caa4f69a37ae1347d0c2b88 P 7148b1424b6f41f9a2b50729743e52ad: Bootstrap starting.
I20260710 11:05:59.417124 11735 tablet_bootstrap.cc:492] T 6ab7ee90e41248c0b642fb875039811e P 92ff08ce04f34201bb88cd175c9e5d28: No bootstrap required, opened a new log
I20260710 11:05:59.417785 11735 ts_tablet_manager.cc:1403] T 6ab7ee90e41248c0b642fb875039811e P 92ff08ce04f34201bb88cd175c9e5d28: Time spent bootstrapping tablet: real 0.078s	user 0.012s	sys 0.000s
I20260710 11:05:59.420789 11738 tablet_bootstrap.cc:654] T 8c3269312caa4f69a37ae1347d0c2b88 P 7148b1424b6f41f9a2b50729743e52ad: Neither blocks nor log segments found. Creating new log.
I20260710 11:05:59.421289 11735 raft_consensus.cc:359] T 6ab7ee90e41248c0b642fb875039811e P 92ff08ce04f34201bb88cd175c9e5d28 [term 0 FOLLOWER]: Replica starting. Triggering 0 pending ops. Active config: opid_index: -1 OBSOLETE_local: false peers { permanent_uuid: "92ff08ce04f34201bb88cd175c9e5d28" member_type: VOTER last_known_addr { host: "127.10.38.193" port: 42077 } } peers { permanent_uuid: "7148b1424b6f41f9a2b50729743e52ad" member_type: VOTER last_known_addr { host: "127.10.38.194" port: 44773 } } peers { permanent_uuid: "f69b5a5befda4800b5094a2a1e8ad19f" member_type: VOTER last_known_addr { host: "127.10.38.195" port: 44297 } }
I20260710 11:05:59.422170 11735 raft_consensus.cc:385] T 6ab7ee90e41248c0b642fb875039811e P 92ff08ce04f34201bb88cd175c9e5d28 [term 0 FOLLOWER]: Consensus starting up: Expiring failure detector timer to make a prompt election more likely
I20260710 11:05:59.422544 11735 raft_consensus.cc:740] T 6ab7ee90e41248c0b642fb875039811e P 92ff08ce04f34201bb88cd175c9e5d28 [term 0 FOLLOWER]: Becoming Follower/Learner. State: Replica: 92ff08ce04f34201bb88cd175c9e5d28, State: Initialized, Role: FOLLOWER
I20260710 11:05:59.423342 11621 raft_consensus.cc:2468] T 1693a96606404f7e82feb979fbe704de P 7148b1424b6f41f9a2b50729743e52ad [term 1 FOLLOWER]: Leader election vote request: Granting yes vote for candidate f69b5a5befda4800b5094a2a1e8ad19f in term 1.
I20260710 11:05:59.423454 11735 consensus_queue.cc:260] T 6ab7ee90e41248c0b642fb875039811e P 92ff08ce04f34201bb88cd175c9e5d28 [NON_LEADER]: Queue going to NON_LEADER mode. State: All replicated index: 0, Majority replicated index: 0, Committed index: 0, Last appended: 0.0, Last appended by leader: 0, Current term: 0, Majority size: -1, State: 0, Mode: NON_LEADER, active raft config: opid_index: -1 OBSOLETE_local: false peers { permanent_uuid: "92ff08ce04f34201bb88cd175c9e5d28" member_type: VOTER last_known_addr { host: "127.10.38.193" port: 42077 } } peers { permanent_uuid: "7148b1424b6f41f9a2b50729743e52ad" member_type: VOTER last_known_addr { host: "127.10.38.194" port: 44773 } } peers { permanent_uuid: "f69b5a5befda4800b5094a2a1e8ad19f" member_type: VOTER last_known_addr { host: "127.10.38.195" port: 44297 } }
I20260710 11:05:59.425904 11620 raft_consensus.cc:2468] T f9083de0c2b24ee8bd45448236f2d2b2 P 7148b1424b6f41f9a2b50729743e52ad [term 1 FOLLOWER]: Leader election vote request: Granting yes vote for candidate f69b5a5befda4800b5094a2a1e8ad19f in term 1.
I20260710 11:05:59.427109 11735 ts_tablet_manager.cc:1434] T 6ab7ee90e41248c0b642fb875039811e P 92ff08ce04f34201bb88cd175c9e5d28: Time spent starting tablet: real 0.009s	user 0.006s	sys 0.002s
I20260710 11:05:59.427742 11660 leader_election.cc:304] T f9083de0c2b24ee8bd45448236f2d2b2 P f69b5a5befda4800b5094a2a1e8ad19f [CANDIDATE]: Term 1 election: Election decided. Result: candidate won. Election summary: received 2 responses out of 3 voters: 2 yes votes; 0 no votes. yes voters: 7148b1424b6f41f9a2b50729743e52ad, f69b5a5befda4800b5094a2a1e8ad19f; no voters: 
I20260710 11:05:59.428332 11735 tablet_bootstrap.cc:492] T d3b1d31f29a94ffba619f27e2e4d0044 P 92ff08ce04f34201bb88cd175c9e5d28: Bootstrap starting.
I20260710 11:05:59.429100 11771 raft_consensus.cc:2804] T f9083de0c2b24ee8bd45448236f2d2b2 P f69b5a5befda4800b5094a2a1e8ad19f [term 1 FOLLOWER]: Leader election won for term 1
I20260710 11:05:59.429653 11771 raft_consensus.cc:697] T f9083de0c2b24ee8bd45448236f2d2b2 P f69b5a5befda4800b5094a2a1e8ad19f [term 1 LEADER]: Becoming Leader. State: Replica: f69b5a5befda4800b5094a2a1e8ad19f, State: Running, Role: LEADER
I20260710 11:05:59.430523 11771 consensus_queue.cc:237] T f9083de0c2b24ee8bd45448236f2d2b2 P f69b5a5befda4800b5094a2a1e8ad19f [LEADER]: Queue going to LEADER mode. State: All replicated index: 0, Majority replicated index: 0, Committed index: 0, Last appended: 0.0, Last appended by leader: 0, Current term: 1, Majority size: 2, State: 0, Mode: LEADER, active raft config: opid_index: -1 OBSOLETE_local: false peers { permanent_uuid: "92ff08ce04f34201bb88cd175c9e5d28" member_type: VOTER last_known_addr { host: "127.10.38.193" port: 42077 } } peers { permanent_uuid: "7148b1424b6f41f9a2b50729743e52ad" member_type: VOTER last_known_addr { host: "127.10.38.194" port: 44773 } } peers { permanent_uuid: "f69b5a5befda4800b5094a2a1e8ad19f" member_type: VOTER last_known_addr { host: "127.10.38.195" port: 44297 } }
I20260710 11:05:59.431743 11736 tablet_bootstrap.cc:654] T 29b51404c7ad467aa7ab1a6739da5d72 P f69b5a5befda4800b5094a2a1e8ad19f: Neither blocks nor log segments found. Creating new log.
I20260710 11:05:59.440060 11546 raft_consensus.cc:2468] T f9083de0c2b24ee8bd45448236f2d2b2 P 92ff08ce04f34201bb88cd175c9e5d28 [term 1 FOLLOWER]: Leader election vote request: Granting yes vote for candidate f69b5a5befda4800b5094a2a1e8ad19f in term 1.
I20260710 11:05:59.442452 11444 catalog_manager.cc:5697] T 1693a96606404f7e82feb979fbe704de P f69b5a5befda4800b5094a2a1e8ad19f reported cstate change: term changed from 0 to 1, leader changed from <none> to f69b5a5befda4800b5094a2a1e8ad19f (127.10.38.195). New cstate: current_term: 1 leader_uuid: "f69b5a5befda4800b5094a2a1e8ad19f" committed_config { opid_index: -1 OBSOLETE_local: false peers { permanent_uuid: "92ff08ce04f34201bb88cd175c9e5d28" member_type: VOTER last_known_addr { host: "127.10.38.193" port: 42077 } health_report { overall_health: UNKNOWN } } peers { permanent_uuid: "7148b1424b6f41f9a2b50729743e52ad" member_type: VOTER last_known_addr { host: "127.10.38.194" port: 44773 } health_report { overall_health: UNKNOWN } } peers { permanent_uuid: "f69b5a5befda4800b5094a2a1e8ad19f" member_type: VOTER last_known_addr { host: "127.10.38.195" port: 44297 } health_report { overall_health: HEALTHY } } }
I20260710 11:05:59.459370 11735 tablet_bootstrap.cc:654] T d3b1d31f29a94ffba619f27e2e4d0044 P 92ff08ce04f34201bb88cd175c9e5d28: Neither blocks nor log segments found. Creating new log.
I20260710 11:05:59.469460 11751 raft_consensus.cc:493] T b7a49e8f46a84bc989ab0690a57f5a6b P 7148b1424b6f41f9a2b50729743e52ad [term 0 FOLLOWER]: Starting pre-election (no leader contacted us within the election timeout)
I20260710 11:05:59.470057 11751 raft_consensus.cc:515] T b7a49e8f46a84bc989ab0690a57f5a6b P 7148b1424b6f41f9a2b50729743e52ad [term 0 FOLLOWER]: Starting pre-election with config: opid_index: -1 OBSOLETE_local: false peers { permanent_uuid: "92ff08ce04f34201bb88cd175c9e5d28" member_type: VOTER last_known_addr { host: "127.10.38.193" port: 42077 } } peers { permanent_uuid: "7148b1424b6f41f9a2b50729743e52ad" member_type: VOTER last_known_addr { host: "127.10.38.194" port: 44773 } } peers { permanent_uuid: "f69b5a5befda4800b5094a2a1e8ad19f" member_type: VOTER last_known_addr { host: "127.10.38.195" port: 44297 } }
I20260710 11:05:59.472582 11751 leader_election.cc:290] T b7a49e8f46a84bc989ab0690a57f5a6b P 7148b1424b6f41f9a2b50729743e52ad [CANDIDATE]: Term 1 pre-election: Requested pre-vote from peers 92ff08ce04f34201bb88cd175c9e5d28 (127.10.38.193:42077), f69b5a5befda4800b5094a2a1e8ad19f (127.10.38.195:44297)
I20260710 11:05:59.474349 11546 tablet_service.cc:1917] Received RequestConsensusVote() RPC: tablet_id: "b7a49e8f46a84bc989ab0690a57f5a6b" candidate_uuid: "7148b1424b6f41f9a2b50729743e52ad" candidate_term: 1 candidate_status { last_received { term: 0 index: 0 } } ignore_live_leader: false dest_uuid: "92ff08ce04f34201bb88cd175c9e5d28" is_pre_election: true
I20260710 11:05:59.475204 11546 raft_consensus.cc:2393] T b7a49e8f46a84bc989ab0690a57f5a6b P 92ff08ce04f34201bb88cd175c9e5d28 [term 1 FOLLOWER]: Leader pre-election vote request: Denying vote to candidate 7148b1424b6f41f9a2b50729743e52ad in current term 1: Already voted for candidate f69b5a5befda4800b5094a2a1e8ad19f in this term.
I20260710 11:05:59.476966 11736 tablet_bootstrap.cc:492] T 29b51404c7ad467aa7ab1a6739da5d72 P f69b5a5befda4800b5094a2a1e8ad19f: No bootstrap required, opened a new log
I20260710 11:05:59.477135 11694 tablet_service.cc:1917] Received RequestConsensusVote() RPC: tablet_id: "b7a49e8f46a84bc989ab0690a57f5a6b" candidate_uuid: "7148b1424b6f41f9a2b50729743e52ad" candidate_term: 1 candidate_status { last_received { term: 0 index: 0 } } ignore_live_leader: false dest_uuid: "f69b5a5befda4800b5094a2a1e8ad19f" is_pre_election: true
I20260710 11:05:59.477767 11736 ts_tablet_manager.cc:1403] T 29b51404c7ad467aa7ab1a6739da5d72 P f69b5a5befda4800b5094a2a1e8ad19f: Time spent bootstrapping tablet: real 0.068s	user 0.022s	sys 0.025s
I20260710 11:05:59.479717 11584 leader_election.cc:304] T b7a49e8f46a84bc989ab0690a57f5a6b P 7148b1424b6f41f9a2b50729743e52ad [CANDIDATE]: Term 1 pre-election: Election decided. Result: candidate lost. Election summary: received 3 responses out of 3 voters: 1 yes votes; 2 no votes. yes voters: 7148b1424b6f41f9a2b50729743e52ad; no voters: 92ff08ce04f34201bb88cd175c9e5d28, f69b5a5befda4800b5094a2a1e8ad19f
I20260710 11:05:59.479950 11443 catalog_manager.cc:5697] T f9083de0c2b24ee8bd45448236f2d2b2 P f69b5a5befda4800b5094a2a1e8ad19f reported cstate change: term changed from 0 to 1, leader changed from <none> to f69b5a5befda4800b5094a2a1e8ad19f (127.10.38.195). New cstate: current_term: 1 leader_uuid: "f69b5a5befda4800b5094a2a1e8ad19f" committed_config { opid_index: -1 OBSOLETE_local: false peers { permanent_uuid: "92ff08ce04f34201bb88cd175c9e5d28" member_type: VOTER last_known_addr { host: "127.10.38.193" port: 42077 } health_report { overall_health: UNKNOWN } } peers { permanent_uuid: "7148b1424b6f41f9a2b50729743e52ad" member_type: VOTER last_known_addr { host: "127.10.38.194" port: 44773 } health_report { overall_health: UNKNOWN } } peers { permanent_uuid: "f69b5a5befda4800b5094a2a1e8ad19f" member_type: VOTER last_known_addr { host: "127.10.38.195" port: 44297 } health_report { overall_health: HEALTHY } } }
I20260710 11:05:59.480993 11751 raft_consensus.cc:3060] T b7a49e8f46a84bc989ab0690a57f5a6b P 7148b1424b6f41f9a2b50729743e52ad [term 0 FOLLOWER]: Advancing to term 1
I20260710 11:05:59.482189 11736 raft_consensus.cc:359] T 29b51404c7ad467aa7ab1a6739da5d72 P f69b5a5befda4800b5094a2a1e8ad19f [term 0 FOLLOWER]: Replica starting. Triggering 0 pending ops. Active config: opid_index: -1 OBSOLETE_local: false peers { permanent_uuid: "92ff08ce04f34201bb88cd175c9e5d28" member_type: VOTER last_known_addr { host: "127.10.38.193" port: 42077 } } peers { permanent_uuid: "7148b1424b6f41f9a2b50729743e52ad" member_type: VOTER last_known_addr { host: "127.10.38.194" port: 44773 } } peers { permanent_uuid: "f69b5a5befda4800b5094a2a1e8ad19f" member_type: VOTER last_known_addr { host: "127.10.38.195" port: 44297 } }
I20260710 11:05:59.483281 11736 raft_consensus.cc:385] T 29b51404c7ad467aa7ab1a6739da5d72 P f69b5a5befda4800b5094a2a1e8ad19f [term 0 FOLLOWER]: Consensus starting up: Expiring failure detector timer to make a prompt election more likely
I20260710 11:05:59.483718 11736 raft_consensus.cc:740] T 29b51404c7ad467aa7ab1a6739da5d72 P f69b5a5befda4800b5094a2a1e8ad19f [term 0 FOLLOWER]: Becoming Follower/Learner. State: Replica: f69b5a5befda4800b5094a2a1e8ad19f, State: Initialized, Role: FOLLOWER
I20260710 11:05:59.484754 11736 consensus_queue.cc:260] T 29b51404c7ad467aa7ab1a6739da5d72 P f69b5a5befda4800b5094a2a1e8ad19f [NON_LEADER]: Queue going to NON_LEADER mode. State: All replicated index: 0, Majority replicated index: 0, Committed index: 0, Last appended: 0.0, Last appended by leader: 0, Current term: 0, Majority size: -1, State: 0, Mode: NON_LEADER, active raft config: opid_index: -1 OBSOLETE_local: false peers { permanent_uuid: "92ff08ce04f34201bb88cd175c9e5d28" member_type: VOTER last_known_addr { host: "127.10.38.193" port: 42077 } } peers { permanent_uuid: "7148b1424b6f41f9a2b50729743e52ad" member_type: VOTER last_known_addr { host: "127.10.38.194" port: 44773 } } peers { permanent_uuid: "f69b5a5befda4800b5094a2a1e8ad19f" member_type: VOTER last_known_addr { host: "127.10.38.195" port: 44297 } }
I20260710 11:05:59.487941 11736 ts_tablet_manager.cc:1434] T 29b51404c7ad467aa7ab1a6739da5d72 P f69b5a5befda4800b5094a2a1e8ad19f: Time spent starting tablet: real 0.010s	user 0.008s	sys 0.004s
I20260710 11:05:59.488689 11751 raft_consensus.cc:2749] T b7a49e8f46a84bc989ab0690a57f5a6b P 7148b1424b6f41f9a2b50729743e52ad [term 1 FOLLOWER]: Leader pre-election lost for term 1. Reason: could not achieve majority
I20260710 11:05:59.489355 11736 tablet_bootstrap.cc:492] T 6c6c5396fd5a481e8265785d15b17a7c P f69b5a5befda4800b5094a2a1e8ad19f: Bootstrap starting.
I20260710 11:05:59.496381 11738 tablet_bootstrap.cc:492] T 8c3269312caa4f69a37ae1347d0c2b88 P 7148b1424b6f41f9a2b50729743e52ad: No bootstrap required, opened a new log
I20260710 11:05:59.496377 11735 tablet_bootstrap.cc:492] T d3b1d31f29a94ffba619f27e2e4d0044 P 92ff08ce04f34201bb88cd175c9e5d28: No bootstrap required, opened a new log
I20260710 11:05:59.497054 11738 ts_tablet_manager.cc:1403] T 8c3269312caa4f69a37ae1347d0c2b88 P 7148b1424b6f41f9a2b50729743e52ad: Time spent bootstrapping tablet: real 0.084s	user 0.015s	sys 0.030s
I20260710 11:05:59.497643 11736 tablet_bootstrap.cc:654] T 6c6c5396fd5a481e8265785d15b17a7c P f69b5a5befda4800b5094a2a1e8ad19f: Neither blocks nor log segments found. Creating new log.
I20260710 11:05:59.497090 11735 ts_tablet_manager.cc:1403] T d3b1d31f29a94ffba619f27e2e4d0044 P 92ff08ce04f34201bb88cd175c9e5d28: Time spent bootstrapping tablet: real 0.069s	user 0.018s	sys 0.019s
I20260710 11:05:59.500283 11738 raft_consensus.cc:359] T 8c3269312caa4f69a37ae1347d0c2b88 P 7148b1424b6f41f9a2b50729743e52ad [term 0 FOLLOWER]: Replica starting. Triggering 0 pending ops. Active config: opid_index: -1 OBSOLETE_local: false peers { permanent_uuid: "92ff08ce04f34201bb88cd175c9e5d28" member_type: VOTER last_known_addr { host: "127.10.38.193" port: 42077 } } peers { permanent_uuid: "7148b1424b6f41f9a2b50729743e52ad" member_type: VOTER last_known_addr { host: "127.10.38.194" port: 44773 } } peers { permanent_uuid: "f69b5a5befda4800b5094a2a1e8ad19f" member_type: VOTER last_known_addr { host: "127.10.38.195" port: 44297 } }
I20260710 11:05:59.501075 11738 raft_consensus.cc:385] T 8c3269312caa4f69a37ae1347d0c2b88 P 7148b1424b6f41f9a2b50729743e52ad [term 0 FOLLOWER]: Consensus starting up: Expiring failure detector timer to make a prompt election more likely
I20260710 11:05:59.501492 11738 raft_consensus.cc:740] T 8c3269312caa4f69a37ae1347d0c2b88 P 7148b1424b6f41f9a2b50729743e52ad [term 0 FOLLOWER]: Becoming Follower/Learner. State: Replica: 7148b1424b6f41f9a2b50729743e52ad, State: Initialized, Role: FOLLOWER
I20260710 11:05:59.502395 11738 consensus_queue.cc:260] T 8c3269312caa4f69a37ae1347d0c2b88 P 7148b1424b6f41f9a2b50729743e52ad [NON_LEADER]: Queue going to NON_LEADER mode. State: All replicated index: 0, Majority replicated index: 0, Committed index: 0, Last appended: 0.0, Last appended by leader: 0, Current term: 0, Majority size: -1, State: 0, Mode: NON_LEADER, active raft config: opid_index: -1 OBSOLETE_local: false peers { permanent_uuid: "92ff08ce04f34201bb88cd175c9e5d28" member_type: VOTER last_known_addr { host: "127.10.38.193" port: 42077 } } peers { permanent_uuid: "7148b1424b6f41f9a2b50729743e52ad" member_type: VOTER last_known_addr { host: "127.10.38.194" port: 44773 } } peers { permanent_uuid: "f69b5a5befda4800b5094a2a1e8ad19f" member_type: VOTER last_known_addr { host: "127.10.38.195" port: 44297 } }
I20260710 11:05:59.503810 11735 raft_consensus.cc:359] T d3b1d31f29a94ffba619f27e2e4d0044 P 92ff08ce04f34201bb88cd175c9e5d28 [term 0 FOLLOWER]: Replica starting. Triggering 0 pending ops. Active config: opid_index: -1 OBSOLETE_local: false peers { permanent_uuid: "92ff08ce04f34201bb88cd175c9e5d28" member_type: VOTER last_known_addr { host: "127.10.38.193" port: 42077 } } peers { permanent_uuid: "f69b5a5befda4800b5094a2a1e8ad19f" member_type: VOTER last_known_addr { host: "127.10.38.195" port: 44297 } } peers { permanent_uuid: "7148b1424b6f41f9a2b50729743e52ad" member_type: VOTER last_known_addr { host: "127.10.38.194" port: 44773 } }
I20260710 11:05:59.504613 11735 raft_consensus.cc:385] T d3b1d31f29a94ffba619f27e2e4d0044 P 92ff08ce04f34201bb88cd175c9e5d28 [term 0 FOLLOWER]: Consensus starting up: Expiring failure detector timer to make a prompt election more likely
I20260710 11:05:59.504910 11735 raft_consensus.cc:740] T d3b1d31f29a94ffba619f27e2e4d0044 P 92ff08ce04f34201bb88cd175c9e5d28 [term 0 FOLLOWER]: Becoming Follower/Learner. State: Replica: 92ff08ce04f34201bb88cd175c9e5d28, State: Initialized, Role: FOLLOWER
I20260710 11:05:59.505139 11738 ts_tablet_manager.cc:1434] T 8c3269312caa4f69a37ae1347d0c2b88 P 7148b1424b6f41f9a2b50729743e52ad: Time spent starting tablet: real 0.008s	user 0.006s	sys 0.000s
I20260710 11:05:59.505749 11735 consensus_queue.cc:260] T d3b1d31f29a94ffba619f27e2e4d0044 P 92ff08ce04f34201bb88cd175c9e5d28 [NON_LEADER]: Queue going to NON_LEADER mode. State: All replicated index: 0, Majority replicated index: 0, Committed index: 0, Last appended: 0.0, Last appended by leader: 0, Current term: 0, Majority size: -1, State: 0, Mode: NON_LEADER, active raft config: opid_index: -1 OBSOLETE_local: false peers { permanent_uuid: "92ff08ce04f34201bb88cd175c9e5d28" member_type: VOTER last_known_addr { host: "127.10.38.193" port: 42077 } } peers { permanent_uuid: "f69b5a5befda4800b5094a2a1e8ad19f" member_type: VOTER last_known_addr { host: "127.10.38.195" port: 44297 } } peers { permanent_uuid: "7148b1424b6f41f9a2b50729743e52ad" member_type: VOTER last_known_addr { host: "127.10.38.194" port: 44773 } }
I20260710 11:05:59.506424 11738 tablet_bootstrap.cc:492] T 6c6c5396fd5a481e8265785d15b17a7c P 7148b1424b6f41f9a2b50729743e52ad: Bootstrap starting.
I20260710 11:05:59.508255 11735 ts_tablet_manager.cc:1434] T d3b1d31f29a94ffba619f27e2e4d0044 P 92ff08ce04f34201bb88cd175c9e5d28: Time spent starting tablet: real 0.007s	user 0.007s	sys 0.000s
I20260710 11:05:59.508746 11751 raft_consensus.cc:493] T d3b1d31f29a94ffba619f27e2e4d0044 P 7148b1424b6f41f9a2b50729743e52ad [term 0 FOLLOWER]: Starting pre-election (no leader contacted us within the election timeout)
I20260710 11:05:59.509303 11735 tablet_bootstrap.cc:492] T 6c6c5396fd5a481e8265785d15b17a7c P 92ff08ce04f34201bb88cd175c9e5d28: Bootstrap starting.
I20260710 11:05:59.509223 11751 raft_consensus.cc:515] T d3b1d31f29a94ffba619f27e2e4d0044 P 7148b1424b6f41f9a2b50729743e52ad [term 0 FOLLOWER]: Starting pre-election with config: opid_index: -1 OBSOLETE_local: false peers { permanent_uuid: "92ff08ce04f34201bb88cd175c9e5d28" member_type: VOTER last_known_addr { host: "127.10.38.193" port: 42077 } } peers { permanent_uuid: "f69b5a5befda4800b5094a2a1e8ad19f" member_type: VOTER last_known_addr { host: "127.10.38.195" port: 44297 } } peers { permanent_uuid: "7148b1424b6f41f9a2b50729743e52ad" member_type: VOTER last_known_addr { host: "127.10.38.194" port: 44773 } }
I20260710 11:05:59.513114 11694 tablet_service.cc:1917] Received RequestConsensusVote() RPC: tablet_id: "d3b1d31f29a94ffba619f27e2e4d0044" candidate_uuid: "7148b1424b6f41f9a2b50729743e52ad" candidate_term: 1 candidate_status { last_received { term: 0 index: 0 } } ignore_live_leader: false dest_uuid: "f69b5a5befda4800b5094a2a1e8ad19f" is_pre_election: true
I20260710 11:05:59.513865 11694 raft_consensus.cc:2468] T d3b1d31f29a94ffba619f27e2e4d0044 P f69b5a5befda4800b5094a2a1e8ad19f [term 0 FOLLOWER]: Leader pre-election vote request: Granting yes vote for candidate 7148b1424b6f41f9a2b50729743e52ad in term 0.
I20260710 11:05:59.515714 11584 leader_election.cc:304] T d3b1d31f29a94ffba619f27e2e4d0044 P 7148b1424b6f41f9a2b50729743e52ad [CANDIDATE]: Term 1 pre-election: Election decided. Result: candidate won. Election summary: received 2 responses out of 3 voters: 2 yes votes; 0 no votes. yes voters: 7148b1424b6f41f9a2b50729743e52ad, f69b5a5befda4800b5094a2a1e8ad19f; no voters: 
I20260710 11:05:59.516101 11735 tablet_bootstrap.cc:654] T 6c6c5396fd5a481e8265785d15b17a7c P 92ff08ce04f34201bb88cd175c9e5d28: Neither blocks nor log segments found. Creating new log.
I20260710 11:05:59.516816 11753 raft_consensus.cc:2804] T d3b1d31f29a94ffba619f27e2e4d0044 P 7148b1424b6f41f9a2b50729743e52ad [term 0 FOLLOWER]: Leader pre-election won for term 1
I20260710 11:05:59.517274 11753 raft_consensus.cc:493] T d3b1d31f29a94ffba619f27e2e4d0044 P 7148b1424b6f41f9a2b50729743e52ad [term 0 FOLLOWER]: Starting leader election (no leader contacted us within the election timeout)
I20260710 11:05:59.517611 11753 raft_consensus.cc:3060] T d3b1d31f29a94ffba619f27e2e4d0044 P 7148b1424b6f41f9a2b50729743e52ad [term 0 FOLLOWER]: Advancing to term 1
I20260710 11:05:59.521310 11546 tablet_service.cc:1917] Received RequestConsensusVote() RPC: tablet_id: "d3b1d31f29a94ffba619f27e2e4d0044" candidate_uuid: "7148b1424b6f41f9a2b50729743e52ad" candidate_term: 1 candidate_status { last_received { term: 0 index: 0 } } ignore_live_leader: false dest_uuid: "92ff08ce04f34201bb88cd175c9e5d28" is_pre_election: true
I20260710 11:05:59.522289 11546 raft_consensus.cc:2468] T d3b1d31f29a94ffba619f27e2e4d0044 P 92ff08ce04f34201bb88cd175c9e5d28 [term 0 FOLLOWER]: Leader pre-election vote request: Granting yes vote for candidate 7148b1424b6f41f9a2b50729743e52ad in term 0.
I20260710 11:05:59.511451 11751 leader_election.cc:290] T d3b1d31f29a94ffba619f27e2e4d0044 P 7148b1424b6f41f9a2b50729743e52ad [CANDIDATE]: Term 1 pre-election: Requested pre-vote from peers 92ff08ce04f34201bb88cd175c9e5d28 (127.10.38.193:42077), f69b5a5befda4800b5094a2a1e8ad19f (127.10.38.195:44297)
I20260710 11:05:59.528126 11744 raft_consensus.cc:493] T 6ab7ee90e41248c0b642fb875039811e P f69b5a5befda4800b5094a2a1e8ad19f [term 0 FOLLOWER]: Starting pre-election (no leader contacted us within the election timeout)
I20260710 11:05:59.528618 11735 tablet_bootstrap.cc:492] T 6c6c5396fd5a481e8265785d15b17a7c P 92ff08ce04f34201bb88cd175c9e5d28: No bootstrap required, opened a new log
I20260710 11:05:59.528657 11744 raft_consensus.cc:515] T 6ab7ee90e41248c0b642fb875039811e P f69b5a5befda4800b5094a2a1e8ad19f [term 0 FOLLOWER]: Starting pre-election with config: opid_index: -1 OBSOLETE_local: false peers { permanent_uuid: "92ff08ce04f34201bb88cd175c9e5d28" member_type: VOTER last_known_addr { host: "127.10.38.193" port: 42077 } } peers { permanent_uuid: "7148b1424b6f41f9a2b50729743e52ad" member_type: VOTER last_known_addr { host: "127.10.38.194" port: 44773 } } peers { permanent_uuid: "f69b5a5befda4800b5094a2a1e8ad19f" member_type: VOTER last_known_addr { host: "127.10.38.195" port: 44297 } }
I20260710 11:05:59.529773 11735 ts_tablet_manager.cc:1403] T 6c6c5396fd5a481e8265785d15b17a7c P 92ff08ce04f34201bb88cd175c9e5d28: Time spent bootstrapping tablet: real 0.021s	user 0.009s	sys 0.009s
I20260710 11:05:59.531565 11744 leader_election.cc:290] T 6ab7ee90e41248c0b642fb875039811e P f69b5a5befda4800b5094a2a1e8ad19f [CANDIDATE]: Term 1 pre-election: Requested pre-vote from peers 92ff08ce04f34201bb88cd175c9e5d28 (127.10.38.193:42077), 7148b1424b6f41f9a2b50729743e52ad (127.10.38.194:44773)
I20260710 11:05:59.533696 11621 tablet_service.cc:1917] Received RequestConsensusVote() RPC: tablet_id: "6ab7ee90e41248c0b642fb875039811e" candidate_uuid: "f69b5a5befda4800b5094a2a1e8ad19f" candidate_term: 1 candidate_status { last_received { term: 0 index: 0 } } ignore_live_leader: false dest_uuid: "7148b1424b6f41f9a2b50729743e52ad" is_pre_election: true
W20260710 11:05:59.535223 11660 leader_election.cc:343] T 6ab7ee90e41248c0b642fb875039811e P f69b5a5befda4800b5094a2a1e8ad19f [CANDIDATE]: Term 1 pre-election: Tablet error from VoteRequest() call to peer 7148b1424b6f41f9a2b50729743e52ad (127.10.38.194:44773): Illegal state: must be running to vote when last-logged opid is not known
I20260710 11:05:59.535423 11546 tablet_service.cc:1917] Received RequestConsensusVote() RPC: tablet_id: "6ab7ee90e41248c0b642fb875039811e" candidate_uuid: "f69b5a5befda4800b5094a2a1e8ad19f" candidate_term: 1 candidate_status { last_received { term: 0 index: 0 } } ignore_live_leader: false dest_uuid: "92ff08ce04f34201bb88cd175c9e5d28" is_pre_election: true
I20260710 11:05:59.536196 11546 raft_consensus.cc:2468] T 6ab7ee90e41248c0b642fb875039811e P 92ff08ce04f34201bb88cd175c9e5d28 [term 0 FOLLOWER]: Leader pre-election vote request: Granting yes vote for candidate f69b5a5befda4800b5094a2a1e8ad19f in term 0.
I20260710 11:05:59.536101 11753 raft_consensus.cc:515] T d3b1d31f29a94ffba619f27e2e4d0044 P 7148b1424b6f41f9a2b50729743e52ad [term 1 FOLLOWER]: Starting leader election with config: opid_index: -1 OBSOLETE_local: false peers { permanent_uuid: "92ff08ce04f34201bb88cd175c9e5d28" member_type: VOTER last_known_addr { host: "127.10.38.193" port: 42077 } } peers { permanent_uuid: "f69b5a5befda4800b5094a2a1e8ad19f" member_type: VOTER last_known_addr { host: "127.10.38.195" port: 44297 } } peers { permanent_uuid: "7148b1424b6f41f9a2b50729743e52ad" member_type: VOTER last_known_addr { host: "127.10.38.194" port: 44773 } }
I20260710 11:05:59.537568 11661 leader_election.cc:304] T 6ab7ee90e41248c0b642fb875039811e P f69b5a5befda4800b5094a2a1e8ad19f [CANDIDATE]: Term 1 pre-election: Election decided. Result: candidate won. Election summary: received 3 responses out of 3 voters: 2 yes votes; 1 no votes. yes voters: 92ff08ce04f34201bb88cd175c9e5d28, f69b5a5befda4800b5094a2a1e8ad19f; no voters: 7148b1424b6f41f9a2b50729743e52ad
I20260710 11:05:59.538411 11753 leader_election.cc:290] T d3b1d31f29a94ffba619f27e2e4d0044 P 7148b1424b6f41f9a2b50729743e52ad [CANDIDATE]: Term 1 election: Requested vote from peers 92ff08ce04f34201bb88cd175c9e5d28 (127.10.38.193:42077), f69b5a5befda4800b5094a2a1e8ad19f (127.10.38.195:44297)
I20260710 11:05:59.533514 11735 raft_consensus.cc:359] T 6c6c5396fd5a481e8265785d15b17a7c P 92ff08ce04f34201bb88cd175c9e5d28 [term 0 FOLLOWER]: Replica starting. Triggering 0 pending ops. Active config: opid_index: -1 OBSOLETE_local: false peers { permanent_uuid: "92ff08ce04f34201bb88cd175c9e5d28" member_type: VOTER last_known_addr { host: "127.10.38.193" port: 42077 } } peers { permanent_uuid: "7148b1424b6f41f9a2b50729743e52ad" member_type: VOTER last_known_addr { host: "127.10.38.194" port: 44773 } } peers { permanent_uuid: "f69b5a5befda4800b5094a2a1e8ad19f" member_type: VOTER last_known_addr { host: "127.10.38.195" port: 44297 } }
I20260710 11:05:59.538939 11744 raft_consensus.cc:2804] T 6ab7ee90e41248c0b642fb875039811e P f69b5a5befda4800b5094a2a1e8ad19f [term 0 FOLLOWER]: Leader pre-election won for term 1
I20260710 11:05:59.539147 11735 raft_consensus.cc:385] T 6c6c5396fd5a481e8265785d15b17a7c P 92ff08ce04f34201bb88cd175c9e5d28 [term 0 FOLLOWER]: Consensus starting up: Expiring failure detector timer to make a prompt election more likely
I20260710 11:05:59.539354 11744 raft_consensus.cc:493] T 6ab7ee90e41248c0b642fb875039811e P f69b5a5befda4800b5094a2a1e8ad19f [term 0 FOLLOWER]: Starting leader election (no leader contacted us within the election timeout)
I20260710 11:05:59.539455 11735 raft_consensus.cc:740] T 6c6c5396fd5a481e8265785d15b17a7c P 92ff08ce04f34201bb88cd175c9e5d28 [term 0 FOLLOWER]: Becoming Follower/Learner. State: Replica: 92ff08ce04f34201bb88cd175c9e5d28, State: Initialized, Role: FOLLOWER
I20260710 11:05:59.539753 11744 raft_consensus.cc:3060] T 6ab7ee90e41248c0b642fb875039811e P f69b5a5befda4800b5094a2a1e8ad19f [term 0 FOLLOWER]: Advancing to term 1
I20260710 11:05:59.540235 11735 consensus_queue.cc:260] T 6c6c5396fd5a481e8265785d15b17a7c P 92ff08ce04f34201bb88cd175c9e5d28 [NON_LEADER]: Queue going to NON_LEADER mode. State: All replicated index: 0, Majority replicated index: 0, Committed index: 0, Last appended: 0.0, Last appended by leader: 0, Current term: 0, Majority size: -1, State: 0, Mode: NON_LEADER, active raft config: opid_index: -1 OBSOLETE_local: false peers { permanent_uuid: "92ff08ce04f34201bb88cd175c9e5d28" member_type: VOTER last_known_addr { host: "127.10.38.193" port: 42077 } } peers { permanent_uuid: "7148b1424b6f41f9a2b50729743e52ad" member_type: VOTER last_known_addr { host: "127.10.38.194" port: 44773 } } peers { permanent_uuid: "f69b5a5befda4800b5094a2a1e8ad19f" member_type: VOTER last_known_addr { host: "127.10.38.195" port: 44297 } }
I20260710 11:05:59.541013 11771 raft_consensus.cc:493] T 733dacff18a84f1095cfaf6145a25cac P f69b5a5befda4800b5094a2a1e8ad19f [term 0 FOLLOWER]: Starting pre-election (no leader contacted us within the election timeout)
I20260710 11:05:59.542351 11735 ts_tablet_manager.cc:1434] T 6c6c5396fd5a481e8265785d15b17a7c P 92ff08ce04f34201bb88cd175c9e5d28: Time spent starting tablet: real 0.012s	user 0.004s	sys 0.000s
I20260710 11:05:59.541668 11771 raft_consensus.cc:515] T 733dacff18a84f1095cfaf6145a25cac P f69b5a5befda4800b5094a2a1e8ad19f [term 0 FOLLOWER]: Starting pre-election with config: opid_index: -1 OBSOLETE_local: false peers { permanent_uuid: "92ff08ce04f34201bb88cd175c9e5d28" member_type: VOTER last_known_addr { host: "127.10.38.193" port: 42077 } } peers { permanent_uuid: "7148b1424b6f41f9a2b50729743e52ad" member_type: VOTER last_known_addr { host: "127.10.38.194" port: 44773 } } peers { permanent_uuid: "f69b5a5befda4800b5094a2a1e8ad19f" member_type: VOTER last_known_addr { host: "127.10.38.195" port: 44297 } }
I20260710 11:05:59.543336 11735 tablet_bootstrap.cc:492] T 4f485a350f9245f597495ef41f591f35 P 92ff08ce04f34201bb88cd175c9e5d28: Bootstrap starting.
I20260710 11:05:59.545012 11694 tablet_service.cc:1917] Received RequestConsensusVote() RPC: tablet_id: "d3b1d31f29a94ffba619f27e2e4d0044" candidate_uuid: "7148b1424b6f41f9a2b50729743e52ad" candidate_term: 1 candidate_status { last_received { term: 0 index: 0 } } ignore_live_leader: false dest_uuid: "f69b5a5befda4800b5094a2a1e8ad19f"
I20260710 11:05:59.545637 11694 raft_consensus.cc:3060] T d3b1d31f29a94ffba619f27e2e4d0044 P f69b5a5befda4800b5094a2a1e8ad19f [term 0 FOLLOWER]: Advancing to term 1
I20260710 11:05:59.545866 11771 leader_election.cc:290] T 733dacff18a84f1095cfaf6145a25cac P f69b5a5befda4800b5094a2a1e8ad19f [CANDIDATE]: Term 1 pre-election: Requested pre-vote from peers 92ff08ce04f34201bb88cd175c9e5d28 (127.10.38.193:42077), 7148b1424b6f41f9a2b50729743e52ad (127.10.38.194:44773)
I20260710 11:05:59.549446 11545 tablet_service.cc:1917] Received RequestConsensusVote() RPC: tablet_id: "733dacff18a84f1095cfaf6145a25cac" candidate_uuid: "f69b5a5befda4800b5094a2a1e8ad19f" candidate_term: 1 candidate_status { last_received { term: 0 index: 0 } } ignore_live_leader: false dest_uuid: "92ff08ce04f34201bb88cd175c9e5d28" is_pre_election: true
I20260710 11:05:59.550475 11545 raft_consensus.cc:2468] T 733dacff18a84f1095cfaf6145a25cac P 92ff08ce04f34201bb88cd175c9e5d28 [term 0 FOLLOWER]: Leader pre-election vote request: Granting yes vote for candidate f69b5a5befda4800b5094a2a1e8ad19f in term 0.
I20260710 11:05:59.553625 11621 tablet_service.cc:1917] Received RequestConsensusVote() RPC: tablet_id: "733dacff18a84f1095cfaf6145a25cac" candidate_uuid: "f69b5a5befda4800b5094a2a1e8ad19f" candidate_term: 1 candidate_status { last_received { term: 0 index: 0 } } ignore_live_leader: false dest_uuid: "7148b1424b6f41f9a2b50729743e52ad" is_pre_election: true
I20260710 11:05:59.554597 11621 raft_consensus.cc:2468] T 733dacff18a84f1095cfaf6145a25cac P 7148b1424b6f41f9a2b50729743e52ad [term 0 FOLLOWER]: Leader pre-election vote request: Granting yes vote for candidate f69b5a5befda4800b5094a2a1e8ad19f in term 0.
I20260710 11:05:59.556020 11661 leader_election.cc:304] T 733dacff18a84f1095cfaf6145a25cac P f69b5a5befda4800b5094a2a1e8ad19f [CANDIDATE]: Term 1 pre-election: Election decided. Result: candidate won. Election summary: received 2 responses out of 3 voters: 2 yes votes; 0 no votes. yes voters: 92ff08ce04f34201bb88cd175c9e5d28, f69b5a5befda4800b5094a2a1e8ad19f; no voters: 
I20260710 11:05:59.558218 11545 tablet_service.cc:1917] Received RequestConsensusVote() RPC: tablet_id: "d3b1d31f29a94ffba619f27e2e4d0044" candidate_uuid: "7148b1424b6f41f9a2b50729743e52ad" candidate_term: 1 candidate_status { last_received { term: 0 index: 0 } } ignore_live_leader: false dest_uuid: "92ff08ce04f34201bb88cd175c9e5d28"
I20260710 11:05:59.559032 11545 raft_consensus.cc:3060] T d3b1d31f29a94ffba619f27e2e4d0044 P 92ff08ce04f34201bb88cd175c9e5d28 [term 0 FOLLOWER]: Advancing to term 1
I20260710 11:05:59.559878 11771 raft_consensus.cc:2804] T 733dacff18a84f1095cfaf6145a25cac P f69b5a5befda4800b5094a2a1e8ad19f [term 0 FOLLOWER]: Leader pre-election won for term 1
I20260710 11:05:59.560389 11771 raft_consensus.cc:493] T 733dacff18a84f1095cfaf6145a25cac P f69b5a5befda4800b5094a2a1e8ad19f [term 0 FOLLOWER]: Starting leader election (no leader contacted us within the election timeout)
I20260710 11:05:59.560837 11771 raft_consensus.cc:3060] T 733dacff18a84f1095cfaf6145a25cac P f69b5a5befda4800b5094a2a1e8ad19f [term 0 FOLLOWER]: Advancing to term 1
I20260710 11:05:59.564045 11735 tablet_bootstrap.cc:654] T 4f485a350f9245f597495ef41f591f35 P 92ff08ce04f34201bb88cd175c9e5d28: Neither blocks nor log segments found. Creating new log.
I20260710 11:05:59.570389 11744 raft_consensus.cc:515] T 6ab7ee90e41248c0b642fb875039811e P f69b5a5befda4800b5094a2a1e8ad19f [term 1 FOLLOWER]: Starting leader election with config: opid_index: -1 OBSOLETE_local: false peers { permanent_uuid: "92ff08ce04f34201bb88cd175c9e5d28" member_type: VOTER last_known_addr { host: "127.10.38.193" port: 42077 } } peers { permanent_uuid: "7148b1424b6f41f9a2b50729743e52ad" member_type: VOTER last_known_addr { host: "127.10.38.194" port: 44773 } } peers { permanent_uuid: "f69b5a5befda4800b5094a2a1e8ad19f" member_type: VOTER last_known_addr { host: "127.10.38.195" port: 44297 } }
I20260710 11:05:59.574688 11546 tablet_service.cc:1917] Received RequestConsensusVote() RPC: tablet_id: "6ab7ee90e41248c0b642fb875039811e" candidate_uuid: "f69b5a5befda4800b5094a2a1e8ad19f" candidate_term: 1 candidate_status { last_received { term: 0 index: 0 } } ignore_live_leader: false dest_uuid: "92ff08ce04f34201bb88cd175c9e5d28"
I20260710 11:05:59.575361 11546 raft_consensus.cc:3060] T 6ab7ee90e41248c0b642fb875039811e P 92ff08ce04f34201bb88cd175c9e5d28 [term 0 FOLLOWER]: Advancing to term 1
I20260710 11:05:59.535424 11738 tablet_bootstrap.cc:654] T 6c6c5396fd5a481e8265785d15b17a7c P 7148b1424b6f41f9a2b50729743e52ad: Neither blocks nor log segments found. Creating new log.
I20260710 11:05:59.567380 11694 raft_consensus.cc:2468] T d3b1d31f29a94ffba619f27e2e4d0044 P f69b5a5befda4800b5094a2a1e8ad19f [term 1 FOLLOWER]: Leader election vote request: Granting yes vote for candidate 7148b1424b6f41f9a2b50729743e52ad in term 1.
I20260710 11:05:59.579183 11545 raft_consensus.cc:2468] T d3b1d31f29a94ffba619f27e2e4d0044 P 92ff08ce04f34201bb88cd175c9e5d28 [term 1 FOLLOWER]: Leader election vote request: Granting yes vote for candidate 7148b1424b6f41f9a2b50729743e52ad in term 1.
I20260710 11:05:59.580874 11584 leader_election.cc:304] T d3b1d31f29a94ffba619f27e2e4d0044 P 7148b1424b6f41f9a2b50729743e52ad [CANDIDATE]: Term 1 election: Election decided. Result: candidate won. Election summary: received 2 responses out of 3 voters: 2 yes votes; 0 no votes. yes voters: 7148b1424b6f41f9a2b50729743e52ad, f69b5a5befda4800b5094a2a1e8ad19f; no voters: 
I20260710 11:05:59.581826 11753 raft_consensus.cc:2804] T d3b1d31f29a94ffba619f27e2e4d0044 P 7148b1424b6f41f9a2b50729743e52ad [term 1 FOLLOWER]: Leader election won for term 1
I20260710 11:05:59.582329 11753 raft_consensus.cc:697] T d3b1d31f29a94ffba619f27e2e4d0044 P 7148b1424b6f41f9a2b50729743e52ad [term 1 LEADER]: Becoming Leader. State: Replica: 7148b1424b6f41f9a2b50729743e52ad, State: Running, Role: LEADER
I20260710 11:05:59.583182 11753 consensus_queue.cc:237] T d3b1d31f29a94ffba619f27e2e4d0044 P 7148b1424b6f41f9a2b50729743e52ad [LEADER]: Queue going to LEADER mode. State: All replicated index: 0, Majority replicated index: 0, Committed index: 0, Last appended: 0.0, Last appended by leader: 0, Current term: 1, Majority size: 2, State: 0, Mode: LEADER, active raft config: opid_index: -1 OBSOLETE_local: false peers { permanent_uuid: "92ff08ce04f34201bb88cd175c9e5d28" member_type: VOTER last_known_addr { host: "127.10.38.193" port: 42077 } } peers { permanent_uuid: "f69b5a5befda4800b5094a2a1e8ad19f" member_type: VOTER last_known_addr { host: "127.10.38.195" port: 44297 } } peers { permanent_uuid: "7148b1424b6f41f9a2b50729743e52ad" member_type: VOTER last_known_addr { host: "127.10.38.194" port: 44773 } }
I20260710 11:05:59.583863 11735 tablet_bootstrap.cc:492] T 4f485a350f9245f597495ef41f591f35 P 92ff08ce04f34201bb88cd175c9e5d28: No bootstrap required, opened a new log
I20260710 11:05:59.583808 11621 tablet_service.cc:1917] Received RequestConsensusVote() RPC: tablet_id: "6ab7ee90e41248c0b642fb875039811e" candidate_uuid: "f69b5a5befda4800b5094a2a1e8ad19f" candidate_term: 1 candidate_status { last_received { term: 0 index: 0 } } ignore_live_leader: false dest_uuid: "7148b1424b6f41f9a2b50729743e52ad"
I20260710 11:05:59.583552 11771 raft_consensus.cc:515] T 733dacff18a84f1095cfaf6145a25cac P f69b5a5befda4800b5094a2a1e8ad19f [term 1 FOLLOWER]: Starting leader election with config: opid_index: -1 OBSOLETE_local: false peers { permanent_uuid: "92ff08ce04f34201bb88cd175c9e5d28" member_type: VOTER last_known_addr { host: "127.10.38.193" port: 42077 } } peers { permanent_uuid: "7148b1424b6f41f9a2b50729743e52ad" member_type: VOTER last_known_addr { host: "127.10.38.194" port: 44773 } } peers { permanent_uuid: "f69b5a5befda4800b5094a2a1e8ad19f" member_type: VOTER last_known_addr { host: "127.10.38.195" port: 44297 } }
I20260710 11:05:59.584393 11735 ts_tablet_manager.cc:1403] T 4f485a350f9245f597495ef41f591f35 P 92ff08ce04f34201bb88cd175c9e5d28: Time spent bootstrapping tablet: real 0.041s	user 0.022s	sys 0.015s
W20260710 11:05:59.585322 11660 leader_election.cc:343] T 6ab7ee90e41248c0b642fb875039811e P f69b5a5befda4800b5094a2a1e8ad19f [CANDIDATE]: Term 1 election: Tablet error from VoteRequest() call to peer 7148b1424b6f41f9a2b50729743e52ad (127.10.38.194:44773): Illegal state: must be running to vote when last-logged opid is not known
I20260710 11:05:59.586165 11771 leader_election.cc:290] T 733dacff18a84f1095cfaf6145a25cac P f69b5a5befda4800b5094a2a1e8ad19f [CANDIDATE]: Term 1 election: Requested vote from peers 92ff08ce04f34201bb88cd175c9e5d28 (127.10.38.193:42077), 7148b1424b6f41f9a2b50729743e52ad (127.10.38.194:44773)
I20260710 11:05:59.586979 11545 tablet_service.cc:1917] Received RequestConsensusVote() RPC: tablet_id: "733dacff18a84f1095cfaf6145a25cac" candidate_uuid: "f69b5a5befda4800b5094a2a1e8ad19f" candidate_term: 1 candidate_status { last_received { term: 0 index: 0 } } ignore_live_leader: false dest_uuid: "92ff08ce04f34201bb88cd175c9e5d28"
I20260710 11:05:59.587505 11545 raft_consensus.cc:3060] T 733dacff18a84f1095cfaf6145a25cac P 92ff08ce04f34201bb88cd175c9e5d28 [term 0 FOLLOWER]: Advancing to term 1
I20260710 11:05:59.587050 11735 raft_consensus.cc:359] T 4f485a350f9245f597495ef41f591f35 P 92ff08ce04f34201bb88cd175c9e5d28 [term 0 FOLLOWER]: Replica starting. Triggering 0 pending ops. Active config: opid_index: -1 OBSOLETE_local: false peers { permanent_uuid: "92ff08ce04f34201bb88cd175c9e5d28" member_type: VOTER last_known_addr { host: "127.10.38.193" port: 42077 } } peers { permanent_uuid: "7148b1424b6f41f9a2b50729743e52ad" member_type: VOTER last_known_addr { host: "127.10.38.194" port: 44773 } } peers { permanent_uuid: "f69b5a5befda4800b5094a2a1e8ad19f" member_type: VOTER last_known_addr { host: "127.10.38.195" port: 44297 } }
I20260710 11:05:59.587990 11735 raft_consensus.cc:385] T 4f485a350f9245f597495ef41f591f35 P 92ff08ce04f34201bb88cd175c9e5d28 [term 0 FOLLOWER]: Consensus starting up: Expiring failure detector timer to make a prompt election more likely
I20260710 11:05:59.581113 11736 tablet_bootstrap.cc:492] T 6c6c5396fd5a481e8265785d15b17a7c P f69b5a5befda4800b5094a2a1e8ad19f: No bootstrap required, opened a new log
I20260710 11:05:59.588410 11735 raft_consensus.cc:740] T 4f485a350f9245f597495ef41f591f35 P 92ff08ce04f34201bb88cd175c9e5d28 [term 0 FOLLOWER]: Becoming Follower/Learner. State: Replica: 92ff08ce04f34201bb88cd175c9e5d28, State: Initialized, Role: FOLLOWER
I20260710 11:05:59.588819 11736 ts_tablet_manager.cc:1403] T 6c6c5396fd5a481e8265785d15b17a7c P f69b5a5befda4800b5094a2a1e8ad19f: Time spent bootstrapping tablet: real 0.100s	user 0.038s	sys 0.027s
I20260710 11:05:59.589152 11735 consensus_queue.cc:260] T 4f485a350f9245f597495ef41f591f35 P 92ff08ce04f34201bb88cd175c9e5d28 [NON_LEADER]: Queue going to NON_LEADER mode. State: All replicated index: 0, Majority replicated index: 0, Committed index: 0, Last appended: 0.0, Last appended by leader: 0, Current term: 0, Majority size: -1, State: 0, Mode: NON_LEADER, active raft config: opid_index: -1 OBSOLETE_local: false peers { permanent_uuid: "92ff08ce04f34201bb88cd175c9e5d28" member_type: VOTER last_known_addr { host: "127.10.38.193" port: 42077 } } peers { permanent_uuid: "7148b1424b6f41f9a2b50729743e52ad" member_type: VOTER last_known_addr { host: "127.10.38.194" port: 44773 } } peers { permanent_uuid: "f69b5a5befda4800b5094a2a1e8ad19f" member_type: VOTER last_known_addr { host: "127.10.38.195" port: 44297 } }
I20260710 11:05:59.591195 11735 ts_tablet_manager.cc:1434] T 4f485a350f9245f597495ef41f591f35 P 92ff08ce04f34201bb88cd175c9e5d28: Time spent starting tablet: real 0.006s	user 0.004s	sys 0.000s
I20260710 11:05:59.592232 11744 leader_election.cc:290] T 6ab7ee90e41248c0b642fb875039811e P f69b5a5befda4800b5094a2a1e8ad19f [CANDIDATE]: Term 1 election: Requested vote from peers 92ff08ce04f34201bb88cd175c9e5d28 (127.10.38.193:42077), 7148b1424b6f41f9a2b50729743e52ad (127.10.38.194:44773)
I20260710 11:05:59.592104 11736 raft_consensus.cc:359] T 6c6c5396fd5a481e8265785d15b17a7c P f69b5a5befda4800b5094a2a1e8ad19f [term 0 FOLLOWER]: Replica starting. Triggering 0 pending ops. Active config: opid_index: -1 OBSOLETE_local: false peers { permanent_uuid: "92ff08ce04f34201bb88cd175c9e5d28" member_type: VOTER last_known_addr { host: "127.10.38.193" port: 42077 } } peers { permanent_uuid: "7148b1424b6f41f9a2b50729743e52ad" member_type: VOTER last_known_addr { host: "127.10.38.194" port: 44773 } } peers { permanent_uuid: "f69b5a5befda4800b5094a2a1e8ad19f" member_type: VOTER last_known_addr { host: "127.10.38.195" port: 44297 } }
I20260710 11:05:59.593355 11738 tablet_bootstrap.cc:492] T 6c6c5396fd5a481e8265785d15b17a7c P 7148b1424b6f41f9a2b50729743e52ad: No bootstrap required, opened a new log
