I20260710 11:05:43.581979 24083 tablet_service.cc:1917] Received RequestConsensusVote() RPC: tablet_id: "77a7a0fd7de84a0abeb205c2f57e6cce" candidate_uuid: "1cba823974e44736a01bb9908fbff6a2" candidate_term: 4 candidate_status { last_received { term: 3 index: 3 } } ignore_live_leader: true dest_uuid: "a3f15e6b3afc4109820aab611df470ef"
I20260710 11:05:43.582145 24155 raft_consensus.cc:3060] T 77a7a0fd7de84a0abeb205c2f57e6cce P 195bb6c735c046c7a9c295539188d684 [term 3 FOLLOWER]: Advancing to term 4
I20260710 11:05:43.582458 24083 raft_consensus.cc:3055] T 77a7a0fd7de84a0abeb205c2f57e6cce P a3f15e6b3afc4109820aab611df470ef [term 3 LEADER]: Stepping down as leader of term 3
I20260710 11:05:43.582710 24083 raft_consensus.cc:740] T 77a7a0fd7de84a0abeb205c2f57e6cce P a3f15e6b3afc4109820aab611df470ef [term 3 LEADER]: Becoming Follower/Learner. State: Replica: a3f15e6b3afc4109820aab611df470ef, State: Running, Role: LEADER
I20260710 11:05:43.583384 24083 consensus_queue.cc:260] T 77a7a0fd7de84a0abeb205c2f57e6cce P a3f15e6b3afc4109820aab611df470ef [NON_LEADER]: Queue going to NON_LEADER mode. State: All replicated index: 0, Majority replicated index: 3, Committed index: 3, Last appended: 3.3, Last appended by leader: 3, Current term: 3, Majority size: -1, State: 0, Mode: NON_LEADER, active raft config: opid_index: -1 OBSOLETE_local: false peers { permanent_uuid: "1cba823974e44736a01bb9908fbff6a2" member_type: VOTER last_known_addr { host: "127.23.80.65" port: 38997 } } peers { permanent_uuid: "195bb6c735c046c7a9c295539188d684" member_type: VOTER last_known_addr { host: "127.23.80.67" port: 40681 } } peers { permanent_uuid: "a3f15e6b3afc4109820aab611df470ef" member_type: VOTER last_known_addr { host: "127.23.80.66" port: 37837 } }
I20260710 11:05:43.584347 24083 raft_consensus.cc:3060] T 77a7a0fd7de84a0abeb205c2f57e6cce P a3f15e6b3afc4109820aab611df470ef [term 3 FOLLOWER]: Advancing to term 4
I20260710 11:05:43.586241 24155 raft_consensus.cc:2468] T 77a7a0fd7de84a0abeb205c2f57e6cce P 195bb6c735c046c7a9c295539188d684 [term 4 FOLLOWER]: Leader election vote request: Granting yes vote for candidate 1cba823974e44736a01bb9908fbff6a2 in term 4.
I20260710 11:05:43.587143 23972 leader_election.cc:304] T 77a7a0fd7de84a0abeb205c2f57e6cce P 1cba823974e44736a01bb9908fbff6a2 [CANDIDATE]: Term 4 election: Election decided. Result: candidate won. Election summary: received 2 responses out of 3 voters: 2 yes votes; 0 no votes. yes voters: 195bb6c735c046c7a9c295539188d684, 1cba823974e44736a01bb9908fbff6a2; no voters: 
I20260710 11:05:43.587817 24343 raft_consensus.cc:2804] T 77a7a0fd7de84a0abeb205c2f57e6cce P 1cba823974e44736a01bb9908fbff6a2 [term 4 FOLLOWER]: Leader election won for term 4
I20260710 11:05:43.588135 24083 raft_consensus.cc:2468] T 77a7a0fd7de84a0abeb205c2f57e6cce P a3f15e6b3afc4109820aab611df470ef [term 4 FOLLOWER]: Leader election vote request: Granting yes vote for candidate 1cba823974e44736a01bb9908fbff6a2 in term 4.
I20260710 11:05:43.588204 24343 raft_consensus.cc:697] T 77a7a0fd7de84a0abeb205c2f57e6cce P 1cba823974e44736a01bb9908fbff6a2 [term 4 LEADER]: Becoming Leader. State: Replica: 1cba823974e44736a01bb9908fbff6a2, State: Running, Role: LEADER
I20260710 11:05:43.589238 24343 consensus_queue.cc:237] T 77a7a0fd7de84a0abeb205c2f57e6cce P 1cba823974e44736a01bb9908fbff6a2 [LEADER]: Queue going to LEADER mode. State: All replicated index: 0, Majority replicated index: 3, Committed index: 3, Last appended: 3.3, Last appended by leader: 3, Current term: 4, Majority size: 2, State: 0, Mode: LEADER, active raft config: opid_index: -1 OBSOLETE_local: false peers { permanent_uuid: "1cba823974e44736a01bb9908fbff6a2" member_type: VOTER last_known_addr { host: "127.23.80.65" port: 38997 } } peers { permanent_uuid: "195bb6c735c046c7a9c295539188d684" member_type: VOTER last_known_addr { host: "127.23.80.67" port: 40681 } } peers { permanent_uuid: "a3f15e6b3afc4109820aab611df470ef" member_type: VOTER last_known_addr { host: "127.23.80.66" port: 37837 } }
I20260710 11:05:43.595417 23905 catalog_manager.cc:5697] T 77a7a0fd7de84a0abeb205c2f57e6cce P 1cba823974e44736a01bb9908fbff6a2 reported cstate change: term changed from 3 to 4, leader changed from a3f15e6b3afc4109820aab611df470ef (127.23.80.66) to 1cba823974e44736a01bb9908fbff6a2 (127.23.80.65). New cstate: current_term: 4 leader_uuid: "1cba823974e44736a01bb9908fbff6a2" committed_config { opid_index: -1 OBSOLETE_local: false peers { permanent_uuid: "1cba823974e44736a01bb9908fbff6a2" member_type: VOTER last_known_addr { host: "127.23.80.65" port: 38997 } health_report { overall_health: HEALTHY } } peers { permanent_uuid: "195bb6c735c046c7a9c295539188d684" member_type: VOTER last_known_addr { host: "127.23.80.67" port: 40681 } health_report { overall_health: UNKNOWN } } peers { permanent_uuid: "a3f15e6b3afc4109820aab611df470ef" member_type: VOTER last_known_addr { host: "127.23.80.66" port: 37837 } health_report { overall_health: UNKNOWN } } }
I20260710 11:05:43.694484 24341 raft_consensus.cc:993] T a34f570489cd498a9bf93554b49dbbd7 P a3f15e6b3afc4109820aab611df470ef: : Instructing follower 1cba823974e44736a01bb9908fbff6a2 to start an election
I20260710 11:05:43.694877 24342 raft_consensus.cc:1081] T a34f570489cd498a9bf93554b49dbbd7 P a3f15e6b3afc4109820aab611df470ef [term 4 LEADER]: Signalling peer 1cba823974e44736a01bb9908fbff6a2 to start an election
I20260710 11:05:43.696391 24005 tablet_service.cc:2044] Received Run Leader Election RPC: tablet_id: "a34f570489cd498a9bf93554b49dbbd7"
dest_uuid: "1cba823974e44736a01bb9908fbff6a2"
 from {username='slave'} at 127.0.0.1:36452
I20260710 11:05:43.696906 24005 raft_consensus.cc:493] T a34f570489cd498a9bf93554b49dbbd7 P 1cba823974e44736a01bb9908fbff6a2 [term 4 FOLLOWER]: Starting forced leader election (received explicit request)
I20260710 11:05:43.697247 24005 raft_consensus.cc:3060] T a34f570489cd498a9bf93554b49dbbd7 P 1cba823974e44736a01bb9908fbff6a2 [term 4 FOLLOWER]: Advancing to term 5
I20260710 11:05:43.701902 24005 raft_consensus.cc:515] T a34f570489cd498a9bf93554b49dbbd7 P 1cba823974e44736a01bb9908fbff6a2 [term 5 FOLLOWER]: Starting forced leader election with config: opid_index: -1 OBSOLETE_local: false peers { permanent_uuid: "1cba823974e44736a01bb9908fbff6a2" member_type: VOTER last_known_addr { host: "127.23.80.65" port: 38997 } } peers { permanent_uuid: "a3f15e6b3afc4109820aab611df470ef" member_type: VOTER last_known_addr { host: "127.23.80.66" port: 37837 } } peers { permanent_uuid: "195bb6c735c046c7a9c295539188d684" member_type: VOTER last_known_addr { host: "127.23.80.67" port: 40681 } }
I20260710 11:05:43.703251 24005 leader_election.cc:290] T a34f570489cd498a9bf93554b49dbbd7 P 1cba823974e44736a01bb9908fbff6a2 [CANDIDATE]: Term 5 election: Requested vote from peers a3f15e6b3afc4109820aab611df470ef (127.23.80.66:37837), 195bb6c735c046c7a9c295539188d684 (127.23.80.67:40681)
I20260710 11:05:43.704114 24083 tablet_service.cc:1917] Received RequestConsensusVote() RPC: tablet_id: "a34f570489cd498a9bf93554b49dbbd7" candidate_uuid: "1cba823974e44736a01bb9908fbff6a2" candidate_term: 5 candidate_status { last_received { term: 4 index: 4 } } ignore_live_leader: true dest_uuid: "a3f15e6b3afc4109820aab611df470ef"
I20260710 11:05:43.704468 24155 tablet_service.cc:1917] Received RequestConsensusVote() RPC: tablet_id: "a34f570489cd498a9bf93554b49dbbd7" candidate_uuid: "1cba823974e44736a01bb9908fbff6a2" candidate_term: 5 candidate_status { last_received { term: 4 index: 4 } } ignore_live_leader: true dest_uuid: "195bb6c735c046c7a9c295539188d684"
I20260710 11:05:43.704696 24083 raft_consensus.cc:3055] T a34f570489cd498a9bf93554b49dbbd7 P a3f15e6b3afc4109820aab611df470ef [term 4 LEADER]: Stepping down as leader of term 4
I20260710 11:05:43.705026 24083 raft_consensus.cc:740] T a34f570489cd498a9bf93554b49dbbd7 P a3f15e6b3afc4109820aab611df470ef [term 4 LEADER]: Becoming Follower/Learner. State: Replica: a3f15e6b3afc4109820aab611df470ef, State: Running, Role: LEADER
I20260710 11:05:43.705035 24155 raft_consensus.cc:3060] T a34f570489cd498a9bf93554b49dbbd7 P 195bb6c735c046c7a9c295539188d684 [term 4 FOLLOWER]: Advancing to term 5
I20260710 11:05:43.705699 24083 consensus_queue.cc:260] T a34f570489cd498a9bf93554b49dbbd7 P a3f15e6b3afc4109820aab611df470ef [NON_LEADER]: Queue going to NON_LEADER mode. State: All replicated index: 0, Majority replicated index: 4, Committed index: 4, Last appended: 4.4, Last appended by leader: 4, Current term: 4, Majority size: -1, State: 0, Mode: NON_LEADER, active raft config: opid_index: -1 OBSOLETE_local: false peers { permanent_uuid: "1cba823974e44736a01bb9908fbff6a2" member_type: VOTER last_known_addr { host: "127.23.80.65" port: 38997 } } peers { permanent_uuid: "a3f15e6b3afc4109820aab611df470ef" member_type: VOTER last_known_addr { host: "127.23.80.66" port: 37837 } } peers { permanent_uuid: "195bb6c735c046c7a9c295539188d684" member_type: VOTER last_known_addr { host: "127.23.80.67" port: 40681 } }
I20260710 11:05:43.706496 24083 raft_consensus.cc:3060] T a34f570489cd498a9bf93554b49dbbd7 P a3f15e6b3afc4109820aab611df470ef [term 4 FOLLOWER]: Advancing to term 5
I20260710 11:05:43.709723 24155 raft_consensus.cc:2468] T a34f570489cd498a9bf93554b49dbbd7 P 195bb6c735c046c7a9c295539188d684 [term 5 FOLLOWER]: Leader election vote request: Granting yes vote for candidate 1cba823974e44736a01bb9908fbff6a2 in term 5.
I20260710 11:05:43.710374 24083 raft_consensus.cc:2468] T a34f570489cd498a9bf93554b49dbbd7 P a3f15e6b3afc4109820aab611df470ef [term 5 FOLLOWER]: Leader election vote request: Granting yes vote for candidate 1cba823974e44736a01bb9908fbff6a2 in term 5.
I20260710 11:05:43.710866 23972 leader_election.cc:304] T a34f570489cd498a9bf93554b49dbbd7 P 1cba823974e44736a01bb9908fbff6a2 [CANDIDATE]: Term 5 election: Election decided. Result: candidate won. Election summary: received 2 responses out of 3 voters: 2 yes votes; 0 no votes. yes voters: 195bb6c735c046c7a9c295539188d684, 1cba823974e44736a01bb9908fbff6a2; no voters: 
I20260710 11:05:43.711808 24343 raft_consensus.cc:2804] T a34f570489cd498a9bf93554b49dbbd7 P 1cba823974e44736a01bb9908fbff6a2 [term 5 FOLLOWER]: Leader election won for term 5
I20260710 11:05:43.712306 24343 raft_consensus.cc:697] T a34f570489cd498a9bf93554b49dbbd7 P 1cba823974e44736a01bb9908fbff6a2 [term 5 LEADER]: Becoming Leader. State: Replica: 1cba823974e44736a01bb9908fbff6a2, State: Running, Role: LEADER
I20260710 11:05:43.713104 24343 consensus_queue.cc:237] T a34f570489cd498a9bf93554b49dbbd7 P 1cba823974e44736a01bb9908fbff6a2 [LEADER]: Queue going to LEADER mode. State: All replicated index: 0, Majority replicated index: 4, Committed index: 4, Last appended: 4.4, Last appended by leader: 4, Current term: 5, Majority size: 2, State: 0, Mode: LEADER, active raft config: opid_index: -1 OBSOLETE_local: false peers { permanent_uuid: "1cba823974e44736a01bb9908fbff6a2" member_type: VOTER last_known_addr { host: "127.23.80.65" port: 38997 } } peers { permanent_uuid: "a3f15e6b3afc4109820aab611df470ef" member_type: VOTER last_known_addr { host: "127.23.80.66" port: 37837 } } peers { permanent_uuid: "195bb6c735c046c7a9c295539188d684" member_type: VOTER last_known_addr { host: "127.23.80.67" port: 40681 } }
I20260710 11:05:43.720135 23905 catalog_manager.cc:5697] T a34f570489cd498a9bf93554b49dbbd7 P 1cba823974e44736a01bb9908fbff6a2 reported cstate change: term changed from 4 to 5, leader changed from a3f15e6b3afc4109820aab611df470ef (127.23.80.66) to 1cba823974e44736a01bb9908fbff6a2 (127.23.80.65). New cstate: current_term: 5 leader_uuid: "1cba823974e44736a01bb9908fbff6a2" committed_config { opid_index: -1 OBSOLETE_local: false peers { permanent_uuid: "1cba823974e44736a01bb9908fbff6a2" member_type: VOTER last_known_addr { host: "127.23.80.65" port: 38997 } health_report { overall_health: HEALTHY } } peers { permanent_uuid: "a3f15e6b3afc4109820aab611df470ef" member_type: VOTER last_known_addr { host: "127.23.80.66" port: 37837 } health_report { overall_health: UNKNOWN } } peers { permanent_uuid: "195bb6c735c046c7a9c295539188d684" member_type: VOTER last_known_addr { host: "127.23.80.67" port: 40681 } health_report { overall_health: UNKNOWN } } }
I20260710 11:05:43.795481 24341 raft_consensus.cc:993] T 7d4d506ff2124e5f906f32dc8c36866d P a3f15e6b3afc4109820aab611df470ef: : Instructing follower 195bb6c735c046c7a9c295539188d684 to start an election
I20260710 11:05:43.795912 24342 raft_consensus.cc:1081] T 7d4d506ff2124e5f906f32dc8c36866d P a3f15e6b3afc4109820aab611df470ef [term 1 LEADER]: Signalling peer 195bb6c735c046c7a9c295539188d684 to start an election
I20260710 11:05:43.797278 24155 tablet_service.cc:2044] Received Run Leader Election RPC: tablet_id: "7d4d506ff2124e5f906f32dc8c36866d"
dest_uuid: "195bb6c735c046c7a9c295539188d684"
 from {username='slave'} at 127.0.0.1:48228
I20260710 11:05:43.797714 24155 raft_consensus.cc:493] T 7d4d506ff2124e5f906f32dc8c36866d P 195bb6c735c046c7a9c295539188d684 [term 1 FOLLOWER]: Starting forced leader election (received explicit request)
I20260710 11:05:43.797978 24155 raft_consensus.cc:3060] T 7d4d506ff2124e5f906f32dc8c36866d P 195bb6c735c046c7a9c295539188d684 [term 1 FOLLOWER]: Advancing to term 2
I20260710 11:05:43.801833 24155 raft_consensus.cc:515] T 7d4d506ff2124e5f906f32dc8c36866d P 195bb6c735c046c7a9c295539188d684 [term 2 FOLLOWER]: Starting forced leader election with config: opid_index: -1 OBSOLETE_local: false peers { permanent_uuid: "1cba823974e44736a01bb9908fbff6a2" member_type: VOTER last_known_addr { host: "127.23.80.65" port: 38997 } } peers { permanent_uuid: "a3f15e6b3afc4109820aab611df470ef" member_type: VOTER last_known_addr { host: "127.23.80.66" port: 37837 } } peers { permanent_uuid: "195bb6c735c046c7a9c295539188d684" member_type: VOTER last_known_addr { host: "127.23.80.67" port: 40681 } }
I20260710 11:05:43.803316 24155 leader_election.cc:290] T 7d4d506ff2124e5f906f32dc8c36866d P 195bb6c735c046c7a9c295539188d684 [CANDIDATE]: Term 2 election: Requested vote from peers 1cba823974e44736a01bb9908fbff6a2 (127.23.80.65:38997), a3f15e6b3afc4109820aab611df470ef (127.23.80.66:37837)
I20260710 11:05:43.804105 24005 tablet_service.cc:1917] Received RequestConsensusVote() RPC: tablet_id: "7d4d506ff2124e5f906f32dc8c36866d" candidate_uuid: "195bb6c735c046c7a9c295539188d684" candidate_term: 2 candidate_status { last_received { term: 1 index: 1 } } ignore_live_leader: true dest_uuid: "1cba823974e44736a01bb9908fbff6a2"
I20260710 11:05:43.804363 24083 tablet_service.cc:1917] Received RequestConsensusVote() RPC: tablet_id: "7d4d506ff2124e5f906f32dc8c36866d" candidate_uuid: "195bb6c735c046c7a9c295539188d684" candidate_term: 2 candidate_status { last_received { term: 1 index: 1 } } ignore_live_leader: true dest_uuid: "a3f15e6b3afc4109820aab611df470ef"
I20260710 11:05:43.804693 24005 raft_consensus.cc:3060] T 7d4d506ff2124e5f906f32dc8c36866d P 1cba823974e44736a01bb9908fbff6a2 [term 1 FOLLOWER]: Advancing to term 2
I20260710 11:05:43.805020 24083 raft_consensus.cc:3055] T 7d4d506ff2124e5f906f32dc8c36866d P a3f15e6b3afc4109820aab611df470ef [term 1 LEADER]: Stepping down as leader of term 1
I20260710 11:05:43.805300 24083 raft_consensus.cc:740] T 7d4d506ff2124e5f906f32dc8c36866d P a3f15e6b3afc4109820aab611df470ef [term 1 LEADER]: Becoming Follower/Learner. State: Replica: a3f15e6b3afc4109820aab611df470ef, State: Running, Role: LEADER
I20260710 11:05:43.805986 24083 consensus_queue.cc:260] T 7d4d506ff2124e5f906f32dc8c36866d P a3f15e6b3afc4109820aab611df470ef [NON_LEADER]: Queue going to NON_LEADER mode. State: All replicated index: 0, Majority replicated index: 1, Committed index: 1, Last appended: 1.1, Last appended by leader: 1, Current term: 1, Majority size: -1, State: 0, Mode: NON_LEADER, active raft config: opid_index: -1 OBSOLETE_local: false peers { permanent_uuid: "1cba823974e44736a01bb9908fbff6a2" member_type: VOTER last_known_addr { host: "127.23.80.65" port: 38997 } } peers { permanent_uuid: "a3f15e6b3afc4109820aab611df470ef" member_type: VOTER last_known_addr { host: "127.23.80.66" port: 37837 } } peers { permanent_uuid: "195bb6c735c046c7a9c295539188d684" member_type: VOTER last_known_addr { host: "127.23.80.67" port: 40681 } }
I20260710 11:05:43.807088 24083 raft_consensus.cc:3060] T 7d4d506ff2124e5f906f32dc8c36866d P a3f15e6b3afc4109820aab611df470ef [term 1 FOLLOWER]: Advancing to term 2
I20260710 11:05:43.810268 24005 raft_consensus.cc:2468] T 7d4d506ff2124e5f906f32dc8c36866d P 1cba823974e44736a01bb9908fbff6a2 [term 2 FOLLOWER]: Leader election vote request: Granting yes vote for candidate 195bb6c735c046c7a9c295539188d684 in term 2.
I20260710 11:05:43.811285 24123 leader_election.cc:304] T 7d4d506ff2124e5f906f32dc8c36866d P 195bb6c735c046c7a9c295539188d684 [CANDIDATE]: Term 2 election: Election decided. Result: candidate won. Election summary: received 2 responses out of 3 voters: 2 yes votes; 0 no votes. yes voters: 195bb6c735c046c7a9c295539188d684, 1cba823974e44736a01bb9908fbff6a2; no voters: 
I20260710 11:05:43.811964 24207 raft_consensus.cc:2804] T 7d4d506ff2124e5f906f32dc8c36866d P 195bb6c735c046c7a9c295539188d684 [term 2 FOLLOWER]: Leader election won for term 2
I20260710 11:05:43.812346 24083 raft_consensus.cc:2468] T 7d4d506ff2124e5f906f32dc8c36866d P a3f15e6b3afc4109820aab611df470ef [term 2 FOLLOWER]: Leader election vote request: Granting yes vote for candidate 195bb6c735c046c7a9c295539188d684 in term 2.
I20260710 11:05:43.812345 24207 raft_consensus.cc:697] T 7d4d506ff2124e5f906f32dc8c36866d P 195bb6c735c046c7a9c295539188d684 [term 2 LEADER]: Becoming Leader. State: Replica: 195bb6c735c046c7a9c295539188d684, State: Running, Role: LEADER
I20260710 11:05:43.813442 24207 consensus_queue.cc:237] T 7d4d506ff2124e5f906f32dc8c36866d P 195bb6c735c046c7a9c295539188d684 [LEADER]: Queue going to LEADER mode. State: All replicated index: 0, Majority replicated index: 1, Committed index: 1, Last appended: 1.1, Last appended by leader: 1, Current term: 2, Majority size: 2, State: 0, Mode: LEADER, active raft config: opid_index: -1 OBSOLETE_local: false peers { permanent_uuid: "1cba823974e44736a01bb9908fbff6a2" member_type: VOTER last_known_addr { host: "127.23.80.65" port: 38997 } } peers { permanent_uuid: "a3f15e6b3afc4109820aab611df470ef" member_type: VOTER last_known_addr { host: "127.23.80.66" port: 37837 } } peers { permanent_uuid: "195bb6c735c046c7a9c295539188d684" member_type: VOTER last_known_addr { host: "127.23.80.67" port: 40681 } }
I20260710 11:05:43.822304 23905 catalog_manager.cc:5697] T 7d4d506ff2124e5f906f32dc8c36866d P 195bb6c735c046c7a9c295539188d684 reported cstate change: term changed from 1 to 2, leader changed from a3f15e6b3afc4109820aab611df470ef (127.23.80.66) to 195bb6c735c046c7a9c295539188d684 (127.23.80.67). New cstate: current_term: 2 leader_uuid: "195bb6c735c046c7a9c295539188d684" committed_config { opid_index: -1 OBSOLETE_local: false peers { permanent_uuid: "1cba823974e44736a01bb9908fbff6a2" member_type: VOTER last_known_addr { host: "127.23.80.65" port: 38997 } health_report { overall_health: UNKNOWN } } peers { permanent_uuid: "a3f15e6b3afc4109820aab611df470ef" member_type: VOTER last_known_addr { host: "127.23.80.66" port: 37837 } health_report { overall_health: UNKNOWN } } peers { permanent_uuid: "195bb6c735c046c7a9c295539188d684" member_type: VOTER last_known_addr { host: "127.23.80.67" port: 40681 } health_report { overall_health: HEALTHY } } }
I20260710 11:05:43.910261 24155 raft_consensus.cc:1275] T b10cb466f7a44d5d972bbbe3e8488856 P 195bb6c735c046c7a9c295539188d684 [term 3 FOLLOWER]: Refusing update from remote peer 1cba823974e44736a01bb9908fbff6a2: Log matching property violated. Preceding OpId in replica: term: 2 index: 2. Preceding OpId from leader: term: 3 index: 3. (index mismatch)
I20260710 11:05:43.911464 24343 consensus_queue.cc:1048] T b10cb466f7a44d5d972bbbe3e8488856 P 1cba823974e44736a01bb9908fbff6a2 [LEADER]: Connected to new peer: Peer: permanent_uuid: "195bb6c735c046c7a9c295539188d684" member_type: VOTER last_known_addr { host: "127.23.80.67" port: 40681 }, Status: LMP_MISMATCH, Last received: 0.0, Next index: 3, Last known committed idx: 2, Time since last communication: 0.000s
I20260710 11:05:43.922549 24083 raft_consensus.cc:1275] T b10cb466f7a44d5d972bbbe3e8488856 P a3f15e6b3afc4109820aab611df470ef [term 3 FOLLOWER]: Refusing update from remote peer 1cba823974e44736a01bb9908fbff6a2: Log matching property violated. Preceding OpId in replica: term: 2 index: 2. Preceding OpId from leader: term: 3 index: 3. (index mismatch)
I20260710 11:05:43.924038 24343 consensus_queue.cc:1048] T b10cb466f7a44d5d972bbbe3e8488856 P 1cba823974e44736a01bb9908fbff6a2 [LEADER]: Connected to new peer: Peer: permanent_uuid: "a3f15e6b3afc4109820aab611df470ef" member_type: VOTER last_known_addr { host: "127.23.80.66" port: 37837 }, Status: LMP_MISMATCH, Last received: 0.0, Next index: 3, Last known committed idx: 2, Time since last communication: 0.000s
I20260710 11:05:43.932453 24083 raft_consensus.cc:1275] T 0bfff35d2e1147f099ad16b4bd79e4ba P a3f15e6b3afc4109820aab611df470ef [term 3 FOLLOWER]: Refusing update from remote peer 195bb6c735c046c7a9c295539188d684: Log matching property violated. Preceding OpId in replica: term: 2 index: 2. Preceding OpId from leader: term: 3 index: 3. (index mismatch)
I20260710 11:05:43.933503 24207 consensus_queue.cc:1048] T 0bfff35d2e1147f099ad16b4bd79e4ba P 195bb6c735c046c7a9c295539188d684 [LEADER]: Connected to new peer: Peer: permanent_uuid: "a3f15e6b3afc4109820aab611df470ef" member_type: VOTER last_known_addr { host: "127.23.80.66" port: 37837 }, Status: LMP_MISMATCH, Last received: 0.0, Next index: 3, Last known committed idx: 2, Time since last communication: 0.000s
I20260710 11:05:43.943435 24005 raft_consensus.cc:1275] T 0bfff35d2e1147f099ad16b4bd79e4ba P 1cba823974e44736a01bb9908fbff6a2 [term 3 FOLLOWER]: Refusing update from remote peer 195bb6c735c046c7a9c295539188d684: Log matching property violated. Preceding OpId in replica: term: 2 index: 2. Preceding OpId from leader: term: 3 index: 3. (index mismatch)
I20260710 11:05:43.945020 24207 consensus_queue.cc:1048] T 0bfff35d2e1147f099ad16b4bd79e4ba P 195bb6c735c046c7a9c295539188d684 [LEADER]: Connected to new peer: Peer: permanent_uuid: "1cba823974e44736a01bb9908fbff6a2" member_type: VOTER last_known_addr { host: "127.23.80.65" port: 38997 }, Status: LMP_MISMATCH, Last received: 0.0, Next index: 3, Last known committed idx: 2, Time since last communication: 0.000s
I20260710 11:05:44.088683 24083 raft_consensus.cc:1275] T 77a7a0fd7de84a0abeb205c2f57e6cce P a3f15e6b3afc4109820aab611df470ef [term 4 FOLLOWER]: Refusing update from remote peer 1cba823974e44736a01bb9908fbff6a2: Log matching property violated. Preceding OpId in replica: term: 3 index: 3. Preceding OpId from leader: term: 4 index: 4. (index mismatch)
I20260710 11:05:44.089977 24343 consensus_queue.cc:1048] T 77a7a0fd7de84a0abeb205c2f57e6cce P 1cba823974e44736a01bb9908fbff6a2 [LEADER]: Connected to new peer: Peer: permanent_uuid: "a3f15e6b3afc4109820aab611df470ef" member_type: VOTER last_known_addr { host: "127.23.80.66" port: 37837 }, Status: LMP_MISMATCH, Last received: 0.0, Next index: 4, Last known committed idx: 3, Time since last communication: 0.000s
I20260710 11:05:44.098595 24155 raft_consensus.cc:1275] T 77a7a0fd7de84a0abeb205c2f57e6cce P 195bb6c735c046c7a9c295539188d684 [term 4 FOLLOWER]: Refusing update from remote peer 1cba823974e44736a01bb9908fbff6a2: Log matching property violated. Preceding OpId in replica: term: 3 index: 3. Preceding OpId from leader: term: 4 index: 4. (index mismatch)
I20260710 11:05:44.100325 24343 consensus_queue.cc:1048] T 77a7a0fd7de84a0abeb205c2f57e6cce P 1cba823974e44736a01bb9908fbff6a2 [LEADER]: Connected to new peer: Peer: permanent_uuid: "195bb6c735c046c7a9c295539188d684" member_type: VOTER last_known_addr { host: "127.23.80.67" port: 40681 }, Status: LMP_MISMATCH, Last received: 0.0, Next index: 4, Last known committed idx: 3, Time since last communication: 0.000s
I20260710 11:05:44.101666 24155 raft_consensus.cc:1275] T a34f570489cd498a9bf93554b49dbbd7 P 195bb6c735c046c7a9c295539188d684 [term 5 FOLLOWER]: Refusing update from remote peer 1cba823974e44736a01bb9908fbff6a2: Log matching property violated. Preceding OpId in replica: term: 4 index: 4. Preceding OpId from leader: term: 5 index: 5. (index mismatch)
I20260710 11:05:44.103374 24343 consensus_queue.cc:1048] T a34f570489cd498a9bf93554b49dbbd7 P 1cba823974e44736a01bb9908fbff6a2 [LEADER]: Connected to new peer: Peer: permanent_uuid: "195bb6c735c046c7a9c295539188d684" member_type: VOTER last_known_addr { host: "127.23.80.67" port: 40681 }, Status: LMP_MISMATCH, Last received: 0.0, Next index: 5, Last known committed idx: 4, Time since last communication: 0.000s
I20260710 11:05:44.116979 24083 raft_consensus.cc:1275] T a34f570489cd498a9bf93554b49dbbd7 P a3f15e6b3afc4109820aab611df470ef [term 5 FOLLOWER]: Refusing update from remote peer 1cba823974e44736a01bb9908fbff6a2: Log matching property violated. Preceding OpId in replica: term: 4 index: 4. Preceding OpId from leader: term: 5 index: 5. (index mismatch)
I20260710 11:05:44.118216 24364 consensus_queue.cc:1048] T a34f570489cd498a9bf93554b49dbbd7 P 1cba823974e44736a01bb9908fbff6a2 [LEADER]: Connected to new peer: Peer: permanent_uuid: "a3f15e6b3afc4109820aab611df470ef" member_type: VOTER last_known_addr { host: "127.23.80.66" port: 37837 }, Status: LMP_MISMATCH, Last received: 0.0, Next index: 5, Last known committed idx: 4, Time since last communication: 0.000s
I20260710 11:05:44.313671 24005 raft_consensus.cc:1275] T 7d4d506ff2124e5f906f32dc8c36866d P 1cba823974e44736a01bb9908fbff6a2 [term 2 FOLLOWER]: Refusing update from remote peer 195bb6c735c046c7a9c295539188d684: Log matching property violated. Preceding OpId in replica: term: 1 index: 1. Preceding OpId from leader: term: 2 index: 2. (index mismatch)
I20260710 11:05:44.314858 24361 consensus_queue.cc:1048] T 7d4d506ff2124e5f906f32dc8c36866d P 195bb6c735c046c7a9c295539188d684 [LEADER]: Connected to new peer: Peer: permanent_uuid: "1cba823974e44736a01bb9908fbff6a2" member_type: VOTER last_known_addr { host: "127.23.80.65" port: 38997 }, Status: LMP_MISMATCH, Last received: 0.0, Next index: 2, Last known committed idx: 1, Time since last communication: 0.000s
I20260710 11:05:44.324829 24083 raft_consensus.cc:1275] T 7d4d506ff2124e5f906f32dc8c36866d P a3f15e6b3afc4109820aab611df470ef [term 2 FOLLOWER]: Refusing update from remote peer 195bb6c735c046c7a9c295539188d684: Log matching property violated. Preceding OpId in replica: term: 1 index: 1. Preceding OpId from leader: term: 2 index: 2. (index mismatch)
I20260710 11:05:44.326288 24350 consensus_queue.cc:1048] T 7d4d506ff2124e5f906f32dc8c36866d P 195bb6c735c046c7a9c295539188d684 [LEADER]: Connected to new peer: Peer: permanent_uuid: "a3f15e6b3afc4109820aab611df470ef" member_type: VOTER last_known_addr { host: "127.23.80.66" port: 37837 }, Status: LMP_MISMATCH, Last received: 0.0, Next index: 2, Last known committed idx: 1, Time since last communication: 0.000s
I20260710 11:05:44.391958 23873 auto_leader_rebalancer.cc:141] leader rebalance for table test-workload
I20260710 11:05:44.397192 23873 tablet_server.cc:179] TabletServer@127.23.80.65:0 shutting down...
I20260710 11:05:44.424254 23873 ts_tablet_manager.cc:1507] Shutting down tablet manager...
I20260710 11:05:44.425040 23873 tablet_replica.cc:333] T 574657e00adf40b0a4ae2c9c49a332fb P 1cba823974e44736a01bb9908fbff6a2: stopping tablet replica
I20260710 11:05:44.426067 23873 raft_consensus.cc:2243] T 574657e00adf40b0a4ae2c9c49a332fb P 1cba823974e44736a01bb9908fbff6a2 [term 1 FOLLOWER]: Raft consensus shutting down.
I20260710 11:05:44.426501 23873 raft_consensus.cc:2272] T 574657e00adf40b0a4ae2c9c49a332fb P 1cba823974e44736a01bb9908fbff6a2 [term 1 FOLLOWER]: Raft consensus is shut down!
I20260710 11:05:44.428704 23873 tablet_replica.cc:333] T db23aaab56e844049682c09b7794e437 P 1cba823974e44736a01bb9908fbff6a2: stopping tablet replica
I20260710 11:05:44.429179 23873 raft_consensus.cc:2243] T db23aaab56e844049682c09b7794e437 P 1cba823974e44736a01bb9908fbff6a2 [term 1 FOLLOWER]: Raft consensus shutting down.
I20260710 11:05:44.429533 23873 raft_consensus.cc:2272] T db23aaab56e844049682c09b7794e437 P 1cba823974e44736a01bb9908fbff6a2 [term 1 FOLLOWER]: Raft consensus is shut down!
I20260710 11:05:44.431136 23873 tablet_replica.cc:333] T bb0c584987d845b8a543d6ffa2374478 P 1cba823974e44736a01bb9908fbff6a2: stopping tablet replica
I20260710 11:05:44.431555 23873 raft_consensus.cc:2243] T bb0c584987d845b8a543d6ffa2374478 P 1cba823974e44736a01bb9908fbff6a2 [term 4 FOLLOWER]: Raft consensus shutting down.
I20260710 11:05:44.431917 23873 raft_consensus.cc:2272] T bb0c584987d845b8a543d6ffa2374478 P 1cba823974e44736a01bb9908fbff6a2 [term 4 FOLLOWER]: Raft consensus is shut down!
I20260710 11:05:44.433295 23873 tablet_replica.cc:333] T 0bfff35d2e1147f099ad16b4bd79e4ba P 1cba823974e44736a01bb9908fbff6a2: stopping tablet replica
I20260710 11:05:44.433705 23873 raft_consensus.cc:2243] T 0bfff35d2e1147f099ad16b4bd79e4ba P 1cba823974e44736a01bb9908fbff6a2 [term 3 FOLLOWER]: Raft consensus shutting down.
I20260710 11:05:44.434055 23873 raft_consensus.cc:2272] T 0bfff35d2e1147f099ad16b4bd79e4ba P 1cba823974e44736a01bb9908fbff6a2 [term 3 FOLLOWER]: Raft consensus is shut down!
I20260710 11:05:44.436730 23873 tablet_replica.cc:333] T e53f1f7d657c4a44a7c8077a473a1b53 P 1cba823974e44736a01bb9908fbff6a2: stopping tablet replica
I20260710 11:05:44.437284 23873 raft_consensus.cc:2243] T e53f1f7d657c4a44a7c8077a473a1b53 P 1cba823974e44736a01bb9908fbff6a2 [term 3 FOLLOWER]: Raft consensus shutting down.
I20260710 11:05:44.437801 23873 raft_consensus.cc:2272] T e53f1f7d657c4a44a7c8077a473a1b53 P 1cba823974e44736a01bb9908fbff6a2 [term 3 FOLLOWER]: Raft consensus is shut down!
I20260710 11:05:44.439482 23873 tablet_replica.cc:333] T b10cb466f7a44d5d972bbbe3e8488856 P 1cba823974e44736a01bb9908fbff6a2: stopping tablet replica
I20260710 11:05:44.439954 23873 raft_consensus.cc:2243] T b10cb466f7a44d5d972bbbe3e8488856 P 1cba823974e44736a01bb9908fbff6a2 [term 3 LEADER]: Raft consensus shutting down.
I20260710 11:05:44.440627 23873 raft_consensus.cc:2272] T b10cb466f7a44d5d972bbbe3e8488856 P 1cba823974e44736a01bb9908fbff6a2 [term 3 FOLLOWER]: Raft consensus is shut down!
I20260710 11:05:44.442520 23873 tablet_replica.cc:333] T a34f570489cd498a9bf93554b49dbbd7 P 1cba823974e44736a01bb9908fbff6a2: stopping tablet replica
I20260710 11:05:44.443069 23873 raft_consensus.cc:2243] T a34f570489cd498a9bf93554b49dbbd7 P 1cba823974e44736a01bb9908fbff6a2 [term 5 LEADER]: Raft consensus shutting down.
I20260710 11:05:44.443743 23873 raft_consensus.cc:2272] T a34f570489cd498a9bf93554b49dbbd7 P 1cba823974e44736a01bb9908fbff6a2 [term 5 FOLLOWER]: Raft consensus is shut down!
I20260710 11:05:44.445500 23873 tablet_replica.cc:333] T 7d4d506ff2124e5f906f32dc8c36866d P 1cba823974e44736a01bb9908fbff6a2: stopping tablet replica
I20260710 11:05:44.445940 23873 raft_consensus.cc:2243] T 7d4d506ff2124e5f906f32dc8c36866d P 1cba823974e44736a01bb9908fbff6a2 [term 2 FOLLOWER]: Raft consensus shutting down.
I20260710 11:05:44.446293 23873 raft_consensus.cc:2272] T 7d4d506ff2124e5f906f32dc8c36866d P 1cba823974e44736a01bb9908fbff6a2 [term 2 FOLLOWER]: Raft consensus is shut down!
I20260710 11:05:44.448220 23873 tablet_replica.cc:333] T 77a7a0fd7de84a0abeb205c2f57e6cce P 1cba823974e44736a01bb9908fbff6a2: stopping tablet replica
I20260710 11:05:44.448647 23873 raft_consensus.cc:2243] T 77a7a0fd7de84a0abeb205c2f57e6cce P 1cba823974e44736a01bb9908fbff6a2 [term 4 LEADER]: Raft consensus shutting down.
I20260710 11:05:44.449293 23873 raft_consensus.cc:2272] T 77a7a0fd7de84a0abeb205c2f57e6cce P 1cba823974e44736a01bb9908fbff6a2 [term 4 FOLLOWER]: Raft consensus is shut down!
W20260710 11:05:44.549677 24123 proxy.cc:239] Call had error, refreshing address and retrying: Network error: Client connection negotiation failed: client connection to 127.23.80.65:38997: connect: Connection refused (error 111)
I20260710 11:05:44.551116 23873 tablet_server.cc:196] TabletServer@127.23.80.65:0 shutdown complete.
W20260710 11:05:44.554024 24123 consensus_peers.cc:597] T 0bfff35d2e1147f099ad16b4bd79e4ba P 195bb6c735c046c7a9c295539188d684 -> Peer 1cba823974e44736a01bb9908fbff6a2 (127.23.80.65:38997): Couldn't send request to peer 1cba823974e44736a01bb9908fbff6a2. Status: Network error: Client connection negotiation failed: client connection to 127.23.80.65:38997: connect: Connection refused (error 111). This is attempt 1: this message will repeat every 5th retry.
I20260710 11:05:44.571069 23873 tablet_server.cc:179] TabletServer@127.23.80.66:0 shutting down...
I20260710 11:05:44.594204 23873 ts_tablet_manager.cc:1507] Shutting down tablet manager...
I20260710 11:05:44.594842 23873 tablet_replica.cc:333] T 574657e00adf40b0a4ae2c9c49a332fb P a3f15e6b3afc4109820aab611df470ef: stopping tablet replica
I20260710 11:05:44.595464 23873 raft_consensus.cc:2243] T 574657e00adf40b0a4ae2c9c49a332fb P a3f15e6b3afc4109820aab611df470ef [term 1 FOLLOWER]: Raft consensus shutting down.
I20260710 11:05:44.595916 23873 raft_consensus.cc:2272] T 574657e00adf40b0a4ae2c9c49a332fb P a3f15e6b3afc4109820aab611df470ef [term 1 FOLLOWER]: Raft consensus is shut down!
I20260710 11:05:44.597585 23873 tablet_replica.cc:333] T db23aaab56e844049682c09b7794e437 P a3f15e6b3afc4109820aab611df470ef: stopping tablet replica
I20260710 11:05:44.598089 23873 raft_consensus.cc:2243] T db23aaab56e844049682c09b7794e437 P a3f15e6b3afc4109820aab611df470ef [term 1 LEADER]: Raft consensus shutting down.
I20260710 11:05:44.598804 23873 raft_consensus.cc:2272] T db23aaab56e844049682c09b7794e437 P a3f15e6b3afc4109820aab611df470ef [term 1 FOLLOWER]: Raft consensus is shut down!
I20260710 11:05:44.600399 23873 tablet_replica.cc:333] T bb0c584987d845b8a543d6ffa2374478 P a3f15e6b3afc4109820aab611df470ef: stopping tablet replica
I20260710 11:05:44.600883 23873 raft_consensus.cc:2243] T bb0c584987d845b8a543d6ffa2374478 P a3f15e6b3afc4109820aab611df470ef [term 4 LEADER]: Raft consensus shutting down.
I20260710 11:05:44.601572 23873 raft_consensus.cc:2272] T bb0c584987d845b8a543d6ffa2374478 P a3f15e6b3afc4109820aab611df470ef [term 4 FOLLOWER]: Raft consensus is shut down!
I20260710 11:05:44.603274 23873 tablet_replica.cc:333] T a34f570489cd498a9bf93554b49dbbd7 P a3f15e6b3afc4109820aab611df470ef: stopping tablet replica
I20260710 11:05:44.603780 23873 raft_consensus.cc:2243] T a34f570489cd498a9bf93554b49dbbd7 P a3f15e6b3afc4109820aab611df470ef [term 5 FOLLOWER]: Raft consensus shutting down.
I20260710 11:05:44.604162 23873 raft_consensus.cc:2272] T a34f570489cd498a9bf93554b49dbbd7 P a3f15e6b3afc4109820aab611df470ef [term 5 FOLLOWER]: Raft consensus is shut down!
I20260710 11:05:44.606350 23873 tablet_replica.cc:333] T 77a7a0fd7de84a0abeb205c2f57e6cce P a3f15e6b3afc4109820aab611df470ef: stopping tablet replica
I20260710 11:05:44.606879 23873 raft_consensus.cc:2243] T 77a7a0fd7de84a0abeb205c2f57e6cce P a3f15e6b3afc4109820aab611df470ef [term 4 FOLLOWER]: Raft consensus shutting down.
I20260710 11:05:44.607344 23873 raft_consensus.cc:2272] T 77a7a0fd7de84a0abeb205c2f57e6cce P a3f15e6b3afc4109820aab611df470ef [term 4 FOLLOWER]: Raft consensus is shut down!
I20260710 11:05:44.609932 23873 tablet_replica.cc:333] T 7d4d506ff2124e5f906f32dc8c36866d P a3f15e6b3afc4109820aab611df470ef: stopping tablet replica
I20260710 11:05:44.610406 23873 raft_consensus.cc:2243] T 7d4d506ff2124e5f906f32dc8c36866d P a3f15e6b3afc4109820aab611df470ef [term 2 FOLLOWER]: Raft consensus shutting down.
I20260710 11:05:44.610816 23873 raft_consensus.cc:2272] T 7d4d506ff2124e5f906f32dc8c36866d P a3f15e6b3afc4109820aab611df470ef [term 2 FOLLOWER]: Raft consensus is shut down!
I20260710 11:05:44.612866 23873 tablet_replica.cc:333] T b10cb466f7a44d5d972bbbe3e8488856 P a3f15e6b3afc4109820aab611df470ef: stopping tablet replica
I20260710 11:05:44.613274 23873 raft_consensus.cc:2243] T b10cb466f7a44d5d972bbbe3e8488856 P a3f15e6b3afc4109820aab611df470ef [term 3 FOLLOWER]: Raft consensus shutting down.
I20260710 11:05:44.613607 23873 raft_consensus.cc:2272] T b10cb466f7a44d5d972bbbe3e8488856 P a3f15e6b3afc4109820aab611df470ef [term 3 FOLLOWER]: Raft consensus is shut down!
I20260710 11:05:44.615466 23873 tablet_replica.cc:333] T e53f1f7d657c4a44a7c8077a473a1b53 P a3f15e6b3afc4109820aab611df470ef: stopping tablet replica
I20260710 11:05:44.615883 23873 raft_consensus.cc:2243] T e53f1f7d657c4a44a7c8077a473a1b53 P a3f15e6b3afc4109820aab611df470ef [term 3 LEADER]: Raft consensus shutting down.
I20260710 11:05:44.616526 23873 raft_consensus.cc:2272] T e53f1f7d657c4a44a7c8077a473a1b53 P a3f15e6b3afc4109820aab611df470ef [term 3 FOLLOWER]: Raft consensus is shut down!
I20260710 11:05:44.618001 23873 tablet_replica.cc:333] T 0bfff35d2e1147f099ad16b4bd79e4ba P a3f15e6b3afc4109820aab611df470ef: stopping tablet replica
I20260710 11:05:44.618376 23873 raft_consensus.cc:2243] T 0bfff35d2e1147f099ad16b4bd79e4ba P a3f15e6b3afc4109820aab611df470ef [term 3 FOLLOWER]: Raft consensus shutting down.
I20260710 11:05:44.618690 23873 raft_consensus.cc:2272] T 0bfff35d2e1147f099ad16b4bd79e4ba P a3f15e6b3afc4109820aab611df470ef [term 3 FOLLOWER]: Raft consensus is shut down!
I20260710 11:05:44.645581 23873 tablet_server.cc:196] TabletServer@127.23.80.66:0 shutdown complete.
I20260710 11:05:44.661433 23873 tablet_server.cc:179] TabletServer@127.23.80.67:0 shutting down...
I20260710 11:05:44.686978 23873 ts_tablet_manager.cc:1507] Shutting down tablet manager...
I20260710 11:05:44.687623 23873 tablet_replica.cc:333] T db23aaab56e844049682c09b7794e437 P 195bb6c735c046c7a9c295539188d684: stopping tablet replica
I20260710 11:05:44.688233 23873 raft_consensus.cc:2243] T db23aaab56e844049682c09b7794e437 P 195bb6c735c046c7a9c295539188d684 [term 1 FOLLOWER]: Raft consensus shutting down.
I20260710 11:05:44.688697 23873 raft_consensus.cc:2272] T db23aaab56e844049682c09b7794e437 P 195bb6c735c046c7a9c295539188d684 [term 1 FOLLOWER]: Raft consensus is shut down!
I20260710 11:05:44.690410 23873 tablet_replica.cc:333] T 574657e00adf40b0a4ae2c9c49a332fb P 195bb6c735c046c7a9c295539188d684: stopping tablet replica
I20260710 11:05:44.690901 23873 raft_consensus.cc:2243] T 574657e00adf40b0a4ae2c9c49a332fb P 195bb6c735c046c7a9c295539188d684 [term 1 LEADER]: Raft consensus shutting down.
I20260710 11:05:44.691651 23873 raft_consensus.cc:2272] T 574657e00adf40b0a4ae2c9c49a332fb P 195bb6c735c046c7a9c295539188d684 [term 1 FOLLOWER]: Raft consensus is shut down!
I20260710 11:05:44.693192 23873 tablet_replica.cc:333] T bb0c584987d845b8a543d6ffa2374478 P 195bb6c735c046c7a9c295539188d684: stopping tablet replica
I20260710 11:05:44.693665 23873 raft_consensus.cc:2243] T bb0c584987d845b8a543d6ffa2374478 P 195bb6c735c046c7a9c295539188d684 [term 4 FOLLOWER]: Raft consensus shutting down.
I20260710 11:05:44.694038 23873 raft_consensus.cc:2272] T bb0c584987d845b8a543d6ffa2374478 P 195bb6c735c046c7a9c295539188d684 [term 4 FOLLOWER]: Raft consensus is shut down!
I20260710 11:05:44.695643 23873 tablet_replica.cc:333] T 77a7a0fd7de84a0abeb205c2f57e6cce P 195bb6c735c046c7a9c295539188d684: stopping tablet replica
I20260710 11:05:44.696079 23873 raft_consensus.cc:2243] T 77a7a0fd7de84a0abeb205c2f57e6cce P 195bb6c735c046c7a9c295539188d684 [term 4 FOLLOWER]: Raft consensus shutting down.
I20260710 11:05:44.696463 23873 raft_consensus.cc:2272] T 77a7a0fd7de84a0abeb205c2f57e6cce P 195bb6c735c046c7a9c295539188d684 [term 4 FOLLOWER]: Raft consensus is shut down!
I20260710 11:05:44.698300 23873 tablet_replica.cc:333] T 7d4d506ff2124e5f906f32dc8c36866d P 195bb6c735c046c7a9c295539188d684: stopping tablet replica
I20260710 11:05:44.698772 23873 raft_consensus.cc:2243] T 7d4d506ff2124e5f906f32dc8c36866d P 195bb6c735c046c7a9c295539188d684 [term 2 LEADER]: Raft consensus shutting down.
I20260710 11:05:44.699477 23873 raft_consensus.cc:2272] T 7d4d506ff2124e5f906f32dc8c36866d P 195bb6c735c046c7a9c295539188d684 [term 2 FOLLOWER]: Raft consensus is shut down!
I20260710 11:05:44.701195 23873 tablet_replica.cc:333] T a34f570489cd498a9bf93554b49dbbd7 P 195bb6c735c046c7a9c295539188d684: stopping tablet replica
I20260710 11:05:44.701663 23873 raft_consensus.cc:2243] T a34f570489cd498a9bf93554b49dbbd7 P 195bb6c735c046c7a9c295539188d684 [term 5 FOLLOWER]: Raft consensus shutting down.
I20260710 11:05:44.702068 23873 raft_consensus.cc:2272] T a34f570489cd498a9bf93554b49dbbd7 P 195bb6c735c046c7a9c295539188d684 [term 5 FOLLOWER]: Raft consensus is shut down!
I20260710 11:05:44.703919 23873 tablet_replica.cc:333] T b10cb466f7a44d5d972bbbe3e8488856 P 195bb6c735c046c7a9c295539188d684: stopping tablet replica
I20260710 11:05:44.704375 23873 raft_consensus.cc:2243] T b10cb466f7a44d5d972bbbe3e8488856 P 195bb6c735c046c7a9c295539188d684 [term 3 FOLLOWER]: Raft consensus shutting down.
I20260710 11:05:44.704778 23873 raft_consensus.cc:2272] T b10cb466f7a44d5d972bbbe3e8488856 P 195bb6c735c046c7a9c295539188d684 [term 3 FOLLOWER]: Raft consensus is shut down!
I20260710 11:05:44.706635 23873 tablet_replica.cc:333] T e53f1f7d657c4a44a7c8077a473a1b53 P 195bb6c735c046c7a9c295539188d684: stopping tablet replica
I20260710 11:05:44.707142 23873 raft_consensus.cc:2243] T e53f1f7d657c4a44a7c8077a473a1b53 P 195bb6c735c046c7a9c295539188d684 [term 3 FOLLOWER]: Raft consensus shutting down.
I20260710 11:05:44.707544 23873 raft_consensus.cc:2272] T e53f1f7d657c4a44a7c8077a473a1b53 P 195bb6c735c046c7a9c295539188d684 [term 3 FOLLOWER]: Raft consensus is shut down!
I20260710 11:05:44.709113 23873 tablet_replica.cc:333] T 0bfff35d2e1147f099ad16b4bd79e4ba P 195bb6c735c046c7a9c295539188d684: stopping tablet replica
I20260710 11:05:44.709543 23873 raft_consensus.cc:2243] T 0bfff35d2e1147f099ad16b4bd79e4ba P 195bb6c735c046c7a9c295539188d684 [term 3 LEADER]: Raft consensus shutting down.
I20260710 11:05:44.710208 23873 raft_consensus.cc:2272] T 0bfff35d2e1147f099ad16b4bd79e4ba P 195bb6c735c046c7a9c295539188d684 [term 3 FOLLOWER]: Raft consensus is shut down!
I20260710 11:05:44.737214 23873 tablet_server.cc:196] TabletServer@127.23.80.67:0 shutdown complete.
I20260710 11:05:44.754484 23873 master.cc:562] Master@127.23.80.126:44343 shutting down...
I20260710 11:05:44.876323 23873 raft_consensus.cc:2243] T 00000000000000000000000000000000 P d77a0b16a9b74133938a09aa05caaced [term 1 LEADER]: Raft consensus shutting down.
I20260710 11:05:44.876907 23873 raft_consensus.cc:2272] T 00000000000000000000000000000000 P d77a0b16a9b74133938a09aa05caaced [term 1 FOLLOWER]: Raft consensus is shut down!
I20260710 11:05:44.877250 23873 tablet_replica.cc:333] T 00000000000000000000000000000000 P d77a0b16a9b74133938a09aa05caaced: stopping tablet replica
I20260710 11:05:44.896694 23873 master.cc:584] Master@127.23.80.126:44343 shutdown complete.
195bb6c735c046c7a9c295539188d684  1
1cba823974e44736a01bb9908fbff6a2  4
a3f15e6b3afc4109820aab611df470ef  4
[       OK ] LeaderRebalancerTest.FunctionalTestForDivided (12595 ms)
[ RUN      ] LeaderRebalancerTest.FunctionalTestForNotDivided
I20260710 11:05:44.939334 23873 internal_mini_cluster.cc:156] Creating distributed mini masters. Addrs: 127.23.80.126:46819
I20260710 11:05:44.940649 23873 file_cache.cc:504] Constructed file cache file cache with capacity 419430
W20260710 11:05:44.946652 24373 instance_detector.cc:116] could not retrieve Azure instance metadata: Network error: curl error: HTTP response code said error: The requested URL returned error: 404
W20260710 11:05:44.946919 24372 instance_detector.cc:116] could not retrieve AWS instance metadata: Network error: curl error: HTTP response code said error: The requested URL returned error: 404
W20260710 11:05:44.947603 24375 instance_detector.cc:116] could not retrieve OpenStack instance metadata: Network error: curl error: HTTP response code said error: The requested URL returned error: 404
I20260710 11:05:44.948653 23873 server_base.cc:1061] running on GCE node
I20260710 11:05:44.949519 23873 hybrid_clock.cc:584] initializing the hybrid clock with 'system_unsync' time source
W20260710 11:05:44.949698 23873 system_unsync_time.cc:38] NTP support is disabled. Clock error bounds will not be accurate. This configuration is not suitable for distributed clusters.
I20260710 11:05:44.949882 23873 hybrid_clock.cc:648] HybridClock initialized: now 1783681544949867 us; error 0 us; skew 500 ppm
I20260710 11:05:44.950446 23873 server_base.cc:861] Flag tcmalloc_max_total_thread_cache_bytes is not working since tcmalloc is not enabled.
I20260710 11:05:44.953043 23873 webserver.cc:533] Webserver started at http://127.23.80.126:38981/ using document root <none> and password file <none>
I20260710 11:05:44.953550 23873 fs_manager.cc:362] Metadata directory not provided
I20260710 11:05:44.953734 23873 fs_manager.cc:368] Using write-ahead log directory (fs_wal_dir) as metadata directory
I20260710 11:05:44.954015 23873 server_base.cc:909] This appears to be a new deployment of Kudu; creating new FS layout
I20260710 11:05:44.955204 23873 fs_manager.cc:1068] Generated new instance metadata in path /tmp/dist-test-taskzsI2U4/test-tmp/auto_leader_rebalancer-test.0.LeaderRebalancerTest.FunctionalTestForNotDivided.1783681532179737-23873-0/minicluster-data/master-0-root/instance:
uuid: "6ff82fdd96ff46229dc1ef70ea5f7205"
format_stamp: "Formatted at 2026-07-10 11:05:44 on dist-test-slave-vn19"
I20260710 11:05:44.959625 23873 fs_manager.cc:696] Time spent creating directory manager: real 0.004s	user 0.003s	sys 0.001s
I20260710 11:05:44.962899 24380 log_block_manager.cc:4127] Time spent loading block containers with low live blocks: real 0.000s	user 0.000s	sys 0.000s
I20260710 11:05:44.963712 23873 fs_manager.cc:730] Time spent opening block manager: real 0.002s	user 0.002s	sys 0.001s
I20260710 11:05:44.964023 23873 fs_manager.cc:647] Opened local filesystem: /tmp/dist-test-taskzsI2U4/test-tmp/auto_leader_rebalancer-test.0.LeaderRebalancerTest.FunctionalTestForNotDivided.1783681532179737-23873-0/minicluster-data/master-0-root
uuid: "6ff82fdd96ff46229dc1ef70ea5f7205"
format_stamp: "Formatted at 2026-07-10 11:05:44 on dist-test-slave-vn19"
I20260710 11:05:44.964318 23873 fs_report.cc:389] FS layout report
--------------------
wal directory: /tmp/dist-test-taskzsI2U4/test-tmp/auto_leader_rebalancer-test.0.LeaderRebalancerTest.FunctionalTestForNotDivided.1783681532179737-23873-0/minicluster-data/master-0-root
metadata directory: /tmp/dist-test-taskzsI2U4/test-tmp/auto_leader_rebalancer-test.0.LeaderRebalancerTest.FunctionalTestForNotDivided.1783681532179737-23873-0/minicluster-data/master-0-root
1 data directories: /tmp/dist-test-taskzsI2U4/test-tmp/auto_leader_rebalancer-test.0.LeaderRebalancerTest.FunctionalTestForNotDivided.1783681532179737-23873-0/minicluster-data/master-0-root/data
Total live blocks: 0
Total live bytes: 0
Total live bytes (after alignment): 0
Total number of LBM containers: 0 (0 full)
Did not check for missing blocks
Did not check for orphaned blocks
Total full LBM containers with extra space: 0 (0 repaired)
Total full LBM container extra space in bytes: 0 (0 repaired)
Total incomplete LBM containers: 0 (0 repaired)
Total LBM partial records: 0 (0 repaired)
Total corrupted LBM metadata records in RocksDB: 0 (0 repaired)
I20260710 11:05:44.979900 23873 rpc_server.cc:225] running with OpenSSL 1.1.1  11 Sep 2018
I20260710 11:05:44.981124 23873 kserver.cc:163] Server-wide thread pool size limit: 3276
I20260710 11:05:45.018637 23873 rpc_server.cc:307] RPC server started. Bound to: 127.23.80.126:46819
I20260710 11:05:45.018766 24431 acceptor_pool.cc:272] collecting diagnostics on the listening RPC socket 127.23.80.126:46819 every 8 connection(s)
I20260710 11:05:45.022574 24432 data_dirs.cc:400] Could only allocate 1 dirs of requested 3 for tablet 00000000000000000000000000000000. 1 dirs total, 0 dirs full, 0 dirs failed
I20260710 11:05:45.031776 24432 tablet_bootstrap.cc:492] T 00000000000000000000000000000000 P 6ff82fdd96ff46229dc1ef70ea5f7205: Bootstrap starting.
I20260710 11:05:45.036401 24432 tablet_bootstrap.cc:654] T 00000000000000000000000000000000 P 6ff82fdd96ff46229dc1ef70ea5f7205: Neither blocks nor log segments found. Creating new log.
I20260710 11:05:45.040702 24432 tablet_bootstrap.cc:492] T 00000000000000000000000000000000 P 6ff82fdd96ff46229dc1ef70ea5f7205: No bootstrap required, opened a new log
I20260710 11:05:45.042843 24432 raft_consensus.cc:359] T 00000000000000000000000000000000 P 6ff82fdd96ff46229dc1ef70ea5f7205 [term 0 FOLLOWER]: Replica starting. Triggering 0 pending ops. Active config: opid_index: -1 OBSOLETE_local: true peers { permanent_uuid: "6ff82fdd96ff46229dc1ef70ea5f7205" member_type: VOTER }
I20260710 11:05:45.043311 24432 raft_consensus.cc:385] T 00000000000000000000000000000000 P 6ff82fdd96ff46229dc1ef70ea5f7205 [term 0 FOLLOWER]: Consensus starting up: Expiring failure detector timer to make a prompt election more likely
I20260710 11:05:45.043555 24432 raft_consensus.cc:740] T 00000000000000000000000000000000 P 6ff82fdd96ff46229dc1ef70ea5f7205 [term 0 FOLLOWER]: Becoming Follower/Learner. State: Replica: 6ff82fdd96ff46229dc1ef70ea5f7205, State: Initialized, Role: FOLLOWER
I20260710 11:05:45.044173 24432 consensus_queue.cc:260] T 00000000000000000000000000000000 P 6ff82fdd96ff46229dc1ef70ea5f7205 [NON_LEADER]: Queue going to NON_LEADER mode. State: All replicated index: 0, Majority replicated index: 0, Committed index: 0, Last appended: 0.0, Last appended by leader: 0, Current term: 0, Majority size: -1, State: 0, Mode: NON_LEADER, active raft config: opid_index: -1 OBSOLETE_local: true peers { permanent_uuid: "6ff82fdd96ff46229dc1ef70ea5f7205" member_type: VOTER }
I20260710 11:05:45.044637 24432 raft_consensus.cc:399] T 00000000000000000000000000000000 P 6ff82fdd96ff46229dc1ef70ea5f7205 [term 0 FOLLOWER]: Only one voter in the Raft config. Triggering election immediately
