I20260710 11:05:57.098595 25193 raft_consensus.cc:515] T c124f0d056384e338cdaaadf003c0d52 P 09d28f6f712e4ec08b847adbb9672c88 [term 0 FOLLOWER]: Starting pre-election with config: opid_index: -1 OBSOLETE_local: false peers { permanent_uuid: "9e7e77c6f8de453fbb6158b7498bddb6" member_type: VOTER last_known_addr { host: "127.23.80.65" port: 37107 } } peers { permanent_uuid: "ad9a2953701349379f3cc51c92397b1d" member_type: VOTER last_known_addr { host: "127.23.80.66" port: 37007 } } peers { permanent_uuid: "09d28f6f712e4ec08b847adbb9672c88" member_type: VOTER last_known_addr { host: "127.23.80.67" port: 39077 } }
I20260710 11:05:57.101533 25185 tablet_bootstrap.cc:654] T bce4e7459f544c58a2ee969d02ee0b82 P ad9a2953701349379f3cc51c92397b1d: Neither blocks nor log segments found. Creating new log.
I20260710 11:05:57.112985 25186 tablet_bootstrap.cc:492] T 9b4c7875473b40d9bcd78140a6f96ef7 P 09d28f6f712e4ec08b847adbb9672c88: No bootstrap required, opened a new log
I20260710 11:05:57.113443 25186 ts_tablet_manager.cc:1403] T 9b4c7875473b40d9bcd78140a6f96ef7 P 09d28f6f712e4ec08b847adbb9672c88: Time spent bootstrapping tablet: real 0.135s	user 0.026s	sys 0.021s
I20260710 11:05:57.115052 25193 leader_election.cc:290] T c124f0d056384e338cdaaadf003c0d52 P 09d28f6f712e4ec08b847adbb9672c88 [CANDIDATE]: Term 1 pre-election: Requested pre-vote from peers 9e7e77c6f8de453fbb6158b7498bddb6 (127.23.80.65:37107), ad9a2953701349379f3cc51c92397b1d (127.23.80.66:37007)
I20260710 11:05:57.115679 25186 raft_consensus.cc:359] T 9b4c7875473b40d9bcd78140a6f96ef7 P 09d28f6f712e4ec08b847adbb9672c88 [term 0 FOLLOWER]: Replica starting. Triggering 0 pending ops. Active config: opid_index: -1 OBSOLETE_local: false peers { permanent_uuid: "9e7e77c6f8de453fbb6158b7498bddb6" member_type: VOTER last_known_addr { host: "127.23.80.65" port: 37107 } } peers { permanent_uuid: "ad9a2953701349379f3cc51c92397b1d" member_type: VOTER last_known_addr { host: "127.23.80.66" port: 37007 } } peers { permanent_uuid: "09d28f6f712e4ec08b847adbb9672c88" member_type: VOTER last_known_addr { host: "127.23.80.67" port: 39077 } }
I20260710 11:05:57.116261 25186 raft_consensus.cc:385] T 9b4c7875473b40d9bcd78140a6f96ef7 P 09d28f6f712e4ec08b847adbb9672c88 [term 0 FOLLOWER]: Consensus starting up: Expiring failure detector timer to make a prompt election more likely
I20260710 11:05:57.116496 25186 raft_consensus.cc:740] T 9b4c7875473b40d9bcd78140a6f96ef7 P 09d28f6f712e4ec08b847adbb9672c88 [term 0 FOLLOWER]: Becoming Follower/Learner. State: Replica: 09d28f6f712e4ec08b847adbb9672c88, State: Initialized, Role: FOLLOWER
I20260710 11:05:57.117182 25186 consensus_queue.cc:260] T 9b4c7875473b40d9bcd78140a6f96ef7 P 09d28f6f712e4ec08b847adbb9672c88 [NON_LEADER]: Queue going to NON_LEADER mode. State: All replicated index: 0, Majority replicated index: 0, Committed index: 0, Last appended: 0.0, Last appended by leader: 0, Current term: 0, Majority size: -1, State: 0, Mode: NON_LEADER, active raft config: opid_index: -1 OBSOLETE_local: false peers { permanent_uuid: "9e7e77c6f8de453fbb6158b7498bddb6" member_type: VOTER last_known_addr { host: "127.23.80.65" port: 37107 } } peers { permanent_uuid: "ad9a2953701349379f3cc51c92397b1d" member_type: VOTER last_known_addr { host: "127.23.80.66" port: 37007 } } peers { permanent_uuid: "09d28f6f712e4ec08b847adbb9672c88" member_type: VOTER last_known_addr { host: "127.23.80.67" port: 39077 } }
I20260710 11:05:57.118167 25192 raft_consensus.cc:493] T 9b4c7875473b40d9bcd78140a6f96ef7 P ad9a2953701349379f3cc51c92397b1d [term 0 FOLLOWER]: Starting pre-election (no leader contacted us within the election timeout)
I20260710 11:05:57.118904 25186 ts_tablet_manager.cc:1434] T 9b4c7875473b40d9bcd78140a6f96ef7 P 09d28f6f712e4ec08b847adbb9672c88: Time spent starting tablet: real 0.005s	user 0.003s	sys 0.000s
I20260710 11:05:57.118877 25192 raft_consensus.cc:515] T 9b4c7875473b40d9bcd78140a6f96ef7 P ad9a2953701349379f3cc51c92397b1d [term 0 FOLLOWER]: Starting pre-election with config: opid_index: -1 OBSOLETE_local: false peers { permanent_uuid: "9e7e77c6f8de453fbb6158b7498bddb6" member_type: VOTER last_known_addr { host: "127.23.80.65" port: 37107 } } peers { permanent_uuid: "ad9a2953701349379f3cc51c92397b1d" member_type: VOTER last_known_addr { host: "127.23.80.66" port: 37007 } } peers { permanent_uuid: "09d28f6f712e4ec08b847adbb9672c88" member_type: VOTER last_known_addr { host: "127.23.80.67" port: 39077 } }
I20260710 11:05:57.120321 25186 tablet_bootstrap.cc:492] T 96959084b90e4a458d2f1c9185b3a10e P 09d28f6f712e4ec08b847adbb9672c88: Bootstrap starting.
I20260710 11:05:57.130749 25186 tablet_bootstrap.cc:654] T 96959084b90e4a458d2f1c9185b3a10e P 09d28f6f712e4ec08b847adbb9672c88: Neither blocks nor log segments found. Creating new log.
I20260710 11:05:57.131485 25192 leader_election.cc:290] T 9b4c7875473b40d9bcd78140a6f96ef7 P ad9a2953701349379f3cc51c92397b1d [CANDIDATE]: Term 1 pre-election: Requested pre-vote from peers 9e7e77c6f8de453fbb6158b7498bddb6 (127.23.80.65:37107), 09d28f6f712e4ec08b847adbb9672c88 (127.23.80.67:39077)
I20260710 11:05:57.136528 25193 raft_consensus.cc:493] T 9b4c7875473b40d9bcd78140a6f96ef7 P 09d28f6f712e4ec08b847adbb9672c88 [term 0 FOLLOWER]: Starting pre-election (no leader contacted us within the election timeout)
I20260710 11:05:57.137233 25193 raft_consensus.cc:515] T 9b4c7875473b40d9bcd78140a6f96ef7 P 09d28f6f712e4ec08b847adbb9672c88 [term 0 FOLLOWER]: Starting pre-election with config: opid_index: -1 OBSOLETE_local: false peers { permanent_uuid: "9e7e77c6f8de453fbb6158b7498bddb6" member_type: VOTER last_known_addr { host: "127.23.80.65" port: 37107 } } peers { permanent_uuid: "ad9a2953701349379f3cc51c92397b1d" member_type: VOTER last_known_addr { host: "127.23.80.66" port: 37007 } } peers { permanent_uuid: "09d28f6f712e4ec08b847adbb9672c88" member_type: VOTER last_known_addr { host: "127.23.80.67" port: 39077 } }
I20260710 11:05:57.139948 25193 leader_election.cc:290] T 9b4c7875473b40d9bcd78140a6f96ef7 P 09d28f6f712e4ec08b847adbb9672c88 [CANDIDATE]: Term 1 pre-election: Requested pre-vote from peers 9e7e77c6f8de453fbb6158b7498bddb6 (127.23.80.65:37107), ad9a2953701349379f3cc51c92397b1d (127.23.80.66:37007)
I20260710 11:05:57.151139 25187 tablet_bootstrap.cc:492] T 96959084b90e4a458d2f1c9185b3a10e P 9e7e77c6f8de453fbb6158b7498bddb6: No bootstrap required, opened a new log
I20260710 11:05:57.151851 25187 ts_tablet_manager.cc:1403] T 96959084b90e4a458d2f1c9185b3a10e P 9e7e77c6f8de453fbb6158b7498bddb6: Time spent bootstrapping tablet: real 0.091s	user 0.025s	sys 0.011s
I20260710 11:05:57.161468 25187 raft_consensus.cc:359] T 96959084b90e4a458d2f1c9185b3a10e P 9e7e77c6f8de453fbb6158b7498bddb6 [term 0 FOLLOWER]: Replica starting. Triggering 0 pending ops. Active config: opid_index: -1 OBSOLETE_local: false peers { permanent_uuid: "9e7e77c6f8de453fbb6158b7498bddb6" member_type: VOTER last_known_addr { host: "127.23.80.65" port: 37107 } } peers { permanent_uuid: "ad9a2953701349379f3cc51c92397b1d" member_type: VOTER last_known_addr { host: "127.23.80.66" port: 37007 } } peers { permanent_uuid: "09d28f6f712e4ec08b847adbb9672c88" member_type: VOTER last_known_addr { host: "127.23.80.67" port: 39077 } }
I20260710 11:05:57.162285 25187 raft_consensus.cc:385] T 96959084b90e4a458d2f1c9185b3a10e P 9e7e77c6f8de453fbb6158b7498bddb6 [term 0 FOLLOWER]: Consensus starting up: Expiring failure detector timer to make a prompt election more likely
I20260710 11:05:57.162623 25187 raft_consensus.cc:740] T 96959084b90e4a458d2f1c9185b3a10e P 9e7e77c6f8de453fbb6158b7498bddb6 [term 0 FOLLOWER]: Becoming Follower/Learner. State: Replica: 9e7e77c6f8de453fbb6158b7498bddb6, State: Initialized, Role: FOLLOWER
I20260710 11:05:57.163583 25187 consensus_queue.cc:260] T 96959084b90e4a458d2f1c9185b3a10e P 9e7e77c6f8de453fbb6158b7498bddb6 [NON_LEADER]: Queue going to NON_LEADER mode. State: All replicated index: 0, Majority replicated index: 0, Committed index: 0, Last appended: 0.0, Last appended by leader: 0, Current term: 0, Majority size: -1, State: 0, Mode: NON_LEADER, active raft config: opid_index: -1 OBSOLETE_local: false peers { permanent_uuid: "9e7e77c6f8de453fbb6158b7498bddb6" member_type: VOTER last_known_addr { host: "127.23.80.65" port: 37107 } } peers { permanent_uuid: "ad9a2953701349379f3cc51c92397b1d" member_type: VOTER last_known_addr { host: "127.23.80.66" port: 37007 } } peers { permanent_uuid: "09d28f6f712e4ec08b847adbb9672c88" member_type: VOTER last_known_addr { host: "127.23.80.67" port: 39077 } }
I20260710 11:05:57.174194 25187 ts_tablet_manager.cc:1434] T 96959084b90e4a458d2f1c9185b3a10e P 9e7e77c6f8de453fbb6158b7498bddb6: Time spent starting tablet: real 0.022s	user 0.007s	sys 0.001s
I20260710 11:05:57.182740 25187 tablet_bootstrap.cc:492] T 9b4c7875473b40d9bcd78140a6f96ef7 P 9e7e77c6f8de453fbb6158b7498bddb6: Bootstrap starting.
I20260710 11:05:57.192277 25187 tablet_bootstrap.cc:654] T 9b4c7875473b40d9bcd78140a6f96ef7 P 9e7e77c6f8de453fbb6158b7498bddb6: Neither blocks nor log segments found. Creating new log.
I20260710 11:05:57.213258 25071 tablet_service.cc:1917] Received RequestConsensusVote() RPC: tablet_id: "c124f0d056384e338cdaaadf003c0d52" candidate_uuid: "09d28f6f712e4ec08b847adbb9672c88" candidate_term: 1 candidate_status { last_received { term: 0 index: 0 } } ignore_live_leader: false dest_uuid: "ad9a2953701349379f3cc51c92397b1d" is_pre_election: true
I20260710 11:05:57.215016 24996 tablet_service.cc:1917] Received RequestConsensusVote() RPC: tablet_id: "9b4c7875473b40d9bcd78140a6f96ef7" candidate_uuid: "ad9a2953701349379f3cc51c92397b1d" candidate_term: 1 candidate_status { last_received { term: 0 index: 0 } } ignore_live_leader: false dest_uuid: "9e7e77c6f8de453fbb6158b7498bddb6" is_pre_election: true
I20260710 11:05:57.215523 25145 tablet_service.cc:1917] Received RequestConsensusVote() RPC: tablet_id: "9b4c7875473b40d9bcd78140a6f96ef7" candidate_uuid: "ad9a2953701349379f3cc51c92397b1d" candidate_term: 1 candidate_status { last_received { term: 0 index: 0 } } ignore_live_leader: false dest_uuid: "09d28f6f712e4ec08b847adbb9672c88" is_pre_election: true
I20260710 11:05:57.216230 25145 raft_consensus.cc:2468] T 9b4c7875473b40d9bcd78140a6f96ef7 P 09d28f6f712e4ec08b847adbb9672c88 [term 0 FOLLOWER]: Leader pre-election vote request: Granting yes vote for candidate ad9a2953701349379f3cc51c92397b1d in term 0.
W20260710 11:05:57.216936 25036 leader_election.cc:343] T 9b4c7875473b40d9bcd78140a6f96ef7 P ad9a2953701349379f3cc51c92397b1d [CANDIDATE]: Term 1 pre-election: Tablet error from VoteRequest() call to peer 9e7e77c6f8de453fbb6158b7498bddb6 (127.23.80.65:37107): Illegal state: must be running to vote when last-logged opid is not known
I20260710 11:05:57.217763 25037 leader_election.cc:304] T 9b4c7875473b40d9bcd78140a6f96ef7 P ad9a2953701349379f3cc51c92397b1d [CANDIDATE]: Term 1 pre-election: Election decided. Result: candidate won. Election summary: received 3 responses out of 3 voters: 2 yes votes; 1 no votes. yes voters: 09d28f6f712e4ec08b847adbb9672c88, ad9a2953701349379f3cc51c92397b1d; no voters: 9e7e77c6f8de453fbb6158b7498bddb6
I20260710 11:05:57.219460 25192 raft_consensus.cc:2804] T 9b4c7875473b40d9bcd78140a6f96ef7 P ad9a2953701349379f3cc51c92397b1d [term 0 FOLLOWER]: Leader pre-election won for term 1
I20260710 11:05:57.219859 25192 raft_consensus.cc:493] T 9b4c7875473b40d9bcd78140a6f96ef7 P ad9a2953701349379f3cc51c92397b1d [term 0 FOLLOWER]: Starting leader election (no leader contacted us within the election timeout)
I20260710 11:05:57.220232 25192 raft_consensus.cc:3060] T 9b4c7875473b40d9bcd78140a6f96ef7 P ad9a2953701349379f3cc51c92397b1d [term 0 FOLLOWER]: Advancing to term 1
I20260710 11:05:57.222149 24995 tablet_service.cc:1917] Received RequestConsensusVote() RPC: tablet_id: "9b4c7875473b40d9bcd78140a6f96ef7" candidate_uuid: "09d28f6f712e4ec08b847adbb9672c88" candidate_term: 1 candidate_status { last_received { term: 0 index: 0 } } ignore_live_leader: false dest_uuid: "9e7e77c6f8de453fbb6158b7498bddb6" is_pre_election: true
I20260710 11:05:57.223568 24996 tablet_service.cc:1917] Received RequestConsensusVote() RPC: tablet_id: "c124f0d056384e338cdaaadf003c0d52" candidate_uuid: "09d28f6f712e4ec08b847adbb9672c88" candidate_term: 1 candidate_status { last_received { term: 0 index: 0 } } ignore_live_leader: false dest_uuid: "9e7e77c6f8de453fbb6158b7498bddb6" is_pre_election: true
W20260710 11:05:57.228199 25110 leader_election.cc:343] T 9b4c7875473b40d9bcd78140a6f96ef7 P 09d28f6f712e4ec08b847adbb9672c88 [CANDIDATE]: Term 1 pre-election: Tablet error from VoteRequest() call to peer 9e7e77c6f8de453fbb6158b7498bddb6 (127.23.80.65:37107): Illegal state: must be running to vote when last-logged opid is not known
I20260710 11:05:57.228960 25186 tablet_bootstrap.cc:492] T 96959084b90e4a458d2f1c9185b3a10e P 09d28f6f712e4ec08b847adbb9672c88: No bootstrap required, opened a new log
W20260710 11:05:57.229054 25110 leader_election.cc:343] T c124f0d056384e338cdaaadf003c0d52 P 09d28f6f712e4ec08b847adbb9672c88 [CANDIDATE]: Term 1 pre-election: Tablet error from VoteRequest() call to peer 9e7e77c6f8de453fbb6158b7498bddb6 (127.23.80.65:37107): Illegal state: must be running to vote when last-logged opid is not known
I20260710 11:05:57.229491 25186 ts_tablet_manager.cc:1403] T 96959084b90e4a458d2f1c9185b3a10e P 09d28f6f712e4ec08b847adbb9672c88: Time spent bootstrapping tablet: real 0.109s	user 0.049s	sys 0.057s
I20260710 11:05:57.229651 25185 tablet_bootstrap.cc:492] T bce4e7459f544c58a2ee969d02ee0b82 P ad9a2953701349379f3cc51c92397b1d: No bootstrap required, opened a new log
I20260710 11:05:57.230815 25185 ts_tablet_manager.cc:1403] T bce4e7459f544c58a2ee969d02ee0b82 P ad9a2953701349379f3cc51c92397b1d: Time spent bootstrapping tablet: real 0.138s	user 0.064s	sys 0.062s
I20260710 11:05:57.232805 25187 tablet_bootstrap.cc:492] T 9b4c7875473b40d9bcd78140a6f96ef7 P 9e7e77c6f8de453fbb6158b7498bddb6: No bootstrap required, opened a new log
I20260710 11:05:57.233331 25187 ts_tablet_manager.cc:1403] T 9b4c7875473b40d9bcd78140a6f96ef7 P 9e7e77c6f8de453fbb6158b7498bddb6: Time spent bootstrapping tablet: real 0.051s	user 0.009s	sys 0.002s
I20260710 11:05:57.233500 25071 tablet_service.cc:1917] Received RequestConsensusVote() RPC: tablet_id: "9b4c7875473b40d9bcd78140a6f96ef7" candidate_uuid: "09d28f6f712e4ec08b847adbb9672c88" candidate_term: 1 candidate_status { last_received { term: 0 index: 0 } } ignore_live_leader: false dest_uuid: "ad9a2953701349379f3cc51c92397b1d" is_pre_election: true
I20260710 11:05:57.233243 25186 raft_consensus.cc:359] T 96959084b90e4a458d2f1c9185b3a10e P 09d28f6f712e4ec08b847adbb9672c88 [term 0 FOLLOWER]: Replica starting. Triggering 0 pending ops. Active config: opid_index: -1 OBSOLETE_local: false peers { permanent_uuid: "9e7e77c6f8de453fbb6158b7498bddb6" member_type: VOTER last_known_addr { host: "127.23.80.65" port: 37107 } } peers { permanent_uuid: "ad9a2953701349379f3cc51c92397b1d" member_type: VOTER last_known_addr { host: "127.23.80.66" port: 37007 } } peers { permanent_uuid: "09d28f6f712e4ec08b847adbb9672c88" member_type: VOTER last_known_addr { host: "127.23.80.67" port: 39077 } }
I20260710 11:05:57.234107 25186 raft_consensus.cc:385] T 96959084b90e4a458d2f1c9185b3a10e P 09d28f6f712e4ec08b847adbb9672c88 [term 0 FOLLOWER]: Consensus starting up: Expiring failure detector timer to make a prompt election more likely
I20260710 11:05:57.234416 25186 raft_consensus.cc:740] T 96959084b90e4a458d2f1c9185b3a10e P 09d28f6f712e4ec08b847adbb9672c88 [term 0 FOLLOWER]: Becoming Follower/Learner. State: Replica: 09d28f6f712e4ec08b847adbb9672c88, State: Initialized, Role: FOLLOWER
W20260710 11:05:57.234622 25108 leader_election.cc:343] T c124f0d056384e338cdaaadf003c0d52 P 09d28f6f712e4ec08b847adbb9672c88 [CANDIDATE]: Term 1 pre-election: Tablet error from VoteRequest() call to peer ad9a2953701349379f3cc51c92397b1d (127.23.80.66:37007): Illegal state: must be running to vote when last-logged opid is not known
I20260710 11:05:57.234436 25185 raft_consensus.cc:359] T bce4e7459f544c58a2ee969d02ee0b82 P ad9a2953701349379f3cc51c92397b1d [term 0 FOLLOWER]: Replica starting. Triggering 0 pending ops. Active config: opid_index: -1 OBSOLETE_local: false peers { permanent_uuid: "9e7e77c6f8de453fbb6158b7498bddb6" member_type: VOTER last_known_addr { host: "127.23.80.65" port: 37107 } } peers { permanent_uuid: "ad9a2953701349379f3cc51c92397b1d" member_type: VOTER last_known_addr { host: "127.23.80.66" port: 37007 } } peers { permanent_uuid: "09d28f6f712e4ec08b847adbb9672c88" member_type: VOTER last_known_addr { host: "127.23.80.67" port: 39077 } }
I20260710 11:05:57.235432 25108 leader_election.cc:304] T c124f0d056384e338cdaaadf003c0d52 P 09d28f6f712e4ec08b847adbb9672c88 [CANDIDATE]: Term 1 pre-election: Election decided. Result: candidate lost. Election summary: received 3 responses out of 3 voters: 1 yes votes; 2 no votes. yes voters: 09d28f6f712e4ec08b847adbb9672c88; no voters: 9e7e77c6f8de453fbb6158b7498bddb6, ad9a2953701349379f3cc51c92397b1d
I20260710 11:05:57.235531 25185 raft_consensus.cc:385] T bce4e7459f544c58a2ee969d02ee0b82 P ad9a2953701349379f3cc51c92397b1d [term 0 FOLLOWER]: Consensus starting up: Expiring failure detector timer to make a prompt election more likely
I20260710 11:05:57.235507 25186 consensus_queue.cc:260] T 96959084b90e4a458d2f1c9185b3a10e P 09d28f6f712e4ec08b847adbb9672c88 [NON_LEADER]: Queue going to NON_LEADER mode. State: All replicated index: 0, Majority replicated index: 0, Committed index: 0, Last appended: 0.0, Last appended by leader: 0, Current term: 0, Majority size: -1, State: 0, Mode: NON_LEADER, active raft config: opid_index: -1 OBSOLETE_local: false peers { permanent_uuid: "9e7e77c6f8de453fbb6158b7498bddb6" member_type: VOTER last_known_addr { host: "127.23.80.65" port: 37107 } } peers { permanent_uuid: "ad9a2953701349379f3cc51c92397b1d" member_type: VOTER last_known_addr { host: "127.23.80.66" port: 37007 } } peers { permanent_uuid: "09d28f6f712e4ec08b847adbb9672c88" member_type: VOTER last_known_addr { host: "127.23.80.67" port: 39077 } }
I20260710 11:05:57.236156 25185 raft_consensus.cc:740] T bce4e7459f544c58a2ee969d02ee0b82 P ad9a2953701349379f3cc51c92397b1d [term 0 FOLLOWER]: Becoming Follower/Learner. State: Replica: ad9a2953701349379f3cc51c92397b1d, State: Initialized, Role: FOLLOWER
I20260710 11:05:57.236852 25193 raft_consensus.cc:2749] T c124f0d056384e338cdaaadf003c0d52 P 09d28f6f712e4ec08b847adbb9672c88 [term 0 FOLLOWER]: Leader pre-election lost for term 1. Reason: could not achieve majority
I20260710 11:05:57.236635 25187 raft_consensus.cc:359] T 9b4c7875473b40d9bcd78140a6f96ef7 P 9e7e77c6f8de453fbb6158b7498bddb6 [term 0 FOLLOWER]: Replica starting. Triggering 0 pending ops. Active config: opid_index: -1 OBSOLETE_local: false peers { permanent_uuid: "9e7e77c6f8de453fbb6158b7498bddb6" member_type: VOTER last_known_addr { host: "127.23.80.65" port: 37107 } } peers { permanent_uuid: "ad9a2953701349379f3cc51c92397b1d" member_type: VOTER last_known_addr { host: "127.23.80.66" port: 37007 } } peers { permanent_uuid: "09d28f6f712e4ec08b847adbb9672c88" member_type: VOTER last_known_addr { host: "127.23.80.67" port: 39077 } }
I20260710 11:05:57.237427 25187 raft_consensus.cc:385] T 9b4c7875473b40d9bcd78140a6f96ef7 P 9e7e77c6f8de453fbb6158b7498bddb6 [term 0 FOLLOWER]: Consensus starting up: Expiring failure detector timer to make a prompt election more likely
I20260710 11:05:57.237084 25185 consensus_queue.cc:260] T bce4e7459f544c58a2ee969d02ee0b82 P ad9a2953701349379f3cc51c92397b1d [NON_LEADER]: Queue going to NON_LEADER mode. State: All replicated index: 0, Majority replicated index: 0, Committed index: 0, Last appended: 0.0, Last appended by leader: 0, Current term: 0, Majority size: -1, State: 0, Mode: NON_LEADER, active raft config: opid_index: -1 OBSOLETE_local: false peers { permanent_uuid: "9e7e77c6f8de453fbb6158b7498bddb6" member_type: VOTER last_known_addr { host: "127.23.80.65" port: 37107 } } peers { permanent_uuid: "ad9a2953701349379f3cc51c92397b1d" member_type: VOTER last_known_addr { host: "127.23.80.66" port: 37007 } } peers { permanent_uuid: "09d28f6f712e4ec08b847adbb9672c88" member_type: VOTER last_known_addr { host: "127.23.80.67" port: 39077 } }
I20260710 11:05:57.237742 25187 raft_consensus.cc:740] T 9b4c7875473b40d9bcd78140a6f96ef7 P 9e7e77c6f8de453fbb6158b7498bddb6 [term 0 FOLLOWER]: Becoming Follower/Learner. State: Replica: 9e7e77c6f8de453fbb6158b7498bddb6, State: Initialized, Role: FOLLOWER
I20260710 11:05:57.239243 25187 consensus_queue.cc:260] T 9b4c7875473b40d9bcd78140a6f96ef7 P 9e7e77c6f8de453fbb6158b7498bddb6 [NON_LEADER]: Queue going to NON_LEADER mode. State: All replicated index: 0, Majority replicated index: 0, Committed index: 0, Last appended: 0.0, Last appended by leader: 0, Current term: 0, Majority size: -1, State: 0, Mode: NON_LEADER, active raft config: opid_index: -1 OBSOLETE_local: false peers { permanent_uuid: "9e7e77c6f8de453fbb6158b7498bddb6" member_type: VOTER last_known_addr { host: "127.23.80.65" port: 37107 } } peers { permanent_uuid: "ad9a2953701349379f3cc51c92397b1d" member_type: VOTER last_known_addr { host: "127.23.80.66" port: 37007 } } peers { permanent_uuid: "09d28f6f712e4ec08b847adbb9672c88" member_type: VOTER last_known_addr { host: "127.23.80.67" port: 39077 } }
I20260710 11:05:57.242798 25192 raft_consensus.cc:515] T 9b4c7875473b40d9bcd78140a6f96ef7 P ad9a2953701349379f3cc51c92397b1d [term 1 FOLLOWER]: Starting leader election with config: opid_index: -1 OBSOLETE_local: false peers { permanent_uuid: "9e7e77c6f8de453fbb6158b7498bddb6" member_type: VOTER last_known_addr { host: "127.23.80.65" port: 37107 } } peers { permanent_uuid: "ad9a2953701349379f3cc51c92397b1d" member_type: VOTER last_known_addr { host: "127.23.80.66" port: 37007 } } peers { permanent_uuid: "09d28f6f712e4ec08b847adbb9672c88" member_type: VOTER last_known_addr { host: "127.23.80.67" port: 39077 } }
I20260710 11:05:57.243935 25186 ts_tablet_manager.cc:1434] T 96959084b90e4a458d2f1c9185b3a10e P 09d28f6f712e4ec08b847adbb9672c88: Time spent starting tablet: real 0.013s	user 0.011s	sys 0.001s
I20260710 11:05:57.245035 25186 tablet_bootstrap.cc:492] T 42dfe1ada7c34c9eb682913b2a4a6ac9 P 09d28f6f712e4ec08b847adbb9672c88: Bootstrap starting.
I20260710 11:05:57.245975 25071 raft_consensus.cc:2393] T 9b4c7875473b40d9bcd78140a6f96ef7 P ad9a2953701349379f3cc51c92397b1d [term 1 FOLLOWER]: Leader pre-election vote request: Denying vote to candidate 09d28f6f712e4ec08b847adbb9672c88 in current term 1: Already voted for candidate ad9a2953701349379f3cc51c92397b1d in this term.
I20260710 11:05:57.248270 25185 ts_tablet_manager.cc:1434] T bce4e7459f544c58a2ee969d02ee0b82 P ad9a2953701349379f3cc51c92397b1d: Time spent starting tablet: real 0.017s	user 0.004s	sys 0.005s
I20260710 11:05:57.248270 25187 ts_tablet_manager.cc:1434] T 9b4c7875473b40d9bcd78140a6f96ef7 P 9e7e77c6f8de453fbb6158b7498bddb6: Time spent starting tablet: real 0.014s	user 0.006s	sys 0.001s
I20260710 11:05:57.249315 25185 tablet_bootstrap.cc:492] T d1dea07d2e7440d191c7b31c167afe03 P ad9a2953701349379f3cc51c92397b1d: Bootstrap starting.
I20260710 11:05:57.250562 25108 leader_election.cc:304] T 9b4c7875473b40d9bcd78140a6f96ef7 P 09d28f6f712e4ec08b847adbb9672c88 [CANDIDATE]: Term 1 pre-election: Election decided. Result: candidate lost. Election summary: received 3 responses out of 3 voters: 1 yes votes; 2 no votes. yes voters: 09d28f6f712e4ec08b847adbb9672c88; no voters: 9e7e77c6f8de453fbb6158b7498bddb6, ad9a2953701349379f3cc51c92397b1d
I20260710 11:05:57.251151 25187 tablet_bootstrap.cc:492] T d1dea07d2e7440d191c7b31c167afe03 P 9e7e77c6f8de453fbb6158b7498bddb6: Bootstrap starting.
I20260710 11:05:57.252097 25145 tablet_service.cc:1917] Received RequestConsensusVote() RPC: tablet_id: "9b4c7875473b40d9bcd78140a6f96ef7" candidate_uuid: "ad9a2953701349379f3cc51c92397b1d" candidate_term: 1 candidate_status { last_received { term: 0 index: 0 } } ignore_live_leader: false dest_uuid: "09d28f6f712e4ec08b847adbb9672c88"
I20260710 11:05:57.252746 25145 raft_consensus.cc:3060] T 9b4c7875473b40d9bcd78140a6f96ef7 P 09d28f6f712e4ec08b847adbb9672c88 [term 0 FOLLOWER]: Advancing to term 1
I20260710 11:05:57.252938 25186 tablet_bootstrap.cc:654] T 42dfe1ada7c34c9eb682913b2a4a6ac9 P 09d28f6f712e4ec08b847adbb9672c88: Neither blocks nor log segments found. Creating new log.
I20260710 11:05:57.256814 25185 tablet_bootstrap.cc:654] T d1dea07d2e7440d191c7b31c167afe03 P ad9a2953701349379f3cc51c92397b1d: Neither blocks nor log segments found. Creating new log.
I20260710 11:05:57.258553 25187 tablet_bootstrap.cc:654] T d1dea07d2e7440d191c7b31c167afe03 P 9e7e77c6f8de453fbb6158b7498bddb6: Neither blocks nor log segments found. Creating new log.
I20260710 11:05:57.265605 25186 tablet_bootstrap.cc:492] T 42dfe1ada7c34c9eb682913b2a4a6ac9 P 09d28f6f712e4ec08b847adbb9672c88: No bootstrap required, opened a new log
I20260710 11:05:57.266235 25186 ts_tablet_manager.cc:1403] T 42dfe1ada7c34c9eb682913b2a4a6ac9 P 09d28f6f712e4ec08b847adbb9672c88: Time spent bootstrapping tablet: real 0.021s	user 0.005s	sys 0.014s
I20260710 11:05:57.269474 25186 raft_consensus.cc:359] T 42dfe1ada7c34c9eb682913b2a4a6ac9 P 09d28f6f712e4ec08b847adbb9672c88 [term 0 FOLLOWER]: Replica starting. Triggering 0 pending ops. Active config: opid_index: -1 OBSOLETE_local: false peers { permanent_uuid: "9e7e77c6f8de453fbb6158b7498bddb6" member_type: VOTER last_known_addr { host: "127.23.80.65" port: 37107 } } peers { permanent_uuid: "ad9a2953701349379f3cc51c92397b1d" member_type: VOTER last_known_addr { host: "127.23.80.66" port: 37007 } } peers { permanent_uuid: "09d28f6f712e4ec08b847adbb9672c88" member_type: VOTER last_known_addr { host: "127.23.80.67" port: 39077 } }
I20260710 11:05:57.270428 25186 raft_consensus.cc:385] T 42dfe1ada7c34c9eb682913b2a4a6ac9 P 09d28f6f712e4ec08b847adbb9672c88 [term 0 FOLLOWER]: Consensus starting up: Expiring failure detector timer to make a prompt election more likely
I20260710 11:05:57.272007 25186 raft_consensus.cc:740] T 42dfe1ada7c34c9eb682913b2a4a6ac9 P 09d28f6f712e4ec08b847adbb9672c88 [term 0 FOLLOWER]: Becoming Follower/Learner. State: Replica: 09d28f6f712e4ec08b847adbb9672c88, State: Initialized, Role: FOLLOWER
I20260710 11:05:57.273013 25186 consensus_queue.cc:260] T 42dfe1ada7c34c9eb682913b2a4a6ac9 P 09d28f6f712e4ec08b847adbb9672c88 [NON_LEADER]: Queue going to NON_LEADER mode. State: All replicated index: 0, Majority replicated index: 0, Committed index: 0, Last appended: 0.0, Last appended by leader: 0, Current term: 0, Majority size: -1, State: 0, Mode: NON_LEADER, active raft config: opid_index: -1 OBSOLETE_local: false peers { permanent_uuid: "9e7e77c6f8de453fbb6158b7498bddb6" member_type: VOTER last_known_addr { host: "127.23.80.65" port: 37107 } } peers { permanent_uuid: "ad9a2953701349379f3cc51c92397b1d" member_type: VOTER last_known_addr { host: "127.23.80.66" port: 37007 } } peers { permanent_uuid: "09d28f6f712e4ec08b847adbb9672c88" member_type: VOTER last_known_addr { host: "127.23.80.67" port: 39077 } }
I20260710 11:05:57.274012 25185 tablet_bootstrap.cc:492] T d1dea07d2e7440d191c7b31c167afe03 P ad9a2953701349379f3cc51c92397b1d: No bootstrap required, opened a new log
I20260710 11:05:57.274675 25185 ts_tablet_manager.cc:1403] T d1dea07d2e7440d191c7b31c167afe03 P ad9a2953701349379f3cc51c92397b1d: Time spent bootstrapping tablet: real 0.026s	user 0.015s	sys 0.006s
I20260710 11:05:57.275108 25192 leader_election.cc:290] T 9b4c7875473b40d9bcd78140a6f96ef7 P ad9a2953701349379f3cc51c92397b1d [CANDIDATE]: Term 1 election: Requested vote from peers 9e7e77c6f8de453fbb6158b7498bddb6 (127.23.80.65:37107), 09d28f6f712e4ec08b847adbb9672c88 (127.23.80.67:39077)
I20260710 11:05:57.276259 25186 ts_tablet_manager.cc:1434] T 42dfe1ada7c34c9eb682913b2a4a6ac9 P 09d28f6f712e4ec08b847adbb9672c88: Time spent starting tablet: real 0.010s	user 0.005s	sys 0.002s
I20260710 11:05:57.277377 25186 tablet_bootstrap.cc:492] T d1dea07d2e7440d191c7b31c167afe03 P 09d28f6f712e4ec08b847adbb9672c88: Bootstrap starting.
I20260710 11:05:57.278498 25185 raft_consensus.cc:359] T d1dea07d2e7440d191c7b31c167afe03 P ad9a2953701349379f3cc51c92397b1d [term 0 FOLLOWER]: Replica starting. Triggering 0 pending ops. Active config: opid_index: -1 OBSOLETE_local: false peers { permanent_uuid: "9e7e77c6f8de453fbb6158b7498bddb6" member_type: VOTER last_known_addr { host: "127.23.80.65" port: 37107 } } peers { permanent_uuid: "ad9a2953701349379f3cc51c92397b1d" member_type: VOTER last_known_addr { host: "127.23.80.66" port: 37007 } } peers { permanent_uuid: "09d28f6f712e4ec08b847adbb9672c88" member_type: VOTER last_known_addr { host: "127.23.80.67" port: 39077 } }
I20260710 11:05:57.279506 25185 raft_consensus.cc:385] T d1dea07d2e7440d191c7b31c167afe03 P ad9a2953701349379f3cc51c92397b1d [term 0 FOLLOWER]: Consensus starting up: Expiring failure detector timer to make a prompt election more likely
I20260710 11:05:57.279877 25185 raft_consensus.cc:740] T d1dea07d2e7440d191c7b31c167afe03 P ad9a2953701349379f3cc51c92397b1d [term 0 FOLLOWER]: Becoming Follower/Learner. State: Replica: ad9a2953701349379f3cc51c92397b1d, State: Initialized, Role: FOLLOWER
I20260710 11:05:57.280989 25191 raft_consensus.cc:493] T 68dd8be2896b4e03821c9a6da9c4fe81 P 9e7e77c6f8de453fbb6158b7498bddb6 [term 0 FOLLOWER]: Starting pre-election (no leader contacted us within the election timeout)
I20260710 11:05:57.281584 25191 raft_consensus.cc:515] T 68dd8be2896b4e03821c9a6da9c4fe81 P 9e7e77c6f8de453fbb6158b7498bddb6 [term 0 FOLLOWER]: Starting pre-election with config: opid_index: -1 OBSOLETE_local: false peers { permanent_uuid: "9e7e77c6f8de453fbb6158b7498bddb6" member_type: VOTER last_known_addr { host: "127.23.80.65" port: 37107 } } peers { permanent_uuid: "ad9a2953701349379f3cc51c92397b1d" member_type: VOTER last_known_addr { host: "127.23.80.66" port: 37007 } } peers { permanent_uuid: "09d28f6f712e4ec08b847adbb9672c88" member_type: VOTER last_known_addr { host: "127.23.80.67" port: 39077 } }
I20260710 11:05:57.285393 25186 tablet_bootstrap.cc:654] T d1dea07d2e7440d191c7b31c167afe03 P 09d28f6f712e4ec08b847adbb9672c88: Neither blocks nor log segments found. Creating new log.
I20260710 11:05:57.288249 25191 leader_election.cc:290] T 68dd8be2896b4e03821c9a6da9c4fe81 P 9e7e77c6f8de453fbb6158b7498bddb6 [CANDIDATE]: Term 1 pre-election: Requested pre-vote from peers ad9a2953701349379f3cc51c92397b1d (127.23.80.66:37007), 09d28f6f712e4ec08b847adbb9672c88 (127.23.80.67:39077)
I20260710 11:05:57.288808 25191 raft_consensus.cc:493] T 42dfe1ada7c34c9eb682913b2a4a6ac9 P 9e7e77c6f8de453fbb6158b7498bddb6 [term 0 FOLLOWER]: Starting pre-election (no leader contacted us within the election timeout)
I20260710 11:05:57.289386 25191 raft_consensus.cc:515] T 42dfe1ada7c34c9eb682913b2a4a6ac9 P 9e7e77c6f8de453fbb6158b7498bddb6 [term 0 FOLLOWER]: Starting pre-election with config: opid_index: -1 OBSOLETE_local: false peers { permanent_uuid: "9e7e77c6f8de453fbb6158b7498bddb6" member_type: VOTER last_known_addr { host: "127.23.80.65" port: 37107 } } peers { permanent_uuid: "ad9a2953701349379f3cc51c92397b1d" member_type: VOTER last_known_addr { host: "127.23.80.66" port: 37007 } } peers { permanent_uuid: "09d28f6f712e4ec08b847adbb9672c88" member_type: VOTER last_known_addr { host: "127.23.80.67" port: 39077 } }
I20260710 11:05:57.293032 24996 tablet_service.cc:1917] Received RequestConsensusVote() RPC: tablet_id: "9b4c7875473b40d9bcd78140a6f96ef7" candidate_uuid: "ad9a2953701349379f3cc51c92397b1d" candidate_term: 1 candidate_status { last_received { term: 0 index: 0 } } ignore_live_leader: false dest_uuid: "9e7e77c6f8de453fbb6158b7498bddb6"
I20260710 11:05:57.293911 24996 raft_consensus.cc:3060] T 9b4c7875473b40d9bcd78140a6f96ef7 P 9e7e77c6f8de453fbb6158b7498bddb6 [term 0 FOLLOWER]: Advancing to term 1
I20260710 11:05:57.294556 25191 leader_election.cc:290] T 42dfe1ada7c34c9eb682913b2a4a6ac9 P 9e7e77c6f8de453fbb6158b7498bddb6 [CANDIDATE]: Term 1 pre-election: Requested pre-vote from peers ad9a2953701349379f3cc51c92397b1d (127.23.80.66:37007), 09d28f6f712e4ec08b847adbb9672c88 (127.23.80.67:39077)
I20260710 11:05:57.297477 25185 consensus_queue.cc:260] T d1dea07d2e7440d191c7b31c167afe03 P ad9a2953701349379f3cc51c92397b1d [NON_LEADER]: Queue going to NON_LEADER mode. State: All replicated index: 0, Majority replicated index: 0, Committed index: 0, Last appended: 0.0, Last appended by leader: 0, Current term: 0, Majority size: -1, State: 0, Mode: NON_LEADER, active raft config: opid_index: -1 OBSOLETE_local: false peers { permanent_uuid: "9e7e77c6f8de453fbb6158b7498bddb6" member_type: VOTER last_known_addr { host: "127.23.80.65" port: 37107 } } peers { permanent_uuid: "ad9a2953701349379f3cc51c92397b1d" member_type: VOTER last_known_addr { host: "127.23.80.66" port: 37007 } } peers { permanent_uuid: "09d28f6f712e4ec08b847adbb9672c88" member_type: VOTER last_known_addr { host: "127.23.80.67" port: 39077 } }
I20260710 11:05:57.300495 25185 ts_tablet_manager.cc:1434] T d1dea07d2e7440d191c7b31c167afe03 P ad9a2953701349379f3cc51c92397b1d: Time spent starting tablet: real 0.025s	user 0.005s	sys 0.002s
I20260710 11:05:57.309669 25185 tablet_bootstrap.cc:492] T c8611241a5b549b8b4b534f1fd199f05 P ad9a2953701349379f3cc51c92397b1d: Bootstrap starting.
I20260710 11:05:57.316799 25185 tablet_bootstrap.cc:654] T c8611241a5b549b8b4b534f1fd199f05 P ad9a2953701349379f3cc51c92397b1d: Neither blocks nor log segments found. Creating new log.
I20260710 11:05:57.342120 25185 tablet_bootstrap.cc:492] T c8611241a5b549b8b4b534f1fd199f05 P ad9a2953701349379f3cc51c92397b1d: No bootstrap required, opened a new log
I20260710 11:05:57.342631 25185 ts_tablet_manager.cc:1403] T c8611241a5b549b8b4b534f1fd199f05 P ad9a2953701349379f3cc51c92397b1d: Time spent bootstrapping tablet: real 0.033s	user 0.017s	sys 0.013s
I20260710 11:05:57.347323 25144 tablet_service.cc:1917] Received RequestConsensusVote() RPC: tablet_id: "68dd8be2896b4e03821c9a6da9c4fe81" candidate_uuid: "9e7e77c6f8de453fbb6158b7498bddb6" candidate_term: 1 candidate_status { last_received { term: 0 index: 0 } } ignore_live_leader: false dest_uuid: "09d28f6f712e4ec08b847adbb9672c88" is_pre_election: true
I20260710 11:05:57.349133 25143 tablet_service.cc:1917] Received RequestConsensusVote() RPC: tablet_id: "42dfe1ada7c34c9eb682913b2a4a6ac9" candidate_uuid: "9e7e77c6f8de453fbb6158b7498bddb6" candidate_term: 1 candidate_status { last_received { term: 0 index: 0 } } ignore_live_leader: false dest_uuid: "09d28f6f712e4ec08b847adbb9672c88" is_pre_election: true
I20260710 11:05:57.349846 24996 raft_consensus.cc:2468] T 9b4c7875473b40d9bcd78140a6f96ef7 P 9e7e77c6f8de453fbb6158b7498bddb6 [term 1 FOLLOWER]: Leader election vote request: Granting yes vote for candidate ad9a2953701349379f3cc51c92397b1d in term 1.
I20260710 11:05:57.350008 25143 raft_consensus.cc:2468] T 42dfe1ada7c34c9eb682913b2a4a6ac9 P 09d28f6f712e4ec08b847adbb9672c88 [term 0 FOLLOWER]: Leader pre-election vote request: Granting yes vote for candidate 9e7e77c6f8de453fbb6158b7498bddb6 in term 0.
I20260710 11:05:57.351771 25036 leader_election.cc:304] T 9b4c7875473b40d9bcd78140a6f96ef7 P ad9a2953701349379f3cc51c92397b1d [CANDIDATE]: Term 1 election: Election decided. Result: candidate won. Election summary: received 2 responses out of 3 voters: 2 yes votes; 0 no votes. yes voters: 9e7e77c6f8de453fbb6158b7498bddb6, ad9a2953701349379f3cc51c92397b1d; no voters: 
W20260710 11:05:57.352097 24962 leader_election.cc:343] T 68dd8be2896b4e03821c9a6da9c4fe81 P 9e7e77c6f8de453fbb6158b7498bddb6 [CANDIDATE]: Term 1 pre-election: Tablet error from VoteRequest() call to peer 09d28f6f712e4ec08b847adbb9672c88 (127.23.80.67:39077): Illegal state: must be running to vote when last-logged opid is not known
I20260710 11:05:57.353087 24962 leader_election.cc:304] T 42dfe1ada7c34c9eb682913b2a4a6ac9 P 9e7e77c6f8de453fbb6158b7498bddb6 [CANDIDATE]: Term 1 pre-election: Election decided. Result: candidate won. Election summary: received 2 responses out of 3 voters: 2 yes votes; 0 no votes. yes voters: 09d28f6f712e4ec08b847adbb9672c88, 9e7e77c6f8de453fbb6158b7498bddb6; no voters: 
I20260710 11:05:57.353349 25210 raft_consensus.cc:2804] T 9b4c7875473b40d9bcd78140a6f96ef7 P ad9a2953701349379f3cc51c92397b1d [term 1 FOLLOWER]: Leader election won for term 1
I20260710 11:05:57.354095 25216 raft_consensus.cc:2804] T 42dfe1ada7c34c9eb682913b2a4a6ac9 P 9e7e77c6f8de453fbb6158b7498bddb6 [term 0 FOLLOWER]: Leader pre-election won for term 1
I20260710 11:05:57.354489 25216 raft_consensus.cc:493] T 42dfe1ada7c34c9eb682913b2a4a6ac9 P 9e7e77c6f8de453fbb6158b7498bddb6 [term 0 FOLLOWER]: Starting leader election (no leader contacted us within the election timeout)
I20260710 11:05:57.354815 25216 raft_consensus.cc:3060] T 42dfe1ada7c34c9eb682913b2a4a6ac9 P 9e7e77c6f8de453fbb6158b7498bddb6 [term 0 FOLLOWER]: Advancing to term 1
I20260710 11:05:57.356148 25210 raft_consensus.cc:697] T 9b4c7875473b40d9bcd78140a6f96ef7 P ad9a2953701349379f3cc51c92397b1d [term 1 LEADER]: Becoming Leader. State: Replica: ad9a2953701349379f3cc51c92397b1d, State: Running, Role: LEADER
I20260710 11:05:57.344126 25145 raft_consensus.cc:2468] T 9b4c7875473b40d9bcd78140a6f96ef7 P 09d28f6f712e4ec08b847adbb9672c88 [term 1 FOLLOWER]: Leader election vote request: Granting yes vote for candidate ad9a2953701349379f3cc51c92397b1d in term 1.
I20260710 11:05:57.359887 25209 raft_consensus.cc:2749] T 9b4c7875473b40d9bcd78140a6f96ef7 P 09d28f6f712e4ec08b847adbb9672c88 [term 1 FOLLOWER]: Leader pre-election lost for term 1. Reason: could not achieve majority
I20260710 11:05:57.354790 25185 raft_consensus.cc:359] T c8611241a5b549b8b4b534f1fd199f05 P ad9a2953701349379f3cc51c92397b1d [term 0 FOLLOWER]: Replica starting. Triggering 0 pending ops. Active config: opid_index: -1 OBSOLETE_local: false peers { permanent_uuid: "9e7e77c6f8de453fbb6158b7498bddb6" member_type: VOTER last_known_addr { host: "127.23.80.65" port: 37107 } } peers { permanent_uuid: "ad9a2953701349379f3cc51c92397b1d" member_type: VOTER last_known_addr { host: "127.23.80.66" port: 37007 } } peers { permanent_uuid: "09d28f6f712e4ec08b847adbb9672c88" member_type: VOTER last_known_addr { host: "127.23.80.67" port: 39077 } }
I20260710 11:05:57.365921 25185 raft_consensus.cc:385] T c8611241a5b549b8b4b534f1fd199f05 P ad9a2953701349379f3cc51c92397b1d [term 0 FOLLOWER]: Consensus starting up: Expiring failure detector timer to make a prompt election more likely
I20260710 11:05:57.366362 25185 raft_consensus.cc:740] T c8611241a5b549b8b4b534f1fd199f05 P ad9a2953701349379f3cc51c92397b1d [term 0 FOLLOWER]: Becoming Follower/Learner. State: Replica: ad9a2953701349379f3cc51c92397b1d, State: Initialized, Role: FOLLOWER
I20260710 11:05:57.368634 25185 consensus_queue.cc:260] T c8611241a5b549b8b4b534f1fd199f05 P ad9a2953701349379f3cc51c92397b1d [NON_LEADER]: Queue going to NON_LEADER mode. State: All replicated index: 0, Majority replicated index: 0, Committed index: 0, Last appended: 0.0, Last appended by leader: 0, Current term: 0, Majority size: -1, State: 0, Mode: NON_LEADER, active raft config: opid_index: -1 OBSOLETE_local: false peers { permanent_uuid: "9e7e77c6f8de453fbb6158b7498bddb6" member_type: VOTER last_known_addr { host: "127.23.80.65" port: 37107 } } peers { permanent_uuid: "ad9a2953701349379f3cc51c92397b1d" member_type: VOTER last_known_addr { host: "127.23.80.66" port: 37007 } } peers { permanent_uuid: "09d28f6f712e4ec08b847adbb9672c88" member_type: VOTER last_known_addr { host: "127.23.80.67" port: 39077 } }
I20260710 11:05:57.369441 25071 tablet_service.cc:1917] Received RequestConsensusVote() RPC: tablet_id: "68dd8be2896b4e03821c9a6da9c4fe81" candidate_uuid: "9e7e77c6f8de453fbb6158b7498bddb6" candidate_term: 1 candidate_status { last_received { term: 0 index: 0 } } ignore_live_leader: false dest_uuid: "ad9a2953701349379f3cc51c92397b1d" is_pre_election: true
I20260710 11:05:57.370468 25216 raft_consensus.cc:515] T 42dfe1ada7c34c9eb682913b2a4a6ac9 P 9e7e77c6f8de453fbb6158b7498bddb6 [term 1 FOLLOWER]: Starting leader election with config: opid_index: -1 OBSOLETE_local: false peers { permanent_uuid: "9e7e77c6f8de453fbb6158b7498bddb6" member_type: VOTER last_known_addr { host: "127.23.80.65" port: 37107 } } peers { permanent_uuid: "ad9a2953701349379f3cc51c92397b1d" member_type: VOTER last_known_addr { host: "127.23.80.66" port: 37007 } } peers { permanent_uuid: "09d28f6f712e4ec08b847adbb9672c88" member_type: VOTER last_known_addr { host: "127.23.80.67" port: 39077 } }
I20260710 11:05:57.374799 25143 tablet_service.cc:1917] Received RequestConsensusVote() RPC: tablet_id: "42dfe1ada7c34c9eb682913b2a4a6ac9" candidate_uuid: "9e7e77c6f8de453fbb6158b7498bddb6" candidate_term: 1 candidate_status { last_received { term: 0 index: 0 } } ignore_live_leader: false dest_uuid: "09d28f6f712e4ec08b847adbb9672c88"
I20260710 11:05:57.375645 25143 raft_consensus.cc:3060] T 42dfe1ada7c34c9eb682913b2a4a6ac9 P 09d28f6f712e4ec08b847adbb9672c88 [term 0 FOLLOWER]: Advancing to term 1
I20260710 11:05:57.378727 25071 tablet_service.cc:1917] Received RequestConsensusVote() RPC: tablet_id: "42dfe1ada7c34c9eb682913b2a4a6ac9" candidate_uuid: "9e7e77c6f8de453fbb6158b7498bddb6" candidate_term: 1 candidate_status { last_received { term: 0 index: 0 } } ignore_live_leader: false dest_uuid: "ad9a2953701349379f3cc51c92397b1d" is_pre_election: true
I20260710 11:05:57.379540 25071 raft_consensus.cc:2468] T 42dfe1ada7c34c9eb682913b2a4a6ac9 P ad9a2953701349379f3cc51c92397b1d [term 0 FOLLOWER]: Leader pre-election vote request: Granting yes vote for candidate 9e7e77c6f8de453fbb6158b7498bddb6 in term 0.
W20260710 11:05:57.384464 24959 leader_election.cc:343] T 68dd8be2896b4e03821c9a6da9c4fe81 P 9e7e77c6f8de453fbb6158b7498bddb6 [CANDIDATE]: Term 1 pre-election: Tablet error from VoteRequest() call to peer ad9a2953701349379f3cc51c92397b1d (127.23.80.66:37007): Illegal state: must be running to vote when last-logged opid is not known
I20260710 11:05:57.385145 24959 leader_election.cc:304] T 68dd8be2896b4e03821c9a6da9c4fe81 P 9e7e77c6f8de453fbb6158b7498bddb6 [CANDIDATE]: Term 1 pre-election: Election decided. Result: candidate lost. Election summary: received 3 responses out of 3 voters: 1 yes votes; 2 no votes. yes voters: 9e7e77c6f8de453fbb6158b7498bddb6; no voters: 09d28f6f712e4ec08b847adbb9672c88, ad9a2953701349379f3cc51c92397b1d
I20260710 11:05:57.382402 25071 tablet_service.cc:1917] Received RequestConsensusVote() RPC: tablet_id: "42dfe1ada7c34c9eb682913b2a4a6ac9" candidate_uuid: "9e7e77c6f8de453fbb6158b7498bddb6" candidate_term: 1 candidate_status { last_received { term: 0 index: 0 } } ignore_live_leader: false dest_uuid: "ad9a2953701349379f3cc51c92397b1d"
I20260710 11:05:57.386209 25143 raft_consensus.cc:2468] T 42dfe1ada7c34c9eb682913b2a4a6ac9 P 09d28f6f712e4ec08b847adbb9672c88 [term 1 FOLLOWER]: Leader election vote request: Granting yes vote for candidate 9e7e77c6f8de453fbb6158b7498bddb6 in term 1.
I20260710 11:05:57.386518 25071 raft_consensus.cc:3060] T 42dfe1ada7c34c9eb682913b2a4a6ac9 P ad9a2953701349379f3cc51c92397b1d [term 0 FOLLOWER]: Advancing to term 1
I20260710 11:05:57.389199 25185 ts_tablet_manager.cc:1434] T c8611241a5b549b8b4b534f1fd199f05 P ad9a2953701349379f3cc51c92397b1d: Time spent starting tablet: real 0.046s	user 0.008s	sys 0.000s
I20260710 11:05:57.390647 25185 tablet_bootstrap.cc:492] T c124f0d056384e338cdaaadf003c0d52 P ad9a2953701349379f3cc51c92397b1d: Bootstrap starting.
I20260710 11:05:57.392740 25216 leader_election.cc:290] T 42dfe1ada7c34c9eb682913b2a4a6ac9 P 9e7e77c6f8de453fbb6158b7498bddb6 [CANDIDATE]: Term 1 election: Requested vote from peers ad9a2953701349379f3cc51c92397b1d (127.23.80.66:37007), 09d28f6f712e4ec08b847adbb9672c88 (127.23.80.67:39077)
I20260710 11:05:57.394670 24962 leader_election.cc:304] T 42dfe1ada7c34c9eb682913b2a4a6ac9 P 9e7e77c6f8de453fbb6158b7498bddb6 [CANDIDATE]: Term 1 election: Election decided. Result: candidate won. Election summary: received 2 responses out of 3 voters: 2 yes votes; 0 no votes. yes voters: 09d28f6f712e4ec08b847adbb9672c88, 9e7e77c6f8de453fbb6158b7498bddb6; no voters: 
I20260710 11:05:57.357508 25210 consensus_queue.cc:237] T 9b4c7875473b40d9bcd78140a6f96ef7 P ad9a2953701349379f3cc51c92397b1d [LEADER]: Queue going to LEADER mode. State: All replicated index: 0, Majority replicated index: 0, Committed index: 0, Last appended: 0.0, Last appended by leader: 0, Current term: 1, Majority size: 2, State: 0, Mode: LEADER, active raft config: opid_index: -1 OBSOLETE_local: false peers { permanent_uuid: "9e7e77c6f8de453fbb6158b7498bddb6" member_type: VOTER last_known_addr { host: "127.23.80.65" port: 37107 } } peers { permanent_uuid: "ad9a2953701349379f3cc51c92397b1d" member_type: VOTER last_known_addr { host: "127.23.80.66" port: 37007 } } peers { permanent_uuid: "09d28f6f712e4ec08b847adbb9672c88" member_type: VOTER last_known_addr { host: "127.23.80.67" port: 39077 } }
I20260710 11:05:57.411255 25191 raft_consensus.cc:2749] T 68dd8be2896b4e03821c9a6da9c4fe81 P 9e7e77c6f8de453fbb6158b7498bddb6 [term 0 FOLLOWER]: Leader pre-election lost for term 1. Reason: could not achieve majority
I20260710 11:05:57.411620 25216 raft_consensus.cc:2804] T 42dfe1ada7c34c9eb682913b2a4a6ac9 P 9e7e77c6f8de453fbb6158b7498bddb6 [term 1 FOLLOWER]: Leader election won for term 1
I20260710 11:05:57.412415 25216 raft_consensus.cc:697] T 42dfe1ada7c34c9eb682913b2a4a6ac9 P 9e7e77c6f8de453fbb6158b7498bddb6 [term 1 LEADER]: Becoming Leader. State: Replica: 9e7e77c6f8de453fbb6158b7498bddb6, State: Running, Role: LEADER
I20260710 11:05:57.413590 25216 consensus_queue.cc:237] T 42dfe1ada7c34c9eb682913b2a4a6ac9 P 9e7e77c6f8de453fbb6158b7498bddb6 [LEADER]: Queue going to LEADER mode. State: All replicated index: 0, Majority replicated index: 0, Committed index: 0, Last appended: 0.0, Last appended by leader: 0, Current term: 1, Majority size: 2, State: 0, Mode: LEADER, active raft config: opid_index: -1 OBSOLETE_local: false peers { permanent_uuid: "9e7e77c6f8de453fbb6158b7498bddb6" member_type: VOTER last_known_addr { host: "127.23.80.65" port: 37107 } } peers { permanent_uuid: "ad9a2953701349379f3cc51c92397b1d" member_type: VOTER last_known_addr { host: "127.23.80.66" port: 37007 } } peers { permanent_uuid: "09d28f6f712e4ec08b847adbb9672c88" member_type: VOTER last_known_addr { host: "127.23.80.67" port: 39077 } }
I20260710 11:05:57.420547 25185 tablet_bootstrap.cc:654] T c124f0d056384e338cdaaadf003c0d52 P ad9a2953701349379f3cc51c92397b1d: Neither blocks nor log segments found. Creating new log.
I20260710 11:05:57.421687 25187 tablet_bootstrap.cc:492] T d1dea07d2e7440d191c7b31c167afe03 P 9e7e77c6f8de453fbb6158b7498bddb6: No bootstrap required, opened a new log
I20260710 11:05:57.422431 25187 ts_tablet_manager.cc:1403] T d1dea07d2e7440d191c7b31c167afe03 P 9e7e77c6f8de453fbb6158b7498bddb6: Time spent bootstrapping tablet: real 0.171s	user 0.049s	sys 0.073s
I20260710 11:05:57.426594 25071 raft_consensus.cc:2468] T 42dfe1ada7c34c9eb682913b2a4a6ac9 P ad9a2953701349379f3cc51c92397b1d [term 1 FOLLOWER]: Leader election vote request: Granting yes vote for candidate 9e7e77c6f8de453fbb6158b7498bddb6 in term 1.
I20260710 11:05:57.428436 25186 tablet_bootstrap.cc:492] T d1dea07d2e7440d191c7b31c167afe03 P 09d28f6f712e4ec08b847adbb9672c88: No bootstrap required, opened a new log
I20260710 11:05:57.429118 25186 ts_tablet_manager.cc:1403] T d1dea07d2e7440d191c7b31c167afe03 P 09d28f6f712e4ec08b847adbb9672c88: Time spent bootstrapping tablet: real 0.152s	user 0.059s	sys 0.082s
I20260710 11:05:57.429390 25185 tablet_bootstrap.cc:492] T c124f0d056384e338cdaaadf003c0d52 P ad9a2953701349379f3cc51c92397b1d: No bootstrap required, opened a new log
I20260710 11:05:57.429718 25185 ts_tablet_manager.cc:1403] T c124f0d056384e338cdaaadf003c0d52 P ad9a2953701349379f3cc51c92397b1d: Time spent bootstrapping tablet: real 0.039s	user 0.019s	sys 0.007s
I20260710 11:05:57.433966 25187 raft_consensus.cc:359] T d1dea07d2e7440d191c7b31c167afe03 P 9e7e77c6f8de453fbb6158b7498bddb6 [term 0 FOLLOWER]: Replica starting. Triggering 0 pending ops. Active config: opid_index: -1 OBSOLETE_local: false peers { permanent_uuid: "9e7e77c6f8de453fbb6158b7498bddb6" member_type: VOTER last_known_addr { host: "127.23.80.65" port: 37107 } } peers { permanent_uuid: "ad9a2953701349379f3cc51c92397b1d" member_type: VOTER last_known_addr { host: "127.23.80.66" port: 37007 } } peers { permanent_uuid: "09d28f6f712e4ec08b847adbb9672c88" member_type: VOTER last_known_addr { host: "127.23.80.67" port: 39077 } }
I20260710 11:05:57.434312 25186 raft_consensus.cc:359] T d1dea07d2e7440d191c7b31c167afe03 P 09d28f6f712e4ec08b847adbb9672c88 [term 0 FOLLOWER]: Replica starting. Triggering 0 pending ops. Active config: opid_index: -1 OBSOLETE_local: false peers { permanent_uuid: "9e7e77c6f8de453fbb6158b7498bddb6" member_type: VOTER last_known_addr { host: "127.23.80.65" port: 37107 } } peers { permanent_uuid: "ad9a2953701349379f3cc51c92397b1d" member_type: VOTER last_known_addr { host: "127.23.80.66" port: 37007 } } peers { permanent_uuid: "09d28f6f712e4ec08b847adbb9672c88" member_type: VOTER last_known_addr { host: "127.23.80.67" port: 39077 } }
I20260710 11:05:57.435171 25186 raft_consensus.cc:385] T d1dea07d2e7440d191c7b31c167afe03 P 09d28f6f712e4ec08b847adbb9672c88 [term 0 FOLLOWER]: Consensus starting up: Expiring failure detector timer to make a prompt election more likely
I20260710 11:05:57.434772 25187 raft_consensus.cc:385] T d1dea07d2e7440d191c7b31c167afe03 P 9e7e77c6f8de453fbb6158b7498bddb6 [term 0 FOLLOWER]: Consensus starting up: Expiring failure detector timer to make a prompt election more likely
I20260710 11:05:57.435631 25187 raft_consensus.cc:740] T d1dea07d2e7440d191c7b31c167afe03 P 9e7e77c6f8de453fbb6158b7498bddb6 [term 0 FOLLOWER]: Becoming Follower/Learner. State: Replica: 9e7e77c6f8de453fbb6158b7498bddb6, State: Initialized, Role: FOLLOWER
