I20260710 11:06:01.571345  1408 raft_consensus.cc:515] T 898a7688d2e148b3b7ef857b4616daee P 5e5c318ec34647c9985d4636bd0b03a8 [term 1 FOLLOWER]: Starting leader election with config: opid_index: -1 OBSOLETE_local: false peers { permanent_uuid: "5e5c318ec34647c9985d4636bd0b03a8" member_type: VOTER last_known_addr { host: "127.31.192.193" port: 37751 } } peers { permanent_uuid: "c1aa713fcb304937a9dc955b539e8e9d" member_type: VOTER last_known_addr { host: "127.31.192.194" port: 45567 } } peers { permanent_uuid: "3533a832201e41f69176cd634417aa37" member_type: VOTER last_known_addr { host: "127.31.192.195" port: 39759 } }
W20260710 11:06:01.573249  1217 leader_election.cc:343] T 860a4df873b547a0ac929b215eaee27b P c1aa713fcb304937a9dc955b539e8e9d [CANDIDATE]: Term 1 election: Tablet error from VoteRequest() call to peer 3533a832201e41f69176cd634417aa37 (127.31.192.195:39759): Illegal state: must be running to vote when last-logged opid is not known
I20260710 11:06:01.581926  1215 leader_election.cc:304] T 860a4df873b547a0ac929b215eaee27b P c1aa713fcb304937a9dc955b539e8e9d [CANDIDATE]: Term 1 election: Election decided. Result: candidate won. Election summary: received 3 responses out of 3 voters: 2 yes votes; 1 no votes. yes voters: 5e5c318ec34647c9985d4636bd0b03a8, c1aa713fcb304937a9dc955b539e8e9d; no voters: 3533a832201e41f69176cd634417aa37
I20260710 11:06:01.583055  1408 leader_election.cc:290] T 898a7688d2e148b3b7ef857b4616daee P 5e5c318ec34647c9985d4636bd0b03a8 [CANDIDATE]: Term 1 election: Requested vote from peers c1aa713fcb304937a9dc955b539e8e9d (127.31.192.194:45567), 3533a832201e41f69176cd634417aa37 (127.31.192.195:39759)
I20260710 11:06:01.584172  1321 tablet_service.cc:1917] Received RequestConsensusVote() RPC: tablet_id: "898a7688d2e148b3b7ef857b4616daee" candidate_uuid: "5e5c318ec34647c9985d4636bd0b03a8" candidate_term: 1 candidate_status { last_received { term: 0 index: 0 } } ignore_live_leader: false dest_uuid: "3533a832201e41f69176cd634417aa37"
W20260710 11:06:01.585719  1142 leader_election.cc:343] T 898a7688d2e148b3b7ef857b4616daee P 5e5c318ec34647c9985d4636bd0b03a8 [CANDIDATE]: Term 1 election: Tablet error from VoteRequest() call to peer 3533a832201e41f69176cd634417aa37 (127.31.192.195:39759): Illegal state: must be running to vote when last-logged opid is not known
I20260710 11:06:01.589020  1465 raft_consensus.cc:2804] T 860a4df873b547a0ac929b215eaee27b P c1aa713fcb304937a9dc955b539e8e9d [term 1 FOLLOWER]: Leader election won for term 1
I20260710 11:06:01.589578  1465 raft_consensus.cc:697] T 860a4df873b547a0ac929b215eaee27b P c1aa713fcb304937a9dc955b539e8e9d [term 1 LEADER]: Becoming Leader. State: Replica: c1aa713fcb304937a9dc955b539e8e9d, State: Running, Role: LEADER
I20260710 11:06:01.590281  1368 raft_consensus.cc:359] T e56d42f7b0894d168214468004111f75 P 3533a832201e41f69176cd634417aa37 [term 0 FOLLOWER]: Replica starting. Triggering 0 pending ops. Active config: opid_index: -1 OBSOLETE_local: false peers { permanent_uuid: "5e5c318ec34647c9985d4636bd0b03a8" member_type: VOTER last_known_addr { host: "127.31.192.193" port: 37751 } } peers { permanent_uuid: "c1aa713fcb304937a9dc955b539e8e9d" member_type: VOTER last_known_addr { host: "127.31.192.194" port: 45567 } } peers { permanent_uuid: "3533a832201e41f69176cd634417aa37" member_type: VOTER last_known_addr { host: "127.31.192.195" port: 39759 } }
I20260710 11:06:01.590430  1465 consensus_queue.cc:237] T 860a4df873b547a0ac929b215eaee27b P c1aa713fcb304937a9dc955b539e8e9d [LEADER]: Queue going to LEADER mode. State: All replicated index: 0, Majority replicated index: 0, Committed index: 0, Last appended: 0.0, Last appended by leader: 0, Current term: 1, Majority size: 2, State: 0, Mode: LEADER, active raft config: opid_index: -1 OBSOLETE_local: false peers { permanent_uuid: "5e5c318ec34647c9985d4636bd0b03a8" member_type: VOTER last_known_addr { host: "127.31.192.193" port: 37751 } } peers { permanent_uuid: "c1aa713fcb304937a9dc955b539e8e9d" member_type: VOTER last_known_addr { host: "127.31.192.194" port: 45567 } } peers { permanent_uuid: "3533a832201e41f69176cd634417aa37" member_type: VOTER last_known_addr { host: "127.31.192.195" port: 39759 } }
I20260710 11:06:01.590976  1368 raft_consensus.cc:385] T e56d42f7b0894d168214468004111f75 P 3533a832201e41f69176cd634417aa37 [term 0 FOLLOWER]: Consensus starting up: Expiring failure detector timer to make a prompt election more likely
I20260710 11:06:01.591274  1368 raft_consensus.cc:740] T e56d42f7b0894d168214468004111f75 P 3533a832201e41f69176cd634417aa37 [term 0 FOLLOWER]: Becoming Follower/Learner. State: Replica: 3533a832201e41f69176cd634417aa37, State: Initialized, Role: FOLLOWER
I20260710 11:06:01.592401  1368 consensus_queue.cc:260] T e56d42f7b0894d168214468004111f75 P 3533a832201e41f69176cd634417aa37 [NON_LEADER]: Queue going to NON_LEADER mode. State: All replicated index: 0, Majority replicated index: 0, Committed index: 0, Last appended: 0.0, Last appended by leader: 0, Current term: 0, Majority size: -1, State: 0, Mode: NON_LEADER, active raft config: opid_index: -1 OBSOLETE_local: false peers { permanent_uuid: "5e5c318ec34647c9985d4636bd0b03a8" member_type: VOTER last_known_addr { host: "127.31.192.193" port: 37751 } } peers { permanent_uuid: "c1aa713fcb304937a9dc955b539e8e9d" member_type: VOTER last_known_addr { host: "127.31.192.194" port: 45567 } } peers { permanent_uuid: "3533a832201e41f69176cd634417aa37" member_type: VOTER last_known_addr { host: "127.31.192.195" port: 39759 } }
I20260710 11:06:01.593679  1243 tablet_service.cc:1917] Received RequestConsensusVote() RPC: tablet_id: "898a7688d2e148b3b7ef857b4616daee" candidate_uuid: "5e5c318ec34647c9985d4636bd0b03a8" candidate_term: 1 candidate_status { last_received { term: 0 index: 0 } } ignore_live_leader: false dest_uuid: "c1aa713fcb304937a9dc955b539e8e9d"
I20260710 11:06:01.594244  1243 raft_consensus.cc:3060] T 898a7688d2e148b3b7ef857b4616daee P c1aa713fcb304937a9dc955b539e8e9d [term 0 FOLLOWER]: Advancing to term 1
I20260710 11:06:01.594607  1367 tablet_bootstrap.cc:492] T 78dfec52dcdc4cd7a38daf4328b9706b P c1aa713fcb304937a9dc955b539e8e9d: No bootstrap required, opened a new log
I20260710 11:06:01.601984  1072 catalog_manager.cc:5697] T 78dfec52dcdc4cd7a38daf4328b9706b P 3533a832201e41f69176cd634417aa37 reported cstate change: term changed from 0 to 1, leader changed from <none> to 3533a832201e41f69176cd634417aa37 (127.31.192.195). New cstate: current_term: 1 leader_uuid: "3533a832201e41f69176cd634417aa37" committed_config { opid_index: -1 OBSOLETE_local: false peers { permanent_uuid: "5e5c318ec34647c9985d4636bd0b03a8" member_type: VOTER last_known_addr { host: "127.31.192.193" port: 37751 } health_report { overall_health: UNKNOWN } } peers { permanent_uuid: "c1aa713fcb304937a9dc955b539e8e9d" member_type: VOTER last_known_addr { host: "127.31.192.194" port: 45567 } health_report { overall_health: UNKNOWN } } peers { permanent_uuid: "3533a832201e41f69176cd634417aa37" member_type: VOTER last_known_addr { host: "127.31.192.195" port: 39759 } health_report { overall_health: HEALTHY } } }
I20260710 11:06:01.604707  1367 ts_tablet_manager.cc:1403] T 78dfec52dcdc4cd7a38daf4328b9706b P c1aa713fcb304937a9dc955b539e8e9d: Time spent bootstrapping tablet: real 0.108s	user 0.009s	sys 0.008s
I20260710 11:06:01.607566  1367 raft_consensus.cc:359] T 78dfec52dcdc4cd7a38daf4328b9706b P c1aa713fcb304937a9dc955b539e8e9d [term 0 FOLLOWER]: Replica starting. Triggering 0 pending ops. Active config: opid_index: -1 OBSOLETE_local: false peers { permanent_uuid: "5e5c318ec34647c9985d4636bd0b03a8" member_type: VOTER last_known_addr { host: "127.31.192.193" port: 37751 } } peers { permanent_uuid: "c1aa713fcb304937a9dc955b539e8e9d" member_type: VOTER last_known_addr { host: "127.31.192.194" port: 45567 } } peers { permanent_uuid: "3533a832201e41f69176cd634417aa37" member_type: VOTER last_known_addr { host: "127.31.192.195" port: 39759 } }
I20260710 11:06:01.608507  1367 raft_consensus.cc:385] T 78dfec52dcdc4cd7a38daf4328b9706b P c1aa713fcb304937a9dc955b539e8e9d [term 0 FOLLOWER]: Consensus starting up: Expiring failure detector timer to make a prompt election more likely
I20260710 11:06:01.608846  1367 raft_consensus.cc:740] T 78dfec52dcdc4cd7a38daf4328b9706b P c1aa713fcb304937a9dc955b539e8e9d [term 0 FOLLOWER]: Becoming Follower/Learner. State: Replica: c1aa713fcb304937a9dc955b539e8e9d, State: Initialized, Role: FOLLOWER
I20260710 11:06:01.612212  1243 raft_consensus.cc:2468] T 898a7688d2e148b3b7ef857b4616daee P c1aa713fcb304937a9dc955b539e8e9d [term 1 FOLLOWER]: Leader election vote request: Granting yes vote for candidate 5e5c318ec34647c9985d4636bd0b03a8 in term 1.
I20260710 11:06:01.614413  1368 ts_tablet_manager.cc:1434] T e56d42f7b0894d168214468004111f75 P 3533a832201e41f69176cd634417aa37: Time spent starting tablet: real 0.041s	user 0.005s	sys 0.001s
I20260710 11:06:01.614567  1143 leader_election.cc:304] T 898a7688d2e148b3b7ef857b4616daee P 5e5c318ec34647c9985d4636bd0b03a8 [CANDIDATE]: Term 1 election: Election decided. Result: candidate won. Election summary: received 3 responses out of 3 voters: 2 yes votes; 1 no votes. yes voters: 5e5c318ec34647c9985d4636bd0b03a8, c1aa713fcb304937a9dc955b539e8e9d; no voters: 3533a832201e41f69176cd634417aa37
I20260710 11:06:01.615468  1408 raft_consensus.cc:2804] T 898a7688d2e148b3b7ef857b4616daee P 5e5c318ec34647c9985d4636bd0b03a8 [term 1 FOLLOWER]: Leader election won for term 1
I20260710 11:06:01.615510  1367 consensus_queue.cc:260] T 78dfec52dcdc4cd7a38daf4328b9706b P c1aa713fcb304937a9dc955b539e8e9d [NON_LEADER]: Queue going to NON_LEADER mode. State: All replicated index: 0, Majority replicated index: 0, Committed index: 0, Last appended: 0.0, Last appended by leader: 0, Current term: 0, Majority size: -1, State: 0, Mode: NON_LEADER, active raft config: opid_index: -1 OBSOLETE_local: false peers { permanent_uuid: "5e5c318ec34647c9985d4636bd0b03a8" member_type: VOTER last_known_addr { host: "127.31.192.193" port: 37751 } } peers { permanent_uuid: "c1aa713fcb304937a9dc955b539e8e9d" member_type: VOTER last_known_addr { host: "127.31.192.194" port: 45567 } } peers { permanent_uuid: "3533a832201e41f69176cd634417aa37" member_type: VOTER last_known_addr { host: "127.31.192.195" port: 39759 } }
I20260710 11:06:01.616117  1408 raft_consensus.cc:697] T 898a7688d2e148b3b7ef857b4616daee P 5e5c318ec34647c9985d4636bd0b03a8 [term 1 LEADER]: Becoming Leader. State: Replica: 5e5c318ec34647c9985d4636bd0b03a8, State: Running, Role: LEADER
I20260710 11:06:01.615463  1368 tablet_bootstrap.cc:492] T 1be6e8c88f0f4a48b10fe01f0fb57fb1 P 3533a832201e41f69176cd634417aa37: Bootstrap starting.
I20260710 11:06:01.618505  1408 consensus_queue.cc:237] T 898a7688d2e148b3b7ef857b4616daee P 5e5c318ec34647c9985d4636bd0b03a8 [LEADER]: Queue going to LEADER mode. State: All replicated index: 0, Majority replicated index: 0, Committed index: 0, Last appended: 0.0, Last appended by leader: 0, Current term: 1, Majority size: 2, State: 0, Mode: LEADER, active raft config: opid_index: -1 OBSOLETE_local: false peers { permanent_uuid: "5e5c318ec34647c9985d4636bd0b03a8" member_type: VOTER last_known_addr { host: "127.31.192.193" port: 37751 } } peers { permanent_uuid: "c1aa713fcb304937a9dc955b539e8e9d" member_type: VOTER last_known_addr { host: "127.31.192.194" port: 45567 } } peers { permanent_uuid: "3533a832201e41f69176cd634417aa37" member_type: VOTER last_known_addr { host: "127.31.192.195" port: 39759 } }
I20260710 11:06:01.619849  1465 consensus_queue.cc:1048] T 7eca930f46d74982b472c2494ebaf980 P c1aa713fcb304937a9dc955b539e8e9d [LEADER]: Connected to new peer: Peer: permanent_uuid: "5e5c318ec34647c9985d4636bd0b03a8" member_type: VOTER last_known_addr { host: "127.31.192.193" port: 37751 }, Status: LMP_MISMATCH, Last received: 0.0, Next index: 1, Last known committed idx: 0, Time since last communication: 0.000s
I20260710 11:06:01.618427  1073 catalog_manager.cc:5697] T 1be6e8c88f0f4a48b10fe01f0fb57fb1 P c1aa713fcb304937a9dc955b539e8e9d reported cstate change: term changed from 0 to 1, leader changed from <none> to c1aa713fcb304937a9dc955b539e8e9d (127.31.192.194). New cstate: current_term: 1 leader_uuid: "c1aa713fcb304937a9dc955b539e8e9d" committed_config { opid_index: -1 OBSOLETE_local: false peers { permanent_uuid: "5e5c318ec34647c9985d4636bd0b03a8" member_type: VOTER last_known_addr { host: "127.31.192.193" port: 37751 } health_report { overall_health: UNKNOWN } } peers { permanent_uuid: "c1aa713fcb304937a9dc955b539e8e9d" member_type: VOTER last_known_addr { host: "127.31.192.194" port: 45567 } health_report { overall_health: HEALTHY } } peers { permanent_uuid: "3533a832201e41f69176cd634417aa37" member_type: VOTER last_known_addr { host: "127.31.192.195" port: 39759 } health_report { overall_health: UNKNOWN } } }
I20260710 11:06:01.623332  1367 ts_tablet_manager.cc:1434] T 78dfec52dcdc4cd7a38daf4328b9706b P c1aa713fcb304937a9dc955b539e8e9d: Time spent starting tablet: real 0.018s	user 0.007s	sys 0.000s
I20260710 11:06:01.624470  1367 tablet_bootstrap.cc:492] T 41c7e4ee150f4201908e7df0dc209eb1 P c1aa713fcb304937a9dc955b539e8e9d: Bootstrap starting.
I20260710 11:06:01.626374  1504 consensus_queue.cc:1048] T 41c7e4ee150f4201908e7df0dc209eb1 P 5e5c318ec34647c9985d4636bd0b03a8 [LEADER]: Connected to new peer: Peer: permanent_uuid: "3533a832201e41f69176cd634417aa37" member_type: VOTER last_known_addr { host: "127.31.192.195" port: 39759 }, Status: LMP_MISMATCH, Last received: 0.0, Next index: 1, Last known committed idx: 0, Time since last communication: 0.001s
I20260710 11:06:01.634856  1317 raft_consensus.cc:3060] T bb126d0234a1474f98898f8095c78da2 P 3533a832201e41f69176cd634417aa37 [term 0 FOLLOWER]: Advancing to term 1
I20260710 11:06:01.643086  1367 tablet_bootstrap.cc:654] T 41c7e4ee150f4201908e7df0dc209eb1 P c1aa713fcb304937a9dc955b539e8e9d: Neither blocks nor log segments found. Creating new log.
I20260710 11:06:01.656873  1073 catalog_manager.cc:5697] T 898a7688d2e148b3b7ef857b4616daee P 5e5c318ec34647c9985d4636bd0b03a8 reported cstate change: term changed from 0 to 1, leader changed from <none> to 5e5c318ec34647c9985d4636bd0b03a8 (127.31.192.193). New cstate: current_term: 1 leader_uuid: "5e5c318ec34647c9985d4636bd0b03a8" committed_config { opid_index: -1 OBSOLETE_local: false peers { permanent_uuid: "5e5c318ec34647c9985d4636bd0b03a8" member_type: VOTER last_known_addr { host: "127.31.192.193" port: 37751 } health_report { overall_health: HEALTHY } } peers { permanent_uuid: "c1aa713fcb304937a9dc955b539e8e9d" member_type: VOTER last_known_addr { host: "127.31.192.194" port: 45567 } health_report { overall_health: UNKNOWN } } peers { permanent_uuid: "3533a832201e41f69176cd634417aa37" member_type: VOTER last_known_addr { host: "127.31.192.195" port: 39759 } health_report { overall_health: UNKNOWN } } }
I20260710 11:06:01.667903  1368 tablet_bootstrap.cc:654] T 1be6e8c88f0f4a48b10fe01f0fb57fb1 P 3533a832201e41f69176cd634417aa37: Neither blocks nor log segments found. Creating new log.
I20260710 11:06:01.673151  1072 catalog_manager.cc:5697] T 860a4df873b547a0ac929b215eaee27b P c1aa713fcb304937a9dc955b539e8e9d reported cstate change: term changed from 0 to 1, leader changed from <none> to c1aa713fcb304937a9dc955b539e8e9d (127.31.192.194). New cstate: current_term: 1 leader_uuid: "c1aa713fcb304937a9dc955b539e8e9d" committed_config { opid_index: -1 OBSOLETE_local: false peers { permanent_uuid: "5e5c318ec34647c9985d4636bd0b03a8" member_type: VOTER last_known_addr { host: "127.31.192.193" port: 37751 } health_report { overall_health: UNKNOWN } } peers { permanent_uuid: "c1aa713fcb304937a9dc955b539e8e9d" member_type: VOTER last_known_addr { host: "127.31.192.194" port: 45567 } health_report { overall_health: HEALTHY } } peers { permanent_uuid: "3533a832201e41f69176cd634417aa37" member_type: VOTER last_known_addr { host: "127.31.192.195" port: 39759 } health_report { overall_health: UNKNOWN } } }
I20260710 11:06:01.694015  1368 tablet_bootstrap.cc:492] T 1be6e8c88f0f4a48b10fe01f0fb57fb1 P 3533a832201e41f69176cd634417aa37: No bootstrap required, opened a new log
I20260710 11:06:01.695147  1368 ts_tablet_manager.cc:1403] T 1be6e8c88f0f4a48b10fe01f0fb57fb1 P 3533a832201e41f69176cd634417aa37: Time spent bootstrapping tablet: real 0.080s	user 0.018s	sys 0.007s
I20260710 11:06:01.697980  1368 raft_consensus.cc:359] T 1be6e8c88f0f4a48b10fe01f0fb57fb1 P 3533a832201e41f69176cd634417aa37 [term 0 FOLLOWER]: Replica starting. Triggering 0 pending ops. Active config: opid_index: -1 OBSOLETE_local: false peers { permanent_uuid: "5e5c318ec34647c9985d4636bd0b03a8" member_type: VOTER last_known_addr { host: "127.31.192.193" port: 37751 } } peers { permanent_uuid: "c1aa713fcb304937a9dc955b539e8e9d" member_type: VOTER last_known_addr { host: "127.31.192.194" port: 45567 } } peers { permanent_uuid: "3533a832201e41f69176cd634417aa37" member_type: VOTER last_known_addr { host: "127.31.192.195" port: 39759 } }
I20260710 11:06:01.698628  1368 raft_consensus.cc:385] T 1be6e8c88f0f4a48b10fe01f0fb57fb1 P 3533a832201e41f69176cd634417aa37 [term 0 FOLLOWER]: Consensus starting up: Expiring failure detector timer to make a prompt election more likely
I20260710 11:06:01.698884  1368 raft_consensus.cc:740] T 1be6e8c88f0f4a48b10fe01f0fb57fb1 P 3533a832201e41f69176cd634417aa37 [term 0 FOLLOWER]: Becoming Follower/Learner. State: Replica: 3533a832201e41f69176cd634417aa37, State: Initialized, Role: FOLLOWER
I20260710 11:06:01.699488  1368 consensus_queue.cc:260] T 1be6e8c88f0f4a48b10fe01f0fb57fb1 P 3533a832201e41f69176cd634417aa37 [NON_LEADER]: Queue going to NON_LEADER mode. State: All replicated index: 0, Majority replicated index: 0, Committed index: 0, Last appended: 0.0, Last appended by leader: 0, Current term: 0, Majority size: -1, State: 0, Mode: NON_LEADER, active raft config: opid_index: -1 OBSOLETE_local: false peers { permanent_uuid: "5e5c318ec34647c9985d4636bd0b03a8" member_type: VOTER last_known_addr { host: "127.31.192.193" port: 37751 } } peers { permanent_uuid: "c1aa713fcb304937a9dc955b539e8e9d" member_type: VOTER last_known_addr { host: "127.31.192.194" port: 45567 } } peers { permanent_uuid: "3533a832201e41f69176cd634417aa37" member_type: VOTER last_known_addr { host: "127.31.192.195" port: 39759 } }
I20260710 11:06:01.701540  1368 ts_tablet_manager.cc:1434] T 1be6e8c88f0f4a48b10fe01f0fb57fb1 P 3533a832201e41f69176cd634417aa37: Time spent starting tablet: real 0.006s	user 0.006s	sys 0.000s
I20260710 11:06:01.702786  1368 tablet_bootstrap.cc:492] T 860a4df873b547a0ac929b215eaee27b P 3533a832201e41f69176cd634417aa37: Bootstrap starting.
W20260710 11:06:01.702735  1143 consensus_peers.cc:597] T 41c7e4ee150f4201908e7df0dc209eb1 P 5e5c318ec34647c9985d4636bd0b03a8 -> Peer c1aa713fcb304937a9dc955b539e8e9d (127.31.192.194:45567): Couldn't send request to peer c1aa713fcb304937a9dc955b539e8e9d. Error code: TABLET_NOT_RUNNING (12). Status: Illegal state: Tablet not RUNNING: BOOTSTRAPPING. This is attempt 1: this message will repeat every 5th retry.
I20260710 11:06:01.706842  1367 tablet_bootstrap.cc:492] T 41c7e4ee150f4201908e7df0dc209eb1 P c1aa713fcb304937a9dc955b539e8e9d: No bootstrap required, opened a new log
I20260710 11:06:01.707314  1367 ts_tablet_manager.cc:1403] T 41c7e4ee150f4201908e7df0dc209eb1 P c1aa713fcb304937a9dc955b539e8e9d: Time spent bootstrapping tablet: real 0.083s	user 0.003s	sys 0.012s
I20260710 11:06:01.709676  1368 tablet_bootstrap.cc:654] T 860a4df873b547a0ac929b215eaee27b P 3533a832201e41f69176cd634417aa37: Neither blocks nor log segments found. Creating new log.
I20260710 11:06:01.710198  1367 raft_consensus.cc:359] T 41c7e4ee150f4201908e7df0dc209eb1 P c1aa713fcb304937a9dc955b539e8e9d [term 0 FOLLOWER]: Replica starting. Triggering 0 pending ops. Active config: opid_index: -1 OBSOLETE_local: false peers { permanent_uuid: "5e5c318ec34647c9985d4636bd0b03a8" member_type: VOTER last_known_addr { host: "127.31.192.193" port: 37751 } } peers { permanent_uuid: "c1aa713fcb304937a9dc955b539e8e9d" member_type: VOTER last_known_addr { host: "127.31.192.194" port: 45567 } } peers { permanent_uuid: "3533a832201e41f69176cd634417aa37" member_type: VOTER last_known_addr { host: "127.31.192.195" port: 39759 } }
I20260710 11:06:01.710857  1367 raft_consensus.cc:385] T 41c7e4ee150f4201908e7df0dc209eb1 P c1aa713fcb304937a9dc955b539e8e9d [term 0 FOLLOWER]: Consensus starting up: Expiring failure detector timer to make a prompt election more likely
I20260710 11:06:01.711143  1367 raft_consensus.cc:740] T 41c7e4ee150f4201908e7df0dc209eb1 P c1aa713fcb304937a9dc955b539e8e9d [term 0 FOLLOWER]: Becoming Follower/Learner. State: Replica: c1aa713fcb304937a9dc955b539e8e9d, State: Initialized, Role: FOLLOWER
I20260710 11:06:01.712114  1367 consensus_queue.cc:260] T 41c7e4ee150f4201908e7df0dc209eb1 P c1aa713fcb304937a9dc955b539e8e9d [NON_LEADER]: Queue going to NON_LEADER mode. State: All replicated index: 0, Majority replicated index: 0, Committed index: 0, Last appended: 0.0, Last appended by leader: 0, Current term: 0, Majority size: -1, State: 0, Mode: NON_LEADER, active raft config: opid_index: -1 OBSOLETE_local: false peers { permanent_uuid: "5e5c318ec34647c9985d4636bd0b03a8" member_type: VOTER last_known_addr { host: "127.31.192.193" port: 37751 } } peers { permanent_uuid: "c1aa713fcb304937a9dc955b539e8e9d" member_type: VOTER last_known_addr { host: "127.31.192.194" port: 45567 } } peers { permanent_uuid: "3533a832201e41f69176cd634417aa37" member_type: VOTER last_known_addr { host: "127.31.192.195" port: 39759 } }
I20260710 11:06:01.714174  1367 ts_tablet_manager.cc:1434] T 41c7e4ee150f4201908e7df0dc209eb1 P c1aa713fcb304937a9dc955b539e8e9d: Time spent starting tablet: real 0.007s	user 0.003s	sys 0.003s
I20260710 11:06:01.714458  1465 consensus_queue.cc:1048] T 3ae2b36d7df44150aec91c003798044a P c1aa713fcb304937a9dc955b539e8e9d [LEADER]: Connected to new peer: Peer: permanent_uuid: "3533a832201e41f69176cd634417aa37" member_type: VOTER last_known_addr { host: "127.31.192.195" port: 39759 }, Status: LMP_MISMATCH, Last received: 0.0, Next index: 1, Last known committed idx: 0, Time since last communication: 0.000s
I20260710 11:06:01.715744  1367 tablet_bootstrap.cc:492] T e673905b695e4e18abd0a9413be96c14 P c1aa713fcb304937a9dc955b539e8e9d: Bootstrap starting.
I20260710 11:06:01.722680  1367 tablet_bootstrap.cc:654] T e673905b695e4e18abd0a9413be96c14 P c1aa713fcb304937a9dc955b539e8e9d: Neither blocks nor log segments found. Creating new log.
I20260710 11:06:01.724514  1368 tablet_bootstrap.cc:492] T 860a4df873b547a0ac929b215eaee27b P 3533a832201e41f69176cd634417aa37: No bootstrap required, opened a new log
I20260710 11:06:01.725010  1368 ts_tablet_manager.cc:1403] T 860a4df873b547a0ac929b215eaee27b P 3533a832201e41f69176cd634417aa37: Time spent bootstrapping tablet: real 0.022s	user 0.011s	sys 0.000s
I20260710 11:06:01.728819  1368 raft_consensus.cc:359] T 860a4df873b547a0ac929b215eaee27b P 3533a832201e41f69176cd634417aa37 [term 0 FOLLOWER]: Replica starting. Triggering 0 pending ops. Active config: opid_index: -1 OBSOLETE_local: false peers { permanent_uuid: "5e5c318ec34647c9985d4636bd0b03a8" member_type: VOTER last_known_addr { host: "127.31.192.193" port: 37751 } } peers { permanent_uuid: "c1aa713fcb304937a9dc955b539e8e9d" member_type: VOTER last_known_addr { host: "127.31.192.194" port: 45567 } } peers { permanent_uuid: "3533a832201e41f69176cd634417aa37" member_type: VOTER last_known_addr { host: "127.31.192.195" port: 39759 } }
I20260710 11:06:01.729722  1368 raft_consensus.cc:385] T 860a4df873b547a0ac929b215eaee27b P 3533a832201e41f69176cd634417aa37 [term 0 FOLLOWER]: Consensus starting up: Expiring failure detector timer to make a prompt election more likely
I20260710 11:06:01.730057  1368 raft_consensus.cc:740] T 860a4df873b547a0ac929b215eaee27b P 3533a832201e41f69176cd634417aa37 [term 0 FOLLOWER]: Becoming Follower/Learner. State: Replica: 3533a832201e41f69176cd634417aa37, State: Initialized, Role: FOLLOWER
I20260710 11:06:01.731045  1368 consensus_queue.cc:260] T 860a4df873b547a0ac929b215eaee27b P 3533a832201e41f69176cd634417aa37 [NON_LEADER]: Queue going to NON_LEADER mode. State: All replicated index: 0, Majority replicated index: 0, Committed index: 0, Last appended: 0.0, Last appended by leader: 0, Current term: 0, Majority size: -1, State: 0, Mode: NON_LEADER, active raft config: opid_index: -1 OBSOLETE_local: false peers { permanent_uuid: "5e5c318ec34647c9985d4636bd0b03a8" member_type: VOTER last_known_addr { host: "127.31.192.193" port: 37751 } } peers { permanent_uuid: "c1aa713fcb304937a9dc955b539e8e9d" member_type: VOTER last_known_addr { host: "127.31.192.194" port: 45567 } } peers { permanent_uuid: "3533a832201e41f69176cd634417aa37" member_type: VOTER last_known_addr { host: "127.31.192.195" port: 39759 } }
I20260710 11:06:01.733466  1368 ts_tablet_manager.cc:1434] T 860a4df873b547a0ac929b215eaee27b P 3533a832201e41f69176cd634417aa37: Time spent starting tablet: real 0.008s	user 0.007s	sys 0.000s
I20260710 11:06:01.734347  1368 tablet_bootstrap.cc:492] T e673905b695e4e18abd0a9413be96c14 P 3533a832201e41f69176cd634417aa37: Bootstrap starting.
I20260710 11:06:01.734711  1367 tablet_bootstrap.cc:492] T e673905b695e4e18abd0a9413be96c14 P c1aa713fcb304937a9dc955b539e8e9d: No bootstrap required, opened a new log
I20260710 11:06:01.735225  1367 ts_tablet_manager.cc:1403] T e673905b695e4e18abd0a9413be96c14 P c1aa713fcb304937a9dc955b539e8e9d: Time spent bootstrapping tablet: real 0.020s	user 0.009s	sys 0.009s
I20260710 11:06:01.738026  1367 raft_consensus.cc:359] T e673905b695e4e18abd0a9413be96c14 P c1aa713fcb304937a9dc955b539e8e9d [term 0 FOLLOWER]: Replica starting. Triggering 0 pending ops. Active config: opid_index: -1 OBSOLETE_local: false peers { permanent_uuid: "5e5c318ec34647c9985d4636bd0b03a8" member_type: VOTER last_known_addr { host: "127.31.192.193" port: 37751 } } peers { permanent_uuid: "c1aa713fcb304937a9dc955b539e8e9d" member_type: VOTER last_known_addr { host: "127.31.192.194" port: 45567 } } peers { permanent_uuid: "3533a832201e41f69176cd634417aa37" member_type: VOTER last_known_addr { host: "127.31.192.195" port: 39759 } }
I20260710 11:06:01.738867  1367 raft_consensus.cc:385] T e673905b695e4e18abd0a9413be96c14 P c1aa713fcb304937a9dc955b539e8e9d [term 0 FOLLOWER]: Consensus starting up: Expiring failure detector timer to make a prompt election more likely
I20260710 11:06:01.739182  1367 raft_consensus.cc:740] T e673905b695e4e18abd0a9413be96c14 P c1aa713fcb304937a9dc955b539e8e9d [term 0 FOLLOWER]: Becoming Follower/Learner. State: Replica: c1aa713fcb304937a9dc955b539e8e9d, State: Initialized, Role: FOLLOWER
I20260710 11:06:01.740195  1368 tablet_bootstrap.cc:654] T e673905b695e4e18abd0a9413be96c14 P 3533a832201e41f69176cd634417aa37: Neither blocks nor log segments found. Creating new log.
I20260710 11:06:01.739898  1367 consensus_queue.cc:260] T e673905b695e4e18abd0a9413be96c14 P c1aa713fcb304937a9dc955b539e8e9d [NON_LEADER]: Queue going to NON_LEADER mode. State: All replicated index: 0, Majority replicated index: 0, Committed index: 0, Last appended: 0.0, Last appended by leader: 0, Current term: 0, Majority size: -1, State: 0, Mode: NON_LEADER, active raft config: opid_index: -1 OBSOLETE_local: false peers { permanent_uuid: "5e5c318ec34647c9985d4636bd0b03a8" member_type: VOTER last_known_addr { host: "127.31.192.193" port: 37751 } } peers { permanent_uuid: "c1aa713fcb304937a9dc955b539e8e9d" member_type: VOTER last_known_addr { host: "127.31.192.194" port: 45567 } } peers { permanent_uuid: "3533a832201e41f69176cd634417aa37" member_type: VOTER last_known_addr { host: "127.31.192.195" port: 39759 } }
I20260710 11:06:01.742169  1367 ts_tablet_manager.cc:1434] T e673905b695e4e18abd0a9413be96c14 P c1aa713fcb304937a9dc955b539e8e9d: Time spent starting tablet: real 0.007s	user 0.005s	sys 0.000s
I20260710 11:06:01.745527  1368 tablet_bootstrap.cc:492] T e673905b695e4e18abd0a9413be96c14 P 3533a832201e41f69176cd634417aa37: No bootstrap required, opened a new log
I20260710 11:06:01.745954  1368 ts_tablet_manager.cc:1403] T e673905b695e4e18abd0a9413be96c14 P 3533a832201e41f69176cd634417aa37: Time spent bootstrapping tablet: real 0.012s	user 0.007s	sys 0.003s
I20260710 11:06:01.749647  1368 raft_consensus.cc:359] T e673905b695e4e18abd0a9413be96c14 P 3533a832201e41f69176cd634417aa37 [term 0 FOLLOWER]: Replica starting. Triggering 0 pending ops. Active config: opid_index: -1 OBSOLETE_local: false peers { permanent_uuid: "5e5c318ec34647c9985d4636bd0b03a8" member_type: VOTER last_known_addr { host: "127.31.192.193" port: 37751 } } peers { permanent_uuid: "c1aa713fcb304937a9dc955b539e8e9d" member_type: VOTER last_known_addr { host: "127.31.192.194" port: 45567 } } peers { permanent_uuid: "3533a832201e41f69176cd634417aa37" member_type: VOTER last_known_addr { host: "127.31.192.195" port: 39759 } }
I20260710 11:06:01.750336  1368 raft_consensus.cc:385] T e673905b695e4e18abd0a9413be96c14 P 3533a832201e41f69176cd634417aa37 [term 0 FOLLOWER]: Consensus starting up: Expiring failure detector timer to make a prompt election more likely
I20260710 11:06:01.750597  1368 raft_consensus.cc:740] T e673905b695e4e18abd0a9413be96c14 P 3533a832201e41f69176cd634417aa37 [term 0 FOLLOWER]: Becoming Follower/Learner. State: Replica: 3533a832201e41f69176cd634417aa37, State: Initialized, Role: FOLLOWER
I20260710 11:06:01.751240  1368 consensus_queue.cc:260] T e673905b695e4e18abd0a9413be96c14 P 3533a832201e41f69176cd634417aa37 [NON_LEADER]: Queue going to NON_LEADER mode. State: All replicated index: 0, Majority replicated index: 0, Committed index: 0, Last appended: 0.0, Last appended by leader: 0, Current term: 0, Majority size: -1, State: 0, Mode: NON_LEADER, active raft config: opid_index: -1 OBSOLETE_local: false peers { permanent_uuid: "5e5c318ec34647c9985d4636bd0b03a8" member_type: VOTER last_known_addr { host: "127.31.192.193" port: 37751 } } peers { permanent_uuid: "c1aa713fcb304937a9dc955b539e8e9d" member_type: VOTER last_known_addr { host: "127.31.192.194" port: 45567 } } peers { permanent_uuid: "3533a832201e41f69176cd634417aa37" member_type: VOTER last_known_addr { host: "127.31.192.195" port: 39759 } }
I20260710 11:06:01.753465  1368 ts_tablet_manager.cc:1434] T e673905b695e4e18abd0a9413be96c14 P 3533a832201e41f69176cd634417aa37: Time spent starting tablet: real 0.007s	user 0.006s	sys 0.001s
I20260710 11:06:01.754366  1368 tablet_bootstrap.cc:492] T 898a7688d2e148b3b7ef857b4616daee P 3533a832201e41f69176cd634417aa37: Bootstrap starting.
I20260710 11:06:01.760511  1368 tablet_bootstrap.cc:654] T 898a7688d2e148b3b7ef857b4616daee P 3533a832201e41f69176cd634417aa37: Neither blocks nor log segments found. Creating new log.
I20260710 11:06:01.764294  1465 consensus_queue.cc:1048] T 3ae2b36d7df44150aec91c003798044a P c1aa713fcb304937a9dc955b539e8e9d [LEADER]: Connected to new peer: Peer: permanent_uuid: "5e5c318ec34647c9985d4636bd0b03a8" member_type: VOTER last_known_addr { host: "127.31.192.193" port: 37751 }, Status: LMP_MISMATCH, Last received: 0.0, Next index: 1, Last known committed idx: 0, Time since last communication: 0.001s
I20260710 11:06:01.777465  1368 tablet_bootstrap.cc:492] T 898a7688d2e148b3b7ef857b4616daee P 3533a832201e41f69176cd634417aa37: No bootstrap required, opened a new log
I20260710 11:06:01.777932  1368 ts_tablet_manager.cc:1403] T 898a7688d2e148b3b7ef857b4616daee P 3533a832201e41f69176cd634417aa37: Time spent bootstrapping tablet: real 0.024s	user 0.008s	sys 0.006s
I20260710 11:06:01.780804  1368 raft_consensus.cc:359] T 898a7688d2e148b3b7ef857b4616daee P 3533a832201e41f69176cd634417aa37 [term 0 FOLLOWER]: Replica starting. Triggering 0 pending ops. Active config: opid_index: -1 OBSOLETE_local: false peers { permanent_uuid: "5e5c318ec34647c9985d4636bd0b03a8" member_type: VOTER last_known_addr { host: "127.31.192.193" port: 37751 } } peers { permanent_uuid: "c1aa713fcb304937a9dc955b539e8e9d" member_type: VOTER last_known_addr { host: "127.31.192.194" port: 45567 } } peers { permanent_uuid: "3533a832201e41f69176cd634417aa37" member_type: VOTER last_known_addr { host: "127.31.192.195" port: 39759 } }
I20260710 11:06:01.781478  1368 raft_consensus.cc:385] T 898a7688d2e148b3b7ef857b4616daee P 3533a832201e41f69176cd634417aa37 [term 0 FOLLOWER]: Consensus starting up: Expiring failure detector timer to make a prompt election more likely
I20260710 11:06:01.781774  1368 raft_consensus.cc:740] T 898a7688d2e148b3b7ef857b4616daee P 3533a832201e41f69176cd634417aa37 [term 0 FOLLOWER]: Becoming Follower/Learner. State: Replica: 3533a832201e41f69176cd634417aa37, State: Initialized, Role: FOLLOWER
I20260710 11:06:01.782495  1368 consensus_queue.cc:260] T 898a7688d2e148b3b7ef857b4616daee P 3533a832201e41f69176cd634417aa37 [NON_LEADER]: Queue going to NON_LEADER mode. State: All replicated index: 0, Majority replicated index: 0, Committed index: 0, Last appended: 0.0, Last appended by leader: 0, Current term: 0, Majority size: -1, State: 0, Mode: NON_LEADER, active raft config: opid_index: -1 OBSOLETE_local: false peers { permanent_uuid: "5e5c318ec34647c9985d4636bd0b03a8" member_type: VOTER last_known_addr { host: "127.31.192.193" port: 37751 } } peers { permanent_uuid: "c1aa713fcb304937a9dc955b539e8e9d" member_type: VOTER last_known_addr { host: "127.31.192.194" port: 45567 } } peers { permanent_uuid: "3533a832201e41f69176cd634417aa37" member_type: VOTER last_known_addr { host: "127.31.192.195" port: 39759 } }
I20260710 11:06:01.785020  1368 ts_tablet_manager.cc:1434] T 898a7688d2e148b3b7ef857b4616daee P 3533a832201e41f69176cd634417aa37: Time spent starting tablet: real 0.007s	user 0.008s	sys 0.000s
I20260710 11:06:01.787714  1465 raft_consensus.cc:493] T 41c7e4ee150f4201908e7df0dc209eb1 P c1aa713fcb304937a9dc955b539e8e9d [term 0 FOLLOWER]: Starting pre-election (no leader contacted us within the election timeout)
I20260710 11:06:01.788231  1465 raft_consensus.cc:515] T 41c7e4ee150f4201908e7df0dc209eb1 P c1aa713fcb304937a9dc955b539e8e9d [term 0 FOLLOWER]: Starting pre-election with config: opid_index: -1 OBSOLETE_local: false peers { permanent_uuid: "5e5c318ec34647c9985d4636bd0b03a8" member_type: VOTER last_known_addr { host: "127.31.192.193" port: 37751 } } peers { permanent_uuid: "c1aa713fcb304937a9dc955b539e8e9d" member_type: VOTER last_known_addr { host: "127.31.192.194" port: 45567 } } peers { permanent_uuid: "3533a832201e41f69176cd634417aa37" member_type: VOTER last_known_addr { host: "127.31.192.195" port: 39759 } }
I20260710 11:06:01.790211  1465 leader_election.cc:290] T 41c7e4ee150f4201908e7df0dc209eb1 P c1aa713fcb304937a9dc955b539e8e9d [CANDIDATE]: Term 1 pre-election: Requested pre-vote from peers 5e5c318ec34647c9985d4636bd0b03a8 (127.31.192.193:37751), 3533a832201e41f69176cd634417aa37 (127.31.192.195:39759)
I20260710 11:06:01.791555  1321 tablet_service.cc:1917] Received RequestConsensusVote() RPC: tablet_id: "41c7e4ee150f4201908e7df0dc209eb1" candidate_uuid: "c1aa713fcb304937a9dc955b539e8e9d" candidate_term: 1 candidate_status { last_received { term: 0 index: 0 } } ignore_live_leader: false dest_uuid: "3533a832201e41f69176cd634417aa37" is_pre_election: true
I20260710 11:06:01.792131  1168 tablet_service.cc:1917] Received RequestConsensusVote() RPC: tablet_id: "41c7e4ee150f4201908e7df0dc209eb1" candidate_uuid: "c1aa713fcb304937a9dc955b539e8e9d" candidate_term: 1 candidate_status { last_received { term: 0 index: 0 } } ignore_live_leader: false dest_uuid: "5e5c318ec34647c9985d4636bd0b03a8" is_pre_election: true
I20260710 11:06:01.793891  1215 leader_election.cc:304] T 41c7e4ee150f4201908e7df0dc209eb1 P c1aa713fcb304937a9dc955b539e8e9d [CANDIDATE]: Term 1 pre-election: Election decided. Result: candidate lost. Election summary: received 3 responses out of 3 voters: 1 yes votes; 2 no votes. yes voters: c1aa713fcb304937a9dc955b539e8e9d; no voters: 3533a832201e41f69176cd634417aa37, 5e5c318ec34647c9985d4636bd0b03a8
I20260710 11:06:01.794799  1465 raft_consensus.cc:2749] T 41c7e4ee150f4201908e7df0dc209eb1 P c1aa713fcb304937a9dc955b539e8e9d [term 0 FOLLOWER]: Leader pre-election lost for term 1. Reason: could not achieve majority
I20260710 11:06:01.865063  1465 raft_consensus.cc:493] T 78dfec52dcdc4cd7a38daf4328b9706b P c1aa713fcb304937a9dc955b539e8e9d [term 0 FOLLOWER]: Starting pre-election (no leader contacted us within the election timeout)
I20260710 11:06:01.865530  1465 raft_consensus.cc:515] T 78dfec52dcdc4cd7a38daf4328b9706b P c1aa713fcb304937a9dc955b539e8e9d [term 0 FOLLOWER]: Starting pre-election with config: opid_index: -1 OBSOLETE_local: false peers { permanent_uuid: "5e5c318ec34647c9985d4636bd0b03a8" member_type: VOTER last_known_addr { host: "127.31.192.193" port: 37751 } } peers { permanent_uuid: "c1aa713fcb304937a9dc955b539e8e9d" member_type: VOTER last_known_addr { host: "127.31.192.194" port: 45567 } } peers { permanent_uuid: "3533a832201e41f69176cd634417aa37" member_type: VOTER last_known_addr { host: "127.31.192.195" port: 39759 } }
I20260710 11:06:01.867233  1465 leader_election.cc:290] T 78dfec52dcdc4cd7a38daf4328b9706b P c1aa713fcb304937a9dc955b539e8e9d [CANDIDATE]: Term 1 pre-election: Requested pre-vote from peers 5e5c318ec34647c9985d4636bd0b03a8 (127.31.192.193:37751), 3533a832201e41f69176cd634417aa37 (127.31.192.195:39759)
I20260710 11:06:01.868312  1168 tablet_service.cc:1917] Received RequestConsensusVote() RPC: tablet_id: "78dfec52dcdc4cd7a38daf4328b9706b" candidate_uuid: "c1aa713fcb304937a9dc955b539e8e9d" candidate_term: 1 candidate_status { last_received { term: 0 index: 0 } } ignore_live_leader: false dest_uuid: "5e5c318ec34647c9985d4636bd0b03a8" is_pre_election: true
I20260710 11:06:01.868393  1321 tablet_service.cc:1917] Received RequestConsensusVote() RPC: tablet_id: "78dfec52dcdc4cd7a38daf4328b9706b" candidate_uuid: "c1aa713fcb304937a9dc955b539e8e9d" candidate_term: 1 candidate_status { last_received { term: 0 index: 0 } } ignore_live_leader: false dest_uuid: "3533a832201e41f69176cd634417aa37" is_pre_election: true
I20260710 11:06:01.868992  1168 raft_consensus.cc:2393] T 78dfec52dcdc4cd7a38daf4328b9706b P 5e5c318ec34647c9985d4636bd0b03a8 [term 1 FOLLOWER]: Leader pre-election vote request: Denying vote to candidate c1aa713fcb304937a9dc955b539e8e9d in current term 1: Already voted for candidate 3533a832201e41f69176cd634417aa37 in this term.
I20260710 11:06:01.870152  1217 leader_election.cc:304] T 78dfec52dcdc4cd7a38daf4328b9706b P c1aa713fcb304937a9dc955b539e8e9d [CANDIDATE]: Term 1 pre-election: Election decided. Result: candidate lost. Election summary: received 3 responses out of 3 voters: 1 yes votes; 2 no votes. yes voters: c1aa713fcb304937a9dc955b539e8e9d; no voters: 3533a832201e41f69176cd634417aa37, 5e5c318ec34647c9985d4636bd0b03a8
I20260710 11:06:01.871181  1465 raft_consensus.cc:3060] T 78dfec52dcdc4cd7a38daf4328b9706b P c1aa713fcb304937a9dc955b539e8e9d [term 0 FOLLOWER]: Advancing to term 1
I20260710 11:06:01.875926  1465 raft_consensus.cc:2749] T 78dfec52dcdc4cd7a38daf4328b9706b P c1aa713fcb304937a9dc955b539e8e9d [term 1 FOLLOWER]: Leader pre-election lost for term 1. Reason: could not achieve majority
W20260710 11:06:01.895167  1123 auto_rebalancer.cc:288] Could not retrieve cluster info: Service unavailable: Tablet not running
I20260710 11:06:01.904917  1459 raft_consensus.cc:493] T 860a4df873b547a0ac929b215eaee27b P 3533a832201e41f69176cd634417aa37 [term 0 FOLLOWER]: Starting pre-election (no leader contacted us within the election timeout)
I20260710 11:06:01.906286  1459 raft_consensus.cc:515] T 860a4df873b547a0ac929b215eaee27b P 3533a832201e41f69176cd634417aa37 [term 0 FOLLOWER]: Starting pre-election with config: opid_index: -1 OBSOLETE_local: false peers { permanent_uuid: "5e5c318ec34647c9985d4636bd0b03a8" member_type: VOTER last_known_addr { host: "127.31.192.193" port: 37751 } } peers { permanent_uuid: "c1aa713fcb304937a9dc955b539e8e9d" member_type: VOTER last_known_addr { host: "127.31.192.194" port: 45567 } } peers { permanent_uuid: "3533a832201e41f69176cd634417aa37" member_type: VOTER last_known_addr { host: "127.31.192.195" port: 39759 } }
I20260710 11:06:01.908121  1459 leader_election.cc:290] T 860a4df873b547a0ac929b215eaee27b P 3533a832201e41f69176cd634417aa37 [CANDIDATE]: Term 1 pre-election: Requested pre-vote from peers 5e5c318ec34647c9985d4636bd0b03a8 (127.31.192.193:37751), c1aa713fcb304937a9dc955b539e8e9d (127.31.192.194:45567)
I20260710 11:06:01.909075  1168 tablet_service.cc:1917] Received RequestConsensusVote() RPC: tablet_id: "860a4df873b547a0ac929b215eaee27b" candidate_uuid: "3533a832201e41f69176cd634417aa37" candidate_term: 1 candidate_status { last_received { term: 0 index: 0 } } ignore_live_leader: false dest_uuid: "5e5c318ec34647c9985d4636bd0b03a8" is_pre_election: true
I20260710 11:06:01.909286  1243 tablet_service.cc:1917] Received RequestConsensusVote() RPC: tablet_id: "860a4df873b547a0ac929b215eaee27b" candidate_uuid: "3533a832201e41f69176cd634417aa37" candidate_term: 1 candidate_status { last_received { term: 0 index: 0 } } ignore_live_leader: false dest_uuid: "c1aa713fcb304937a9dc955b539e8e9d" is_pre_election: true
I20260710 11:06:01.909725  1168 raft_consensus.cc:2393] T 860a4df873b547a0ac929b215eaee27b P 5e5c318ec34647c9985d4636bd0b03a8 [term 1 FOLLOWER]: Leader pre-election vote request: Denying vote to candidate 3533a832201e41f69176cd634417aa37 in current term 1: Already voted for candidate c1aa713fcb304937a9dc955b539e8e9d in this term.
I20260710 11:06:01.910898  1289 leader_election.cc:304] T 860a4df873b547a0ac929b215eaee27b P 3533a832201e41f69176cd634417aa37 [CANDIDATE]: Term 1 pre-election: Election decided. Result: candidate lost. Election summary: received 3 responses out of 3 voters: 1 yes votes; 2 no votes. yes voters: 3533a832201e41f69176cd634417aa37; no voters: 5e5c318ec34647c9985d4636bd0b03a8, c1aa713fcb304937a9dc955b539e8e9d
I20260710 11:06:01.911616  1459 raft_consensus.cc:3060] T 860a4df873b547a0ac929b215eaee27b P 3533a832201e41f69176cd634417aa37 [term 0 FOLLOWER]: Advancing to term 1
I20260710 11:06:01.919097  1459 raft_consensus.cc:2749] T 860a4df873b547a0ac929b215eaee27b P 3533a832201e41f69176cd634417aa37 [term 1 FOLLOWER]: Leader pre-election lost for term 1. Reason: could not achieve majority
I20260710 11:06:01.928176  1459 raft_consensus.cc:493] T 1be6e8c88f0f4a48b10fe01f0fb57fb1 P 3533a832201e41f69176cd634417aa37 [term 0 FOLLOWER]: Starting pre-election (no leader contacted us within the election timeout)
I20260710 11:06:01.928745  1459 raft_consensus.cc:515] T 1be6e8c88f0f4a48b10fe01f0fb57fb1 P 3533a832201e41f69176cd634417aa37 [term 0 FOLLOWER]: Starting pre-election with config: opid_index: -1 OBSOLETE_local: false peers { permanent_uuid: "5e5c318ec34647c9985d4636bd0b03a8" member_type: VOTER last_known_addr { host: "127.31.192.193" port: 37751 } } peers { permanent_uuid: "c1aa713fcb304937a9dc955b539e8e9d" member_type: VOTER last_known_addr { host: "127.31.192.194" port: 45567 } } peers { permanent_uuid: "3533a832201e41f69176cd634417aa37" member_type: VOTER last_known_addr { host: "127.31.192.195" port: 39759 } }
I20260710 11:06:01.931059  1459 leader_election.cc:290] T 1be6e8c88f0f4a48b10fe01f0fb57fb1 P 3533a832201e41f69176cd634417aa37 [CANDIDATE]: Term 1 pre-election: Requested pre-vote from peers 5e5c318ec34647c9985d4636bd0b03a8 (127.31.192.193:37751), c1aa713fcb304937a9dc955b539e8e9d (127.31.192.194:45567)
I20260710 11:06:01.932286  1243 tablet_service.cc:1917] Received RequestConsensusVote() RPC: tablet_id: "1be6e8c88f0f4a48b10fe01f0fb57fb1" candidate_uuid: "3533a832201e41f69176cd634417aa37" candidate_term: 1 candidate_status { last_received { term: 0 index: 0 } } ignore_live_leader: false dest_uuid: "c1aa713fcb304937a9dc955b539e8e9d" is_pre_election: true
I20260710 11:06:01.934535  1168 tablet_service.cc:1917] Received RequestConsensusVote() RPC: tablet_id: "1be6e8c88f0f4a48b10fe01f0fb57fb1" candidate_uuid: "3533a832201e41f69176cd634417aa37" candidate_term: 1 candidate_status { last_received { term: 0 index: 0 } } ignore_live_leader: false dest_uuid: "5e5c318ec34647c9985d4636bd0b03a8" is_pre_election: true
I20260710 11:06:01.935436  1168 raft_consensus.cc:2393] T 1be6e8c88f0f4a48b10fe01f0fb57fb1 P 5e5c318ec34647c9985d4636bd0b03a8 [term 1 FOLLOWER]: Leader pre-election vote request: Denying vote to candidate 3533a832201e41f69176cd634417aa37 in current term 1: Already voted for candidate c1aa713fcb304937a9dc955b539e8e9d in this term.
I20260710 11:06:01.936770  1289 leader_election.cc:304] T 1be6e8c88f0f4a48b10fe01f0fb57fb1 P 3533a832201e41f69176cd634417aa37 [CANDIDATE]: Term 1 pre-election: Election decided. Result: candidate lost. Election summary: received 3 responses out of 3 voters: 1 yes votes; 2 no votes. yes voters: 3533a832201e41f69176cd634417aa37; no voters: 5e5c318ec34647c9985d4636bd0b03a8, c1aa713fcb304937a9dc955b539e8e9d
I20260710 11:06:01.937659  1459 raft_consensus.cc:3060] T 1be6e8c88f0f4a48b10fe01f0fb57fb1 P 3533a832201e41f69176cd634417aa37 [term 0 FOLLOWER]: Advancing to term 1
I20260710 11:06:01.942394  1459 raft_consensus.cc:2749] T 1be6e8c88f0f4a48b10fe01f0fb57fb1 P 3533a832201e41f69176cd634417aa37 [term 1 FOLLOWER]: Leader pre-election lost for term 1. Reason: could not achieve majority
I20260710 11:06:01.954612  1459 raft_consensus.cc:493] T e56d42f7b0894d168214468004111f75 P 3533a832201e41f69176cd634417aa37 [term 0 FOLLOWER]: Starting pre-election (no leader contacted us within the election timeout)
I20260710 11:06:01.955097  1459 raft_consensus.cc:515] T e56d42f7b0894d168214468004111f75 P 3533a832201e41f69176cd634417aa37 [term 0 FOLLOWER]: Starting pre-election with config: opid_index: -1 OBSOLETE_local: false peers { permanent_uuid: "5e5c318ec34647c9985d4636bd0b03a8" member_type: VOTER last_known_addr { host: "127.31.192.193" port: 37751 } } peers { permanent_uuid: "c1aa713fcb304937a9dc955b539e8e9d" member_type: VOTER last_known_addr { host: "127.31.192.194" port: 45567 } } peers { permanent_uuid: "3533a832201e41f69176cd634417aa37" member_type: VOTER last_known_addr { host: "127.31.192.195" port: 39759 } }
I20260710 11:06:01.957132  1459 leader_election.cc:290] T e56d42f7b0894d168214468004111f75 P 3533a832201e41f69176cd634417aa37 [CANDIDATE]: Term 1 pre-election: Requested pre-vote from peers 5e5c318ec34647c9985d4636bd0b03a8 (127.31.192.193:37751), c1aa713fcb304937a9dc955b539e8e9d (127.31.192.194:45567)
I20260710 11:06:01.958031  1168 tablet_service.cc:1917] Received RequestConsensusVote() RPC: tablet_id: "e56d42f7b0894d168214468004111f75" candidate_uuid: "3533a832201e41f69176cd634417aa37" candidate_term: 1 candidate_status { last_received { term: 0 index: 0 } } ignore_live_leader: false dest_uuid: "5e5c318ec34647c9985d4636bd0b03a8" is_pre_election: true
I20260710 11:06:01.958225  1243 tablet_service.cc:1917] Received RequestConsensusVote() RPC: tablet_id: "e56d42f7b0894d168214468004111f75" candidate_uuid: "3533a832201e41f69176cd634417aa37" candidate_term: 1 candidate_status { last_received { term: 0 index: 0 } } ignore_live_leader: false dest_uuid: "c1aa713fcb304937a9dc955b539e8e9d" is_pre_election: true
I20260710 11:06:01.960211  1292 leader_election.cc:304] T e56d42f7b0894d168214468004111f75 P 3533a832201e41f69176cd634417aa37 [CANDIDATE]: Term 1 pre-election: Election decided. Result: candidate lost. Election summary: received 3 responses out of 3 voters: 1 yes votes; 2 no votes. yes voters: 3533a832201e41f69176cd634417aa37; no voters: 5e5c318ec34647c9985d4636bd0b03a8, c1aa713fcb304937a9dc955b539e8e9d
I20260710 11:06:01.961462  1459 raft_consensus.cc:2749] T e56d42f7b0894d168214468004111f75 P 3533a832201e41f69176cd634417aa37 [term 0 FOLLOWER]: Leader pre-election lost for term 1. Reason: could not achieve majority
I20260710 11:06:01.962998  1459 consensus_queue.cc:1048] T 78dfec52dcdc4cd7a38daf4328b9706b P 3533a832201e41f69176cd634417aa37 [LEADER]: Connected to new peer: Peer: permanent_uuid: "5e5c318ec34647c9985d4636bd0b03a8" member_type: VOTER last_known_addr { host: "127.31.192.193" port: 37751 }, Status: LMP_MISMATCH, Last received: 0.0, Next index: 1, Last known committed idx: 0, Time since last communication: 0.000s
I20260710 11:06:01.974416  1461 consensus_queue.cc:1048] T 78dfec52dcdc4cd7a38daf4328b9706b P 3533a832201e41f69176cd634417aa37 [LEADER]: Connected to new peer: Peer: permanent_uuid: "c1aa713fcb304937a9dc955b539e8e9d" member_type: VOTER last_known_addr { host: "127.31.192.194" port: 45567 }, Status: LMP_MISMATCH, Last received: 0.0, Next index: 1, Last known committed idx: 0, Time since last communication: 0.000s
I20260710 11:06:02.009207  1465 consensus_queue.cc:1048] T 1be6e8c88f0f4a48b10fe01f0fb57fb1 P c1aa713fcb304937a9dc955b539e8e9d [LEADER]: Connected to new peer: Peer: permanent_uuid: "5e5c318ec34647c9985d4636bd0b03a8" member_type: VOTER last_known_addr { host: "127.31.192.193" port: 37751 }, Status: LMP_MISMATCH, Last received: 0.0, Next index: 1, Last known committed idx: 0, Time since last communication: 0.000s
I20260710 11:06:02.021998  1465 consensus_queue.cc:1048] T 1be6e8c88f0f4a48b10fe01f0fb57fb1 P c1aa713fcb304937a9dc955b539e8e9d [LEADER]: Connected to new peer: Peer: permanent_uuid: "3533a832201e41f69176cd634417aa37" member_type: VOTER last_known_addr { host: "127.31.192.195" port: 39759 }, Status: LMP_MISMATCH, Last received: 0.0, Next index: 1, Last known committed idx: 0, Time since last communication: 0.003s
I20260710 11:06:02.027011  1496 raft_consensus.cc:493] T e673905b695e4e18abd0a9413be96c14 P 3533a832201e41f69176cd634417aa37 [term 0 FOLLOWER]: Starting pre-election (no leader contacted us within the election timeout)
