I20260710 11:05:44.213456 15212 raft_consensus.cc:493] T c0b8fbed8edd4d7cb1964345fca49540 P 391a89191e2043c19696c84edc0792c5 [term 0 FOLLOWER]: Starting pre-election (no leader contacted us within the election timeout)
I20260710 11:05:44.213994 15207 raft_consensus.cc:359] T c969a8880057402bbc02ed47e46040f3 P 8f7e91f9f2634f5cac73b99889e700e7 [term 0 FOLLOWER]: Replica starting. Triggering 0 pending ops. Active config: opid_index: -1 OBSOLETE_local: false peers { permanent_uuid: "865dfb9c37df4359b6c27ed9eb227399" member_type: VOTER last_known_addr { host: "127.14.12.129" port: 41193 } } peers { permanent_uuid: "391a89191e2043c19696c84edc0792c5" member_type: VOTER last_known_addr { host: "127.14.12.130" port: 39609 } } peers { permanent_uuid: "8f7e91f9f2634f5cac73b99889e700e7" member_type: VOTER last_known_addr { host: "127.14.12.131" port: 39807 } }
I20260710 11:05:44.214674 15207 raft_consensus.cc:385] T c969a8880057402bbc02ed47e46040f3 P 8f7e91f9f2634f5cac73b99889e700e7 [term 0 FOLLOWER]: Consensus starting up: Expiring failure detector timer to make a prompt election more likely
I20260710 11:05:44.214315 15212 raft_consensus.cc:515] T c0b8fbed8edd4d7cb1964345fca49540 P 391a89191e2043c19696c84edc0792c5 [term 0 FOLLOWER]: Starting pre-election with config: opid_index: -1 OBSOLETE_local: false peers { permanent_uuid: "865dfb9c37df4359b6c27ed9eb227399" member_type: VOTER last_known_addr { host: "127.14.12.129" port: 41193 } } peers { permanent_uuid: "391a89191e2043c19696c84edc0792c5" member_type: VOTER last_known_addr { host: "127.14.12.130" port: 39609 } } peers { permanent_uuid: "8f7e91f9f2634f5cac73b99889e700e7" member_type: VOTER last_known_addr { host: "127.14.12.131" port: 39807 } }
I20260710 11:05:44.214977 15207 raft_consensus.cc:740] T c969a8880057402bbc02ed47e46040f3 P 8f7e91f9f2634f5cac73b99889e700e7 [term 0 FOLLOWER]: Becoming Follower/Learner. State: Replica: 8f7e91f9f2634f5cac73b99889e700e7, State: Initialized, Role: FOLLOWER
I20260710 11:05:44.216030 15207 consensus_queue.cc:260] T c969a8880057402bbc02ed47e46040f3 P 8f7e91f9f2634f5cac73b99889e700e7 [NON_LEADER]: Queue going to NON_LEADER mode. State: All replicated index: 0, Majority replicated index: 0, Committed index: 0, Last appended: 0.0, Last appended by leader: 0, Current term: 0, Majority size: -1, State: 0, Mode: NON_LEADER, active raft config: opid_index: -1 OBSOLETE_local: false peers { permanent_uuid: "865dfb9c37df4359b6c27ed9eb227399" member_type: VOTER last_known_addr { host: "127.14.12.129" port: 41193 } } peers { permanent_uuid: "391a89191e2043c19696c84edc0792c5" member_type: VOTER last_known_addr { host: "127.14.12.130" port: 39609 } } peers { permanent_uuid: "8f7e91f9f2634f5cac73b99889e700e7" member_type: VOTER last_known_addr { host: "127.14.12.131" port: 39807 } }
I20260710 11:05:44.219029 15212 leader_election.cc:290] T c0b8fbed8edd4d7cb1964345fca49540 P 391a89191e2043c19696c84edc0792c5 [CANDIDATE]: Term 1 pre-election: Requested pre-vote from peers 865dfb9c37df4359b6c27ed9eb227399 (127.14.12.129:41193), 8f7e91f9f2634f5cac73b99889e700e7 (127.14.12.131:39807)
I20260710 11:05:44.224895 15206 tablet_bootstrap.cc:654] T c969a8880057402bbc02ed47e46040f3 P 391a89191e2043c19696c84edc0792c5: Neither blocks nor log segments found. Creating new log.
I20260710 11:05:44.229902 15017 tablet_service.cc:1917] Received RequestConsensusVote() RPC: tablet_id: "c0b8fbed8edd4d7cb1964345fca49540" candidate_uuid: "391a89191e2043c19696c84edc0792c5" candidate_term: 1 candidate_status { last_received { term: 0 index: 0 } } ignore_live_leader: false dest_uuid: "865dfb9c37df4359b6c27ed9eb227399" is_pre_election: true
W20260710 11:05:44.231539 15058 leader_election.cc:343] T c0b8fbed8edd4d7cb1964345fca49540 P 391a89191e2043c19696c84edc0792c5 [CANDIDATE]: Term 1 pre-election: Tablet error from VoteRequest() call to peer 865dfb9c37df4359b6c27ed9eb227399 (127.14.12.129:41193): Illegal state: must be running to vote when last-logged opid is not known
I20260710 11:05:44.232374 15207 ts_tablet_manager.cc:1434] T c969a8880057402bbc02ed47e46040f3 P 8f7e91f9f2634f5cac73b99889e700e7: Time spent starting tablet: real 0.021s	user 0.005s	sys 0.001s
I20260710 11:05:44.233234 15207 tablet_bootstrap.cc:492] T 70b58db5450c41a98b66b32e5cc22d2f P 8f7e91f9f2634f5cac73b99889e700e7: Bootstrap starting.
I20260710 11:05:44.242369 15207 tablet_bootstrap.cc:654] T 70b58db5450c41a98b66b32e5cc22d2f P 8f7e91f9f2634f5cac73b99889e700e7: Neither blocks nor log segments found. Creating new log.
I20260710 11:05:44.247659 15206 tablet_bootstrap.cc:492] T c969a8880057402bbc02ed47e46040f3 P 391a89191e2043c19696c84edc0792c5: No bootstrap required, opened a new log
I20260710 11:05:44.248180 15206 ts_tablet_manager.cc:1403] T c969a8880057402bbc02ed47e46040f3 P 391a89191e2043c19696c84edc0792c5: Time spent bootstrapping tablet: real 0.038s	user 0.026s	sys 0.004s
I20260710 11:05:44.249531 15207 tablet_bootstrap.cc:492] T 70b58db5450c41a98b66b32e5cc22d2f P 8f7e91f9f2634f5cac73b99889e700e7: No bootstrap required, opened a new log
I20260710 11:05:44.249969 15207 ts_tablet_manager.cc:1403] T 70b58db5450c41a98b66b32e5cc22d2f P 8f7e91f9f2634f5cac73b99889e700e7: Time spent bootstrapping tablet: real 0.017s	user 0.009s	sys 0.001s
I20260710 11:05:44.251647 15206 raft_consensus.cc:359] T c969a8880057402bbc02ed47e46040f3 P 391a89191e2043c19696c84edc0792c5 [term 0 FOLLOWER]: Replica starting. Triggering 0 pending ops. Active config: opid_index: -1 OBSOLETE_local: false peers { permanent_uuid: "865dfb9c37df4359b6c27ed9eb227399" member_type: VOTER last_known_addr { host: "127.14.12.129" port: 41193 } } peers { permanent_uuid: "391a89191e2043c19696c84edc0792c5" member_type: VOTER last_known_addr { host: "127.14.12.130" port: 39609 } } peers { permanent_uuid: "8f7e91f9f2634f5cac73b99889e700e7" member_type: VOTER last_known_addr { host: "127.14.12.131" port: 39807 } }
I20260710 11:05:44.252375 15207 raft_consensus.cc:359] T 70b58db5450c41a98b66b32e5cc22d2f P 8f7e91f9f2634f5cac73b99889e700e7 [term 0 FOLLOWER]: Replica starting. Triggering 0 pending ops. Active config: opid_index: -1 OBSOLETE_local: false peers { permanent_uuid: "865dfb9c37df4359b6c27ed9eb227399" member_type: VOTER last_known_addr { host: "127.14.12.129" port: 41193 } } peers { permanent_uuid: "391a89191e2043c19696c84edc0792c5" member_type: VOTER last_known_addr { host: "127.14.12.130" port: 39609 } } peers { permanent_uuid: "8f7e91f9f2634f5cac73b99889e700e7" member_type: VOTER last_known_addr { host: "127.14.12.131" port: 39807 } }
I20260710 11:05:44.252596 15206 raft_consensus.cc:385] T c969a8880057402bbc02ed47e46040f3 P 391a89191e2043c19696c84edc0792c5 [term 0 FOLLOWER]: Consensus starting up: Expiring failure detector timer to make a prompt election more likely
I20260710 11:05:44.253111 15206 raft_consensus.cc:740] T c969a8880057402bbc02ed47e46040f3 P 391a89191e2043c19696c84edc0792c5 [term 0 FOLLOWER]: Becoming Follower/Learner. State: Replica: 391a89191e2043c19696c84edc0792c5, State: Initialized, Role: FOLLOWER
I20260710 11:05:44.253060 15207 raft_consensus.cc:385] T 70b58db5450c41a98b66b32e5cc22d2f P 8f7e91f9f2634f5cac73b99889e700e7 [term 0 FOLLOWER]: Consensus starting up: Expiring failure detector timer to make a prompt election more likely
I20260710 11:05:44.253635 15207 raft_consensus.cc:740] T 70b58db5450c41a98b66b32e5cc22d2f P 8f7e91f9f2634f5cac73b99889e700e7 [term 0 FOLLOWER]: Becoming Follower/Learner. State: Replica: 8f7e91f9f2634f5cac73b99889e700e7, State: Initialized, Role: FOLLOWER
I20260710 11:05:44.254153 15206 consensus_queue.cc:260] T c969a8880057402bbc02ed47e46040f3 P 391a89191e2043c19696c84edc0792c5 [NON_LEADER]: Queue going to NON_LEADER mode. State: All replicated index: 0, Majority replicated index: 0, Committed index: 0, Last appended: 0.0, Last appended by leader: 0, Current term: 0, Majority size: -1, State: 0, Mode: NON_LEADER, active raft config: opid_index: -1 OBSOLETE_local: false peers { permanent_uuid: "865dfb9c37df4359b6c27ed9eb227399" member_type: VOTER last_known_addr { host: "127.14.12.129" port: 41193 } } peers { permanent_uuid: "391a89191e2043c19696c84edc0792c5" member_type: VOTER last_known_addr { host: "127.14.12.130" port: 39609 } } peers { permanent_uuid: "8f7e91f9f2634f5cac73b99889e700e7" member_type: VOTER last_known_addr { host: "127.14.12.131" port: 39807 } }
I20260710 11:05:44.254344 15207 consensus_queue.cc:260] T 70b58db5450c41a98b66b32e5cc22d2f P 8f7e91f9f2634f5cac73b99889e700e7 [NON_LEADER]: Queue going to NON_LEADER mode. State: All replicated index: 0, Majority replicated index: 0, Committed index: 0, Last appended: 0.0, Last appended by leader: 0, Current term: 0, Majority size: -1, State: 0, Mode: NON_LEADER, active raft config: opid_index: -1 OBSOLETE_local: false peers { permanent_uuid: "865dfb9c37df4359b6c27ed9eb227399" member_type: VOTER last_known_addr { host: "127.14.12.129" port: 41193 } } peers { permanent_uuid: "391a89191e2043c19696c84edc0792c5" member_type: VOTER last_known_addr { host: "127.14.12.130" port: 39609 } } peers { permanent_uuid: "8f7e91f9f2634f5cac73b99889e700e7" member_type: VOTER last_known_addr { host: "127.14.12.131" port: 39807 } }
I20260710 11:05:44.255264 15208 tablet_bootstrap.cc:492] T 152d764b77ce4f99b27878c10ceeeec2 P 865dfb9c37df4359b6c27ed9eb227399: No bootstrap required, opened a new log
I20260710 11:05:44.255753 15208 ts_tablet_manager.cc:1403] T 152d764b77ce4f99b27878c10ceeeec2 P 865dfb9c37df4359b6c27ed9eb227399: Time spent bootstrapping tablet: real 0.056s	user 0.013s	sys 0.008s
I20260710 11:05:44.256496 15206 ts_tablet_manager.cc:1434] T c969a8880057402bbc02ed47e46040f3 P 391a89191e2043c19696c84edc0792c5: Time spent starting tablet: real 0.008s	user 0.005s	sys 0.004s
I20260710 11:05:44.257553 15206 tablet_bootstrap.cc:492] T b47de2c8849e4256909d87c055de1a82 P 391a89191e2043c19696c84edc0792c5: Bootstrap starting.
I20260710 11:05:44.261962 15166 tablet_service.cc:1917] Received RequestConsensusVote() RPC: tablet_id: "c0b8fbed8edd4d7cb1964345fca49540" candidate_uuid: "391a89191e2043c19696c84edc0792c5" candidate_term: 1 candidate_status { last_received { term: 0 index: 0 } } ignore_live_leader: false dest_uuid: "8f7e91f9f2634f5cac73b99889e700e7" is_pre_election: true
I20260710 11:05:44.262820 15207 ts_tablet_manager.cc:1434] T 70b58db5450c41a98b66b32e5cc22d2f P 8f7e91f9f2634f5cac73b99889e700e7: Time spent starting tablet: real 0.013s	user 0.007s	sys 0.000s
W20260710 11:05:44.263850 15056 leader_election.cc:343] T c0b8fbed8edd4d7cb1964345fca49540 P 391a89191e2043c19696c84edc0792c5 [CANDIDATE]: Term 1 pre-election: Tablet error from VoteRequest() call to peer 8f7e91f9f2634f5cac73b99889e700e7 (127.14.12.131:39807): Illegal state: must be running to vote when last-logged opid is not known
I20260710 11:05:44.264380 15206 tablet_bootstrap.cc:654] T b47de2c8849e4256909d87c055de1a82 P 391a89191e2043c19696c84edc0792c5: Neither blocks nor log segments found. Creating new log.
I20260710 11:05:44.264411 15056 leader_election.cc:304] T c0b8fbed8edd4d7cb1964345fca49540 P 391a89191e2043c19696c84edc0792c5 [CANDIDATE]: Term 1 pre-election: Election decided. Result: candidate lost. Election summary: received 3 responses out of 3 voters: 1 yes votes; 2 no votes. yes voters: 391a89191e2043c19696c84edc0792c5; no voters: 865dfb9c37df4359b6c27ed9eb227399, 8f7e91f9f2634f5cac73b99889e700e7
I20260710 11:05:44.265547 15212 raft_consensus.cc:2749] T c0b8fbed8edd4d7cb1964345fca49540 P 391a89191e2043c19696c84edc0792c5 [term 0 FOLLOWER]: Leader pre-election lost for term 1. Reason: could not achieve majority
I20260710 11:05:44.258787 15208 raft_consensus.cc:359] T 152d764b77ce4f99b27878c10ceeeec2 P 865dfb9c37df4359b6c27ed9eb227399 [term 0 FOLLOWER]: Replica starting. Triggering 0 pending ops. Active config: opid_index: -1 OBSOLETE_local: false peers { permanent_uuid: "865dfb9c37df4359b6c27ed9eb227399" member_type: VOTER last_known_addr { host: "127.14.12.129" port: 41193 } } peers { permanent_uuid: "391a89191e2043c19696c84edc0792c5" member_type: VOTER last_known_addr { host: "127.14.12.130" port: 39609 } } peers { permanent_uuid: "8f7e91f9f2634f5cac73b99889e700e7" member_type: VOTER last_known_addr { host: "127.14.12.131" port: 39807 } }
I20260710 11:05:44.267019 15207 tablet_bootstrap.cc:492] T c0b8fbed8edd4d7cb1964345fca49540 P 8f7e91f9f2634f5cac73b99889e700e7: Bootstrap starting.
I20260710 11:05:44.267071 15208 raft_consensus.cc:385] T 152d764b77ce4f99b27878c10ceeeec2 P 865dfb9c37df4359b6c27ed9eb227399 [term 0 FOLLOWER]: Consensus starting up: Expiring failure detector timer to make a prompt election more likely
I20260710 11:05:44.267544 15208 raft_consensus.cc:740] T 152d764b77ce4f99b27878c10ceeeec2 P 865dfb9c37df4359b6c27ed9eb227399 [term 0 FOLLOWER]: Becoming Follower/Learner. State: Replica: 865dfb9c37df4359b6c27ed9eb227399, State: Initialized, Role: FOLLOWER
I20260710 11:05:44.268410 15208 consensus_queue.cc:260] T 152d764b77ce4f99b27878c10ceeeec2 P 865dfb9c37df4359b6c27ed9eb227399 [NON_LEADER]: Queue going to NON_LEADER mode. State: All replicated index: 0, Majority replicated index: 0, Committed index: 0, Last appended: 0.0, Last appended by leader: 0, Current term: 0, Majority size: -1, State: 0, Mode: NON_LEADER, active raft config: opid_index: -1 OBSOLETE_local: false peers { permanent_uuid: "865dfb9c37df4359b6c27ed9eb227399" member_type: VOTER last_known_addr { host: "127.14.12.129" port: 41193 } } peers { permanent_uuid: "391a89191e2043c19696c84edc0792c5" member_type: VOTER last_known_addr { host: "127.14.12.130" port: 39609 } } peers { permanent_uuid: "8f7e91f9f2634f5cac73b99889e700e7" member_type: VOTER last_known_addr { host: "127.14.12.131" port: 39807 } }
I20260710 11:05:44.274241 15206 tablet_bootstrap.cc:492] T b47de2c8849e4256909d87c055de1a82 P 391a89191e2043c19696c84edc0792c5: No bootstrap required, opened a new log
I20260710 11:05:44.274726 15206 ts_tablet_manager.cc:1403] T b47de2c8849e4256909d87c055de1a82 P 391a89191e2043c19696c84edc0792c5: Time spent bootstrapping tablet: real 0.017s	user 0.012s	sys 0.004s
I20260710 11:05:44.274739 15207 tablet_bootstrap.cc:654] T c0b8fbed8edd4d7cb1964345fca49540 P 8f7e91f9f2634f5cac73b99889e700e7: Neither blocks nor log segments found. Creating new log.
I20260710 11:05:44.275523 15208 ts_tablet_manager.cc:1434] T 152d764b77ce4f99b27878c10ceeeec2 P 865dfb9c37df4359b6c27ed9eb227399: Time spent starting tablet: real 0.019s	user 0.007s	sys 0.001s
I20260710 11:05:44.276518 15208 tablet_bootstrap.cc:492] T 70b58db5450c41a98b66b32e5cc22d2f P 865dfb9c37df4359b6c27ed9eb227399: Bootstrap starting.
I20260710 11:05:44.278043 15206 raft_consensus.cc:359] T b47de2c8849e4256909d87c055de1a82 P 391a89191e2043c19696c84edc0792c5 [term 0 FOLLOWER]: Replica starting. Triggering 0 pending ops. Active config: opid_index: -1 OBSOLETE_local: false peers { permanent_uuid: "8f7e91f9f2634f5cac73b99889e700e7" member_type: VOTER last_known_addr { host: "127.14.12.131" port: 39807 } } peers { permanent_uuid: "865dfb9c37df4359b6c27ed9eb227399" member_type: VOTER last_known_addr { host: "127.14.12.129" port: 41193 } } peers { permanent_uuid: "391a89191e2043c19696c84edc0792c5" member_type: VOTER last_known_addr { host: "127.14.12.130" port: 39609 } }
I20260710 11:05:44.279021 15206 raft_consensus.cc:385] T b47de2c8849e4256909d87c055de1a82 P 391a89191e2043c19696c84edc0792c5 [term 0 FOLLOWER]: Consensus starting up: Expiring failure detector timer to make a prompt election more likely
I20260710 11:05:44.279484 15206 raft_consensus.cc:740] T b47de2c8849e4256909d87c055de1a82 P 391a89191e2043c19696c84edc0792c5 [term 0 FOLLOWER]: Becoming Follower/Learner. State: Replica: 391a89191e2043c19696c84edc0792c5, State: Initialized, Role: FOLLOWER
I20260710 11:05:44.280580 15206 consensus_queue.cc:260] T b47de2c8849e4256909d87c055de1a82 P 391a89191e2043c19696c84edc0792c5 [NON_LEADER]: Queue going to NON_LEADER mode. State: All replicated index: 0, Majority replicated index: 0, Committed index: 0, Last appended: 0.0, Last appended by leader: 0, Current term: 0, Majority size: -1, State: 0, Mode: NON_LEADER, active raft config: opid_index: -1 OBSOLETE_local: false peers { permanent_uuid: "8f7e91f9f2634f5cac73b99889e700e7" member_type: VOTER last_known_addr { host: "127.14.12.131" port: 39807 } } peers { permanent_uuid: "865dfb9c37df4359b6c27ed9eb227399" member_type: VOTER last_known_addr { host: "127.14.12.129" port: 41193 } } peers { permanent_uuid: "391a89191e2043c19696c84edc0792c5" member_type: VOTER last_known_addr { host: "127.14.12.130" port: 39609 } }
I20260710 11:05:44.283609 15208 tablet_bootstrap.cc:654] T 70b58db5450c41a98b66b32e5cc22d2f P 865dfb9c37df4359b6c27ed9eb227399: Neither blocks nor log segments found. Creating new log.
I20260710 11:05:44.286177 15206 ts_tablet_manager.cc:1434] T b47de2c8849e4256909d87c055de1a82 P 391a89191e2043c19696c84edc0792c5: Time spent starting tablet: real 0.011s	user 0.003s	sys 0.003s
I20260710 11:05:44.286185 15207 tablet_bootstrap.cc:492] T c0b8fbed8edd4d7cb1964345fca49540 P 8f7e91f9f2634f5cac73b99889e700e7: No bootstrap required, opened a new log
I20260710 11:05:44.286818 15207 ts_tablet_manager.cc:1403] T c0b8fbed8edd4d7cb1964345fca49540 P 8f7e91f9f2634f5cac73b99889e700e7: Time spent bootstrapping tablet: real 0.020s	user 0.015s	sys 0.003s
I20260710 11:05:44.287388 15206 tablet_bootstrap.cc:492] T 70b58db5450c41a98b66b32e5cc22d2f P 391a89191e2043c19696c84edc0792c5: Bootstrap starting.
I20260710 11:05:44.289702 15207 raft_consensus.cc:359] T c0b8fbed8edd4d7cb1964345fca49540 P 8f7e91f9f2634f5cac73b99889e700e7 [term 0 FOLLOWER]: Replica starting. Triggering 0 pending ops. Active config: opid_index: -1 OBSOLETE_local: false peers { permanent_uuid: "865dfb9c37df4359b6c27ed9eb227399" member_type: VOTER last_known_addr { host: "127.14.12.129" port: 41193 } } peers { permanent_uuid: "391a89191e2043c19696c84edc0792c5" member_type: VOTER last_known_addr { host: "127.14.12.130" port: 39609 } } peers { permanent_uuid: "8f7e91f9f2634f5cac73b99889e700e7" member_type: VOTER last_known_addr { host: "127.14.12.131" port: 39807 } }
I20260710 11:05:44.290359 15207 raft_consensus.cc:385] T c0b8fbed8edd4d7cb1964345fca49540 P 8f7e91f9f2634f5cac73b99889e700e7 [term 0 FOLLOWER]: Consensus starting up: Expiring failure detector timer to make a prompt election more likely
I20260710 11:05:44.290652 15207 raft_consensus.cc:740] T c0b8fbed8edd4d7cb1964345fca49540 P 8f7e91f9f2634f5cac73b99889e700e7 [term 0 FOLLOWER]: Becoming Follower/Learner. State: Replica: 8f7e91f9f2634f5cac73b99889e700e7, State: Initialized, Role: FOLLOWER
I20260710 11:05:44.286600 15212 raft_consensus.cc:493] T c969a8880057402bbc02ed47e46040f3 P 391a89191e2043c19696c84edc0792c5 [term 0 FOLLOWER]: Starting pre-election (no leader contacted us within the election timeout)
I20260710 11:05:44.291505 15212 raft_consensus.cc:515] T c969a8880057402bbc02ed47e46040f3 P 391a89191e2043c19696c84edc0792c5 [term 0 FOLLOWER]: Starting pre-election with config: opid_index: -1 OBSOLETE_local: false peers { permanent_uuid: "865dfb9c37df4359b6c27ed9eb227399" member_type: VOTER last_known_addr { host: "127.14.12.129" port: 41193 } } peers { permanent_uuid: "391a89191e2043c19696c84edc0792c5" member_type: VOTER last_known_addr { host: "127.14.12.130" port: 39609 } } peers { permanent_uuid: "8f7e91f9f2634f5cac73b99889e700e7" member_type: VOTER last_known_addr { host: "127.14.12.131" port: 39807 } }
I20260710 11:05:44.293546 15212 leader_election.cc:290] T c969a8880057402bbc02ed47e46040f3 P 391a89191e2043c19696c84edc0792c5 [CANDIDATE]: Term 1 pre-election: Requested pre-vote from peers 865dfb9c37df4359b6c27ed9eb227399 (127.14.12.129:41193), 8f7e91f9f2634f5cac73b99889e700e7 (127.14.12.131:39807)
I20260710 11:05:44.294319 15206 tablet_bootstrap.cc:654] T 70b58db5450c41a98b66b32e5cc22d2f P 391a89191e2043c19696c84edc0792c5: Neither blocks nor log segments found. Creating new log.
I20260710 11:05:44.294679 15166 tablet_service.cc:1917] Received RequestConsensusVote() RPC: tablet_id: "c969a8880057402bbc02ed47e46040f3" candidate_uuid: "391a89191e2043c19696c84edc0792c5" candidate_term: 1 candidate_status { last_received { term: 0 index: 0 } } ignore_live_leader: false dest_uuid: "8f7e91f9f2634f5cac73b99889e700e7" is_pre_election: true
I20260710 11:05:44.294981 15017 tablet_service.cc:1917] Received RequestConsensusVote() RPC: tablet_id: "c969a8880057402bbc02ed47e46040f3" candidate_uuid: "391a89191e2043c19696c84edc0792c5" candidate_term: 1 candidate_status { last_received { term: 0 index: 0 } } ignore_live_leader: false dest_uuid: "865dfb9c37df4359b6c27ed9eb227399" is_pre_election: true
I20260710 11:05:44.294945 15207 consensus_queue.cc:260] T c0b8fbed8edd4d7cb1964345fca49540 P 8f7e91f9f2634f5cac73b99889e700e7 [NON_LEADER]: Queue going to NON_LEADER mode. State: All replicated index: 0, Majority replicated index: 0, Committed index: 0, Last appended: 0.0, Last appended by leader: 0, Current term: 0, Majority size: -1, State: 0, Mode: NON_LEADER, active raft config: opid_index: -1 OBSOLETE_local: false peers { permanent_uuid: "865dfb9c37df4359b6c27ed9eb227399" member_type: VOTER last_known_addr { host: "127.14.12.129" port: 41193 } } peers { permanent_uuid: "391a89191e2043c19696c84edc0792c5" member_type: VOTER last_known_addr { host: "127.14.12.130" port: 39609 } } peers { permanent_uuid: "8f7e91f9f2634f5cac73b99889e700e7" member_type: VOTER last_known_addr { host: "127.14.12.131" port: 39807 } }
I20260710 11:05:44.295374 15166 raft_consensus.cc:2468] T c969a8880057402bbc02ed47e46040f3 P 8f7e91f9f2634f5cac73b99889e700e7 [term 0 FOLLOWER]: Leader pre-election vote request: Granting yes vote for candidate 391a89191e2043c19696c84edc0792c5 in term 0.
W20260710 11:05:44.296458 15058 leader_election.cc:343] T c969a8880057402bbc02ed47e46040f3 P 391a89191e2043c19696c84edc0792c5 [CANDIDATE]: Term 1 pre-election: Tablet error from VoteRequest() call to peer 865dfb9c37df4359b6c27ed9eb227399 (127.14.12.129:41193): Illegal state: must be running to vote when last-logged opid is not known
I20260710 11:05:44.297020 15056 leader_election.cc:304] T c969a8880057402bbc02ed47e46040f3 P 391a89191e2043c19696c84edc0792c5 [CANDIDATE]: Term 1 pre-election: Election decided. Result: candidate won. Election summary: received 3 responses out of 3 voters: 2 yes votes; 1 no votes. yes voters: 391a89191e2043c19696c84edc0792c5, 8f7e91f9f2634f5cac73b99889e700e7; no voters: 865dfb9c37df4359b6c27ed9eb227399
I20260710 11:05:44.298179 15212 raft_consensus.cc:2804] T c969a8880057402bbc02ed47e46040f3 P 391a89191e2043c19696c84edc0792c5 [term 0 FOLLOWER]: Leader pre-election won for term 1
I20260710 11:05:44.298593 15212 raft_consensus.cc:493] T c969a8880057402bbc02ed47e46040f3 P 391a89191e2043c19696c84edc0792c5 [term 0 FOLLOWER]: Starting leader election (no leader contacted us within the election timeout)
I20260710 11:05:44.298916 15212 raft_consensus.cc:3060] T c969a8880057402bbc02ed47e46040f3 P 391a89191e2043c19696c84edc0792c5 [term 0 FOLLOWER]: Advancing to term 1
I20260710 11:05:44.301141 15207 ts_tablet_manager.cc:1434] T c0b8fbed8edd4d7cb1964345fca49540 P 8f7e91f9f2634f5cac73b99889e700e7: Time spent starting tablet: real 0.014s	user 0.004s	sys 0.001s
I20260710 11:05:44.302321 15207 tablet_bootstrap.cc:492] T b47de2c8849e4256909d87c055de1a82 P 8f7e91f9f2634f5cac73b99889e700e7: Bootstrap starting.
I20260710 11:05:44.306356 15212 raft_consensus.cc:515] T c969a8880057402bbc02ed47e46040f3 P 391a89191e2043c19696c84edc0792c5 [term 1 FOLLOWER]: Starting leader election with config: opid_index: -1 OBSOLETE_local: false peers { permanent_uuid: "865dfb9c37df4359b6c27ed9eb227399" member_type: VOTER last_known_addr { host: "127.14.12.129" port: 41193 } } peers { permanent_uuid: "391a89191e2043c19696c84edc0792c5" member_type: VOTER last_known_addr { host: "127.14.12.130" port: 39609 } } peers { permanent_uuid: "8f7e91f9f2634f5cac73b99889e700e7" member_type: VOTER last_known_addr { host: "127.14.12.131" port: 39807 } }
I20260710 11:05:44.309393 15017 tablet_service.cc:1917] Received RequestConsensusVote() RPC: tablet_id: "c969a8880057402bbc02ed47e46040f3" candidate_uuid: "391a89191e2043c19696c84edc0792c5" candidate_term: 1 candidate_status { last_received { term: 0 index: 0 } } ignore_live_leader: false dest_uuid: "865dfb9c37df4359b6c27ed9eb227399"
W20260710 11:05:44.310878 15058 leader_election.cc:343] T c969a8880057402bbc02ed47e46040f3 P 391a89191e2043c19696c84edc0792c5 [CANDIDATE]: Term 1 election: Tablet error from VoteRequest() call to peer 865dfb9c37df4359b6c27ed9eb227399 (127.14.12.129:41193): Illegal state: must be running to vote when last-logged opid is not known
I20260710 11:05:44.311076 15207 tablet_bootstrap.cc:654] T b47de2c8849e4256909d87c055de1a82 P 8f7e91f9f2634f5cac73b99889e700e7: Neither blocks nor log segments found. Creating new log.
I20260710 11:05:44.312901 15206 tablet_bootstrap.cc:492] T 70b58db5450c41a98b66b32e5cc22d2f P 391a89191e2043c19696c84edc0792c5: No bootstrap required, opened a new log
I20260710 11:05:44.312990 15208 tablet_bootstrap.cc:492] T 70b58db5450c41a98b66b32e5cc22d2f P 865dfb9c37df4359b6c27ed9eb227399: No bootstrap required, opened a new log
I20260710 11:05:44.313438 15206 ts_tablet_manager.cc:1403] T 70b58db5450c41a98b66b32e5cc22d2f P 391a89191e2043c19696c84edc0792c5: Time spent bootstrapping tablet: real 0.026s	user 0.002s	sys 0.018s
I20260710 11:05:44.313539 15208 ts_tablet_manager.cc:1403] T 70b58db5450c41a98b66b32e5cc22d2f P 865dfb9c37df4359b6c27ed9eb227399: Time spent bootstrapping tablet: real 0.037s	user 0.013s	sys 0.004s
I20260710 11:05:44.315680 15212 leader_election.cc:290] T c969a8880057402bbc02ed47e46040f3 P 391a89191e2043c19696c84edc0792c5 [CANDIDATE]: Term 1 election: Requested vote from peers 865dfb9c37df4359b6c27ed9eb227399 (127.14.12.129:41193), 8f7e91f9f2634f5cac73b99889e700e7 (127.14.12.131:39807)
I20260710 11:05:44.316579 15206 raft_consensus.cc:359] T 70b58db5450c41a98b66b32e5cc22d2f P 391a89191e2043c19696c84edc0792c5 [term 0 FOLLOWER]: Replica starting. Triggering 0 pending ops. Active config: opid_index: -1 OBSOLETE_local: false peers { permanent_uuid: "865dfb9c37df4359b6c27ed9eb227399" member_type: VOTER last_known_addr { host: "127.14.12.129" port: 41193 } } peers { permanent_uuid: "391a89191e2043c19696c84edc0792c5" member_type: VOTER last_known_addr { host: "127.14.12.130" port: 39609 } } peers { permanent_uuid: "8f7e91f9f2634f5cac73b99889e700e7" member_type: VOTER last_known_addr { host: "127.14.12.131" port: 39807 } }
I20260710 11:05:44.316814 15166 tablet_service.cc:1917] Received RequestConsensusVote() RPC: tablet_id: "c969a8880057402bbc02ed47e46040f3" candidate_uuid: "391a89191e2043c19696c84edc0792c5" candidate_term: 1 candidate_status { last_received { term: 0 index: 0 } } ignore_live_leader: false dest_uuid: "8f7e91f9f2634f5cac73b99889e700e7"
I20260710 11:05:44.317435 15166 raft_consensus.cc:3060] T c969a8880057402bbc02ed47e46040f3 P 8f7e91f9f2634f5cac73b99889e700e7 [term 0 FOLLOWER]: Advancing to term 1
I20260710 11:05:44.317567 15207 tablet_bootstrap.cc:492] T b47de2c8849e4256909d87c055de1a82 P 8f7e91f9f2634f5cac73b99889e700e7: No bootstrap required, opened a new log
I20260710 11:05:44.318038 15207 ts_tablet_manager.cc:1403] T b47de2c8849e4256909d87c055de1a82 P 8f7e91f9f2634f5cac73b99889e700e7: Time spent bootstrapping tablet: real 0.016s	user 0.013s	sys 0.000s
I20260710 11:05:44.318828 15208 raft_consensus.cc:359] T 70b58db5450c41a98b66b32e5cc22d2f P 865dfb9c37df4359b6c27ed9eb227399 [term 0 FOLLOWER]: Replica starting. Triggering 0 pending ops. Active config: opid_index: -1 OBSOLETE_local: false peers { permanent_uuid: "865dfb9c37df4359b6c27ed9eb227399" member_type: VOTER last_known_addr { host: "127.14.12.129" port: 41193 } } peers { permanent_uuid: "391a89191e2043c19696c84edc0792c5" member_type: VOTER last_known_addr { host: "127.14.12.130" port: 39609 } } peers { permanent_uuid: "8f7e91f9f2634f5cac73b99889e700e7" member_type: VOTER last_known_addr { host: "127.14.12.131" port: 39807 } }
I20260710 11:05:44.319226 15206 raft_consensus.cc:385] T 70b58db5450c41a98b66b32e5cc22d2f P 391a89191e2043c19696c84edc0792c5 [term 0 FOLLOWER]: Consensus starting up: Expiring failure detector timer to make a prompt election more likely
I20260710 11:05:44.319579 15208 raft_consensus.cc:385] T 70b58db5450c41a98b66b32e5cc22d2f P 865dfb9c37df4359b6c27ed9eb227399 [term 0 FOLLOWER]: Consensus starting up: Expiring failure detector timer to make a prompt election more likely
I20260710 11:05:44.319712 15206 raft_consensus.cc:740] T 70b58db5450c41a98b66b32e5cc22d2f P 391a89191e2043c19696c84edc0792c5 [term 0 FOLLOWER]: Becoming Follower/Learner. State: Replica: 391a89191e2043c19696c84edc0792c5, State: Initialized, Role: FOLLOWER
I20260710 11:05:44.320024 15208 raft_consensus.cc:740] T 70b58db5450c41a98b66b32e5cc22d2f P 865dfb9c37df4359b6c27ed9eb227399 [term 0 FOLLOWER]: Becoming Follower/Learner. State: Replica: 865dfb9c37df4359b6c27ed9eb227399, State: Initialized, Role: FOLLOWER
I20260710 11:05:44.320870 15207 raft_consensus.cc:359] T b47de2c8849e4256909d87c055de1a82 P 8f7e91f9f2634f5cac73b99889e700e7 [term 0 FOLLOWER]: Replica starting. Triggering 0 pending ops. Active config: opid_index: -1 OBSOLETE_local: false peers { permanent_uuid: "8f7e91f9f2634f5cac73b99889e700e7" member_type: VOTER last_known_addr { host: "127.14.12.131" port: 39807 } } peers { permanent_uuid: "865dfb9c37df4359b6c27ed9eb227399" member_type: VOTER last_known_addr { host: "127.14.12.129" port: 41193 } } peers { permanent_uuid: "391a89191e2043c19696c84edc0792c5" member_type: VOTER last_known_addr { host: "127.14.12.130" port: 39609 } }
I20260710 11:05:44.321762 15207 raft_consensus.cc:385] T b47de2c8849e4256909d87c055de1a82 P 8f7e91f9f2634f5cac73b99889e700e7 [term 0 FOLLOWER]: Consensus starting up: Expiring failure detector timer to make a prompt election more likely
I20260710 11:05:44.320951 15208 consensus_queue.cc:260] T 70b58db5450c41a98b66b32e5cc22d2f P 865dfb9c37df4359b6c27ed9eb227399 [NON_LEADER]: Queue going to NON_LEADER mode. State: All replicated index: 0, Majority replicated index: 0, Committed index: 0, Last appended: 0.0, Last appended by leader: 0, Current term: 0, Majority size: -1, State: 0, Mode: NON_LEADER, active raft config: opid_index: -1 OBSOLETE_local: false peers { permanent_uuid: "865dfb9c37df4359b6c27ed9eb227399" member_type: VOTER last_known_addr { host: "127.14.12.129" port: 41193 } } peers { permanent_uuid: "391a89191e2043c19696c84edc0792c5" member_type: VOTER last_known_addr { host: "127.14.12.130" port: 39609 } } peers { permanent_uuid: "8f7e91f9f2634f5cac73b99889e700e7" member_type: VOTER last_known_addr { host: "127.14.12.131" port: 39807 } }
I20260710 11:05:44.320894 15206 consensus_queue.cc:260] T 70b58db5450c41a98b66b32e5cc22d2f P 391a89191e2043c19696c84edc0792c5 [NON_LEADER]: Queue going to NON_LEADER mode. State: All replicated index: 0, Majority replicated index: 0, Committed index: 0, Last appended: 0.0, Last appended by leader: 0, Current term: 0, Majority size: -1, State: 0, Mode: NON_LEADER, active raft config: opid_index: -1 OBSOLETE_local: false peers { permanent_uuid: "865dfb9c37df4359b6c27ed9eb227399" member_type: VOTER last_known_addr { host: "127.14.12.129" port: 41193 } } peers { permanent_uuid: "391a89191e2043c19696c84edc0792c5" member_type: VOTER last_known_addr { host: "127.14.12.130" port: 39609 } } peers { permanent_uuid: "8f7e91f9f2634f5cac73b99889e700e7" member_type: VOTER last_known_addr { host: "127.14.12.131" port: 39807 } }
I20260710 11:05:44.322062 15207 raft_consensus.cc:740] T b47de2c8849e4256909d87c055de1a82 P 8f7e91f9f2634f5cac73b99889e700e7 [term 0 FOLLOWER]: Becoming Follower/Learner. State: Replica: 8f7e91f9f2634f5cac73b99889e700e7, State: Initialized, Role: FOLLOWER
I20260710 11:05:44.324004 15206 ts_tablet_manager.cc:1434] T 70b58db5450c41a98b66b32e5cc22d2f P 391a89191e2043c19696c84edc0792c5: Time spent starting tablet: real 0.010s	user 0.008s	sys 0.001s
I20260710 11:05:44.324316 15166 raft_consensus.cc:2468] T c969a8880057402bbc02ed47e46040f3 P 8f7e91f9f2634f5cac73b99889e700e7 [term 1 FOLLOWER]: Leader election vote request: Granting yes vote for candidate 391a89191e2043c19696c84edc0792c5 in term 1.
I20260710 11:05:44.325099 15206 tablet_bootstrap.cc:492] T 152d764b77ce4f99b27878c10ceeeec2 P 391a89191e2043c19696c84edc0792c5: Bootstrap starting.
I20260710 11:05:44.325407 15056 leader_election.cc:304] T c969a8880057402bbc02ed47e46040f3 P 391a89191e2043c19696c84edc0792c5 [CANDIDATE]: Term 1 election: Election decided. Result: candidate won. Election summary: received 3 responses out of 3 voters: 2 yes votes; 1 no votes. yes voters: 391a89191e2043c19696c84edc0792c5, 8f7e91f9f2634f5cac73b99889e700e7; no voters: 865dfb9c37df4359b6c27ed9eb227399
I20260710 11:05:44.331650 15208 ts_tablet_manager.cc:1434] T 70b58db5450c41a98b66b32e5cc22d2f P 865dfb9c37df4359b6c27ed9eb227399: Time spent starting tablet: real 0.018s	user 0.009s	sys 0.000s
I20260710 11:05:44.332522 15206 tablet_bootstrap.cc:654] T 152d764b77ce4f99b27878c10ceeeec2 P 391a89191e2043c19696c84edc0792c5: Neither blocks nor log segments found. Creating new log.
I20260710 11:05:44.333654 15212 raft_consensus.cc:2804] T c969a8880057402bbc02ed47e46040f3 P 391a89191e2043c19696c84edc0792c5 [term 1 FOLLOWER]: Leader election won for term 1
I20260710 11:05:44.334262 15212 raft_consensus.cc:697] T c969a8880057402bbc02ed47e46040f3 P 391a89191e2043c19696c84edc0792c5 [term 1 LEADER]: Becoming Leader. State: Replica: 391a89191e2043c19696c84edc0792c5, State: Running, Role: LEADER
I20260710 11:05:44.335345 15212 consensus_queue.cc:237] T c969a8880057402bbc02ed47e46040f3 P 391a89191e2043c19696c84edc0792c5 [LEADER]: Queue going to LEADER mode. State: All replicated index: 0, Majority replicated index: 0, Committed index: 0, Last appended: 0.0, Last appended by leader: 0, Current term: 1, Majority size: 2, State: 0, Mode: LEADER, active raft config: opid_index: -1 OBSOLETE_local: false peers { permanent_uuid: "865dfb9c37df4359b6c27ed9eb227399" member_type: VOTER last_known_addr { host: "127.14.12.129" port: 41193 } } peers { permanent_uuid: "391a89191e2043c19696c84edc0792c5" member_type: VOTER last_known_addr { host: "127.14.12.130" port: 39609 } } peers { permanent_uuid: "8f7e91f9f2634f5cac73b99889e700e7" member_type: VOTER last_known_addr { host: "127.14.12.131" port: 39807 } }
I20260710 11:05:44.338410 15207 consensus_queue.cc:260] T b47de2c8849e4256909d87c055de1a82 P 8f7e91f9f2634f5cac73b99889e700e7 [NON_LEADER]: Queue going to NON_LEADER mode. State: All replicated index: 0, Majority replicated index: 0, Committed index: 0, Last appended: 0.0, Last appended by leader: 0, Current term: 0, Majority size: -1, State: 0, Mode: NON_LEADER, active raft config: opid_index: -1 OBSOLETE_local: false peers { permanent_uuid: "8f7e91f9f2634f5cac73b99889e700e7" member_type: VOTER last_known_addr { host: "127.14.12.131" port: 39807 } } peers { permanent_uuid: "865dfb9c37df4359b6c27ed9eb227399" member_type: VOTER last_known_addr { host: "127.14.12.129" port: 41193 } } peers { permanent_uuid: "391a89191e2043c19696c84edc0792c5" member_type: VOTER last_known_addr { host: "127.14.12.130" port: 39609 } }
I20260710 11:05:44.340633 15207 ts_tablet_manager.cc:1434] T b47de2c8849e4256909d87c055de1a82 P 8f7e91f9f2634f5cac73b99889e700e7: Time spent starting tablet: real 0.022s	user 0.006s	sys 0.000s
I20260710 11:05:44.340848 15206 tablet_bootstrap.cc:492] T 152d764b77ce4f99b27878c10ceeeec2 P 391a89191e2043c19696c84edc0792c5: No bootstrap required, opened a new log
I20260710 11:05:44.341228 15206 ts_tablet_manager.cc:1403] T 152d764b77ce4f99b27878c10ceeeec2 P 391a89191e2043c19696c84edc0792c5: Time spent bootstrapping tablet: real 0.016s	user 0.010s	sys 0.004s
I20260710 11:05:44.341516 15207 tablet_bootstrap.cc:492] T 79f5322304d24ca298af8a63a305ebb9 P 8f7e91f9f2634f5cac73b99889e700e7: Bootstrap starting.
I20260710 11:05:44.343889 15206 raft_consensus.cc:359] T 152d764b77ce4f99b27878c10ceeeec2 P 391a89191e2043c19696c84edc0792c5 [term 0 FOLLOWER]: Replica starting. Triggering 0 pending ops. Active config: opid_index: -1 OBSOLETE_local: false peers { permanent_uuid: "865dfb9c37df4359b6c27ed9eb227399" member_type: VOTER last_known_addr { host: "127.14.12.129" port: 41193 } } peers { permanent_uuid: "391a89191e2043c19696c84edc0792c5" member_type: VOTER last_known_addr { host: "127.14.12.130" port: 39609 } } peers { permanent_uuid: "8f7e91f9f2634f5cac73b99889e700e7" member_type: VOTER last_known_addr { host: "127.14.12.131" port: 39807 } }
I20260710 11:05:44.344740 15206 raft_consensus.cc:385] T 152d764b77ce4f99b27878c10ceeeec2 P 391a89191e2043c19696c84edc0792c5 [term 0 FOLLOWER]: Consensus starting up: Expiring failure detector timer to make a prompt election more likely
I20260710 11:05:44.345124 15208 tablet_bootstrap.cc:492] T 2dd94ed0e091406580f6d508dac18c20 P 865dfb9c37df4359b6c27ed9eb227399: Bootstrap starting.
I20260710 11:05:44.345120 15206 raft_consensus.cc:740] T 152d764b77ce4f99b27878c10ceeeec2 P 391a89191e2043c19696c84edc0792c5 [term 0 FOLLOWER]: Becoming Follower/Learner. State: Replica: 391a89191e2043c19696c84edc0792c5, State: Initialized, Role: FOLLOWER
I20260710 11:05:44.346128 15206 consensus_queue.cc:260] T 152d764b77ce4f99b27878c10ceeeec2 P 391a89191e2043c19696c84edc0792c5 [NON_LEADER]: Queue going to NON_LEADER mode. State: All replicated index: 0, Majority replicated index: 0, Committed index: 0, Last appended: 0.0, Last appended by leader: 0, Current term: 0, Majority size: -1, State: 0, Mode: NON_LEADER, active raft config: opid_index: -1 OBSOLETE_local: false peers { permanent_uuid: "865dfb9c37df4359b6c27ed9eb227399" member_type: VOTER last_known_addr { host: "127.14.12.129" port: 41193 } } peers { permanent_uuid: "391a89191e2043c19696c84edc0792c5" member_type: VOTER last_known_addr { host: "127.14.12.130" port: 39609 } } peers { permanent_uuid: "8f7e91f9f2634f5cac73b99889e700e7" member_type: VOTER last_known_addr { host: "127.14.12.131" port: 39807 } }
I20260710 11:05:44.348681 15206 ts_tablet_manager.cc:1434] T 152d764b77ce4f99b27878c10ceeeec2 P 391a89191e2043c19696c84edc0792c5: Time spent starting tablet: real 0.007s	user 0.007s	sys 0.000s
I20260710 11:05:44.349629 15206 tablet_bootstrap.cc:492] T 2dd94ed0e091406580f6d508dac18c20 P 391a89191e2043c19696c84edc0792c5: Bootstrap starting.
I20260710 11:05:44.349917 15207 tablet_bootstrap.cc:654] T 79f5322304d24ca298af8a63a305ebb9 P 8f7e91f9f2634f5cac73b99889e700e7: Neither blocks nor log segments found. Creating new log.
I20260710 11:05:44.352726 15208 tablet_bootstrap.cc:654] T 2dd94ed0e091406580f6d508dac18c20 P 865dfb9c37df4359b6c27ed9eb227399: Neither blocks nor log segments found. Creating new log.
I20260710 11:05:44.352731 15214 raft_consensus.cc:493] T c0b8fbed8edd4d7cb1964345fca49540 P 8f7e91f9f2634f5cac73b99889e700e7 [term 0 FOLLOWER]: Starting pre-election (no leader contacted us within the election timeout)
I20260710 11:05:44.353294 15214 raft_consensus.cc:515] T c0b8fbed8edd4d7cb1964345fca49540 P 8f7e91f9f2634f5cac73b99889e700e7 [term 0 FOLLOWER]: Starting pre-election with config: opid_index: -1 OBSOLETE_local: false peers { permanent_uuid: "865dfb9c37df4359b6c27ed9eb227399" member_type: VOTER last_known_addr { host: "127.14.12.129" port: 41193 } } peers { permanent_uuid: "391a89191e2043c19696c84edc0792c5" member_type: VOTER last_known_addr { host: "127.14.12.130" port: 39609 } } peers { permanent_uuid: "8f7e91f9f2634f5cac73b99889e700e7" member_type: VOTER last_known_addr { host: "127.14.12.131" port: 39807 } }
I20260710 11:05:44.357229 15206 tablet_bootstrap.cc:654] T 2dd94ed0e091406580f6d508dac18c20 P 391a89191e2043c19696c84edc0792c5: Neither blocks nor log segments found. Creating new log.
I20260710 11:05:44.361382 15214 leader_election.cc:290] T c0b8fbed8edd4d7cb1964345fca49540 P 8f7e91f9f2634f5cac73b99889e700e7 [CANDIDATE]: Term 1 pre-election: Requested pre-vote from peers 865dfb9c37df4359b6c27ed9eb227399 (127.14.12.129:41193), 391a89191e2043c19696c84edc0792c5 (127.14.12.130:39609)
I20260710 11:05:44.371599 15226 raft_consensus.cc:493] T 152d764b77ce4f99b27878c10ceeeec2 P 391a89191e2043c19696c84edc0792c5 [term 0 FOLLOWER]: Starting pre-election (no leader contacted us within the election timeout)
I20260710 11:05:44.372288 15226 raft_consensus.cc:515] T 152d764b77ce4f99b27878c10ceeeec2 P 391a89191e2043c19696c84edc0792c5 [term 0 FOLLOWER]: Starting pre-election with config: opid_index: -1 OBSOLETE_local: false peers { permanent_uuid: "865dfb9c37df4359b6c27ed9eb227399" member_type: VOTER last_known_addr { host: "127.14.12.129" port: 41193 } } peers { permanent_uuid: "391a89191e2043c19696c84edc0792c5" member_type: VOTER last_known_addr { host: "127.14.12.130" port: 39609 } } peers { permanent_uuid: "8f7e91f9f2634f5cac73b99889e700e7" member_type: VOTER last_known_addr { host: "127.14.12.131" port: 39807 } }
I20260710 11:05:44.375047 15226 leader_election.cc:290] T 152d764b77ce4f99b27878c10ceeeec2 P 391a89191e2043c19696c84edc0792c5 [CANDIDATE]: Term 1 pre-election: Requested pre-vote from peers 865dfb9c37df4359b6c27ed9eb227399 (127.14.12.129:41193), 8f7e91f9f2634f5cac73b99889e700e7 (127.14.12.131:39807)
I20260710 11:05:44.375811 15017 tablet_service.cc:1917] Received RequestConsensusVote() RPC: tablet_id: "152d764b77ce4f99b27878c10ceeeec2" candidate_uuid: "391a89191e2043c19696c84edc0792c5" candidate_term: 1 candidate_status { last_received { term: 0 index: 0 } } ignore_live_leader: false dest_uuid: "865dfb9c37df4359b6c27ed9eb227399" is_pre_election: true
I20260710 11:05:44.377310 15017 raft_consensus.cc:2468] T 152d764b77ce4f99b27878c10ceeeec2 P 865dfb9c37df4359b6c27ed9eb227399 [term 0 FOLLOWER]: Leader pre-election vote request: Granting yes vote for candidate 391a89191e2043c19696c84edc0792c5 in term 0.
I20260710 11:05:44.379380 15058 leader_election.cc:304] T 152d764b77ce4f99b27878c10ceeeec2 P 391a89191e2043c19696c84edc0792c5 [CANDIDATE]: Term 1 pre-election: Election decided. Result: candidate won. Election summary: received 2 responses out of 3 voters: 2 yes votes; 0 no votes. yes voters: 391a89191e2043c19696c84edc0792c5, 865dfb9c37df4359b6c27ed9eb227399; no voters: 
I20260710 11:05:44.376454 15166 tablet_service.cc:1917] Received RequestConsensusVote() RPC: tablet_id: "152d764b77ce4f99b27878c10ceeeec2" candidate_uuid: "391a89191e2043c19696c84edc0792c5" candidate_term: 1 candidate_status { last_received { term: 0 index: 0 } } ignore_live_leader: false dest_uuid: "8f7e91f9f2634f5cac73b99889e700e7" is_pre_election: true
I20260710 11:05:44.381927 15226 raft_consensus.cc:2804] T 152d764b77ce4f99b27878c10ceeeec2 P 391a89191e2043c19696c84edc0792c5 [term 0 FOLLOWER]: Leader pre-election won for term 1
I20260710 11:05:44.382360 15226 raft_consensus.cc:493] T 152d764b77ce4f99b27878c10ceeeec2 P 391a89191e2043c19696c84edc0792c5 [term 0 FOLLOWER]: Starting leader election (no leader contacted us within the election timeout)
W20260710 11:05:44.382412 15056 leader_election.cc:343] T 152d764b77ce4f99b27878c10ceeeec2 P 391a89191e2043c19696c84edc0792c5 [CANDIDATE]: Term 1 pre-election: Tablet error from VoteRequest() call to peer 8f7e91f9f2634f5cac73b99889e700e7 (127.14.12.131:39807): Illegal state: must be running to vote when last-logged opid is not known
I20260710 11:05:44.382794 15226 raft_consensus.cc:3060] T 152d764b77ce4f99b27878c10ceeeec2 P 391a89191e2043c19696c84edc0792c5 [term 0 FOLLOWER]: Advancing to term 1
I20260710 11:05:44.387379 15214 raft_consensus.cc:493] T 2dd94ed0e091406580f6d508dac18c20 P 8f7e91f9f2634f5cac73b99889e700e7 [term 0 FOLLOWER]: Starting pre-election (no leader contacted us within the election timeout)
I20260710 11:05:44.387933 15214 raft_consensus.cc:515] T 2dd94ed0e091406580f6d508dac18c20 P 8f7e91f9f2634f5cac73b99889e700e7 [term 0 FOLLOWER]: Starting pre-election with config: opid_index: -1 OBSOLETE_local: false peers { permanent_uuid: "865dfb9c37df4359b6c27ed9eb227399" member_type: VOTER last_known_addr { host: "127.14.12.129" port: 41193 } } peers { permanent_uuid: "391a89191e2043c19696c84edc0792c5" member_type: VOTER last_known_addr { host: "127.14.12.130" port: 39609 } } peers { permanent_uuid: "8f7e91f9f2634f5cac73b99889e700e7" member_type: VOTER last_known_addr { host: "127.14.12.131" port: 39807 } }
I20260710 11:05:44.390167 15214 leader_election.cc:290] T 2dd94ed0e091406580f6d508dac18c20 P 8f7e91f9f2634f5cac73b99889e700e7 [CANDIDATE]: Term 1 pre-election: Requested pre-vote from peers 865dfb9c37df4359b6c27ed9eb227399 (127.14.12.129:41193), 391a89191e2043c19696c84edc0792c5 (127.14.12.130:39609)
I20260710 11:05:44.392817 15226 raft_consensus.cc:515] T 152d764b77ce4f99b27878c10ceeeec2 P 391a89191e2043c19696c84edc0792c5 [term 1 FOLLOWER]: Starting leader election with config: opid_index: -1 OBSOLETE_local: false peers { permanent_uuid: "865dfb9c37df4359b6c27ed9eb227399" member_type: VOTER last_known_addr { host: "127.14.12.129" port: 41193 } } peers { permanent_uuid: "391a89191e2043c19696c84edc0792c5" member_type: VOTER last_known_addr { host: "127.14.12.130" port: 39609 } } peers { permanent_uuid: "8f7e91f9f2634f5cac73b99889e700e7" member_type: VOTER last_known_addr { host: "127.14.12.131" port: 39807 } }
I20260710 11:05:44.396222 15017 tablet_service.cc:1917] Received RequestConsensusVote() RPC: tablet_id: "152d764b77ce4f99b27878c10ceeeec2" candidate_uuid: "391a89191e2043c19696c84edc0792c5" candidate_term: 1 candidate_status { last_received { term: 0 index: 0 } } ignore_live_leader: false dest_uuid: "865dfb9c37df4359b6c27ed9eb227399"
I20260710 11:05:44.396878 15017 raft_consensus.cc:3060] T 152d764b77ce4f99b27878c10ceeeec2 P 865dfb9c37df4359b6c27ed9eb227399 [term 0 FOLLOWER]: Advancing to term 1
I20260710 11:05:44.404645 15017 raft_consensus.cc:2468] T 152d764b77ce4f99b27878c10ceeeec2 P 865dfb9c37df4359b6c27ed9eb227399 [term 1 FOLLOWER]: Leader election vote request: Granting yes vote for candidate 391a89191e2043c19696c84edc0792c5 in term 1.
I20260710 11:05:44.405857 15058 leader_election.cc:304] T 152d764b77ce4f99b27878c10ceeeec2 P 391a89191e2043c19696c84edc0792c5 [CANDIDATE]: Term 1 election: Election decided. Result: candidate won. Election summary: received 2 responses out of 3 voters: 2 yes votes; 0 no votes. yes voters: 391a89191e2043c19696c84edc0792c5, 865dfb9c37df4359b6c27ed9eb227399; no voters: 
I20260710 11:05:44.406440 15213 raft_consensus.cc:493] T 79f5322304d24ca298af8a63a305ebb9 P 865dfb9c37df4359b6c27ed9eb227399 [term 0 FOLLOWER]: Starting pre-election (no leader contacted us within the election timeout)
I20260710 11:05:44.407030 15213 raft_consensus.cc:515] T 79f5322304d24ca298af8a63a305ebb9 P 865dfb9c37df4359b6c27ed9eb227399 [term 0 FOLLOWER]: Starting pre-election with config: opid_index: -1 OBSOLETE_local: false peers { permanent_uuid: "865dfb9c37df4359b6c27ed9eb227399" member_type: VOTER last_known_addr { host: "127.14.12.129" port: 41193 } } peers { permanent_uuid: "391a89191e2043c19696c84edc0792c5" member_type: VOTER last_known_addr { host: "127.14.12.130" port: 39609 } } peers { permanent_uuid: "8f7e91f9f2634f5cac73b99889e700e7" member_type: VOTER last_known_addr { host: "127.14.12.131" port: 39807 } }
I20260710 11:05:44.412786 15213 leader_election.cc:290] T 79f5322304d24ca298af8a63a305ebb9 P 865dfb9c37df4359b6c27ed9eb227399 [CANDIDATE]: Term 1 pre-election: Requested pre-vote from peers 391a89191e2043c19696c84edc0792c5 (127.14.12.130:39609), 8f7e91f9f2634f5cac73b99889e700e7 (127.14.12.131:39807)
I20260710 11:05:44.422735 15226 leader_election.cc:290] T 152d764b77ce4f99b27878c10ceeeec2 P 391a89191e2043c19696c84edc0792c5 [CANDIDATE]: Term 1 election: Requested vote from peers 865dfb9c37df4359b6c27ed9eb227399 (127.14.12.129:41193), 8f7e91f9f2634f5cac73b99889e700e7 (127.14.12.131:39807)
I20260710 11:05:44.423398 15226 raft_consensus.cc:2804] T 152d764b77ce4f99b27878c10ceeeec2 P 391a89191e2043c19696c84edc0792c5 [term 1 FOLLOWER]: Leader election won for term 1
I20260710 11:05:44.423856 15226 raft_consensus.cc:697] T 152d764b77ce4f99b27878c10ceeeec2 P 391a89191e2043c19696c84edc0792c5 [term 1 LEADER]: Becoming Leader. State: Replica: 391a89191e2043c19696c84edc0792c5, State: Running, Role: LEADER
I20260710 11:05:44.423979 15166 tablet_service.cc:1917] Received RequestConsensusVote() RPC: tablet_id: "152d764b77ce4f99b27878c10ceeeec2" candidate_uuid: "391a89191e2043c19696c84edc0792c5" candidate_term: 1 candidate_status { last_received { term: 0 index: 0 } } ignore_live_leader: false dest_uuid: "8f7e91f9f2634f5cac73b99889e700e7"
I20260710 11:05:44.424782 15226 consensus_queue.cc:237] T 152d764b77ce4f99b27878c10ceeeec2 P 391a89191e2043c19696c84edc0792c5 [LEADER]: Queue going to LEADER mode. State: All replicated index: 0, Majority replicated index: 0, Committed index: 0, Last appended: 0.0, Last appended by leader: 0, Current term: 1, Majority size: 2, State: 0, Mode: LEADER, active raft config: opid_index: -1 OBSOLETE_local: false peers { permanent_uuid: "865dfb9c37df4359b6c27ed9eb227399" member_type: VOTER last_known_addr { host: "127.14.12.129" port: 41193 } } peers { permanent_uuid: "391a89191e2043c19696c84edc0792c5" member_type: VOTER last_known_addr { host: "127.14.12.130" port: 39609 } } peers { permanent_uuid: "8f7e91f9f2634f5cac73b99889e700e7" member_type: VOTER last_known_addr { host: "127.14.12.131" port: 39807 } }
W20260710 11:05:44.425520 15056 leader_election.cc:343] T 152d764b77ce4f99b27878c10ceeeec2 P 391a89191e2043c19696c84edc0792c5 [CANDIDATE]: Term 1 election: Tablet error from VoteRequest() call to peer 8f7e91f9f2634f5cac73b99889e700e7 (127.14.12.131:39807): Illegal state: must be running to vote when last-logged opid is not known
I20260710 11:05:44.431645 15207 tablet_bootstrap.cc:492] T 79f5322304d24ca298af8a63a305ebb9 P 8f7e91f9f2634f5cac73b99889e700e7: No bootstrap required, opened a new log
I20260710 11:05:44.432133 15207 ts_tablet_manager.cc:1403] T 79f5322304d24ca298af8a63a305ebb9 P 8f7e91f9f2634f5cac73b99889e700e7: Time spent bootstrapping tablet: real 0.091s	user 0.021s	sys 0.014s
