I20260710 11:06:04.042793  1846 raft_consensus.cc:1275] T 67a74bf0ceba453bb5c8320541119cf3 P 62219c3647a646fca75e3cce6cda9d36 [term 1 FOLLOWER]: Refusing update from remote peer 3f8bd282d9a24b4da2194cd3d23b9f75: Log matching property violated. Preceding OpId in replica: term: 1 index: 3. Preceding OpId from leader: term: 1 index: 4. (index mismatch)
I20260710 11:06:04.044255  1990 consensus_queue.cc:1048] T 67a74bf0ceba453bb5c8320541119cf3 P 3f8bd282d9a24b4da2194cd3d23b9f75 [LEADER]: Connected to new peer: Peer: permanent_uuid: "ae537446d23a44ba84bc51e8f09b143c" member_type: VOTER last_known_addr { host: "127.0.82.65" port: 43503 }, Status: LMP_MISMATCH, Last received: 0.0, Next index: 4, Last known committed idx: 3, Time since last communication: 0.000s
I20260710 11:06:04.050148  1985 consensus_queue.cc:1048] T 67a74bf0ceba453bb5c8320541119cf3 P 3f8bd282d9a24b4da2194cd3d23b9f75 [LEADER]: Connected to new peer: Peer: permanent_uuid: "62219c3647a646fca75e3cce6cda9d36" member_type: VOTER last_known_addr { host: "127.0.82.68" port: 38907 } attrs { promote: false }, Status: LMP_MISMATCH, Last received: 0.0, Next index: 4, Last known committed idx: 3, Time since last communication: 0.000s
I20260710 11:06:04.056514  1990 raft_consensus.cc:2955] T 67a74bf0ceba453bb5c8320541119cf3 P 3f8bd282d9a24b4da2194cd3d23b9f75 [term 1 LEADER]: Committing config change with OpId 1.4: config changed from index 3 to 4, VOTER aa9b8114c46c4a53afcecc00d80cc74a (127.0.82.67) evicted. New config: { opid_index: 4 OBSOLETE_local: false peers { permanent_uuid: "ae537446d23a44ba84bc51e8f09b143c" member_type: VOTER last_known_addr { host: "127.0.82.65" port: 43503 } } peers { permanent_uuid: "3f8bd282d9a24b4da2194cd3d23b9f75" member_type: VOTER last_known_addr { host: "127.0.82.66" port: 45591 } } peers { permanent_uuid: "62219c3647a646fca75e3cce6cda9d36" member_type: VOTER last_known_addr { host: "127.0.82.68" port: 38907 } attrs { promote: false } } }
I20260710 11:06:04.061257  1429 raft_consensus.cc:2955] T 67a74bf0ceba453bb5c8320541119cf3 P ae537446d23a44ba84bc51e8f09b143c [term 1 FOLLOWER]: Committing config change with OpId 1.4: config changed from index 3 to 4, VOTER aa9b8114c46c4a53afcecc00d80cc74a (127.0.82.67) evicted. New config: { opid_index: 4 OBSOLETE_local: false peers { permanent_uuid: "ae537446d23a44ba84bc51e8f09b143c" member_type: VOTER last_known_addr { host: "127.0.82.65" port: 43503 } } peers { permanent_uuid: "3f8bd282d9a24b4da2194cd3d23b9f75" member_type: VOTER last_known_addr { host: "127.0.82.66" port: 45591 } } peers { permanent_uuid: "62219c3647a646fca75e3cce6cda9d36" member_type: VOTER last_known_addr { host: "127.0.82.68" port: 38907 } attrs { promote: false } } }
I20260710 11:06:04.071223  1327 catalog_manager.cc:5697] T 70ec31c087b149c7aca6b54592b0ff93 P 62219c3647a646fca75e3cce6cda9d36 reported cstate change: config changed from index 2 to 3, 62219c3647a646fca75e3cce6cda9d36 (127.0.82.68) changed from NON_VOTER to VOTER. New cstate: current_term: 1 leader_uuid: "3f8bd282d9a24b4da2194cd3d23b9f75" committed_config { opid_index: 3 OBSOLETE_local: false peers { permanent_uuid: "ae537446d23a44ba84bc51e8f09b143c" member_type: VOTER last_known_addr { host: "127.0.82.65" port: 43503 } attrs { replace: true } } peers { permanent_uuid: "3f8bd282d9a24b4da2194cd3d23b9f75" member_type: VOTER last_known_addr { host: "127.0.82.66" port: 45591 } } peers { permanent_uuid: "aa9b8114c46c4a53afcecc00d80cc74a" member_type: VOTER last_known_addr { host: "127.0.82.67" port: 42145 } } peers { permanent_uuid: "62219c3647a646fca75e3cce6cda9d36" member_type: VOTER last_known_addr { host: "127.0.82.68" port: 38907 } attrs { promote: false } } }
I20260710 11:06:04.087750  1314 catalog_manager.cc:5210] ChangeConfig:REMOVE_PEER RPC for tablet 67a74bf0ceba453bb5c8320541119cf3 with cas_config_opid_index 3: ChangeConfig:REMOVE_PEER succeeded (attempt 1)
I20260710 11:06:04.084339  1428 consensus_queue.cc:237] T 4c8e22266a734176b70925149cf2031b P ae537446d23a44ba84bc51e8f09b143c [LEADER]: Queue going to LEADER mode. State: All replicated index: 0, Majority replicated index: 3, Committed index: 3, Last appended: 1.3, Last appended by leader: 0, Current term: 1, Majority size: 2, State: 0, Mode: LEADER, active raft config: opid_index: 4 OBSOLETE_local: false peers { permanent_uuid: "ae537446d23a44ba84bc51e8f09b143c" member_type: VOTER last_known_addr { host: "127.0.82.65" port: 43503 } } peers { permanent_uuid: "aa9b8114c46c4a53afcecc00d80cc74a" member_type: VOTER last_known_addr { host: "127.0.82.67" port: 42145 } } peers { permanent_uuid: "62219c3647a646fca75e3cce6cda9d36" member_type: VOTER last_known_addr { host: "127.0.82.68" port: 38907 } attrs { promote: false } }
I20260710 11:06:04.088114  1846 raft_consensus.cc:2955] T 67a74bf0ceba453bb5c8320541119cf3 P 62219c3647a646fca75e3cce6cda9d36 [term 1 FOLLOWER]: Committing config change with OpId 1.4: config changed from index 3 to 4, VOTER aa9b8114c46c4a53afcecc00d80cc74a (127.0.82.67) evicted. New config: { opid_index: 4 OBSOLETE_local: false peers { permanent_uuid: "ae537446d23a44ba84bc51e8f09b143c" member_type: VOTER last_known_addr { host: "127.0.82.65" port: 43503 } } peers { permanent_uuid: "3f8bd282d9a24b4da2194cd3d23b9f75" member_type: VOTER last_known_addr { host: "127.0.82.66" port: 45591 } } peers { permanent_uuid: "62219c3647a646fca75e3cce6cda9d36" member_type: VOTER last_known_addr { host: "127.0.82.68" port: 38907 } attrs { promote: false } } }
I20260710 11:06:04.095041  1848 raft_consensus.cc:1275] T 4c8e22266a734176b70925149cf2031b P 62219c3647a646fca75e3cce6cda9d36 [term 1 FOLLOWER]: Refusing update from remote peer ae537446d23a44ba84bc51e8f09b143c: Log matching property violated. Preceding OpId in replica: term: 1 index: 3. Preceding OpId from leader: term: 1 index: 4. (index mismatch)
I20260710 11:06:04.095481  1579 raft_consensus.cc:1275] T 4c8e22266a734176b70925149cf2031b P aa9b8114c46c4a53afcecc00d80cc74a [term 1 FOLLOWER]: Refusing update from remote peer ae537446d23a44ba84bc51e8f09b143c: Log matching property violated. Preceding OpId in replica: term: 1 index: 3. Preceding OpId from leader: term: 1 index: 4. (index mismatch)
I20260710 11:06:04.096933  1982 consensus_queue.cc:1048] T 4c8e22266a734176b70925149cf2031b P ae537446d23a44ba84bc51e8f09b143c [LEADER]: Connected to new peer: Peer: permanent_uuid: "62219c3647a646fca75e3cce6cda9d36" member_type: VOTER last_known_addr { host: "127.0.82.68" port: 38907 } attrs { promote: false }, Status: LMP_MISMATCH, Last received: 0.0, Next index: 4, Last known committed idx: 3, Time since last communication: 0.000s
I20260710 11:06:04.098421  1922 consensus_queue.cc:1048] T 4c8e22266a734176b70925149cf2031b P ae537446d23a44ba84bc51e8f09b143c [LEADER]: Connected to new peer: Peer: permanent_uuid: "aa9b8114c46c4a53afcecc00d80cc74a" member_type: VOTER last_known_addr { host: "127.0.82.67" port: 42145 }, Status: LMP_MISMATCH, Last received: 0.0, Next index: 4, Last known committed idx: 3, Time since last communication: 0.000s
I20260710 11:06:04.101325  1504 consensus_queue.cc:237] T 70ec31c087b149c7aca6b54592b0ff93 P 3f8bd282d9a24b4da2194cd3d23b9f75 [LEADER]: Queue going to LEADER mode. State: All replicated index: 0, Majority replicated index: 3, Committed index: 3, Last appended: 1.3, Last appended by leader: 0, Current term: 1, Majority size: 2, State: 0, Mode: LEADER, active raft config: opid_index: 4 OBSOLETE_local: false peers { permanent_uuid: "3f8bd282d9a24b4da2194cd3d23b9f75" member_type: VOTER last_known_addr { host: "127.0.82.66" port: 45591 } } peers { permanent_uuid: "aa9b8114c46c4a53afcecc00d80cc74a" member_type: VOTER last_known_addr { host: "127.0.82.67" port: 42145 } } peers { permanent_uuid: "62219c3647a646fca75e3cce6cda9d36" member_type: VOTER last_known_addr { host: "127.0.82.68" port: 38907 } attrs { promote: false } }
I20260710 11:06:04.108175  1847 raft_consensus.cc:1275] T 70ec31c087b149c7aca6b54592b0ff93 P 62219c3647a646fca75e3cce6cda9d36 [term 1 FOLLOWER]: Refusing update from remote peer 3f8bd282d9a24b4da2194cd3d23b9f75: Log matching property violated. Preceding OpId in replica: term: 1 index: 3. Preceding OpId from leader: term: 1 index: 4. (index mismatch)
I20260710 11:06:04.109612  1954 consensus_queue.cc:1048] T 70ec31c087b149c7aca6b54592b0ff93 P 3f8bd282d9a24b4da2194cd3d23b9f75 [LEADER]: Connected to new peer: Peer: permanent_uuid: "62219c3647a646fca75e3cce6cda9d36" member_type: VOTER last_known_addr { host: "127.0.82.68" port: 38907 } attrs { promote: false }, Status: LMP_MISMATCH, Last received: 0.0, Next index: 4, Last known committed idx: 3, Time since last communication: 0.000s
I20260710 11:06:04.108192  1580 raft_consensus.cc:1275] T 70ec31c087b149c7aca6b54592b0ff93 P aa9b8114c46c4a53afcecc00d80cc74a [term 1 FOLLOWER]: Refusing update from remote peer 3f8bd282d9a24b4da2194cd3d23b9f75: Log matching property violated. Preceding OpId in replica: term: 1 index: 3. Preceding OpId from leader: term: 1 index: 4. (index mismatch)
I20260710 11:06:04.111250  1329 catalog_manager.cc:5697] T 67a74bf0ceba453bb5c8320541119cf3 P 62219c3647a646fca75e3cce6cda9d36 reported cstate change: config changed from index 3 to 4, VOTER aa9b8114c46c4a53afcecc00d80cc74a (127.0.82.67) evicted. New cstate: current_term: 1 leader_uuid: "3f8bd282d9a24b4da2194cd3d23b9f75" committed_config { opid_index: 4 OBSOLETE_local: false peers { permanent_uuid: "ae537446d23a44ba84bc51e8f09b143c" member_type: VOTER last_known_addr { host: "127.0.82.65" port: 43503 } } peers { permanent_uuid: "3f8bd282d9a24b4da2194cd3d23b9f75" member_type: VOTER last_known_addr { host: "127.0.82.66" port: 45591 } } peers { permanent_uuid: "62219c3647a646fca75e3cce6cda9d36" member_type: VOTER last_known_addr { host: "127.0.82.68" port: 38907 } attrs { promote: false } } }
I20260710 11:06:04.114893  1954 consensus_queue.cc:1048] T 70ec31c087b149c7aca6b54592b0ff93 P 3f8bd282d9a24b4da2194cd3d23b9f75 [LEADER]: Connected to new peer: Peer: permanent_uuid: "aa9b8114c46c4a53afcecc00d80cc74a" member_type: VOTER last_known_addr { host: "127.0.82.67" port: 42145 }, Status: LMP_MISMATCH, Last received: 0.0, Next index: 4, Last known committed idx: 3, Time since last communication: 0.000s
I20260710 11:06:04.114511  1987 raft_consensus.cc:2955] T 4c8e22266a734176b70925149cf2031b P ae537446d23a44ba84bc51e8f09b143c [term 1 LEADER]: Committing config change with OpId 1.4: config changed from index 3 to 4, VOTER 3f8bd282d9a24b4da2194cd3d23b9f75 (127.0.82.66) evicted. New config: { opid_index: 4 OBSOLETE_local: false peers { permanent_uuid: "ae537446d23a44ba84bc51e8f09b143c" member_type: VOTER last_known_addr { host: "127.0.82.65" port: 43503 } } peers { permanent_uuid: "aa9b8114c46c4a53afcecc00d80cc74a" member_type: VOTER last_known_addr { host: "127.0.82.67" port: 42145 } } peers { permanent_uuid: "62219c3647a646fca75e3cce6cda9d36" member_type: VOTER last_known_addr { host: "127.0.82.68" port: 38907 } attrs { promote: false } } }
I20260710 11:06:04.118481  1580 raft_consensus.cc:2955] T 4c8e22266a734176b70925149cf2031b P aa9b8114c46c4a53afcecc00d80cc74a [term 1 FOLLOWER]: Committing config change with OpId 1.4: config changed from index 3 to 4, VOTER 3f8bd282d9a24b4da2194cd3d23b9f75 (127.0.82.66) evicted. New config: { opid_index: 4 OBSOLETE_local: false peers { permanent_uuid: "ae537446d23a44ba84bc51e8f09b143c" member_type: VOTER last_known_addr { host: "127.0.82.65" port: 43503 } } peers { permanent_uuid: "aa9b8114c46c4a53afcecc00d80cc74a" member_type: VOTER last_known_addr { host: "127.0.82.67" port: 42145 } } peers { permanent_uuid: "62219c3647a646fca75e3cce6cda9d36" member_type: VOTER last_known_addr { host: "127.0.82.68" port: 38907 } attrs { promote: false } } }
I20260710 11:06:04.118867  1954 raft_consensus.cc:2955] T 70ec31c087b149c7aca6b54592b0ff93 P 3f8bd282d9a24b4da2194cd3d23b9f75 [term 1 LEADER]: Committing config change with OpId 1.4: config changed from index 3 to 4, VOTER ae537446d23a44ba84bc51e8f09b143c (127.0.82.65) evicted. New config: { opid_index: 4 OBSOLETE_local: false peers { permanent_uuid: "3f8bd282d9a24b4da2194cd3d23b9f75" member_type: VOTER last_known_addr { host: "127.0.82.66" port: 45591 } } peers { permanent_uuid: "aa9b8114c46c4a53afcecc00d80cc74a" member_type: VOTER last_known_addr { host: "127.0.82.67" port: 42145 } } peers { permanent_uuid: "62219c3647a646fca75e3cce6cda9d36" member_type: VOTER last_known_addr { host: "127.0.82.68" port: 38907 } attrs { promote: false } } }
I20260710 11:06:04.120288  1848 raft_consensus.cc:2955] T 4c8e22266a734176b70925149cf2031b P 62219c3647a646fca75e3cce6cda9d36 [term 1 FOLLOWER]: Committing config change with OpId 1.4: config changed from index 3 to 4, VOTER 3f8bd282d9a24b4da2194cd3d23b9f75 (127.0.82.66) evicted. New config: { opid_index: 4 OBSOLETE_local: false peers { permanent_uuid: "ae537446d23a44ba84bc51e8f09b143c" member_type: VOTER last_known_addr { host: "127.0.82.65" port: 43503 } } peers { permanent_uuid: "aa9b8114c46c4a53afcecc00d80cc74a" member_type: VOTER last_known_addr { host: "127.0.82.67" port: 42145 } } peers { permanent_uuid: "62219c3647a646fca75e3cce6cda9d36" member_type: VOTER last_known_addr { host: "127.0.82.68" port: 38907 } attrs { promote: false } } }
I20260710 11:06:04.125255  1845 raft_consensus.cc:2955] T 70ec31c087b149c7aca6b54592b0ff93 P 62219c3647a646fca75e3cce6cda9d36 [term 1 FOLLOWER]: Committing config change with OpId 1.4: config changed from index 3 to 4, VOTER ae537446d23a44ba84bc51e8f09b143c (127.0.82.65) evicted. New config: { opid_index: 4 OBSOLETE_local: false peers { permanent_uuid: "3f8bd282d9a24b4da2194cd3d23b9f75" member_type: VOTER last_known_addr { host: "127.0.82.66" port: 45591 } } peers { permanent_uuid: "aa9b8114c46c4a53afcecc00d80cc74a" member_type: VOTER last_known_addr { host: "127.0.82.67" port: 42145 } } peers { permanent_uuid: "62219c3647a646fca75e3cce6cda9d36" member_type: VOTER last_known_addr { host: "127.0.82.68" port: 38907 } attrs { promote: false } } }
I20260710 11:06:04.129854  1982 raft_consensus.cc:1064] T 6e97100984fe4959b8ddc82c6926aeb3 P ae537446d23a44ba84bc51e8f09b143c: attempting to promote NON_VOTER 62219c3647a646fca75e3cce6cda9d36 to VOTER
I20260710 11:06:04.132404  1982 consensus_queue.cc:237] T 6e97100984fe4959b8ddc82c6926aeb3 P ae537446d23a44ba84bc51e8f09b143c [LEADER]: Queue going to LEADER mode. State: All replicated index: 0, Majority replicated index: 2, Committed index: 2, Last appended: 1.2, Last appended by leader: 0, Current term: 1, Majority size: 3, State: 0, Mode: LEADER, active raft config: opid_index: 3 OBSOLETE_local: false peers { permanent_uuid: "ae537446d23a44ba84bc51e8f09b143c" member_type: VOTER last_known_addr { host: "127.0.82.65" port: 43503 } } peers { permanent_uuid: "3f8bd282d9a24b4da2194cd3d23b9f75" member_type: VOTER last_known_addr { host: "127.0.82.66" port: 45591 } } peers { permanent_uuid: "aa9b8114c46c4a53afcecc00d80cc74a" member_type: VOTER last_known_addr { host: "127.0.82.67" port: 42145 } attrs { replace: true } } peers { permanent_uuid: "62219c3647a646fca75e3cce6cda9d36" member_type: VOTER last_known_addr { host: "127.0.82.68" port: 38907 } attrs { promote: false } }
I20260710 11:06:04.133510  1314 catalog_manager.cc:5210] ChangeConfig:REMOVE_PEER RPC for tablet 70ec31c087b149c7aca6b54592b0ff93 with cas_config_opid_index 3: ChangeConfig:REMOVE_PEER succeeded (attempt 1)
I20260710 11:06:04.143075  1316 catalog_manager.cc:5210] ChangeConfig:REMOVE_PEER RPC for tablet 4c8e22266a734176b70925149cf2031b with cas_config_opid_index 3: ChangeConfig:REMOVE_PEER succeeded (attempt 1)
I20260710 11:06:04.143810  1579 raft_consensus.cc:2955] T 70ec31c087b149c7aca6b54592b0ff93 P aa9b8114c46c4a53afcecc00d80cc74a [term 1 FOLLOWER]: Committing config change with OpId 1.4: config changed from index 3 to 4, VOTER ae537446d23a44ba84bc51e8f09b143c (127.0.82.65) evicted. New config: { opid_index: 4 OBSOLETE_local: false peers { permanent_uuid: "3f8bd282d9a24b4da2194cd3d23b9f75" member_type: VOTER last_known_addr { host: "127.0.82.66" port: 45591 } } peers { permanent_uuid: "aa9b8114c46c4a53afcecc00d80cc74a" member_type: VOTER last_known_addr { host: "127.0.82.67" port: 42145 } } peers { permanent_uuid: "62219c3647a646fca75e3cce6cda9d36" member_type: VOTER last_known_addr { host: "127.0.82.68" port: 38907 } attrs { promote: false } } }
I20260710 11:06:04.148005  1566 tablet_service.cc:1558] Processing DeleteTablet for tablet 67a74bf0ceba453bb5c8320541119cf3 with delete_type TABLET_DATA_TOMBSTONED (TS aa9b8114c46c4a53afcecc00d80cc74a not found in new config with opid_index 4) from {username='slave'} at 127.0.0.1:35238
I20260710 11:06:04.159163  1327 catalog_manager.cc:5697] T 70ec31c087b149c7aca6b54592b0ff93 P 3f8bd282d9a24b4da2194cd3d23b9f75 reported cstate change: config changed from index 3 to 4, VOTER ae537446d23a44ba84bc51e8f09b143c (127.0.82.65) evicted. New cstate: current_term: 1 leader_uuid: "3f8bd282d9a24b4da2194cd3d23b9f75" committed_config { opid_index: 4 OBSOLETE_local: false peers { permanent_uuid: "3f8bd282d9a24b4da2194cd3d23b9f75" member_type: VOTER last_known_addr { host: "127.0.82.66" port: 45591 } health_report { overall_health: HEALTHY } } peers { permanent_uuid: "aa9b8114c46c4a53afcecc00d80cc74a" member_type: VOTER last_known_addr { host: "127.0.82.67" port: 42145 } health_report { overall_health: HEALTHY } } peers { permanent_uuid: "62219c3647a646fca75e3cce6cda9d36" member_type: VOTER last_known_addr { host: "127.0.82.68" port: 38907 } attrs { promote: false } health_report { overall_health: HEALTHY } } }
I20260710 11:06:04.159001  1328 catalog_manager.cc:5697] T 4c8e22266a734176b70925149cf2031b P aa9b8114c46c4a53afcecc00d80cc74a reported cstate change: config changed from index 3 to 4, VOTER 3f8bd282d9a24b4da2194cd3d23b9f75 (127.0.82.66) evicted. New cstate: current_term: 1 leader_uuid: "ae537446d23a44ba84bc51e8f09b143c" committed_config { opid_index: 4 OBSOLETE_local: false peers { permanent_uuid: "ae537446d23a44ba84bc51e8f09b143c" member_type: VOTER last_known_addr { host: "127.0.82.65" port: 43503 } } peers { permanent_uuid: "aa9b8114c46c4a53afcecc00d80cc74a" member_type: VOTER last_known_addr { host: "127.0.82.67" port: 42145 } } peers { permanent_uuid: "62219c3647a646fca75e3cce6cda9d36" member_type: VOTER last_known_addr { host: "127.0.82.68" port: 38907 } attrs { promote: false } } }
I20260710 11:06:04.164176  2008 tablet_replica.cc:333] T 67a74bf0ceba453bb5c8320541119cf3 P aa9b8114c46c4a53afcecc00d80cc74a: stopping tablet replica
I20260710 11:06:04.169749  1504 raft_consensus.cc:1275] T 6e97100984fe4959b8ddc82c6926aeb3 P 3f8bd282d9a24b4da2194cd3d23b9f75 [term 1 FOLLOWER]: Refusing update from remote peer ae537446d23a44ba84bc51e8f09b143c: Log matching property violated. Preceding OpId in replica: term: 1 index: 2. Preceding OpId from leader: term: 1 index: 3. (index mismatch)
I20260710 11:06:04.168304  1579 raft_consensus.cc:1275] T 6e97100984fe4959b8ddc82c6926aeb3 P aa9b8114c46c4a53afcecc00d80cc74a [term 1 FOLLOWER]: Refusing update from remote peer ae537446d23a44ba84bc51e8f09b143c: Log matching property violated. Preceding OpId in replica: term: 1 index: 2. Preceding OpId from leader: term: 1 index: 3. (index mismatch)
I20260710 11:06:04.171649  1415 tablet_service.cc:1558] Processing DeleteTablet for tablet 70ec31c087b149c7aca6b54592b0ff93 with delete_type TABLET_DATA_TOMBSTONED (TS ae537446d23a44ba84bc51e8f09b143c not found in new config with opid_index 4) from {username='slave'} at 127.0.0.1:60458
I20260710 11:06:04.168660  1845 raft_consensus.cc:1275] T 6e97100984fe4959b8ddc82c6926aeb3 P 62219c3647a646fca75e3cce6cda9d36 [term 1 LEARNER]: Refusing update from remote peer ae537446d23a44ba84bc51e8f09b143c: Log matching property violated. Preceding OpId in replica: term: 1 index: 2. Preceding OpId from leader: term: 1 index: 3. (index mismatch)
I20260710 11:06:04.173493  1922 consensus_queue.cc:1048] T 6e97100984fe4959b8ddc82c6926aeb3 P ae537446d23a44ba84bc51e8f09b143c [LEADER]: Connected to new peer: Peer: permanent_uuid: "aa9b8114c46c4a53afcecc00d80cc74a" member_type: VOTER last_known_addr { host: "127.0.82.67" port: 42145 } attrs { replace: true }, Status: LMP_MISMATCH, Last received: 0.0, Next index: 3, Last known committed idx: 2, Time since last communication: 0.000s
I20260710 11:06:04.174324  1982 consensus_queue.cc:1048] T 6e97100984fe4959b8ddc82c6926aeb3 P ae537446d23a44ba84bc51e8f09b143c [LEADER]: Connected to new peer: Peer: permanent_uuid: "3f8bd282d9a24b4da2194cd3d23b9f75" member_type: VOTER last_known_addr { host: "127.0.82.66" port: 45591 }, Status: LMP_MISMATCH, Last received: 0.0, Next index: 3, Last known committed idx: 2, Time since last communication: 0.000s
I20260710 11:06:04.175038  1987 consensus_queue.cc:1048] T 6e97100984fe4959b8ddc82c6926aeb3 P ae537446d23a44ba84bc51e8f09b143c [LEADER]: Connected to new peer: Peer: permanent_uuid: "62219c3647a646fca75e3cce6cda9d36" member_type: VOTER last_known_addr { host: "127.0.82.68" port: 38907 } attrs { promote: false }, Status: LMP_MISMATCH, Last received: 0.0, Next index: 3, Last known committed idx: 2, Time since last communication: 0.001s
I20260710 11:06:04.186326  2008 raft_consensus.cc:2243] T 67a74bf0ceba453bb5c8320541119cf3 P aa9b8114c46c4a53afcecc00d80cc74a [term 1 FOLLOWER]: Raft consensus shutting down.
I20260710 11:06:04.187059  2008 raft_consensus.cc:2272] T 67a74bf0ceba453bb5c8320541119cf3 P aa9b8114c46c4a53afcecc00d80cc74a [term 1 FOLLOWER]: Raft consensus is shut down!
I20260710 11:06:04.193428  2009 tablet_replica.cc:333] T 70ec31c087b149c7aca6b54592b0ff93 P ae537446d23a44ba84bc51e8f09b143c: stopping tablet replica
I20260710 11:06:04.194384  2009 raft_consensus.cc:2243] T 70ec31c087b149c7aca6b54592b0ff93 P ae537446d23a44ba84bc51e8f09b143c [term 1 FOLLOWER]: Raft consensus shutting down.
I20260710 11:06:04.195348  1492 tablet_service.cc:1558] Processing DeleteTablet for tablet 4c8e22266a734176b70925149cf2031b with delete_type TABLET_DATA_TOMBSTONED (TS 3f8bd282d9a24b4da2194cd3d23b9f75 not found in new config with opid_index 4) from {username='slave'} at 127.0.0.1:44246
I20260710 11:06:04.195015  2009 raft_consensus.cc:2272] T 70ec31c087b149c7aca6b54592b0ff93 P ae537446d23a44ba84bc51e8f09b143c [term 1 FOLLOWER]: Raft consensus is shut down!
I20260710 11:06:04.204514  2009 ts_tablet_manager.cc:1916] T 70ec31c087b149c7aca6b54592b0ff93 P ae537446d23a44ba84bc51e8f09b143c: Deleting tablet data with delete state TABLET_DATA_TOMBSTONED
I20260710 11:06:04.212872  2008 ts_tablet_manager.cc:1916] T 67a74bf0ceba453bb5c8320541119cf3 P aa9b8114c46c4a53afcecc00d80cc74a: Deleting tablet data with delete state TABLET_DATA_TOMBSTONED
I20260710 11:06:04.215508  1922 raft_consensus.cc:2955] T 6e97100984fe4959b8ddc82c6926aeb3 P ae537446d23a44ba84bc51e8f09b143c [term 1 LEADER]: Committing config change with OpId 1.3: config changed from index 2 to 3, 62219c3647a646fca75e3cce6cda9d36 (127.0.82.68) changed from NON_VOTER to VOTER. New config: { opid_index: 3 OBSOLETE_local: false peers { permanent_uuid: "ae537446d23a44ba84bc51e8f09b143c" member_type: VOTER last_known_addr { host: "127.0.82.65" port: 43503 } } peers { permanent_uuid: "3f8bd282d9a24b4da2194cd3d23b9f75" member_type: VOTER last_known_addr { host: "127.0.82.66" port: 45591 } } peers { permanent_uuid: "aa9b8114c46c4a53afcecc00d80cc74a" member_type: VOTER last_known_addr { host: "127.0.82.67" port: 42145 } attrs { replace: true } } peers { permanent_uuid: "62219c3647a646fca75e3cce6cda9d36" member_type: VOTER last_known_addr { host: "127.0.82.68" port: 38907 } attrs { promote: false } } }
I20260710 11:06:04.218325  2013 tablet_replica.cc:333] T 4c8e22266a734176b70925149cf2031b P 3f8bd282d9a24b4da2194cd3d23b9f75: stopping tablet replica
I20260710 11:06:04.222734  1504 raft_consensus.cc:2955] T 6e97100984fe4959b8ddc82c6926aeb3 P 3f8bd282d9a24b4da2194cd3d23b9f75 [term 1 FOLLOWER]: Committing config change with OpId 1.3: config changed from index 2 to 3, 62219c3647a646fca75e3cce6cda9d36 (127.0.82.68) changed from NON_VOTER to VOTER. New config: { opid_index: 3 OBSOLETE_local: false peers { permanent_uuid: "ae537446d23a44ba84bc51e8f09b143c" member_type: VOTER last_known_addr { host: "127.0.82.65" port: 43503 } } peers { permanent_uuid: "3f8bd282d9a24b4da2194cd3d23b9f75" member_type: VOTER last_known_addr { host: "127.0.82.66" port: 45591 } } peers { permanent_uuid: "aa9b8114c46c4a53afcecc00d80cc74a" member_type: VOTER last_known_addr { host: "127.0.82.67" port: 42145 } attrs { replace: true } } peers { permanent_uuid: "62219c3647a646fca75e3cce6cda9d36" member_type: VOTER last_known_addr { host: "127.0.82.68" port: 38907 } attrs { promote: false } } }
I20260710 11:06:04.219427  1845 raft_consensus.cc:2955] T 6e97100984fe4959b8ddc82c6926aeb3 P 62219c3647a646fca75e3cce6cda9d36 [term 1 FOLLOWER]: Committing config change with OpId 1.3: config changed from index 2 to 3, 62219c3647a646fca75e3cce6cda9d36 (127.0.82.68) changed from NON_VOTER to VOTER. New config: { opid_index: 3 OBSOLETE_local: false peers { permanent_uuid: "ae537446d23a44ba84bc51e8f09b143c" member_type: VOTER last_known_addr { host: "127.0.82.65" port: 43503 } } peers { permanent_uuid: "3f8bd282d9a24b4da2194cd3d23b9f75" member_type: VOTER last_known_addr { host: "127.0.82.66" port: 45591 } } peers { permanent_uuid: "aa9b8114c46c4a53afcecc00d80cc74a" member_type: VOTER last_known_addr { host: "127.0.82.67" port: 42145 } attrs { replace: true } } peers { permanent_uuid: "62219c3647a646fca75e3cce6cda9d36" member_type: VOTER last_known_addr { host: "127.0.82.68" port: 38907 } attrs { promote: false } } }
I20260710 11:06:04.229104  2008 ts_tablet_manager.cc:1929] T 67a74bf0ceba453bb5c8320541119cf3 P aa9b8114c46c4a53afcecc00d80cc74a: tablet deleted with delete type TABLET_DATA_TOMBSTONED: last-logged OpId 1.3
I20260710 11:06:04.229547  2008 log.cc:1199] T 67a74bf0ceba453bb5c8320541119cf3 P aa9b8114c46c4a53afcecc00d80cc74a: Deleting WAL directory at /tmp/dist-test-taskdjFVkJ/test-tmp/auto_leader_rebalancer-test.0.LeaderRebalancerTest.AddTserver.1783681530446614-329-0/minicluster-data/ts-2-root/wals/67a74bf0ceba453bb5c8320541119cf3
I20260710 11:06:04.234916  1328 catalog_manager.cc:5697] T 6e97100984fe4959b8ddc82c6926aeb3 P ae537446d23a44ba84bc51e8f09b143c reported cstate change: config changed from index 2 to 3, 62219c3647a646fca75e3cce6cda9d36 (127.0.82.68) changed from NON_VOTER to VOTER. New cstate: current_term: 1 leader_uuid: "ae537446d23a44ba84bc51e8f09b143c" committed_config { opid_index: 3 OBSOLETE_local: false peers { permanent_uuid: "ae537446d23a44ba84bc51e8f09b143c" member_type: VOTER last_known_addr { host: "127.0.82.65" port: 43503 } health_report { overall_health: HEALTHY } } peers { permanent_uuid: "3f8bd282d9a24b4da2194cd3d23b9f75" member_type: VOTER last_known_addr { host: "127.0.82.66" port: 45591 } health_report { overall_health: HEALTHY } } peers { permanent_uuid: "aa9b8114c46c4a53afcecc00d80cc74a" member_type: VOTER last_known_addr { host: "127.0.82.67" port: 42145 } attrs { replace: true } health_report { overall_health: HEALTHY } } peers { permanent_uuid: "62219c3647a646fca75e3cce6cda9d36" member_type: VOTER last_known_addr { host: "127.0.82.68" port: 38907 } attrs { promote: false } health_report { overall_health: HEALTHY } } }
I20260710 11:06:04.242568  2013 raft_consensus.cc:2243] T 4c8e22266a734176b70925149cf2031b P 3f8bd282d9a24b4da2194cd3d23b9f75 [term 1 FOLLOWER]: Raft consensus shutting down.
I20260710 11:06:04.244479  2013 raft_consensus.cc:2272] T 4c8e22266a734176b70925149cf2031b P 3f8bd282d9a24b4da2194cd3d23b9f75 [term 1 FOLLOWER]: Raft consensus is shut down!
I20260710 11:06:04.250002  2009 ts_tablet_manager.cc:1929] T 70ec31c087b149c7aca6b54592b0ff93 P ae537446d23a44ba84bc51e8f09b143c: tablet deleted with delete type TABLET_DATA_TOMBSTONED: last-logged OpId 1.3
I20260710 11:06:04.250469  2009 log.cc:1199] T 70ec31c087b149c7aca6b54592b0ff93 P ae537446d23a44ba84bc51e8f09b143c: Deleting WAL directory at /tmp/dist-test-taskdjFVkJ/test-tmp/auto_leader_rebalancer-test.0.LeaderRebalancerTest.AddTserver.1783681530446614-329-0/minicluster-data/ts-0-root/wals/70ec31c087b149c7aca6b54592b0ff93
I20260710 11:06:04.252103  1316 catalog_manager.cc:5028] TS ae537446d23a44ba84bc51e8f09b143c (127.0.82.65:43503): tablet 70ec31c087b149c7aca6b54592b0ff93 (table test-workload [id=b2cecd1741b743c18364b397bf5246b7]) successfully deleted
I20260710 11:06:04.255153  1428 consensus_queue.cc:237] T 6e97100984fe4959b8ddc82c6926aeb3 P ae537446d23a44ba84bc51e8f09b143c [LEADER]: Queue going to LEADER mode. State: All replicated index: 0, Majority replicated index: 3, Committed index: 3, Last appended: 1.3, Last appended by leader: 0, Current term: 1, Majority size: 2, State: 0, Mode: LEADER, active raft config: opid_index: 4 OBSOLETE_local: false peers { permanent_uuid: "ae537446d23a44ba84bc51e8f09b143c" member_type: VOTER last_known_addr { host: "127.0.82.65" port: 43503 } } peers { permanent_uuid: "3f8bd282d9a24b4da2194cd3d23b9f75" member_type: VOTER last_known_addr { host: "127.0.82.66" port: 45591 } } peers { permanent_uuid: "62219c3647a646fca75e3cce6cda9d36" member_type: VOTER last_known_addr { host: "127.0.82.68" port: 38907 } attrs { promote: false } }
I20260710 11:06:04.255841  1314 catalog_manager.cc:5028] TS aa9b8114c46c4a53afcecc00d80cc74a (127.0.82.67:42145): tablet 67a74bf0ceba453bb5c8320541119cf3 (table test-workload [id=b2cecd1741b743c18364b397bf5246b7]) successfully deleted
I20260710 11:06:04.260989  2013 ts_tablet_manager.cc:1916] T 4c8e22266a734176b70925149cf2031b P 3f8bd282d9a24b4da2194cd3d23b9f75: Deleting tablet data with delete state TABLET_DATA_TOMBSTONED
I20260710 11:06:04.260272  1579 raft_consensus.cc:2955] T 6e97100984fe4959b8ddc82c6926aeb3 P aa9b8114c46c4a53afcecc00d80cc74a [term 1 FOLLOWER]: Committing config change with OpId 1.3: config changed from index 2 to 3, 62219c3647a646fca75e3cce6cda9d36 (127.0.82.68) changed from NON_VOTER to VOTER. New config: { opid_index: 3 OBSOLETE_local: false peers { permanent_uuid: "ae537446d23a44ba84bc51e8f09b143c" member_type: VOTER last_known_addr { host: "127.0.82.65" port: 43503 } } peers { permanent_uuid: "3f8bd282d9a24b4da2194cd3d23b9f75" member_type: VOTER last_known_addr { host: "127.0.82.66" port: 45591 } } peers { permanent_uuid: "aa9b8114c46c4a53afcecc00d80cc74a" member_type: VOTER last_known_addr { host: "127.0.82.67" port: 42145 } attrs { replace: true } } peers { permanent_uuid: "62219c3647a646fca75e3cce6cda9d36" member_type: VOTER last_known_addr { host: "127.0.82.68" port: 38907 } attrs { promote: false } } }
I20260710 11:06:04.278313  1845 raft_consensus.cc:1275] T 6e97100984fe4959b8ddc82c6926aeb3 P 62219c3647a646fca75e3cce6cda9d36 [term 1 FOLLOWER]: Refusing update from remote peer ae537446d23a44ba84bc51e8f09b143c: Log matching property violated. Preceding OpId in replica: term: 1 index: 3. Preceding OpId from leader: term: 1 index: 4. (index mismatch)
I20260710 11:06:04.278417  1504 raft_consensus.cc:1275] T 6e97100984fe4959b8ddc82c6926aeb3 P 3f8bd282d9a24b4da2194cd3d23b9f75 [term 1 FOLLOWER]: Refusing update from remote peer ae537446d23a44ba84bc51e8f09b143c: Log matching property violated. Preceding OpId in replica: term: 1 index: 3. Preceding OpId from leader: term: 1 index: 4. (index mismatch)
I20260710 11:06:04.279659  1982 consensus_queue.cc:1048] T 6e97100984fe4959b8ddc82c6926aeb3 P ae537446d23a44ba84bc51e8f09b143c [LEADER]: Connected to new peer: Peer: permanent_uuid: "62219c3647a646fca75e3cce6cda9d36" member_type: VOTER last_known_addr { host: "127.0.82.68" port: 38907 } attrs { promote: false }, Status: LMP_MISMATCH, Last received: 0.0, Next index: 4, Last known committed idx: 3, Time since last communication: 0.000s
I20260710 11:06:04.281553  1982 consensus_queue.cc:1048] T 6e97100984fe4959b8ddc82c6926aeb3 P ae537446d23a44ba84bc51e8f09b143c [LEADER]: Connected to new peer: Peer: permanent_uuid: "3f8bd282d9a24b4da2194cd3d23b9f75" member_type: VOTER last_known_addr { host: "127.0.82.66" port: 45591 }, Status: LMP_MISMATCH, Last received: 0.0, Next index: 4, Last known committed idx: 3, Time since last communication: 0.000s
I20260710 11:06:04.282691  2013 ts_tablet_manager.cc:1929] T 4c8e22266a734176b70925149cf2031b P 3f8bd282d9a24b4da2194cd3d23b9f75: tablet deleted with delete type TABLET_DATA_TOMBSTONED: last-logged OpId 1.3
I20260710 11:06:04.283097  2013 log.cc:1199] T 4c8e22266a734176b70925149cf2031b P 3f8bd282d9a24b4da2194cd3d23b9f75: Deleting WAL directory at /tmp/dist-test-taskdjFVkJ/test-tmp/auto_leader_rebalancer-test.0.LeaderRebalancerTest.AddTserver.1783681530446614-329-0/minicluster-data/ts-1-root/wals/4c8e22266a734176b70925149cf2031b
I20260710 11:06:04.288390  1314 catalog_manager.cc:5028] TS 3f8bd282d9a24b4da2194cd3d23b9f75 (127.0.82.66:45591): tablet 4c8e22266a734176b70925149cf2031b (table test-workload [id=b2cecd1741b743c18364b397bf5246b7]) successfully deleted
I20260710 11:06:04.288405  1982 raft_consensus.cc:2955] T 6e97100984fe4959b8ddc82c6926aeb3 P ae537446d23a44ba84bc51e8f09b143c [term 1 LEADER]: Committing config change with OpId 1.4: config changed from index 3 to 4, VOTER aa9b8114c46c4a53afcecc00d80cc74a (127.0.82.67) evicted. New config: { opid_index: 4 OBSOLETE_local: false peers { permanent_uuid: "ae537446d23a44ba84bc51e8f09b143c" member_type: VOTER last_known_addr { host: "127.0.82.65" port: 43503 } } peers { permanent_uuid: "3f8bd282d9a24b4da2194cd3d23b9f75" member_type: VOTER last_known_addr { host: "127.0.82.66" port: 45591 } } peers { permanent_uuid: "62219c3647a646fca75e3cce6cda9d36" member_type: VOTER last_known_addr { host: "127.0.82.68" port: 38907 } attrs { promote: false } } }
I20260710 11:06:04.290624  1504 raft_consensus.cc:2955] T 6e97100984fe4959b8ddc82c6926aeb3 P 3f8bd282d9a24b4da2194cd3d23b9f75 [term 1 FOLLOWER]: Committing config change with OpId 1.4: config changed from index 3 to 4, VOTER aa9b8114c46c4a53afcecc00d80cc74a (127.0.82.67) evicted. New config: { opid_index: 4 OBSOLETE_local: false peers { permanent_uuid: "ae537446d23a44ba84bc51e8f09b143c" member_type: VOTER last_known_addr { host: "127.0.82.65" port: 43503 } } peers { permanent_uuid: "3f8bd282d9a24b4da2194cd3d23b9f75" member_type: VOTER last_known_addr { host: "127.0.82.66" port: 45591 } } peers { permanent_uuid: "62219c3647a646fca75e3cce6cda9d36" member_type: VOTER last_known_addr { host: "127.0.82.68" port: 38907 } attrs { promote: false } } }
I20260710 11:06:04.293411  1845 raft_consensus.cc:2955] T 6e97100984fe4959b8ddc82c6926aeb3 P 62219c3647a646fca75e3cce6cda9d36 [term 1 FOLLOWER]: Committing config change with OpId 1.4: config changed from index 3 to 4, VOTER aa9b8114c46c4a53afcecc00d80cc74a (127.0.82.67) evicted. New config: { opid_index: 4 OBSOLETE_local: false peers { permanent_uuid: "ae537446d23a44ba84bc51e8f09b143c" member_type: VOTER last_known_addr { host: "127.0.82.65" port: 43503 } } peers { permanent_uuid: "3f8bd282d9a24b4da2194cd3d23b9f75" member_type: VOTER last_known_addr { host: "127.0.82.66" port: 45591 } } peers { permanent_uuid: "62219c3647a646fca75e3cce6cda9d36" member_type: VOTER last_known_addr { host: "127.0.82.68" port: 38907 } attrs { promote: false } } }
I20260710 11:06:04.299279  1316 catalog_manager.cc:5210] ChangeConfig:REMOVE_PEER RPC for tablet 6e97100984fe4959b8ddc82c6926aeb3 with cas_config_opid_index 3: ChangeConfig:REMOVE_PEER succeeded (attempt 1)
I20260710 11:06:04.309947  1326 catalog_manager.cc:5697] T 6e97100984fe4959b8ddc82c6926aeb3 P ae537446d23a44ba84bc51e8f09b143c reported cstate change: config changed from index 3 to 4, VOTER aa9b8114c46c4a53afcecc00d80cc74a (127.0.82.67) evicted. New cstate: current_term: 1 leader_uuid: "ae537446d23a44ba84bc51e8f09b143c" committed_config { opid_index: 4 OBSOLETE_local: false peers { permanent_uuid: "ae537446d23a44ba84bc51e8f09b143c" member_type: VOTER last_known_addr { host: "127.0.82.65" port: 43503 } health_report { overall_health: HEALTHY } } peers { permanent_uuid: "3f8bd282d9a24b4da2194cd3d23b9f75" member_type: VOTER last_known_addr { host: "127.0.82.66" port: 45591 } health_report { overall_health: HEALTHY } } peers { permanent_uuid: "62219c3647a646fca75e3cce6cda9d36" member_type: VOTER last_known_addr { host: "127.0.82.68" port: 38907 } attrs { promote: false } health_report { overall_health: HEALTHY } } }
I20260710 11:06:04.321480  1566 tablet_service.cc:1558] Processing DeleteTablet for tablet 6e97100984fe4959b8ddc82c6926aeb3 with delete_type TABLET_DATA_TOMBSTONED (TS aa9b8114c46c4a53afcecc00d80cc74a not found in new config with opid_index 4) from {username='slave'} at 127.0.0.1:35238
I20260710 11:06:04.322391  2008 tablet_replica.cc:333] T 6e97100984fe4959b8ddc82c6926aeb3 P aa9b8114c46c4a53afcecc00d80cc74a: stopping tablet replica
I20260710 11:06:04.323334  2008 raft_consensus.cc:2243] T 6e97100984fe4959b8ddc82c6926aeb3 P aa9b8114c46c4a53afcecc00d80cc74a [term 1 FOLLOWER]: Raft consensus shutting down.
I20260710 11:06:04.323954  2008 raft_consensus.cc:2272] T 6e97100984fe4959b8ddc82c6926aeb3 P aa9b8114c46c4a53afcecc00d80cc74a [term 1 FOLLOWER]: Raft consensus is shut down!
I20260710 11:06:04.327033  2008 ts_tablet_manager.cc:1916] T 6e97100984fe4959b8ddc82c6926aeb3 P aa9b8114c46c4a53afcecc00d80cc74a: Deleting tablet data with delete state TABLET_DATA_TOMBSTONED
I20260710 11:06:04.340624  2008 ts_tablet_manager.cc:1929] T 6e97100984fe4959b8ddc82c6926aeb3 P aa9b8114c46c4a53afcecc00d80cc74a: tablet deleted with delete type TABLET_DATA_TOMBSTONED: last-logged OpId 1.3
I20260710 11:06:04.340966  2008 log.cc:1199] T 6e97100984fe4959b8ddc82c6926aeb3 P aa9b8114c46c4a53afcecc00d80cc74a: Deleting WAL directory at /tmp/dist-test-taskdjFVkJ/test-tmp/auto_leader_rebalancer-test.0.LeaderRebalancerTest.AddTserver.1783681530446614-329-0/minicluster-data/ts-2-root/wals/6e97100984fe4959b8ddc82c6926aeb3
I20260710 11:06:04.342190  1314 catalog_manager.cc:5028] TS aa9b8114c46c4a53afcecc00d80cc74a (127.0.82.67:42145): tablet 6e97100984fe4959b8ddc82c6926aeb3 (table test-workload [id=b2cecd1741b743c18364b397bf5246b7]) successfully deleted
I20260710 11:06:05.350986  1428 consensus_queue.cc:237] T ef6ed4689dac4995b5cf2f75e76b5e05 P ae537446d23a44ba84bc51e8f09b143c [LEADER]: Queue going to LEADER mode. State: All replicated index: 0, Majority replicated index: 1, Committed index: 1, Last appended: 1.1, Last appended by leader: 0, Current term: 1, Majority size: 2, State: 0, Mode: LEADER, active raft config: opid_index: 2 OBSOLETE_local: false peers { permanent_uuid: "ae537446d23a44ba84bc51e8f09b143c" member_type: VOTER last_known_addr { host: "127.0.82.65" port: 43503 } } peers { permanent_uuid: "3f8bd282d9a24b4da2194cd3d23b9f75" member_type: VOTER last_known_addr { host: "127.0.82.66" port: 45591 } attrs { replace: true } } peers { permanent_uuid: "aa9b8114c46c4a53afcecc00d80cc74a" member_type: VOTER last_known_addr { host: "127.0.82.67" port: 42145 } } peers { permanent_uuid: "62219c3647a646fca75e3cce6cda9d36" member_type: NON_VOTER last_known_addr { host: "127.0.82.68" port: 38907 } attrs { promote: true } }
W20260710 11:06:05.358230  1395 consensus_peers.cc:597] T ef6ed4689dac4995b5cf2f75e76b5e05 P ae537446d23a44ba84bc51e8f09b143c -> Peer 62219c3647a646fca75e3cce6cda9d36 (127.0.82.68:38907): Couldn't send request to peer 62219c3647a646fca75e3cce6cda9d36. Error code: TABLET_NOT_FOUND (6). Status: Not found: Tablet not found: ef6ed4689dac4995b5cf2f75e76b5e05. This is attempt 1: this message will repeat every 5th retry.
I20260710 11:06:05.359406  1579 raft_consensus.cc:1275] T ef6ed4689dac4995b5cf2f75e76b5e05 P aa9b8114c46c4a53afcecc00d80cc74a [term 1 FOLLOWER]: Refusing update from remote peer ae537446d23a44ba84bc51e8f09b143c: Log matching property violated. Preceding OpId in replica: term: 1 index: 1. Preceding OpId from leader: term: 1 index: 2. (index mismatch)
I20260710 11:06:05.359913  1503 raft_consensus.cc:1275] T ef6ed4689dac4995b5cf2f75e76b5e05 P 3f8bd282d9a24b4da2194cd3d23b9f75 [term 1 FOLLOWER]: Refusing update from remote peer ae537446d23a44ba84bc51e8f09b143c: Log matching property violated. Preceding OpId in replica: term: 1 index: 1. Preceding OpId from leader: term: 1 index: 2. (index mismatch)
I20260710 11:06:05.360904  2016 consensus_queue.cc:1048] T ef6ed4689dac4995b5cf2f75e76b5e05 P ae537446d23a44ba84bc51e8f09b143c [LEADER]: Connected to new peer: Peer: permanent_uuid: "aa9b8114c46c4a53afcecc00d80cc74a" member_type: VOTER last_known_addr { host: "127.0.82.67" port: 42145 }, Status: LMP_MISMATCH, Last received: 0.0, Next index: 2, Last known committed idx: 1, Time since last communication: 0.000s
I20260710 11:06:05.361826  2019 consensus_queue.cc:1048] T ef6ed4689dac4995b5cf2f75e76b5e05 P ae537446d23a44ba84bc51e8f09b143c [LEADER]: Connected to new peer: Peer: permanent_uuid: "3f8bd282d9a24b4da2194cd3d23b9f75" member_type: VOTER last_known_addr { host: "127.0.82.66" port: 45591 } attrs { replace: true }, Status: LMP_MISMATCH, Last received: 0.0, Next index: 2, Last known committed idx: 1, Time since last communication: 0.000s
I20260710 11:06:05.369868  2016 raft_consensus.cc:2955] T ef6ed4689dac4995b5cf2f75e76b5e05 P ae537446d23a44ba84bc51e8f09b143c [term 1 LEADER]: Committing config change with OpId 1.2: config changed from index -1 to 2, NON_VOTER 62219c3647a646fca75e3cce6cda9d36 (127.0.82.68) added. New config: { opid_index: 2 OBSOLETE_local: false peers { permanent_uuid: "ae537446d23a44ba84bc51e8f09b143c" member_type: VOTER last_known_addr { host: "127.0.82.65" port: 43503 } } peers { permanent_uuid: "3f8bd282d9a24b4da2194cd3d23b9f75" member_type: VOTER last_known_addr { host: "127.0.82.66" port: 45591 } attrs { replace: true } } peers { permanent_uuid: "aa9b8114c46c4a53afcecc00d80cc74a" member_type: VOTER last_known_addr { host: "127.0.82.67" port: 42145 } } peers { permanent_uuid: "62219c3647a646fca75e3cce6cda9d36" member_type: NON_VOTER last_known_addr { host: "127.0.82.68" port: 38907 } attrs { promote: true } } }
I20260710 11:06:05.371794  1579 raft_consensus.cc:2955] T ef6ed4689dac4995b5cf2f75e76b5e05 P aa9b8114c46c4a53afcecc00d80cc74a [term 1 FOLLOWER]: Committing config change with OpId 1.2: config changed from index -1 to 2, NON_VOTER 62219c3647a646fca75e3cce6cda9d36 (127.0.82.68) added. New config: { opid_index: 2 OBSOLETE_local: false peers { permanent_uuid: "ae537446d23a44ba84bc51e8f09b143c" member_type: VOTER last_known_addr { host: "127.0.82.65" port: 43503 } } peers { permanent_uuid: "3f8bd282d9a24b4da2194cd3d23b9f75" member_type: VOTER last_known_addr { host: "127.0.82.66" port: 45591 } attrs { replace: true } } peers { permanent_uuid: "aa9b8114c46c4a53afcecc00d80cc74a" member_type: VOTER last_known_addr { host: "127.0.82.67" port: 42145 } } peers { permanent_uuid: "62219c3647a646fca75e3cce6cda9d36" member_type: NON_VOTER last_known_addr { host: "127.0.82.68" port: 38907 } attrs { promote: true } } }
I20260710 11:06:05.371475  1504 raft_consensus.cc:2955] T ef6ed4689dac4995b5cf2f75e76b5e05 P 3f8bd282d9a24b4da2194cd3d23b9f75 [term 1 FOLLOWER]: Committing config change with OpId 1.2: config changed from index -1 to 2, NON_VOTER 62219c3647a646fca75e3cce6cda9d36 (127.0.82.68) added. New config: { opid_index: 2 OBSOLETE_local: false peers { permanent_uuid: "ae537446d23a44ba84bc51e8f09b143c" member_type: VOTER last_known_addr { host: "127.0.82.65" port: 43503 } } peers { permanent_uuid: "3f8bd282d9a24b4da2194cd3d23b9f75" member_type: VOTER last_known_addr { host: "127.0.82.66" port: 45591 } attrs { replace: true } } peers { permanent_uuid: "aa9b8114c46c4a53afcecc00d80cc74a" member_type: VOTER last_known_addr { host: "127.0.82.67" port: 42145 } } peers { permanent_uuid: "62219c3647a646fca75e3cce6cda9d36" member_type: NON_VOTER last_known_addr { host: "127.0.82.68" port: 38907 } attrs { promote: true } } }
I20260710 11:06:05.383127  1326 catalog_manager.cc:5697] T ef6ed4689dac4995b5cf2f75e76b5e05 P aa9b8114c46c4a53afcecc00d80cc74a reported cstate change: config changed from index -1 to 2, NON_VOTER 62219c3647a646fca75e3cce6cda9d36 (127.0.82.68) added. New cstate: current_term: 1 leader_uuid: "ae537446d23a44ba84bc51e8f09b143c" committed_config { opid_index: 2 OBSOLETE_local: false peers { permanent_uuid: "ae537446d23a44ba84bc51e8f09b143c" member_type: VOTER last_known_addr { host: "127.0.82.65" port: 43503 } } peers { permanent_uuid: "3f8bd282d9a24b4da2194cd3d23b9f75" member_type: VOTER last_known_addr { host: "127.0.82.66" port: 45591 } attrs { replace: true } } peers { permanent_uuid: "aa9b8114c46c4a53afcecc00d80cc74a" member_type: VOTER last_known_addr { host: "127.0.82.67" port: 42145 } } peers { permanent_uuid: "62219c3647a646fca75e3cce6cda9d36" member_type: NON_VOTER last_known_addr { host: "127.0.82.68" port: 38907 } attrs { promote: true } } }
I20260710 11:06:05.388506  1428 consensus_queue.cc:237] T 9c3e40c7883f412f8ebd8b7210d60b0c P ae537446d23a44ba84bc51e8f09b143c [LEADER]: Queue going to LEADER mode. State: All replicated index: 0, Majority replicated index: 1, Committed index: 1, Last appended: 2.1, Last appended by leader: 0, Current term: 2, Majority size: 2, State: 0, Mode: LEADER, active raft config: opid_index: 2 OBSOLETE_local: false peers { permanent_uuid: "ae537446d23a44ba84bc51e8f09b143c" member_type: VOTER last_known_addr { host: "127.0.82.65" port: 43503 } } peers { permanent_uuid: "3f8bd282d9a24b4da2194cd3d23b9f75" member_type: VOTER last_known_addr { host: "127.0.82.66" port: 45591 } } peers { permanent_uuid: "aa9b8114c46c4a53afcecc00d80cc74a" member_type: VOTER last_known_addr { host: "127.0.82.67" port: 42145 } attrs { replace: true } } peers { permanent_uuid: "62219c3647a646fca75e3cce6cda9d36" member_type: NON_VOTER last_known_addr { host: "127.0.82.68" port: 38907 } attrs { promote: true } }
W20260710 11:06:05.397157  1395 consensus_peers.cc:597] T 9c3e40c7883f412f8ebd8b7210d60b0c P ae537446d23a44ba84bc51e8f09b143c -> Peer 62219c3647a646fca75e3cce6cda9d36 (127.0.82.68:38907): Couldn't send request to peer 62219c3647a646fca75e3cce6cda9d36. Error code: TABLET_NOT_FOUND (6). Status: Not found: Tablet not found: 9c3e40c7883f412f8ebd8b7210d60b0c. This is attempt 1: this message will repeat every 5th retry.
I20260710 11:06:05.397236  1579 raft_consensus.cc:1275] T 9c3e40c7883f412f8ebd8b7210d60b0c P aa9b8114c46c4a53afcecc00d80cc74a [term 2 FOLLOWER]: Refusing update from remote peer ae537446d23a44ba84bc51e8f09b143c: Log matching property violated. Preceding OpId in replica: term: 2 index: 1. Preceding OpId from leader: term: 2 index: 2. (index mismatch)
I20260710 11:06:05.398305  1504 raft_consensus.cc:1275] T 9c3e40c7883f412f8ebd8b7210d60b0c P 3f8bd282d9a24b4da2194cd3d23b9f75 [term 2 FOLLOWER]: Refusing update from remote peer ae537446d23a44ba84bc51e8f09b143c: Log matching property violated. Preceding OpId in replica: term: 2 index: 1. Preceding OpId from leader: term: 2 index: 2. (index mismatch)
I20260710 11:06:05.399010  1982 consensus_queue.cc:1048] T 9c3e40c7883f412f8ebd8b7210d60b0c P ae537446d23a44ba84bc51e8f09b143c [LEADER]: Connected to new peer: Peer: permanent_uuid: "aa9b8114c46c4a53afcecc00d80cc74a" member_type: VOTER last_known_addr { host: "127.0.82.67" port: 42145 } attrs { replace: true }, Status: LMP_MISMATCH, Last received: 0.0, Next index: 2, Last known committed idx: 1, Time since last communication: 0.000s
I20260710 11:06:05.402978  2016 consensus_queue.cc:1048] T 9c3e40c7883f412f8ebd8b7210d60b0c P ae537446d23a44ba84bc51e8f09b143c [LEADER]: Connected to new peer: Peer: permanent_uuid: "3f8bd282d9a24b4da2194cd3d23b9f75" member_type: VOTER last_known_addr { host: "127.0.82.66" port: 45591 }, Status: LMP_MISMATCH, Last received: 0.0, Next index: 2, Last known committed idx: 1, Time since last communication: 0.001s
I20260710 11:06:05.409711  2019 raft_consensus.cc:2955] T 9c3e40c7883f412f8ebd8b7210d60b0c P ae537446d23a44ba84bc51e8f09b143c [term 2 LEADER]: Committing config change with OpId 2.2: config changed from index -1 to 2, NON_VOTER 62219c3647a646fca75e3cce6cda9d36 (127.0.82.68) added. New config: { opid_index: 2 OBSOLETE_local: false peers { permanent_uuid: "ae537446d23a44ba84bc51e8f09b143c" member_type: VOTER last_known_addr { host: "127.0.82.65" port: 43503 } } peers { permanent_uuid: "3f8bd282d9a24b4da2194cd3d23b9f75" member_type: VOTER last_known_addr { host: "127.0.82.66" port: 45591 } } peers { permanent_uuid: "aa9b8114c46c4a53afcecc00d80cc74a" member_type: VOTER last_known_addr { host: "127.0.82.67" port: 42145 } attrs { replace: true } } peers { permanent_uuid: "62219c3647a646fca75e3cce6cda9d36" member_type: NON_VOTER last_known_addr { host: "127.0.82.68" port: 38907 } attrs { promote: true } } }
I20260710 11:06:05.411538  1579 raft_consensus.cc:2955] T 9c3e40c7883f412f8ebd8b7210d60b0c P aa9b8114c46c4a53afcecc00d80cc74a [term 2 FOLLOWER]: Committing config change with OpId 2.2: config changed from index -1 to 2, NON_VOTER 62219c3647a646fca75e3cce6cda9d36 (127.0.82.68) added. New config: { opid_index: 2 OBSOLETE_local: false peers { permanent_uuid: "ae537446d23a44ba84bc51e8f09b143c" member_type: VOTER last_known_addr { host: "127.0.82.65" port: 43503 } } peers { permanent_uuid: "3f8bd282d9a24b4da2194cd3d23b9f75" member_type: VOTER last_known_addr { host: "127.0.82.66" port: 45591 } } peers { permanent_uuid: "aa9b8114c46c4a53afcecc00d80cc74a" member_type: VOTER last_known_addr { host: "127.0.82.67" port: 42145 } attrs { replace: true } } peers { permanent_uuid: "62219c3647a646fca75e3cce6cda9d36" member_type: NON_VOTER last_known_addr { host: "127.0.82.68" port: 38907 } attrs { promote: true } } }
