I20260710 11:05:58.189985 27093 consensus_queue.cc:260] T d6a66c8f5961467a818de5ca593b3ec6 P ae96bc26033f4f788dca86df56d8b82f [NON_LEADER]: Queue going to NON_LEADER mode. State: All replicated index: 0, Majority replicated index: 0, Committed index: 0, Last appended: 0.0, Last appended by leader: 0, Current term: 0, Majority size: -1, State: 0, Mode: NON_LEADER, active raft config: opid_index: -1 OBSOLETE_local: false peers { permanent_uuid: "05de057ee56b46f8a3ae6c6d0901b4d8" member_type: VOTER last_known_addr { host: "127.25.42.193" port: 43943 } } peers { permanent_uuid: "66f5b93871c54ff8a9d9faf8e00c1dcb" member_type: VOTER last_known_addr { host: "127.25.42.194" port: 42381 } } peers { permanent_uuid: "ae96bc26033f4f788dca86df56d8b82f" member_type: VOTER last_known_addr { host: "127.25.42.195" port: 46221 } }
I20260710 11:05:58.190919 27094 raft_consensus.cc:385] T 6c48b4a163b5419585a1240887af4241 P 05de057ee56b46f8a3ae6c6d0901b4d8 [term 0 FOLLOWER]: Consensus starting up: Expiring failure detector timer to make a prompt election more likely
I20260710 11:05:58.191294 27094 raft_consensus.cc:740] T 6c48b4a163b5419585a1240887af4241 P 05de057ee56b46f8a3ae6c6d0901b4d8 [term 0 FOLLOWER]: Becoming Follower/Learner. State: Replica: 05de057ee56b46f8a3ae6c6d0901b4d8, State: Initialized, Role: FOLLOWER
I20260710 11:05:58.192168 27094 consensus_queue.cc:260] T 6c48b4a163b5419585a1240887af4241 P 05de057ee56b46f8a3ae6c6d0901b4d8 [NON_LEADER]: Queue going to NON_LEADER mode. State: All replicated index: 0, Majority replicated index: 0, Committed index: 0, Last appended: 0.0, Last appended by leader: 0, Current term: 0, Majority size: -1, State: 0, Mode: NON_LEADER, active raft config: opid_index: -1 OBSOLETE_local: false peers { permanent_uuid: "05de057ee56b46f8a3ae6c6d0901b4d8" member_type: VOTER last_known_addr { host: "127.25.42.193" port: 43943 } } peers { permanent_uuid: "66f5b93871c54ff8a9d9faf8e00c1dcb" member_type: VOTER last_known_addr { host: "127.25.42.194" port: 42381 } } peers { permanent_uuid: "ae96bc26033f4f788dca86df56d8b82f" member_type: VOTER last_known_addr { host: "127.25.42.195" port: 46221 } }
I20260710 11:05:58.193092 27093 ts_tablet_manager.cc:1434] T d6a66c8f5961467a818de5ca593b3ec6 P ae96bc26033f4f788dca86df56d8b82f: Time spent starting tablet: real 0.008s	user 0.008s	sys 0.000s
I20260710 11:05:58.197575 27093 tablet_bootstrap.cc:492] T 4bf9b5b86ab347d6bc617c88b37feb1b P ae96bc26033f4f788dca86df56d8b82f: Bootstrap starting.
I20260710 11:05:58.194766 27094 ts_tablet_manager.cc:1434] T 6c48b4a163b5419585a1240887af4241 P 05de057ee56b46f8a3ae6c6d0901b4d8: Time spent starting tablet: real 0.008s	user 0.008s	sys 0.000s
I20260710 11:05:58.199014 27094 tablet_bootstrap.cc:492] T 4bf9b5b86ab347d6bc617c88b37feb1b P 05de057ee56b46f8a3ae6c6d0901b4d8: Bootstrap starting.
I20260710 11:05:58.204349 27093 tablet_bootstrap.cc:654] T 4bf9b5b86ab347d6bc617c88b37feb1b P ae96bc26033f4f788dca86df56d8b82f: Neither blocks nor log segments found. Creating new log.
I20260710 11:05:58.198016 27101 tablet_bootstrap.cc:654] T 3a30f4f1babc48c0a011eb4f9b9651e4 P 66f5b93871c54ff8a9d9faf8e00c1dcb: Neither blocks nor log segments found. Creating new log.
I20260710 11:05:58.207430 27099 raft_consensus.cc:493] T 6c48b4a163b5419585a1240887af4241 P 05de057ee56b46f8a3ae6c6d0901b4d8 [term 0 FOLLOWER]: Starting pre-election (no leader contacted us within the election timeout)
I20260710 11:05:58.208101 27099 raft_consensus.cc:515] T 6c48b4a163b5419585a1240887af4241 P 05de057ee56b46f8a3ae6c6d0901b4d8 [term 0 FOLLOWER]: Starting pre-election with config: opid_index: -1 OBSOLETE_local: false peers { permanent_uuid: "05de057ee56b46f8a3ae6c6d0901b4d8" member_type: VOTER last_known_addr { host: "127.25.42.193" port: 43943 } } peers { permanent_uuid: "66f5b93871c54ff8a9d9faf8e00c1dcb" member_type: VOTER last_known_addr { host: "127.25.42.194" port: 42381 } } peers { permanent_uuid: "ae96bc26033f4f788dca86df56d8b82f" member_type: VOTER last_known_addr { host: "127.25.42.195" port: 46221 } }
I20260710 11:05:58.209738 27094 tablet_bootstrap.cc:654] T 4bf9b5b86ab347d6bc617c88b37feb1b P 05de057ee56b46f8a3ae6c6d0901b4d8: Neither blocks nor log segments found. Creating new log.
I20260710 11:05:58.212354 27053 tablet_service.cc:1917] Received RequestConsensusVote() RPC: tablet_id: "6c48b4a163b5419585a1240887af4241" candidate_uuid: "05de057ee56b46f8a3ae6c6d0901b4d8" candidate_term: 1 candidate_status { last_received { term: 0 index: 0 } } ignore_live_leader: false dest_uuid: "ae96bc26033f4f788dca86df56d8b82f" is_pre_election: true
I20260710 11:05:58.214663 26979 tablet_service.cc:1917] Received RequestConsensusVote() RPC: tablet_id: "6c48b4a163b5419585a1240887af4241" candidate_uuid: "05de057ee56b46f8a3ae6c6d0901b4d8" candidate_term: 1 candidate_status { last_received { term: 0 index: 0 } } ignore_live_leader: false dest_uuid: "66f5b93871c54ff8a9d9faf8e00c1dcb" is_pre_election: true
I20260710 11:05:58.216137 27101 tablet_bootstrap.cc:492] T 3a30f4f1babc48c0a011eb4f9b9651e4 P 66f5b93871c54ff8a9d9faf8e00c1dcb: No bootstrap required, opened a new log
I20260710 11:05:58.216679 27101 ts_tablet_manager.cc:1403] T 3a30f4f1babc48c0a011eb4f9b9651e4 P 66f5b93871c54ff8a9d9faf8e00c1dcb: Time spent bootstrapping tablet: real 0.027s	user 0.011s	sys 0.003s
W20260710 11:05:58.216178 26867 leader_election.cc:343] T 6c48b4a163b5419585a1240887af4241 P 05de057ee56b46f8a3ae6c6d0901b4d8 [CANDIDATE]: Term 1 pre-election: Tablet error from VoteRequest() call to peer ae96bc26033f4f788dca86df56d8b82f (127.25.42.195:46221): Illegal state: must be running to vote when last-logged opid is not known
W20260710 11:05:58.217504 26869 leader_election.cc:343] T 6c48b4a163b5419585a1240887af4241 P 05de057ee56b46f8a3ae6c6d0901b4d8 [CANDIDATE]: Term 1 pre-election: Tablet error from VoteRequest() call to peer 66f5b93871c54ff8a9d9faf8e00c1dcb (127.25.42.194:42381): Illegal state: must be running to vote when last-logged opid is not known
I20260710 11:05:58.217967 26869 leader_election.cc:304] T 6c48b4a163b5419585a1240887af4241 P 05de057ee56b46f8a3ae6c6d0901b4d8 [CANDIDATE]: Term 1 pre-election: Election decided. Result: candidate lost. Election summary: received 3 responses out of 3 voters: 1 yes votes; 2 no votes. yes voters: 05de057ee56b46f8a3ae6c6d0901b4d8; no voters: 66f5b93871c54ff8a9d9faf8e00c1dcb, ae96bc26033f4f788dca86df56d8b82f
I20260710 11:05:58.219187 27099 leader_election.cc:290] T 6c48b4a163b5419585a1240887af4241 P 05de057ee56b46f8a3ae6c6d0901b4d8 [CANDIDATE]: Term 1 pre-election: Requested pre-vote from peers 66f5b93871c54ff8a9d9faf8e00c1dcb (127.25.42.194:42381), ae96bc26033f4f788dca86df56d8b82f (127.25.42.195:46221)
I20260710 11:05:58.219722 27099 raft_consensus.cc:2749] T 6c48b4a163b5419585a1240887af4241 P 05de057ee56b46f8a3ae6c6d0901b4d8 [term 0 FOLLOWER]: Leader pre-election lost for term 1. Reason: could not achieve majority
I20260710 11:05:58.219871 27101 raft_consensus.cc:359] T 3a30f4f1babc48c0a011eb4f9b9651e4 P 66f5b93871c54ff8a9d9faf8e00c1dcb [term 0 FOLLOWER]: Replica starting. Triggering 0 pending ops. Active config: opid_index: -1 OBSOLETE_local: false peers { permanent_uuid: "05de057ee56b46f8a3ae6c6d0901b4d8" member_type: VOTER last_known_addr { host: "127.25.42.193" port: 43943 } } peers { permanent_uuid: "66f5b93871c54ff8a9d9faf8e00c1dcb" member_type: VOTER last_known_addr { host: "127.25.42.194" port: 42381 } } peers { permanent_uuid: "ae96bc26033f4f788dca86df56d8b82f" member_type: VOTER last_known_addr { host: "127.25.42.195" port: 46221 } }
I20260710 11:05:58.220642 27101 raft_consensus.cc:385] T 3a30f4f1babc48c0a011eb4f9b9651e4 P 66f5b93871c54ff8a9d9faf8e00c1dcb [term 0 FOLLOWER]: Consensus starting up: Expiring failure detector timer to make a prompt election more likely
I20260710 11:05:58.221052 27101 raft_consensus.cc:740] T 3a30f4f1babc48c0a011eb4f9b9651e4 P 66f5b93871c54ff8a9d9faf8e00c1dcb [term 0 FOLLOWER]: Becoming Follower/Learner. State: Replica: 66f5b93871c54ff8a9d9faf8e00c1dcb, State: Initialized, Role: FOLLOWER
I20260710 11:05:58.222280 27101 consensus_queue.cc:260] T 3a30f4f1babc48c0a011eb4f9b9651e4 P 66f5b93871c54ff8a9d9faf8e00c1dcb [NON_LEADER]: Queue going to NON_LEADER mode. State: All replicated index: 0, Majority replicated index: 0, Committed index: 0, Last appended: 0.0, Last appended by leader: 0, Current term: 0, Majority size: -1, State: 0, Mode: NON_LEADER, active raft config: opid_index: -1 OBSOLETE_local: false peers { permanent_uuid: "05de057ee56b46f8a3ae6c6d0901b4d8" member_type: VOTER last_known_addr { host: "127.25.42.193" port: 43943 } } peers { permanent_uuid: "66f5b93871c54ff8a9d9faf8e00c1dcb" member_type: VOTER last_known_addr { host: "127.25.42.194" port: 42381 } } peers { permanent_uuid: "ae96bc26033f4f788dca86df56d8b82f" member_type: VOTER last_known_addr { host: "127.25.42.195" port: 46221 } }
I20260710 11:05:58.225260 27101 ts_tablet_manager.cc:1434] T 3a30f4f1babc48c0a011eb4f9b9651e4 P 66f5b93871c54ff8a9d9faf8e00c1dcb: Time spent starting tablet: real 0.008s	user 0.008s	sys 0.000s
I20260710 11:05:58.226513 27101 tablet_bootstrap.cc:492] T a456efa8f8a14865a87351e26ca6466f P 66f5b93871c54ff8a9d9faf8e00c1dcb: Bootstrap starting.
I20260710 11:05:58.234341 27101 tablet_bootstrap.cc:654] T a456efa8f8a14865a87351e26ca6466f P 66f5b93871c54ff8a9d9faf8e00c1dcb: Neither blocks nor log segments found. Creating new log.
I20260710 11:05:58.236052 27093 tablet_bootstrap.cc:492] T 4bf9b5b86ab347d6bc617c88b37feb1b P ae96bc26033f4f788dca86df56d8b82f: No bootstrap required, opened a new log
I20260710 11:05:58.236585 27093 ts_tablet_manager.cc:1403] T 4bf9b5b86ab347d6bc617c88b37feb1b P ae96bc26033f4f788dca86df56d8b82f: Time spent bootstrapping tablet: real 0.039s	user 0.006s	sys 0.007s
I20260710 11:05:58.241052 27093 raft_consensus.cc:359] T 4bf9b5b86ab347d6bc617c88b37feb1b P ae96bc26033f4f788dca86df56d8b82f [term 0 FOLLOWER]: Replica starting. Triggering 0 pending ops. Active config: opid_index: -1 OBSOLETE_local: false peers { permanent_uuid: "05de057ee56b46f8a3ae6c6d0901b4d8" member_type: VOTER last_known_addr { host: "127.25.42.193" port: 43943 } } peers { permanent_uuid: "66f5b93871c54ff8a9d9faf8e00c1dcb" member_type: VOTER last_known_addr { host: "127.25.42.194" port: 42381 } } peers { permanent_uuid: "ae96bc26033f4f788dca86df56d8b82f" member_type: VOTER last_known_addr { host: "127.25.42.195" port: 46221 } }
I20260710 11:05:58.242262 27093 raft_consensus.cc:385] T 4bf9b5b86ab347d6bc617c88b37feb1b P ae96bc26033f4f788dca86df56d8b82f [term 0 FOLLOWER]: Consensus starting up: Expiring failure detector timer to make a prompt election more likely
I20260710 11:05:58.242694 27093 raft_consensus.cc:740] T 4bf9b5b86ab347d6bc617c88b37feb1b P ae96bc26033f4f788dca86df56d8b82f [term 0 FOLLOWER]: Becoming Follower/Learner. State: Replica: ae96bc26033f4f788dca86df56d8b82f, State: Initialized, Role: FOLLOWER
I20260710 11:05:58.244424 27093 consensus_queue.cc:260] T 4bf9b5b86ab347d6bc617c88b37feb1b P ae96bc26033f4f788dca86df56d8b82f [NON_LEADER]: Queue going to NON_LEADER mode. State: All replicated index: 0, Majority replicated index: 0, Committed index: 0, Last appended: 0.0, Last appended by leader: 0, Current term: 0, Majority size: -1, State: 0, Mode: NON_LEADER, active raft config: opid_index: -1 OBSOLETE_local: false peers { permanent_uuid: "05de057ee56b46f8a3ae6c6d0901b4d8" member_type: VOTER last_known_addr { host: "127.25.42.193" port: 43943 } } peers { permanent_uuid: "66f5b93871c54ff8a9d9faf8e00c1dcb" member_type: VOTER last_known_addr { host: "127.25.42.194" port: 42381 } } peers { permanent_uuid: "ae96bc26033f4f788dca86df56d8b82f" member_type: VOTER last_known_addr { host: "127.25.42.195" port: 46221 } }
I20260710 11:05:58.247910 27094 tablet_bootstrap.cc:492] T 4bf9b5b86ab347d6bc617c88b37feb1b P 05de057ee56b46f8a3ae6c6d0901b4d8: No bootstrap required, opened a new log
I20260710 11:05:58.248651 27094 ts_tablet_manager.cc:1403] T 4bf9b5b86ab347d6bc617c88b37feb1b P 05de057ee56b46f8a3ae6c6d0901b4d8: Time spent bootstrapping tablet: real 0.050s	user 0.014s	sys 0.025s
I20260710 11:05:58.249913 27093 ts_tablet_manager.cc:1434] T 4bf9b5b86ab347d6bc617c88b37feb1b P ae96bc26033f4f788dca86df56d8b82f: Time spent starting tablet: real 0.013s	user 0.010s	sys 0.002s
I20260710 11:05:58.251350 27093 tablet_bootstrap.cc:492] T cf914c638455428e942c9758dd172742 P ae96bc26033f4f788dca86df56d8b82f: Bootstrap starting.
I20260710 11:05:58.253209 27094 raft_consensus.cc:359] T 4bf9b5b86ab347d6bc617c88b37feb1b P 05de057ee56b46f8a3ae6c6d0901b4d8 [term 0 FOLLOWER]: Replica starting. Triggering 0 pending ops. Active config: opid_index: -1 OBSOLETE_local: false peers { permanent_uuid: "05de057ee56b46f8a3ae6c6d0901b4d8" member_type: VOTER last_known_addr { host: "127.25.42.193" port: 43943 } } peers { permanent_uuid: "66f5b93871c54ff8a9d9faf8e00c1dcb" member_type: VOTER last_known_addr { host: "127.25.42.194" port: 42381 } } peers { permanent_uuid: "ae96bc26033f4f788dca86df56d8b82f" member_type: VOTER last_known_addr { host: "127.25.42.195" port: 46221 } }
I20260710 11:05:58.254346 27094 raft_consensus.cc:385] T 4bf9b5b86ab347d6bc617c88b37feb1b P 05de057ee56b46f8a3ae6c6d0901b4d8 [term 0 FOLLOWER]: Consensus starting up: Expiring failure detector timer to make a prompt election more likely
I20260710 11:05:58.254734 27094 raft_consensus.cc:740] T 4bf9b5b86ab347d6bc617c88b37feb1b P 05de057ee56b46f8a3ae6c6d0901b4d8 [term 0 FOLLOWER]: Becoming Follower/Learner. State: Replica: 05de057ee56b46f8a3ae6c6d0901b4d8, State: Initialized, Role: FOLLOWER
I20260710 11:05:58.257100 27117 raft_consensus.cc:493] T 022142b426b24252a22ce4368ee31226 P 05de057ee56b46f8a3ae6c6d0901b4d8 [term 0 FOLLOWER]: Starting pre-election (no leader contacted us within the election timeout)
I20260710 11:05:58.257782 27117 raft_consensus.cc:515] T 022142b426b24252a22ce4368ee31226 P 05de057ee56b46f8a3ae6c6d0901b4d8 [term 0 FOLLOWER]: Starting pre-election with config: opid_index: -1 OBSOLETE_local: false peers { permanent_uuid: "05de057ee56b46f8a3ae6c6d0901b4d8" member_type: VOTER last_known_addr { host: "127.25.42.193" port: 43943 } } peers { permanent_uuid: "66f5b93871c54ff8a9d9faf8e00c1dcb" member_type: VOTER last_known_addr { host: "127.25.42.194" port: 42381 } } peers { permanent_uuid: "ae96bc26033f4f788dca86df56d8b82f" member_type: VOTER last_known_addr { host: "127.25.42.195" port: 46221 } }
I20260710 11:05:58.259241 27093 tablet_bootstrap.cc:654] T cf914c638455428e942c9758dd172742 P ae96bc26033f4f788dca86df56d8b82f: Neither blocks nor log segments found. Creating new log.
I20260710 11:05:58.261816 26979 tablet_service.cc:1917] Received RequestConsensusVote() RPC: tablet_id: "022142b426b24252a22ce4368ee31226" candidate_uuid: "05de057ee56b46f8a3ae6c6d0901b4d8" candidate_term: 1 candidate_status { last_received { term: 0 index: 0 } } ignore_live_leader: false dest_uuid: "66f5b93871c54ff8a9d9faf8e00c1dcb" is_pre_election: true
W20260710 11:05:58.263849 26869 leader_election.cc:343] T 022142b426b24252a22ce4368ee31226 P 05de057ee56b46f8a3ae6c6d0901b4d8 [CANDIDATE]: Term 1 pre-election: Tablet error from VoteRequest() call to peer 66f5b93871c54ff8a9d9faf8e00c1dcb (127.25.42.194:42381): Illegal state: must be running to vote when last-logged opid is not known
I20260710 11:05:58.265875 27117 leader_election.cc:290] T 022142b426b24252a22ce4368ee31226 P 05de057ee56b46f8a3ae6c6d0901b4d8 [CANDIDATE]: Term 1 pre-election: Requested pre-vote from peers 66f5b93871c54ff8a9d9faf8e00c1dcb (127.25.42.194:42381), ae96bc26033f4f788dca86df56d8b82f (127.25.42.195:46221)
I20260710 11:05:58.255861 27094 consensus_queue.cc:260] T 4bf9b5b86ab347d6bc617c88b37feb1b P 05de057ee56b46f8a3ae6c6d0901b4d8 [NON_LEADER]: Queue going to NON_LEADER mode. State: All replicated index: 0, Majority replicated index: 0, Committed index: 0, Last appended: 0.0, Last appended by leader: 0, Current term: 0, Majority size: -1, State: 0, Mode: NON_LEADER, active raft config: opid_index: -1 OBSOLETE_local: false peers { permanent_uuid: "05de057ee56b46f8a3ae6c6d0901b4d8" member_type: VOTER last_known_addr { host: "127.25.42.193" port: 43943 } } peers { permanent_uuid: "66f5b93871c54ff8a9d9faf8e00c1dcb" member_type: VOTER last_known_addr { host: "127.25.42.194" port: 42381 } } peers { permanent_uuid: "ae96bc26033f4f788dca86df56d8b82f" member_type: VOTER last_known_addr { host: "127.25.42.195" port: 46221 } }
I20260710 11:05:58.266515 27053 tablet_service.cc:1917] Received RequestConsensusVote() RPC: tablet_id: "022142b426b24252a22ce4368ee31226" candidate_uuid: "05de057ee56b46f8a3ae6c6d0901b4d8" candidate_term: 1 candidate_status { last_received { term: 0 index: 0 } } ignore_live_leader: false dest_uuid: "ae96bc26033f4f788dca86df56d8b82f" is_pre_election: true
I20260710 11:05:58.267140 27053 raft_consensus.cc:2468] T 022142b426b24252a22ce4368ee31226 P ae96bc26033f4f788dca86df56d8b82f [term 0 FOLLOWER]: Leader pre-election vote request: Granting yes vote for candidate 05de057ee56b46f8a3ae6c6d0901b4d8 in term 0.
I20260710 11:05:58.268412 26867 leader_election.cc:304] T 022142b426b24252a22ce4368ee31226 P 05de057ee56b46f8a3ae6c6d0901b4d8 [CANDIDATE]: Term 1 pre-election: Election decided. Result: candidate won. Election summary: received 3 responses out of 3 voters: 2 yes votes; 1 no votes. yes voters: 05de057ee56b46f8a3ae6c6d0901b4d8, ae96bc26033f4f788dca86df56d8b82f; no voters: 66f5b93871c54ff8a9d9faf8e00c1dcb
I20260710 11:05:58.268818 27101 tablet_bootstrap.cc:492] T a456efa8f8a14865a87351e26ca6466f P 66f5b93871c54ff8a9d9faf8e00c1dcb: No bootstrap required, opened a new log
I20260710 11:05:58.269460 27101 ts_tablet_manager.cc:1403] T a456efa8f8a14865a87351e26ca6466f P 66f5b93871c54ff8a9d9faf8e00c1dcb: Time spent bootstrapping tablet: real 0.043s	user 0.027s	sys 0.012s
I20260710 11:05:58.269598 27099 raft_consensus.cc:2804] T 022142b426b24252a22ce4368ee31226 P 05de057ee56b46f8a3ae6c6d0901b4d8 [term 0 FOLLOWER]: Leader pre-election won for term 1
I20260710 11:05:58.270032 27099 raft_consensus.cc:493] T 022142b426b24252a22ce4368ee31226 P 05de057ee56b46f8a3ae6c6d0901b4d8 [term 0 FOLLOWER]: Starting leader election (no leader contacted us within the election timeout)
I20260710 11:05:58.270375 27099 raft_consensus.cc:3060] T 022142b426b24252a22ce4368ee31226 P 05de057ee56b46f8a3ae6c6d0901b4d8 [term 0 FOLLOWER]: Advancing to term 1
I20260710 11:05:58.272485 27094 ts_tablet_manager.cc:1434] T 4bf9b5b86ab347d6bc617c88b37feb1b P 05de057ee56b46f8a3ae6c6d0901b4d8: Time spent starting tablet: real 0.023s	user 0.010s	sys 0.001s
I20260710 11:05:58.273550 27094 tablet_bootstrap.cc:492] T a456efa8f8a14865a87351e26ca6466f P 05de057ee56b46f8a3ae6c6d0901b4d8: Bootstrap starting.
I20260710 11:05:58.273459 27101 raft_consensus.cc:359] T a456efa8f8a14865a87351e26ca6466f P 66f5b93871c54ff8a9d9faf8e00c1dcb [term 0 FOLLOWER]: Replica starting. Triggering 0 pending ops. Active config: opid_index: -1 OBSOLETE_local: false peers { permanent_uuid: "05de057ee56b46f8a3ae6c6d0901b4d8" member_type: VOTER last_known_addr { host: "127.25.42.193" port: 43943 } } peers { permanent_uuid: "66f5b93871c54ff8a9d9faf8e00c1dcb" member_type: VOTER last_known_addr { host: "127.25.42.194" port: 42381 } } peers { permanent_uuid: "ae96bc26033f4f788dca86df56d8b82f" member_type: VOTER last_known_addr { host: "127.25.42.195" port: 46221 } }
I20260710 11:05:58.274772 27101 raft_consensus.cc:385] T a456efa8f8a14865a87351e26ca6466f P 66f5b93871c54ff8a9d9faf8e00c1dcb [term 0 FOLLOWER]: Consensus starting up: Expiring failure detector timer to make a prompt election more likely
I20260710 11:05:58.275153 27101 raft_consensus.cc:740] T a456efa8f8a14865a87351e26ca6466f P 66f5b93871c54ff8a9d9faf8e00c1dcb [term 0 FOLLOWER]: Becoming Follower/Learner. State: Replica: 66f5b93871c54ff8a9d9faf8e00c1dcb, State: Initialized, Role: FOLLOWER
I20260710 11:05:58.276851 27101 consensus_queue.cc:260] T a456efa8f8a14865a87351e26ca6466f P 66f5b93871c54ff8a9d9faf8e00c1dcb [NON_LEADER]: Queue going to NON_LEADER mode. State: All replicated index: 0, Majority replicated index: 0, Committed index: 0, Last appended: 0.0, Last appended by leader: 0, Current term: 0, Majority size: -1, State: 0, Mode: NON_LEADER, active raft config: opid_index: -1 OBSOLETE_local: false peers { permanent_uuid: "05de057ee56b46f8a3ae6c6d0901b4d8" member_type: VOTER last_known_addr { host: "127.25.42.193" port: 43943 } } peers { permanent_uuid: "66f5b93871c54ff8a9d9faf8e00c1dcb" member_type: VOTER last_known_addr { host: "127.25.42.194" port: 42381 } } peers { permanent_uuid: "ae96bc26033f4f788dca86df56d8b82f" member_type: VOTER last_known_addr { host: "127.25.42.195" port: 46221 } }
I20260710 11:05:58.278151 27099 raft_consensus.cc:515] T 022142b426b24252a22ce4368ee31226 P 05de057ee56b46f8a3ae6c6d0901b4d8 [term 1 FOLLOWER]: Starting leader election with config: opid_index: -1 OBSOLETE_local: false peers { permanent_uuid: "05de057ee56b46f8a3ae6c6d0901b4d8" member_type: VOTER last_known_addr { host: "127.25.42.193" port: 43943 } } peers { permanent_uuid: "66f5b93871c54ff8a9d9faf8e00c1dcb" member_type: VOTER last_known_addr { host: "127.25.42.194" port: 42381 } } peers { permanent_uuid: "ae96bc26033f4f788dca86df56d8b82f" member_type: VOTER last_known_addr { host: "127.25.42.195" port: 46221 } }
I20260710 11:05:58.278867 27093 tablet_bootstrap.cc:492] T cf914c638455428e942c9758dd172742 P ae96bc26033f4f788dca86df56d8b82f: No bootstrap required, opened a new log
I20260710 11:05:58.279363 27093 ts_tablet_manager.cc:1403] T cf914c638455428e942c9758dd172742 P ae96bc26033f4f788dca86df56d8b82f: Time spent bootstrapping tablet: real 0.028s	user 0.015s	sys 0.010s
I20260710 11:05:58.280737 27101 ts_tablet_manager.cc:1434] T a456efa8f8a14865a87351e26ca6466f P 66f5b93871c54ff8a9d9faf8e00c1dcb: Time spent starting tablet: real 0.011s	user 0.007s	sys 0.001s
I20260710 11:05:58.281330 26979 tablet_service.cc:1917] Received RequestConsensusVote() RPC: tablet_id: "022142b426b24252a22ce4368ee31226" candidate_uuid: "05de057ee56b46f8a3ae6c6d0901b4d8" candidate_term: 1 candidate_status { last_received { term: 0 index: 0 } } ignore_live_leader: false dest_uuid: "66f5b93871c54ff8a9d9faf8e00c1dcb"
I20260710 11:05:58.283223 27101 tablet_bootstrap.cc:492] T 4bf9b5b86ab347d6bc617c88b37feb1b P 66f5b93871c54ff8a9d9faf8e00c1dcb: Bootstrap starting.
W20260710 11:05:58.287117 26869 leader_election.cc:343] T 022142b426b24252a22ce4368ee31226 P 05de057ee56b46f8a3ae6c6d0901b4d8 [CANDIDATE]: Term 1 election: Tablet error from VoteRequest() call to peer 66f5b93871c54ff8a9d9faf8e00c1dcb (127.25.42.194:42381): Illegal state: must be running to vote when last-logged opid is not known
I20260710 11:05:58.289223 27093 raft_consensus.cc:359] T cf914c638455428e942c9758dd172742 P ae96bc26033f4f788dca86df56d8b82f [term 0 FOLLOWER]: Replica starting. Triggering 0 pending ops. Active config: opid_index: -1 OBSOLETE_local: false peers { permanent_uuid: "05de057ee56b46f8a3ae6c6d0901b4d8" member_type: VOTER last_known_addr { host: "127.25.42.193" port: 43943 } } peers { permanent_uuid: "66f5b93871c54ff8a9d9faf8e00c1dcb" member_type: VOTER last_known_addr { host: "127.25.42.194" port: 42381 } } peers { permanent_uuid: "ae96bc26033f4f788dca86df56d8b82f" member_type: VOTER last_known_addr { host: "127.25.42.195" port: 46221 } }
I20260710 11:05:58.290071 27093 raft_consensus.cc:385] T cf914c638455428e942c9758dd172742 P ae96bc26033f4f788dca86df56d8b82f [term 0 FOLLOWER]: Consensus starting up: Expiring failure detector timer to make a prompt election more likely
I20260710 11:05:58.290400 27093 raft_consensus.cc:740] T cf914c638455428e942c9758dd172742 P ae96bc26033f4f788dca86df56d8b82f [term 0 FOLLOWER]: Becoming Follower/Learner. State: Replica: ae96bc26033f4f788dca86df56d8b82f, State: Initialized, Role: FOLLOWER
I20260710 11:05:58.290539 27101 tablet_bootstrap.cc:654] T 4bf9b5b86ab347d6bc617c88b37feb1b P 66f5b93871c54ff8a9d9faf8e00c1dcb: Neither blocks nor log segments found. Creating new log.
I20260710 11:05:58.291316 27093 consensus_queue.cc:260] T cf914c638455428e942c9758dd172742 P ae96bc26033f4f788dca86df56d8b82f [NON_LEADER]: Queue going to NON_LEADER mode. State: All replicated index: 0, Majority replicated index: 0, Committed index: 0, Last appended: 0.0, Last appended by leader: 0, Current term: 0, Majority size: -1, State: 0, Mode: NON_LEADER, active raft config: opid_index: -1 OBSOLETE_local: false peers { permanent_uuid: "05de057ee56b46f8a3ae6c6d0901b4d8" member_type: VOTER last_known_addr { host: "127.25.42.193" port: 43943 } } peers { permanent_uuid: "66f5b93871c54ff8a9d9faf8e00c1dcb" member_type: VOTER last_known_addr { host: "127.25.42.194" port: 42381 } } peers { permanent_uuid: "ae96bc26033f4f788dca86df56d8b82f" member_type: VOTER last_known_addr { host: "127.25.42.195" port: 46221 } }
I20260710 11:05:58.296715 27094 tablet_bootstrap.cc:654] T a456efa8f8a14865a87351e26ca6466f P 05de057ee56b46f8a3ae6c6d0901b4d8: Neither blocks nor log segments found. Creating new log.
I20260710 11:05:58.299341 27053 tablet_service.cc:1917] Received RequestConsensusVote() RPC: tablet_id: "022142b426b24252a22ce4368ee31226" candidate_uuid: "05de057ee56b46f8a3ae6c6d0901b4d8" candidate_term: 1 candidate_status { last_received { term: 0 index: 0 } } ignore_live_leader: false dest_uuid: "ae96bc26033f4f788dca86df56d8b82f"
I20260710 11:05:58.300040 27053 raft_consensus.cc:3060] T 022142b426b24252a22ce4368ee31226 P ae96bc26033f4f788dca86df56d8b82f [term 0 FOLLOWER]: Advancing to term 1
I20260710 11:05:58.302862 27093 ts_tablet_manager.cc:1434] T cf914c638455428e942c9758dd172742 P ae96bc26033f4f788dca86df56d8b82f: Time spent starting tablet: real 0.023s	user 0.008s	sys 0.000s
I20260710 11:05:58.302878 27101 tablet_bootstrap.cc:492] T 4bf9b5b86ab347d6bc617c88b37feb1b P 66f5b93871c54ff8a9d9faf8e00c1dcb: No bootstrap required, opened a new log
I20260710 11:05:58.303656 27101 ts_tablet_manager.cc:1403] T 4bf9b5b86ab347d6bc617c88b37feb1b P 66f5b93871c54ff8a9d9faf8e00c1dcb: Time spent bootstrapping tablet: real 0.021s	user 0.014s	sys 0.004s
I20260710 11:05:58.306797 27097 raft_consensus.cc:493] T 0888429abf18499b8c17151b5e18215d P ae96bc26033f4f788dca86df56d8b82f [term 0 FOLLOWER]: Starting pre-election (no leader contacted us within the election timeout)
I20260710 11:05:58.307147 27101 raft_consensus.cc:359] T 4bf9b5b86ab347d6bc617c88b37feb1b P 66f5b93871c54ff8a9d9faf8e00c1dcb [term 0 FOLLOWER]: Replica starting. Triggering 0 pending ops. Active config: opid_index: -1 OBSOLETE_local: false peers { permanent_uuid: "05de057ee56b46f8a3ae6c6d0901b4d8" member_type: VOTER last_known_addr { host: "127.25.42.193" port: 43943 } } peers { permanent_uuid: "66f5b93871c54ff8a9d9faf8e00c1dcb" member_type: VOTER last_known_addr { host: "127.25.42.194" port: 42381 } } peers { permanent_uuid: "ae96bc26033f4f788dca86df56d8b82f" member_type: VOTER last_known_addr { host: "127.25.42.195" port: 46221 } }
I20260710 11:05:58.308198 27101 raft_consensus.cc:385] T 4bf9b5b86ab347d6bc617c88b37feb1b P 66f5b93871c54ff8a9d9faf8e00c1dcb [term 0 FOLLOWER]: Consensus starting up: Expiring failure detector timer to make a prompt election more likely
I20260710 11:05:58.308610 27101 raft_consensus.cc:740] T 4bf9b5b86ab347d6bc617c88b37feb1b P 66f5b93871c54ff8a9d9faf8e00c1dcb [term 0 FOLLOWER]: Becoming Follower/Learner. State: Replica: 66f5b93871c54ff8a9d9faf8e00c1dcb, State: Initialized, Role: FOLLOWER
I20260710 11:05:58.309535 27101 consensus_queue.cc:260] T 4bf9b5b86ab347d6bc617c88b37feb1b P 66f5b93871c54ff8a9d9faf8e00c1dcb [NON_LEADER]: Queue going to NON_LEADER mode. State: All replicated index: 0, Majority replicated index: 0, Committed index: 0, Last appended: 0.0, Last appended by leader: 0, Current term: 0, Majority size: -1, State: 0, Mode: NON_LEADER, active raft config: opid_index: -1 OBSOLETE_local: false peers { permanent_uuid: "05de057ee56b46f8a3ae6c6d0901b4d8" member_type: VOTER last_known_addr { host: "127.25.42.193" port: 43943 } } peers { permanent_uuid: "66f5b93871c54ff8a9d9faf8e00c1dcb" member_type: VOTER last_known_addr { host: "127.25.42.194" port: 42381 } } peers { permanent_uuid: "ae96bc26033f4f788dca86df56d8b82f" member_type: VOTER last_known_addr { host: "127.25.42.195" port: 46221 } }
I20260710 11:05:58.307476 27097 raft_consensus.cc:515] T 0888429abf18499b8c17151b5e18215d P ae96bc26033f4f788dca86df56d8b82f [term 0 FOLLOWER]: Starting pre-election with config: opid_index: -1 OBSOLETE_local: false peers { permanent_uuid: "05de057ee56b46f8a3ae6c6d0901b4d8" member_type: VOTER last_known_addr { host: "127.25.42.193" port: 43943 } } peers { permanent_uuid: "66f5b93871c54ff8a9d9faf8e00c1dcb" member_type: VOTER last_known_addr { host: "127.25.42.194" port: 42381 } } peers { permanent_uuid: "ae96bc26033f4f788dca86df56d8b82f" member_type: VOTER last_known_addr { host: "127.25.42.195" port: 46221 } }
I20260710 11:05:58.312412 27101 ts_tablet_manager.cc:1434] T 4bf9b5b86ab347d6bc617c88b37feb1b P 66f5b93871c54ff8a9d9faf8e00c1dcb: Time spent starting tablet: real 0.008s	user 0.007s	sys 0.000s
I20260710 11:05:58.313555 27101 tablet_bootstrap.cc:492] T 6873a0caacd24ffa9cfbc161ed8f139f P 66f5b93871c54ff8a9d9faf8e00c1dcb: Bootstrap starting.
I20260710 11:05:58.313720 27097 leader_election.cc:290] T 0888429abf18499b8c17151b5e18215d P ae96bc26033f4f788dca86df56d8b82f [CANDIDATE]: Term 1 pre-election: Requested pre-vote from peers 05de057ee56b46f8a3ae6c6d0901b4d8 (127.25.42.193:43943), 66f5b93871c54ff8a9d9faf8e00c1dcb (127.25.42.194:42381)
I20260710 11:05:58.315629 26979 tablet_service.cc:1917] Received RequestConsensusVote() RPC: tablet_id: "0888429abf18499b8c17151b5e18215d" candidate_uuid: "ae96bc26033f4f788dca86df56d8b82f" candidate_term: 1 candidate_status { last_received { term: 0 index: 0 } } ignore_live_leader: false dest_uuid: "66f5b93871c54ff8a9d9faf8e00c1dcb" is_pre_election: true
I20260710 11:05:58.317229 27114 raft_consensus.cc:493] T 3a30f4f1babc48c0a011eb4f9b9651e4 P 66f5b93871c54ff8a9d9faf8e00c1dcb [term 0 FOLLOWER]: Starting pre-election (no leader contacted us within the election timeout)
I20260710 11:05:58.317755 27114 raft_consensus.cc:515] T 3a30f4f1babc48c0a011eb4f9b9651e4 P 66f5b93871c54ff8a9d9faf8e00c1dcb [term 0 FOLLOWER]: Starting pre-election with config: opid_index: -1 OBSOLETE_local: false peers { permanent_uuid: "05de057ee56b46f8a3ae6c6d0901b4d8" member_type: VOTER last_known_addr { host: "127.25.42.193" port: 43943 } } peers { permanent_uuid: "66f5b93871c54ff8a9d9faf8e00c1dcb" member_type: VOTER last_known_addr { host: "127.25.42.194" port: 42381 } } peers { permanent_uuid: "ae96bc26033f4f788dca86df56d8b82f" member_type: VOTER last_known_addr { host: "127.25.42.195" port: 46221 } }
I20260710 11:05:58.319134 27093 tablet_bootstrap.cc:492] T 3337ac051ee74580b0c2698338c58f64 P ae96bc26033f4f788dca86df56d8b82f: Bootstrap starting.
I20260710 11:05:58.320547 26904 tablet_service.cc:1917] Received RequestConsensusVote() RPC: tablet_id: "0888429abf18499b8c17151b5e18215d" candidate_uuid: "ae96bc26033f4f788dca86df56d8b82f" candidate_term: 1 candidate_status { last_received { term: 0 index: 0 } } ignore_live_leader: false dest_uuid: "05de057ee56b46f8a3ae6c6d0901b4d8" is_pre_election: true
I20260710 11:05:58.322031 27099 leader_election.cc:290] T 022142b426b24252a22ce4368ee31226 P 05de057ee56b46f8a3ae6c6d0901b4d8 [CANDIDATE]: Term 1 election: Requested vote from peers 66f5b93871c54ff8a9d9faf8e00c1dcb (127.25.42.194:42381), ae96bc26033f4f788dca86df56d8b82f (127.25.42.195:46221)
I20260710 11:05:58.322414 27053 raft_consensus.cc:2468] T 022142b426b24252a22ce4368ee31226 P ae96bc26033f4f788dca86df56d8b82f [term 1 FOLLOWER]: Leader election vote request: Granting yes vote for candidate 05de057ee56b46f8a3ae6c6d0901b4d8 in term 1.
W20260710 11:05:58.323225 27018 leader_election.cc:343] T 0888429abf18499b8c17151b5e18215d P ae96bc26033f4f788dca86df56d8b82f [CANDIDATE]: Term 1 pre-election: Tablet error from VoteRequest() call to peer 66f5b93871c54ff8a9d9faf8e00c1dcb (127.25.42.194:42381): Illegal state: must be running to vote when last-logged opid is not known
I20260710 11:05:58.328951 27114 leader_election.cc:290] T 3a30f4f1babc48c0a011eb4f9b9651e4 P 66f5b93871c54ff8a9d9faf8e00c1dcb [CANDIDATE]: Term 1 pre-election: Requested pre-vote from peers 05de057ee56b46f8a3ae6c6d0901b4d8 (127.25.42.193:43943), ae96bc26033f4f788dca86df56d8b82f (127.25.42.195:46221)
W20260710 11:05:58.331087 27018 leader_election.cc:343] T 0888429abf18499b8c17151b5e18215d P ae96bc26033f4f788dca86df56d8b82f [CANDIDATE]: Term 1 pre-election: Tablet error from VoteRequest() call to peer 05de057ee56b46f8a3ae6c6d0901b4d8 (127.25.42.193:43943): Illegal state: must be running to vote when last-logged opid is not known
I20260710 11:05:58.331562 27018 leader_election.cc:304] T 0888429abf18499b8c17151b5e18215d P ae96bc26033f4f788dca86df56d8b82f [CANDIDATE]: Term 1 pre-election: Election decided. Result: candidate lost. Election summary: received 3 responses out of 3 voters: 1 yes votes; 2 no votes. yes voters: ae96bc26033f4f788dca86df56d8b82f; no voters: 05de057ee56b46f8a3ae6c6d0901b4d8, 66f5b93871c54ff8a9d9faf8e00c1dcb
I20260710 11:05:58.332708 27097 raft_consensus.cc:2749] T 0888429abf18499b8c17151b5e18215d P ae96bc26033f4f788dca86df56d8b82f [term 0 FOLLOWER]: Leader pre-election lost for term 1. Reason: could not achieve majority
I20260710 11:05:58.333956 27093 tablet_bootstrap.cc:654] T 3337ac051ee74580b0c2698338c58f64 P ae96bc26033f4f788dca86df56d8b82f: Neither blocks nor log segments found. Creating new log.
I20260710 11:05:58.334203 26867 leader_election.cc:304] T 022142b426b24252a22ce4368ee31226 P 05de057ee56b46f8a3ae6c6d0901b4d8 [CANDIDATE]: Term 1 election: Election decided. Result: candidate won. Election summary: received 3 responses out of 3 voters: 2 yes votes; 1 no votes. yes voters: 05de057ee56b46f8a3ae6c6d0901b4d8, ae96bc26033f4f788dca86df56d8b82f; no voters: 66f5b93871c54ff8a9d9faf8e00c1dcb
I20260710 11:05:58.335233 27099 raft_consensus.cc:2804] T 022142b426b24252a22ce4368ee31226 P 05de057ee56b46f8a3ae6c6d0901b4d8 [term 1 FOLLOWER]: Leader election won for term 1
I20260710 11:05:58.336160 27099 raft_consensus.cc:697] T 022142b426b24252a22ce4368ee31226 P 05de057ee56b46f8a3ae6c6d0901b4d8 [term 1 LEADER]: Becoming Leader. State: Replica: 05de057ee56b46f8a3ae6c6d0901b4d8, State: Running, Role: LEADER
I20260710 11:05:58.337461 27099 consensus_queue.cc:237] T 022142b426b24252a22ce4368ee31226 P 05de057ee56b46f8a3ae6c6d0901b4d8 [LEADER]: Queue going to LEADER mode. State: All replicated index: 0, Majority replicated index: 0, Committed index: 0, Last appended: 0.0, Last appended by leader: 0, Current term: 1, Majority size: 2, State: 0, Mode: LEADER, active raft config: opid_index: -1 OBSOLETE_local: false peers { permanent_uuid: "05de057ee56b46f8a3ae6c6d0901b4d8" member_type: VOTER last_known_addr { host: "127.25.42.193" port: 43943 } } peers { permanent_uuid: "66f5b93871c54ff8a9d9faf8e00c1dcb" member_type: VOTER last_known_addr { host: "127.25.42.194" port: 42381 } } peers { permanent_uuid: "ae96bc26033f4f788dca86df56d8b82f" member_type: VOTER last_known_addr { host: "127.25.42.195" port: 46221 } }
I20260710 11:05:58.340134 27101 tablet_bootstrap.cc:654] T 6873a0caacd24ffa9cfbc161ed8f139f P 66f5b93871c54ff8a9d9faf8e00c1dcb: Neither blocks nor log segments found. Creating new log.
I20260710 11:05:58.345036 27094 tablet_bootstrap.cc:492] T a456efa8f8a14865a87351e26ca6466f P 05de057ee56b46f8a3ae6c6d0901b4d8: No bootstrap required, opened a new log
I20260710 11:05:58.345561 27094 ts_tablet_manager.cc:1403] T a456efa8f8a14865a87351e26ca6466f P 05de057ee56b46f8a3ae6c6d0901b4d8: Time spent bootstrapping tablet: real 0.072s	user 0.018s	sys 0.018s
I20260710 11:05:58.348860 27097 raft_consensus.cc:493] T 4bf9b5b86ab347d6bc617c88b37feb1b P ae96bc26033f4f788dca86df56d8b82f [term 0 FOLLOWER]: Starting pre-election (no leader contacted us within the election timeout)
I20260710 11:05:58.348632 27094 raft_consensus.cc:359] T a456efa8f8a14865a87351e26ca6466f P 05de057ee56b46f8a3ae6c6d0901b4d8 [term 0 FOLLOWER]: Replica starting. Triggering 0 pending ops. Active config: opid_index: -1 OBSOLETE_local: false peers { permanent_uuid: "05de057ee56b46f8a3ae6c6d0901b4d8" member_type: VOTER last_known_addr { host: "127.25.42.193" port: 43943 } } peers { permanent_uuid: "66f5b93871c54ff8a9d9faf8e00c1dcb" member_type: VOTER last_known_addr { host: "127.25.42.194" port: 42381 } } peers { permanent_uuid: "ae96bc26033f4f788dca86df56d8b82f" member_type: VOTER last_known_addr { host: "127.25.42.195" port: 46221 } }
I20260710 11:05:58.349397 27094 raft_consensus.cc:385] T a456efa8f8a14865a87351e26ca6466f P 05de057ee56b46f8a3ae6c6d0901b4d8 [term 0 FOLLOWER]: Consensus starting up: Expiring failure detector timer to make a prompt election more likely
I20260710 11:05:58.349334 27097 raft_consensus.cc:515] T 4bf9b5b86ab347d6bc617c88b37feb1b P ae96bc26033f4f788dca86df56d8b82f [term 0 FOLLOWER]: Starting pre-election with config: opid_index: -1 OBSOLETE_local: false peers { permanent_uuid: "05de057ee56b46f8a3ae6c6d0901b4d8" member_type: VOTER last_known_addr { host: "127.25.42.193" port: 43943 } } peers { permanent_uuid: "66f5b93871c54ff8a9d9faf8e00c1dcb" member_type: VOTER last_known_addr { host: "127.25.42.194" port: 42381 } } peers { permanent_uuid: "ae96bc26033f4f788dca86df56d8b82f" member_type: VOTER last_known_addr { host: "127.25.42.195" port: 46221 } }
I20260710 11:05:58.349786 27094 raft_consensus.cc:740] T a456efa8f8a14865a87351e26ca6466f P 05de057ee56b46f8a3ae6c6d0901b4d8 [term 0 FOLLOWER]: Becoming Follower/Learner. State: Replica: 05de057ee56b46f8a3ae6c6d0901b4d8, State: Initialized, Role: FOLLOWER
I20260710 11:05:58.350538 27094 consensus_queue.cc:260] T a456efa8f8a14865a87351e26ca6466f P 05de057ee56b46f8a3ae6c6d0901b4d8 [NON_LEADER]: Queue going to NON_LEADER mode. State: All replicated index: 0, Majority replicated index: 0, Committed index: 0, Last appended: 0.0, Last appended by leader: 0, Current term: 0, Majority size: -1, State: 0, Mode: NON_LEADER, active raft config: opid_index: -1 OBSOLETE_local: false peers { permanent_uuid: "05de057ee56b46f8a3ae6c6d0901b4d8" member_type: VOTER last_known_addr { host: "127.25.42.193" port: 43943 } } peers { permanent_uuid: "66f5b93871c54ff8a9d9faf8e00c1dcb" member_type: VOTER last_known_addr { host: "127.25.42.194" port: 42381 } } peers { permanent_uuid: "ae96bc26033f4f788dca86df56d8b82f" member_type: VOTER last_known_addr { host: "127.25.42.195" port: 46221 } }
I20260710 11:05:58.351557 27097 leader_election.cc:290] T 4bf9b5b86ab347d6bc617c88b37feb1b P ae96bc26033f4f788dca86df56d8b82f [CANDIDATE]: Term 1 pre-election: Requested pre-vote from peers 05de057ee56b46f8a3ae6c6d0901b4d8 (127.25.42.193:43943), 66f5b93871c54ff8a9d9faf8e00c1dcb (127.25.42.194:42381)
I20260710 11:05:58.352828 27094 ts_tablet_manager.cc:1434] T a456efa8f8a14865a87351e26ca6466f P 05de057ee56b46f8a3ae6c6d0901b4d8: Time spent starting tablet: real 0.007s	user 0.006s	sys 0.000s
I20260710 11:05:58.352800 26801 catalog_manager.cc:5697] T 022142b426b24252a22ce4368ee31226 P 05de057ee56b46f8a3ae6c6d0901b4d8 reported cstate change: term changed from 0 to 1, leader changed from <none> to 05de057ee56b46f8a3ae6c6d0901b4d8 (127.25.42.193). New cstate: current_term: 1 leader_uuid: "05de057ee56b46f8a3ae6c6d0901b4d8" committed_config { opid_index: -1 OBSOLETE_local: false peers { permanent_uuid: "05de057ee56b46f8a3ae6c6d0901b4d8" member_type: VOTER last_known_addr { host: "127.25.42.193" port: 43943 } health_report { overall_health: HEALTHY } } peers { permanent_uuid: "66f5b93871c54ff8a9d9faf8e00c1dcb" member_type: VOTER last_known_addr { host: "127.25.42.194" port: 42381 } health_report { overall_health: UNKNOWN } } peers { permanent_uuid: "ae96bc26033f4f788dca86df56d8b82f" member_type: VOTER last_known_addr { host: "127.25.42.195" port: 46221 } health_report { overall_health: UNKNOWN } } }
I20260710 11:05:58.353652 26979 tablet_service.cc:1917] Received RequestConsensusVote() RPC: tablet_id: "4bf9b5b86ab347d6bc617c88b37feb1b" candidate_uuid: "ae96bc26033f4f788dca86df56d8b82f" candidate_term: 1 candidate_status { last_received { term: 0 index: 0 } } ignore_live_leader: false dest_uuid: "66f5b93871c54ff8a9d9faf8e00c1dcb" is_pre_election: true
I20260710 11:05:58.354121 27094 tablet_bootstrap.cc:492] T cf914c638455428e942c9758dd172742 P 05de057ee56b46f8a3ae6c6d0901b4d8: Bootstrap starting.
I20260710 11:05:58.354357 26979 raft_consensus.cc:2468] T 4bf9b5b86ab347d6bc617c88b37feb1b P 66f5b93871c54ff8a9d9faf8e00c1dcb [term 0 FOLLOWER]: Leader pre-election vote request: Granting yes vote for candidate ae96bc26033f4f788dca86df56d8b82f in term 0.
I20260710 11:05:58.355624 27018 leader_election.cc:304] T 4bf9b5b86ab347d6bc617c88b37feb1b P ae96bc26033f4f788dca86df56d8b82f [CANDIDATE]: Term 1 pre-election: Election decided. Result: candidate won. Election summary: received 2 responses out of 3 voters: 2 yes votes; 0 no votes. yes voters: 66f5b93871c54ff8a9d9faf8e00c1dcb, ae96bc26033f4f788dca86df56d8b82f; no voters: 
I20260710 11:05:58.356474 27097 raft_consensus.cc:2804] T 4bf9b5b86ab347d6bc617c88b37feb1b P ae96bc26033f4f788dca86df56d8b82f [term 0 FOLLOWER]: Leader pre-election won for term 1
I20260710 11:05:58.356849 27097 raft_consensus.cc:493] T 4bf9b5b86ab347d6bc617c88b37feb1b P ae96bc26033f4f788dca86df56d8b82f [term 0 FOLLOWER]: Starting leader election (no leader contacted us within the election timeout)
I20260710 11:05:58.357182 27097 raft_consensus.cc:3060] T 4bf9b5b86ab347d6bc617c88b37feb1b P ae96bc26033f4f788dca86df56d8b82f [term 0 FOLLOWER]: Advancing to term 1
I20260710 11:05:58.357201 26904 tablet_service.cc:1917] Received RequestConsensusVote() RPC: tablet_id: "4bf9b5b86ab347d6bc617c88b37feb1b" candidate_uuid: "ae96bc26033f4f788dca86df56d8b82f" candidate_term: 1 candidate_status { last_received { term: 0 index: 0 } } ignore_live_leader: false dest_uuid: "05de057ee56b46f8a3ae6c6d0901b4d8" is_pre_election: true
I20260710 11:05:58.358047 26904 raft_consensus.cc:2468] T 4bf9b5b86ab347d6bc617c88b37feb1b P 05de057ee56b46f8a3ae6c6d0901b4d8 [term 0 FOLLOWER]: Leader pre-election vote request: Granting yes vote for candidate ae96bc26033f4f788dca86df56d8b82f in term 0.
I20260710 11:05:58.361301 27094 tablet_bootstrap.cc:654] T cf914c638455428e942c9758dd172742 P 05de057ee56b46f8a3ae6c6d0901b4d8: Neither blocks nor log segments found. Creating new log.
I20260710 11:05:58.361363 26904 tablet_service.cc:1917] Received RequestConsensusVote() RPC: tablet_id: "3a30f4f1babc48c0a011eb4f9b9651e4" candidate_uuid: "66f5b93871c54ff8a9d9faf8e00c1dcb" candidate_term: 1 candidate_status { last_received { term: 0 index: 0 } } ignore_live_leader: false dest_uuid: "05de057ee56b46f8a3ae6c6d0901b4d8" is_pre_election: true
W20260710 11:05:58.363312 26944 leader_election.cc:343] T 3a30f4f1babc48c0a011eb4f9b9651e4 P 66f5b93871c54ff8a9d9faf8e00c1dcb [CANDIDATE]: Term 1 pre-election: Tablet error from VoteRequest() call to peer 05de057ee56b46f8a3ae6c6d0901b4d8 (127.25.42.193:43943): Illegal state: must be running to vote when last-logged opid is not known
I20260710 11:05:58.373965 27094 tablet_bootstrap.cc:492] T cf914c638455428e942c9758dd172742 P 05de057ee56b46f8a3ae6c6d0901b4d8: No bootstrap required, opened a new log
I20260710 11:05:58.373656 27097 raft_consensus.cc:515] T 4bf9b5b86ab347d6bc617c88b37feb1b P ae96bc26033f4f788dca86df56d8b82f [term 1 FOLLOWER]: Starting leader election with config: opid_index: -1 OBSOLETE_local: false peers { permanent_uuid: "05de057ee56b46f8a3ae6c6d0901b4d8" member_type: VOTER last_known_addr { host: "127.25.42.193" port: 43943 } } peers { permanent_uuid: "66f5b93871c54ff8a9d9faf8e00c1dcb" member_type: VOTER last_known_addr { host: "127.25.42.194" port: 42381 } } peers { permanent_uuid: "ae96bc26033f4f788dca86df56d8b82f" member_type: VOTER last_known_addr { host: "127.25.42.195" port: 46221 } }
I20260710 11:05:58.374763 27094 ts_tablet_manager.cc:1403] T cf914c638455428e942c9758dd172742 P 05de057ee56b46f8a3ae6c6d0901b4d8: Time spent bootstrapping tablet: real 0.021s	user 0.017s	sys 0.002s
I20260710 11:05:58.377240 26904 tablet_service.cc:1917] Received RequestConsensusVote() RPC: tablet_id: "4bf9b5b86ab347d6bc617c88b37feb1b" candidate_uuid: "ae96bc26033f4f788dca86df56d8b82f" candidate_term: 1 candidate_status { last_received { term: 0 index: 0 } } ignore_live_leader: false dest_uuid: "05de057ee56b46f8a3ae6c6d0901b4d8"
I20260710 11:05:58.377985 26904 raft_consensus.cc:3060] T 4bf9b5b86ab347d6bc617c88b37feb1b P 05de057ee56b46f8a3ae6c6d0901b4d8 [term 0 FOLLOWER]: Advancing to term 1
I20260710 11:05:58.378463 27094 raft_consensus.cc:359] T cf914c638455428e942c9758dd172742 P 05de057ee56b46f8a3ae6c6d0901b4d8 [term 0 FOLLOWER]: Replica starting. Triggering 0 pending ops. Active config: opid_index: -1 OBSOLETE_local: false peers { permanent_uuid: "05de057ee56b46f8a3ae6c6d0901b4d8" member_type: VOTER last_known_addr { host: "127.25.42.193" port: 43943 } } peers { permanent_uuid: "66f5b93871c54ff8a9d9faf8e00c1dcb" member_type: VOTER last_known_addr { host: "127.25.42.194" port: 42381 } } peers { permanent_uuid: "ae96bc26033f4f788dca86df56d8b82f" member_type: VOTER last_known_addr { host: "127.25.42.195" port: 46221 } }
I20260710 11:05:58.379285 27093 tablet_bootstrap.cc:492] T 3337ac051ee74580b0c2698338c58f64 P ae96bc26033f4f788dca86df56d8b82f: No bootstrap required, opened a new log
I20260710 11:05:58.379351 27094 raft_consensus.cc:385] T cf914c638455428e942c9758dd172742 P 05de057ee56b46f8a3ae6c6d0901b4d8 [term 0 FOLLOWER]: Consensus starting up: Expiring failure detector timer to make a prompt election more likely
I20260710 11:05:58.380019 27094 raft_consensus.cc:740] T cf914c638455428e942c9758dd172742 P 05de057ee56b46f8a3ae6c6d0901b4d8 [term 0 FOLLOWER]: Becoming Follower/Learner. State: Replica: 05de057ee56b46f8a3ae6c6d0901b4d8, State: Initialized, Role: FOLLOWER
I20260710 11:05:58.381125 27094 consensus_queue.cc:260] T cf914c638455428e942c9758dd172742 P 05de057ee56b46f8a3ae6c6d0901b4d8 [NON_LEADER]: Queue going to NON_LEADER mode. State: All replicated index: 0, Majority replicated index: 0, Committed index: 0, Last appended: 0.0, Last appended by leader: 0, Current term: 0, Majority size: -1, State: 0, Mode: NON_LEADER, active raft config: opid_index: -1 OBSOLETE_local: false peers { permanent_uuid: "05de057ee56b46f8a3ae6c6d0901b4d8" member_type: VOTER last_known_addr { host: "127.25.42.193" port: 43943 } } peers { permanent_uuid: "66f5b93871c54ff8a9d9faf8e00c1dcb" member_type: VOTER last_known_addr { host: "127.25.42.194" port: 42381 } } peers { permanent_uuid: "ae96bc26033f4f788dca86df56d8b82f" member_type: VOTER last_known_addr { host: "127.25.42.195" port: 46221 } }
I20260710 11:05:58.380105 27093 ts_tablet_manager.cc:1403] T 3337ac051ee74580b0c2698338c58f64 P ae96bc26033f4f788dca86df56d8b82f: Time spent bootstrapping tablet: real 0.061s	user 0.010s	sys 0.008s
I20260710 11:05:58.384125 27094 ts_tablet_manager.cc:1434] T cf914c638455428e942c9758dd172742 P 05de057ee56b46f8a3ae6c6d0901b4d8: Time spent starting tablet: real 0.009s	user 0.006s	sys 0.001s
I20260710 11:05:58.385317 27094 tablet_bootstrap.cc:492] T 0888429abf18499b8c17151b5e18215d P 05de057ee56b46f8a3ae6c6d0901b4d8: Bootstrap starting.
I20260710 11:05:58.387823 26904 raft_consensus.cc:2468] T 4bf9b5b86ab347d6bc617c88b37feb1b P 05de057ee56b46f8a3ae6c6d0901b4d8 [term 1 FOLLOWER]: Leader election vote request: Granting yes vote for candidate ae96bc26033f4f788dca86df56d8b82f in term 1.
I20260710 11:05:58.389343 27018 leader_election.cc:304] T 4bf9b5b86ab347d6bc617c88b37feb1b P ae96bc26033f4f788dca86df56d8b82f [CANDIDATE]: Term 1 election: Election decided. Result: candidate won. Election summary: received 2 responses out of 3 voters: 2 yes votes; 0 no votes. yes voters: 05de057ee56b46f8a3ae6c6d0901b4d8, ae96bc26033f4f788dca86df56d8b82f; no voters: 
I20260710 11:05:58.391279 27093 raft_consensus.cc:359] T 3337ac051ee74580b0c2698338c58f64 P ae96bc26033f4f788dca86df56d8b82f [term 0 FOLLOWER]: Replica starting. Triggering 0 pending ops. Active config: opid_index: -1 OBSOLETE_local: false peers { permanent_uuid: "05de057ee56b46f8a3ae6c6d0901b4d8" member_type: VOTER last_known_addr { host: "127.25.42.193" port: 43943 } } peers { permanent_uuid: "66f5b93871c54ff8a9d9faf8e00c1dcb" member_type: VOTER last_known_addr { host: "127.25.42.194" port: 42381 } } peers { permanent_uuid: "ae96bc26033f4f788dca86df56d8b82f" member_type: VOTER last_known_addr { host: "127.25.42.195" port: 46221 } }
I20260710 11:05:58.392324 27093 raft_consensus.cc:385] T 3337ac051ee74580b0c2698338c58f64 P ae96bc26033f4f788dca86df56d8b82f [term 0 FOLLOWER]: Consensus starting up: Expiring failure detector timer to make a prompt election more likely
I20260710 11:05:58.392714 27093 raft_consensus.cc:740] T 3337ac051ee74580b0c2698338c58f64 P ae96bc26033f4f788dca86df56d8b82f [term 0 FOLLOWER]: Becoming Follower/Learner. State: Replica: ae96bc26033f4f788dca86df56d8b82f, State: Initialized, Role: FOLLOWER
I20260710 11:05:58.394088 27130 raft_consensus.cc:2804] T 4bf9b5b86ab347d6bc617c88b37feb1b P ae96bc26033f4f788dca86df56d8b82f [term 1 FOLLOWER]: Leader election won for term 1
I20260710 11:05:58.395257 27094 tablet_bootstrap.cc:654] T 0888429abf18499b8c17151b5e18215d P 05de057ee56b46f8a3ae6c6d0901b4d8: Neither blocks nor log segments found. Creating new log.
