I20260710 11:05:31.140224 18263 raft_consensus.cc:359] T 0d3fe38d922e4c73aca8a1416aa6fbac P de6d1f6727184c2c8c4887545e1a8240 [term 0 FOLLOWER]: Replica starting. Triggering 0 pending ops. Active config: opid_index: -1 OBSOLETE_local: false peers { permanent_uuid: "16a61905bd03435f8e8f2c2c1fb9f1eb" member_type: VOTER last_known_addr { host: "127.17.131.193" port: 40463 } } peers { permanent_uuid: "2d8e0bce32c149c09be39b56384ae485" member_type: VOTER last_known_addr { host: "127.17.131.194" port: 45363 } } peers { permanent_uuid: "de6d1f6727184c2c8c4887545e1a8240" member_type: VOTER last_known_addr { host: "127.17.131.195" port: 46033 } }
I20260710 11:05:31.141002 18263 raft_consensus.cc:385] T 0d3fe38d922e4c73aca8a1416aa6fbac P de6d1f6727184c2c8c4887545e1a8240 [term 0 FOLLOWER]: Consensus starting up: Expiring failure detector timer to make a prompt election more likely
I20260710 11:05:31.141309 18263 raft_consensus.cc:740] T 0d3fe38d922e4c73aca8a1416aa6fbac P de6d1f6727184c2c8c4887545e1a8240 [term 0 FOLLOWER]: Becoming Follower/Learner. State: Replica: de6d1f6727184c2c8c4887545e1a8240, State: Initialized, Role: FOLLOWER
I20260710 11:05:31.142064 18264 raft_consensus.cc:359] T 724a7d75a3c849d4bfd2a6ff50226ca4 P 16a61905bd03435f8e8f2c2c1fb9f1eb [term 0 FOLLOWER]: Replica starting. Triggering 0 pending ops. Active config: opid_index: -1 OBSOLETE_local: false peers { permanent_uuid: "16a61905bd03435f8e8f2c2c1fb9f1eb" member_type: VOTER last_known_addr { host: "127.17.131.193" port: 40463 } } peers { permanent_uuid: "2d8e0bce32c149c09be39b56384ae485" member_type: VOTER last_known_addr { host: "127.17.131.194" port: 45363 } } peers { permanent_uuid: "de6d1f6727184c2c8c4887545e1a8240" member_type: VOTER last_known_addr { host: "127.17.131.195" port: 46033 } }
I20260710 11:05:31.142199 18263 consensus_queue.cc:260] T 0d3fe38d922e4c73aca8a1416aa6fbac P de6d1f6727184c2c8c4887545e1a8240 [NON_LEADER]: Queue going to NON_LEADER mode. State: All replicated index: 0, Majority replicated index: 0, Committed index: 0, Last appended: 0.0, Last appended by leader: 0, Current term: 0, Majority size: -1, State: 0, Mode: NON_LEADER, active raft config: opid_index: -1 OBSOLETE_local: false peers { permanent_uuid: "16a61905bd03435f8e8f2c2c1fb9f1eb" member_type: VOTER last_known_addr { host: "127.17.131.193" port: 40463 } } peers { permanent_uuid: "2d8e0bce32c149c09be39b56384ae485" member_type: VOTER last_known_addr { host: "127.17.131.194" port: 45363 } } peers { permanent_uuid: "de6d1f6727184c2c8c4887545e1a8240" member_type: VOTER last_known_addr { host: "127.17.131.195" port: 46033 } }
I20260710 11:05:31.142797 18264 raft_consensus.cc:385] T 724a7d75a3c849d4bfd2a6ff50226ca4 P 16a61905bd03435f8e8f2c2c1fb9f1eb [term 0 FOLLOWER]: Consensus starting up: Expiring failure detector timer to make a prompt election more likely
I20260710 11:05:31.143127 18264 raft_consensus.cc:740] T 724a7d75a3c849d4bfd2a6ff50226ca4 P 16a61905bd03435f8e8f2c2c1fb9f1eb [term 0 FOLLOWER]: Becoming Follower/Learner. State: Replica: 16a61905bd03435f8e8f2c2c1fb9f1eb, State: Initialized, Role: FOLLOWER
I20260710 11:05:31.143898 18264 consensus_queue.cc:260] T 724a7d75a3c849d4bfd2a6ff50226ca4 P 16a61905bd03435f8e8f2c2c1fb9f1eb [NON_LEADER]: Queue going to NON_LEADER mode. State: All replicated index: 0, Majority replicated index: 0, Committed index: 0, Last appended: 0.0, Last appended by leader: 0, Current term: 0, Majority size: -1, State: 0, Mode: NON_LEADER, active raft config: opid_index: -1 OBSOLETE_local: false peers { permanent_uuid: "16a61905bd03435f8e8f2c2c1fb9f1eb" member_type: VOTER last_known_addr { host: "127.17.131.193" port: 40463 } } peers { permanent_uuid: "2d8e0bce32c149c09be39b56384ae485" member_type: VOTER last_known_addr { host: "127.17.131.194" port: 45363 } } peers { permanent_uuid: "de6d1f6727184c2c8c4887545e1a8240" member_type: VOTER last_known_addr { host: "127.17.131.195" port: 46033 } }
I20260710 11:05:31.144603 18263 ts_tablet_manager.cc:1434] T 0d3fe38d922e4c73aca8a1416aa6fbac P de6d1f6727184c2c8c4887545e1a8240: Time spent starting tablet: real 0.007s	user 0.006s	sys 0.002s
I20260710 11:05:31.146116 18264 ts_tablet_manager.cc:1434] T 724a7d75a3c849d4bfd2a6ff50226ca4 P 16a61905bd03435f8e8f2c2c1fb9f1eb: Time spent starting tablet: real 0.006s	user 0.002s	sys 0.003s
I20260710 11:05:31.147321 18263 tablet_bootstrap.cc:492] T df39b7935f764a4bbd615e6db3db6bba P de6d1f6727184c2c8c4887545e1a8240: Bootstrap starting.
I20260710 11:05:31.156921 18262 tablet_bootstrap.cc:654] T df39b7935f764a4bbd615e6db3db6bba P 2d8e0bce32c149c09be39b56384ae485: Neither blocks nor log segments found. Creating new log.
I20260710 11:05:31.158758 18263 tablet_bootstrap.cc:654] T df39b7935f764a4bbd615e6db3db6bba P de6d1f6727184c2c8c4887545e1a8240: Neither blocks nor log segments found. Creating new log.
I20260710 11:05:31.161613 18269 raft_consensus.cc:493] T 87404f9a8a3d4888bd5f5f977bdd540c P 16a61905bd03435f8e8f2c2c1fb9f1eb [term 0 FOLLOWER]: Starting pre-election (no leader contacted us within the election timeout)
I20260710 11:05:31.162070 18269 raft_consensus.cc:515] T 87404f9a8a3d4888bd5f5f977bdd540c P 16a61905bd03435f8e8f2c2c1fb9f1eb [term 0 FOLLOWER]: Starting pre-election with config: opid_index: -1 OBSOLETE_local: false peers { permanent_uuid: "16a61905bd03435f8e8f2c2c1fb9f1eb" member_type: VOTER last_known_addr { host: "127.17.131.193" port: 40463 } } peers { permanent_uuid: "2d8e0bce32c149c09be39b56384ae485" member_type: VOTER last_known_addr { host: "127.17.131.194" port: 45363 } } peers { permanent_uuid: "de6d1f6727184c2c8c4887545e1a8240" member_type: VOTER last_known_addr { host: "127.17.131.195" port: 46033 } }
I20260710 11:05:31.163383 18270 raft_consensus.cc:493] T 9e56a19d0e6f4fc2baa7bff645007ad5 P de6d1f6727184c2c8c4887545e1a8240 [term 0 FOLLOWER]: Starting pre-election (no leader contacted us within the election timeout)
I20260710 11:05:31.163831 18270 raft_consensus.cc:515] T 9e56a19d0e6f4fc2baa7bff645007ad5 P de6d1f6727184c2c8c4887545e1a8240 [term 0 FOLLOWER]: Starting pre-election with config: opid_index: -1 OBSOLETE_local: false peers { permanent_uuid: "16a61905bd03435f8e8f2c2c1fb9f1eb" member_type: VOTER last_known_addr { host: "127.17.131.193" port: 40463 } } peers { permanent_uuid: "2d8e0bce32c149c09be39b56384ae485" member_type: VOTER last_known_addr { host: "127.17.131.194" port: 45363 } } peers { permanent_uuid: "de6d1f6727184c2c8c4887545e1a8240" member_type: VOTER last_known_addr { host: "127.17.131.195" port: 46033 } }
I20260710 11:05:31.164588 18269 leader_election.cc:290] T 87404f9a8a3d4888bd5f5f977bdd540c P 16a61905bd03435f8e8f2c2c1fb9f1eb [CANDIDATE]: Term 1 pre-election: Requested pre-vote from peers 2d8e0bce32c149c09be39b56384ae485 (127.17.131.194:45363), de6d1f6727184c2c8c4887545e1a8240 (127.17.131.195:46033)
I20260710 11:05:31.166471 18270 leader_election.cc:290] T 9e56a19d0e6f4fc2baa7bff645007ad5 P de6d1f6727184c2c8c4887545e1a8240 [CANDIDATE]: Term 1 pre-election: Requested pre-vote from peers 16a61905bd03435f8e8f2c2c1fb9f1eb (127.17.131.193:40463), 2d8e0bce32c149c09be39b56384ae485 (127.17.131.194:45363)
I20260710 11:05:31.166971 18270 raft_consensus.cc:493] T 0ed54e842bf44f76b8f272a57c44bdb7 P de6d1f6727184c2c8c4887545e1a8240 [term 0 FOLLOWER]: Starting pre-election (no leader contacted us within the election timeout)
I20260710 11:05:31.167421 18270 raft_consensus.cc:515] T 0ed54e842bf44f76b8f272a57c44bdb7 P de6d1f6727184c2c8c4887545e1a8240 [term 0 FOLLOWER]: Starting pre-election with config: opid_index: -1 OBSOLETE_local: false peers { permanent_uuid: "16a61905bd03435f8e8f2c2c1fb9f1eb" member_type: VOTER last_known_addr { host: "127.17.131.193" port: 40463 } } peers { permanent_uuid: "2d8e0bce32c149c09be39b56384ae485" member_type: VOTER last_known_addr { host: "127.17.131.194" port: 45363 } } peers { permanent_uuid: "de6d1f6727184c2c8c4887545e1a8240" member_type: VOTER last_known_addr { host: "127.17.131.195" port: 46033 } }
I20260710 11:05:31.169101 18270 leader_election.cc:290] T 0ed54e842bf44f76b8f272a57c44bdb7 P de6d1f6727184c2c8c4887545e1a8240 [CANDIDATE]: Term 1 pre-election: Requested pre-vote from peers 16a61905bd03435f8e8f2c2c1fb9f1eb (127.17.131.193:40463), 2d8e0bce32c149c09be39b56384ae485 (127.17.131.194:45363)
I20260710 11:05:31.180145 18269 raft_consensus.cc:493] T 03ad06a7f9624513a297cc852b69c6c6 P 16a61905bd03435f8e8f2c2c1fb9f1eb [term 0 FOLLOWER]: Starting pre-election (no leader contacted us within the election timeout)
I20260710 11:05:31.180824 18269 raft_consensus.cc:515] T 03ad06a7f9624513a297cc852b69c6c6 P 16a61905bd03435f8e8f2c2c1fb9f1eb [term 0 FOLLOWER]: Starting pre-election with config: opid_index: -1 OBSOLETE_local: false peers { permanent_uuid: "16a61905bd03435f8e8f2c2c1fb9f1eb" member_type: VOTER last_known_addr { host: "127.17.131.193" port: 40463 } } peers { permanent_uuid: "2d8e0bce32c149c09be39b56384ae485" member_type: VOTER last_known_addr { host: "127.17.131.194" port: 45363 } } peers { permanent_uuid: "de6d1f6727184c2c8c4887545e1a8240" member_type: VOTER last_known_addr { host: "127.17.131.195" port: 46033 } }
I20260710 11:05:31.181578 18263 tablet_bootstrap.cc:492] T df39b7935f764a4bbd615e6db3db6bba P de6d1f6727184c2c8c4887545e1a8240: No bootstrap required, opened a new log
I20260710 11:05:31.182081 18263 ts_tablet_manager.cc:1403] T df39b7935f764a4bbd615e6db3db6bba P de6d1f6727184c2c8c4887545e1a8240: Time spent bootstrapping tablet: real 0.035s	user 0.004s	sys 0.008s
I20260710 11:05:31.183357 18269 leader_election.cc:290] T 03ad06a7f9624513a297cc852b69c6c6 P 16a61905bd03435f8e8f2c2c1fb9f1eb [CANDIDATE]: Term 1 pre-election: Requested pre-vote from peers 2d8e0bce32c149c09be39b56384ae485 (127.17.131.194:45363), de6d1f6727184c2c8c4887545e1a8240 (127.17.131.195:46033)
I20260710 11:05:31.163829 18262 tablet_bootstrap.cc:492] T df39b7935f764a4bbd615e6db3db6bba P 2d8e0bce32c149c09be39b56384ae485: No bootstrap required, opened a new log
I20260710 11:05:31.184514 18262 ts_tablet_manager.cc:1403] T df39b7935f764a4bbd615e6db3db6bba P 2d8e0bce32c149c09be39b56384ae485: Time spent bootstrapping tablet: real 0.047s	user 0.009s	sys 0.004s
I20260710 11:05:31.185144 18263 raft_consensus.cc:359] T df39b7935f764a4bbd615e6db3db6bba P de6d1f6727184c2c8c4887545e1a8240 [term 0 FOLLOWER]: Replica starting. Triggering 0 pending ops. Active config: opid_index: -1 OBSOLETE_local: false peers { permanent_uuid: "16a61905bd03435f8e8f2c2c1fb9f1eb" member_type: VOTER last_known_addr { host: "127.17.131.193" port: 40463 } } peers { permanent_uuid: "2d8e0bce32c149c09be39b56384ae485" member_type: VOTER last_known_addr { host: "127.17.131.194" port: 45363 } } peers { permanent_uuid: "de6d1f6727184c2c8c4887545e1a8240" member_type: VOTER last_known_addr { host: "127.17.131.195" port: 46033 } }
I20260710 11:05:31.188048 18263 raft_consensus.cc:385] T df39b7935f764a4bbd615e6db3db6bba P de6d1f6727184c2c8c4887545e1a8240 [term 0 FOLLOWER]: Consensus starting up: Expiring failure detector timer to make a prompt election more likely
I20260710 11:05:31.188393 18263 raft_consensus.cc:740] T df39b7935f764a4bbd615e6db3db6bba P de6d1f6727184c2c8c4887545e1a8240 [term 0 FOLLOWER]: Becoming Follower/Learner. State: Replica: de6d1f6727184c2c8c4887545e1a8240, State: Initialized, Role: FOLLOWER
I20260710 11:05:31.189783 18263 consensus_queue.cc:260] T df39b7935f764a4bbd615e6db3db6bba P de6d1f6727184c2c8c4887545e1a8240 [NON_LEADER]: Queue going to NON_LEADER mode. State: All replicated index: 0, Majority replicated index: 0, Committed index: 0, Last appended: 0.0, Last appended by leader: 0, Current term: 0, Majority size: -1, State: 0, Mode: NON_LEADER, active raft config: opid_index: -1 OBSOLETE_local: false peers { permanent_uuid: "16a61905bd03435f8e8f2c2c1fb9f1eb" member_type: VOTER last_known_addr { host: "127.17.131.193" port: 40463 } } peers { permanent_uuid: "2d8e0bce32c149c09be39b56384ae485" member_type: VOTER last_known_addr { host: "127.17.131.194" port: 45363 } } peers { permanent_uuid: "de6d1f6727184c2c8c4887545e1a8240" member_type: VOTER last_known_addr { host: "127.17.131.195" port: 46033 } }
I20260710 11:05:31.190982 18269 raft_consensus.cc:493] T 853ceb9494674b6a8469a04f1a921ac9 P 16a61905bd03435f8e8f2c2c1fb9f1eb [term 0 FOLLOWER]: Starting pre-election (no leader contacted us within the election timeout)
I20260710 11:05:31.190141 18262 raft_consensus.cc:359] T df39b7935f764a4bbd615e6db3db6bba P 2d8e0bce32c149c09be39b56384ae485 [term 0 FOLLOWER]: Replica starting. Triggering 0 pending ops. Active config: opid_index: -1 OBSOLETE_local: false peers { permanent_uuid: "16a61905bd03435f8e8f2c2c1fb9f1eb" member_type: VOTER last_known_addr { host: "127.17.131.193" port: 40463 } } peers { permanent_uuid: "2d8e0bce32c149c09be39b56384ae485" member_type: VOTER last_known_addr { host: "127.17.131.194" port: 45363 } } peers { permanent_uuid: "de6d1f6727184c2c8c4887545e1a8240" member_type: VOTER last_known_addr { host: "127.17.131.195" port: 46033 } }
I20260710 11:05:31.191465 18269 raft_consensus.cc:515] T 853ceb9494674b6a8469a04f1a921ac9 P 16a61905bd03435f8e8f2c2c1fb9f1eb [term 0 FOLLOWER]: Starting pre-election with config: opid_index: -1 OBSOLETE_local: false peers { permanent_uuid: "16a61905bd03435f8e8f2c2c1fb9f1eb" member_type: VOTER last_known_addr { host: "127.17.131.193" port: 40463 } } peers { permanent_uuid: "2d8e0bce32c149c09be39b56384ae485" member_type: VOTER last_known_addr { host: "127.17.131.194" port: 45363 } } peers { permanent_uuid: "de6d1f6727184c2c8c4887545e1a8240" member_type: VOTER last_known_addr { host: "127.17.131.195" port: 46033 } }
I20260710 11:05:31.193310 18269 leader_election.cc:290] T 853ceb9494674b6a8469a04f1a921ac9 P 16a61905bd03435f8e8f2c2c1fb9f1eb [CANDIDATE]: Term 1 pre-election: Requested pre-vote from peers 2d8e0bce32c149c09be39b56384ae485 (127.17.131.194:45363), de6d1f6727184c2c8c4887545e1a8240 (127.17.131.195:46033)
I20260710 11:05:31.194133 18262 raft_consensus.cc:385] T df39b7935f764a4bbd615e6db3db6bba P 2d8e0bce32c149c09be39b56384ae485 [term 0 FOLLOWER]: Consensus starting up: Expiring failure detector timer to make a prompt election more likely
I20260710 11:05:31.194757 18262 raft_consensus.cc:740] T df39b7935f764a4bbd615e6db3db6bba P 2d8e0bce32c149c09be39b56384ae485 [term 0 FOLLOWER]: Becoming Follower/Learner. State: Replica: 2d8e0bce32c149c09be39b56384ae485, State: Initialized, Role: FOLLOWER
I20260710 11:05:31.196058 18262 consensus_queue.cc:260] T df39b7935f764a4bbd615e6db3db6bba P 2d8e0bce32c149c09be39b56384ae485 [NON_LEADER]: Queue going to NON_LEADER mode. State: All replicated index: 0, Majority replicated index: 0, Committed index: 0, Last appended: 0.0, Last appended by leader: 0, Current term: 0, Majority size: -1, State: 0, Mode: NON_LEADER, active raft config: opid_index: -1 OBSOLETE_local: false peers { permanent_uuid: "16a61905bd03435f8e8f2c2c1fb9f1eb" member_type: VOTER last_known_addr { host: "127.17.131.193" port: 40463 } } peers { permanent_uuid: "2d8e0bce32c149c09be39b56384ae485" member_type: VOTER last_known_addr { host: "127.17.131.194" port: 45363 } } peers { permanent_uuid: "de6d1f6727184c2c8c4887545e1a8240" member_type: VOTER last_known_addr { host: "127.17.131.195" port: 46033 } }
I20260710 11:05:31.197777 18070 tablet_service.cc:1917] Received RequestConsensusVote() RPC: tablet_id: "9e56a19d0e6f4fc2baa7bff645007ad5" candidate_uuid: "de6d1f6727184c2c8c4887545e1a8240" candidate_term: 1 candidate_status { last_received { term: 0 index: 0 } } ignore_live_leader: false dest_uuid: "16a61905bd03435f8e8f2c2c1fb9f1eb" is_pre_election: true
I20260710 11:05:31.198438 18070 raft_consensus.cc:2468] T 9e56a19d0e6f4fc2baa7bff645007ad5 P 16a61905bd03435f8e8f2c2c1fb9f1eb [term 0 FOLLOWER]: Leader pre-election vote request: Granting yes vote for candidate de6d1f6727184c2c8c4887545e1a8240 in term 0.
I20260710 11:05:31.192108 18263 ts_tablet_manager.cc:1434] T df39b7935f764a4bbd615e6db3db6bba P de6d1f6727184c2c8c4887545e1a8240: Time spent starting tablet: real 0.010s	user 0.006s	sys 0.000s
I20260710 11:05:31.201937 18070 tablet_service.cc:1917] Received RequestConsensusVote() RPC: tablet_id: "0ed54e842bf44f76b8f272a57c44bdb7" candidate_uuid: "de6d1f6727184c2c8c4887545e1a8240" candidate_term: 1 candidate_status { last_received { term: 0 index: 0 } } ignore_live_leader: false dest_uuid: "16a61905bd03435f8e8f2c2c1fb9f1eb" is_pre_election: true
I20260710 11:05:31.202474 18070 raft_consensus.cc:2468] T 0ed54e842bf44f76b8f272a57c44bdb7 P 16a61905bd03435f8e8f2c2c1fb9f1eb [term 0 FOLLOWER]: Leader pre-election vote request: Granting yes vote for candidate de6d1f6727184c2c8c4887545e1a8240 in term 0.
I20260710 11:05:31.203764 18182 leader_election.cc:304] T 9e56a19d0e6f4fc2baa7bff645007ad5 P de6d1f6727184c2c8c4887545e1a8240 [CANDIDATE]: Term 1 pre-election: Election decided. Result: candidate won. Election summary: received 2 responses out of 3 voters: 2 yes votes; 0 no votes. yes voters: 16a61905bd03435f8e8f2c2c1fb9f1eb, de6d1f6727184c2c8c4887545e1a8240; no voters: 
I20260710 11:05:31.204631 18182 leader_election.cc:304] T 0ed54e842bf44f76b8f272a57c44bdb7 P de6d1f6727184c2c8c4887545e1a8240 [CANDIDATE]: Term 1 pre-election: Election decided. Result: candidate won. Election summary: received 2 responses out of 3 voters: 2 yes votes; 0 no votes. yes voters: 16a61905bd03435f8e8f2c2c1fb9f1eb, de6d1f6727184c2c8c4887545e1a8240; no voters: 
I20260710 11:05:31.205294 18270 raft_consensus.cc:2804] T 9e56a19d0e6f4fc2baa7bff645007ad5 P de6d1f6727184c2c8c4887545e1a8240 [term 0 FOLLOWER]: Leader pre-election won for term 1
I20260710 11:05:31.205585 18270 raft_consensus.cc:493] T 9e56a19d0e6f4fc2baa7bff645007ad5 P de6d1f6727184c2c8c4887545e1a8240 [term 0 FOLLOWER]: Starting leader election (no leader contacted us within the election timeout)
I20260710 11:05:31.205852 18270 raft_consensus.cc:3060] T 9e56a19d0e6f4fc2baa7bff645007ad5 P de6d1f6727184c2c8c4887545e1a8240 [term 0 FOLLOWER]: Advancing to term 1
I20260710 11:05:31.206019 18262 ts_tablet_manager.cc:1434] T df39b7935f764a4bbd615e6db3db6bba P 2d8e0bce32c149c09be39b56384ae485: Time spent starting tablet: real 0.020s	user 0.005s	sys 0.000s
I20260710 11:05:31.209342 18263 tablet_bootstrap.cc:492] T 87404f9a8a3d4888bd5f5f977bdd540c P de6d1f6727184c2c8c4887545e1a8240: Bootstrap starting.
I20260710 11:05:31.211916 18270 raft_consensus.cc:515] T 9e56a19d0e6f4fc2baa7bff645007ad5 P de6d1f6727184c2c8c4887545e1a8240 [term 1 FOLLOWER]: Starting leader election with config: opid_index: -1 OBSOLETE_local: false peers { permanent_uuid: "16a61905bd03435f8e8f2c2c1fb9f1eb" member_type: VOTER last_known_addr { host: "127.17.131.193" port: 40463 } } peers { permanent_uuid: "2d8e0bce32c149c09be39b56384ae485" member_type: VOTER last_known_addr { host: "127.17.131.194" port: 45363 } } peers { permanent_uuid: "de6d1f6727184c2c8c4887545e1a8240" member_type: VOTER last_known_addr { host: "127.17.131.195" port: 46033 } }
I20260710 11:05:31.214823 18070 tablet_service.cc:1917] Received RequestConsensusVote() RPC: tablet_id: "9e56a19d0e6f4fc2baa7bff645007ad5" candidate_uuid: "de6d1f6727184c2c8c4887545e1a8240" candidate_term: 1 candidate_status { last_received { term: 0 index: 0 } } ignore_live_leader: false dest_uuid: "16a61905bd03435f8e8f2c2c1fb9f1eb"
I20260710 11:05:31.215328 18070 raft_consensus.cc:3060] T 9e56a19d0e6f4fc2baa7bff645007ad5 P 16a61905bd03435f8e8f2c2c1fb9f1eb [term 0 FOLLOWER]: Advancing to term 1
I20260710 11:05:31.215832 18300 raft_consensus.cc:2804] T 0ed54e842bf44f76b8f272a57c44bdb7 P de6d1f6727184c2c8c4887545e1a8240 [term 0 FOLLOWER]: Leader pre-election won for term 1
I20260710 11:05:31.217772 18300 raft_consensus.cc:493] T 0ed54e842bf44f76b8f272a57c44bdb7 P de6d1f6727184c2c8c4887545e1a8240 [term 0 FOLLOWER]: Starting leader election (no leader contacted us within the election timeout)
I20260710 11:05:31.218538 18300 raft_consensus.cc:3060] T 0ed54e842bf44f76b8f272a57c44bdb7 P de6d1f6727184c2c8c4887545e1a8240 [term 0 FOLLOWER]: Advancing to term 1
I20260710 11:05:31.216648 18262 tablet_bootstrap.cc:492] T 853ceb9494674b6a8469a04f1a921ac9 P 2d8e0bce32c149c09be39b56384ae485: Bootstrap starting.
I20260710 11:05:31.219619 18219 tablet_service.cc:1917] Received RequestConsensusVote() RPC: tablet_id: "87404f9a8a3d4888bd5f5f977bdd540c" candidate_uuid: "16a61905bd03435f8e8f2c2c1fb9f1eb" candidate_term: 1 candidate_status { last_received { term: 0 index: 0 } } ignore_live_leader: false dest_uuid: "de6d1f6727184c2c8c4887545e1a8240" is_pre_election: true
I20260710 11:05:31.220312 18269 raft_consensus.cc:493] T 0d3fe38d922e4c73aca8a1416aa6fbac P 16a61905bd03435f8e8f2c2c1fb9f1eb [term 0 FOLLOWER]: Starting pre-election (no leader contacted us within the election timeout)
I20260710 11:05:31.220783 18218 tablet_service.cc:1917] Received RequestConsensusVote() RPC: tablet_id: "03ad06a7f9624513a297cc852b69c6c6" candidate_uuid: "16a61905bd03435f8e8f2c2c1fb9f1eb" candidate_term: 1 candidate_status { last_received { term: 0 index: 0 } } ignore_live_leader: false dest_uuid: "de6d1f6727184c2c8c4887545e1a8240" is_pre_election: true
I20260710 11:05:31.220741 18269 raft_consensus.cc:515] T 0d3fe38d922e4c73aca8a1416aa6fbac P 16a61905bd03435f8e8f2c2c1fb9f1eb [term 0 FOLLOWER]: Starting pre-election with config: opid_index: -1 OBSOLETE_local: false peers { permanent_uuid: "16a61905bd03435f8e8f2c2c1fb9f1eb" member_type: VOTER last_known_addr { host: "127.17.131.193" port: 40463 } } peers { permanent_uuid: "2d8e0bce32c149c09be39b56384ae485" member_type: VOTER last_known_addr { host: "127.17.131.194" port: 45363 } } peers { permanent_uuid: "de6d1f6727184c2c8c4887545e1a8240" member_type: VOTER last_known_addr { host: "127.17.131.195" port: 46033 } }
I20260710 11:05:31.221491 18218 raft_consensus.cc:2468] T 03ad06a7f9624513a297cc852b69c6c6 P de6d1f6727184c2c8c4887545e1a8240 [term 0 FOLLOWER]: Leader pre-election vote request: Granting yes vote for candidate 16a61905bd03435f8e8f2c2c1fb9f1eb in term 0.
I20260710 11:05:31.222457 18217 tablet_service.cc:1917] Received RequestConsensusVote() RPC: tablet_id: "853ceb9494674b6a8469a04f1a921ac9" candidate_uuid: "16a61905bd03435f8e8f2c2c1fb9f1eb" candidate_term: 1 candidate_status { last_received { term: 0 index: 0 } } ignore_live_leader: false dest_uuid: "de6d1f6727184c2c8c4887545e1a8240" is_pre_election: true
I20260710 11:05:31.222702 18269 leader_election.cc:290] T 0d3fe38d922e4c73aca8a1416aa6fbac P 16a61905bd03435f8e8f2c2c1fb9f1eb [CANDIDATE]: Term 1 pre-election: Requested pre-vote from peers 2d8e0bce32c149c09be39b56384ae485 (127.17.131.194:45363), de6d1f6727184c2c8c4887545e1a8240 (127.17.131.195:46033)
W20260710 11:05:31.224583 18035 leader_election.cc:343] T 87404f9a8a3d4888bd5f5f977bdd540c P 16a61905bd03435f8e8f2c2c1fb9f1eb [CANDIDATE]: Term 1 pre-election: Tablet error from VoteRequest() call to peer de6d1f6727184c2c8c4887545e1a8240 (127.17.131.195:46033): Illegal state: must be running to vote when last-logged opid is not known
I20260710 11:05:31.225241 18035 leader_election.cc:304] T 03ad06a7f9624513a297cc852b69c6c6 P 16a61905bd03435f8e8f2c2c1fb9f1eb [CANDIDATE]: Term 1 pre-election: Election decided. Result: candidate won. Election summary: received 2 responses out of 3 voters: 2 yes votes; 0 no votes. yes voters: 16a61905bd03435f8e8f2c2c1fb9f1eb, de6d1f6727184c2c8c4887545e1a8240; no voters: 
I20260710 11:05:31.226020 18269 raft_consensus.cc:2804] T 03ad06a7f9624513a297cc852b69c6c6 P 16a61905bd03435f8e8f2c2c1fb9f1eb [term 0 FOLLOWER]: Leader pre-election won for term 1
W20260710 11:05:31.226143 18035 leader_election.cc:343] T 853ceb9494674b6a8469a04f1a921ac9 P 16a61905bd03435f8e8f2c2c1fb9f1eb [CANDIDATE]: Term 1 pre-election: Tablet error from VoteRequest() call to peer de6d1f6727184c2c8c4887545e1a8240 (127.17.131.195:46033): Illegal state: must be running to vote when last-logged opid is not known
I20260710 11:05:31.226495 18269 raft_consensus.cc:493] T 03ad06a7f9624513a297cc852b69c6c6 P 16a61905bd03435f8e8f2c2c1fb9f1eb [term 0 FOLLOWER]: Starting leader election (no leader contacted us within the election timeout)
I20260710 11:05:31.226879 18269 raft_consensus.cc:3060] T 03ad06a7f9624513a297cc852b69c6c6 P 16a61905bd03435f8e8f2c2c1fb9f1eb [term 0 FOLLOWER]: Advancing to term 1
I20260710 11:05:31.227489 18217 tablet_service.cc:1917] Received RequestConsensusVote() RPC: tablet_id: "0d3fe38d922e4c73aca8a1416aa6fbac" candidate_uuid: "16a61905bd03435f8e8f2c2c1fb9f1eb" candidate_term: 1 candidate_status { last_received { term: 0 index: 0 } } ignore_live_leader: false dest_uuid: "de6d1f6727184c2c8c4887545e1a8240" is_pre_election: true
I20260710 11:05:31.227990 18217 raft_consensus.cc:2468] T 0d3fe38d922e4c73aca8a1416aa6fbac P de6d1f6727184c2c8c4887545e1a8240 [term 0 FOLLOWER]: Leader pre-election vote request: Granting yes vote for candidate 16a61905bd03435f8e8f2c2c1fb9f1eb in term 0.
I20260710 11:05:31.229964 18035 leader_election.cc:304] T 0d3fe38d922e4c73aca8a1416aa6fbac P 16a61905bd03435f8e8f2c2c1fb9f1eb [CANDIDATE]: Term 1 pre-election: Election decided. Result: candidate won. Election summary: received 2 responses out of 3 voters: 2 yes votes; 0 no votes. yes voters: 16a61905bd03435f8e8f2c2c1fb9f1eb, de6d1f6727184c2c8c4887545e1a8240; no voters: 
I20260710 11:05:31.228106 18263 tablet_bootstrap.cc:654] T 87404f9a8a3d4888bd5f5f977bdd540c P de6d1f6727184c2c8c4887545e1a8240: Neither blocks nor log segments found. Creating new log.
I20260710 11:05:31.231549 18270 leader_election.cc:290] T 9e56a19d0e6f4fc2baa7bff645007ad5 P de6d1f6727184c2c8c4887545e1a8240 [CANDIDATE]: Term 1 election: Requested vote from peers 16a61905bd03435f8e8f2c2c1fb9f1eb (127.17.131.193:40463), 2d8e0bce32c149c09be39b56384ae485 (127.17.131.194:45363)
I20260710 11:05:31.238758 18269 raft_consensus.cc:515] T 03ad06a7f9624513a297cc852b69c6c6 P 16a61905bd03435f8e8f2c2c1fb9f1eb [term 1 FOLLOWER]: Starting leader election with config: opid_index: -1 OBSOLETE_local: false peers { permanent_uuid: "16a61905bd03435f8e8f2c2c1fb9f1eb" member_type: VOTER last_known_addr { host: "127.17.131.193" port: 40463 } } peers { permanent_uuid: "2d8e0bce32c149c09be39b56384ae485" member_type: VOTER last_known_addr { host: "127.17.131.194" port: 45363 } } peers { permanent_uuid: "de6d1f6727184c2c8c4887545e1a8240" member_type: VOTER last_known_addr { host: "127.17.131.195" port: 46033 } }
I20260710 11:05:31.241832 18269 leader_election.cc:290] T 03ad06a7f9624513a297cc852b69c6c6 P 16a61905bd03435f8e8f2c2c1fb9f1eb [CANDIDATE]: Term 1 election: Requested vote from peers 2d8e0bce32c149c09be39b56384ae485 (127.17.131.194:45363), de6d1f6727184c2c8c4887545e1a8240 (127.17.131.195:46033)
I20260710 11:05:31.242491 18269 raft_consensus.cc:2804] T 0d3fe38d922e4c73aca8a1416aa6fbac P 16a61905bd03435f8e8f2c2c1fb9f1eb [term 0 FOLLOWER]: Leader pre-election won for term 1
I20260710 11:05:31.242911 18269 raft_consensus.cc:493] T 0d3fe38d922e4c73aca8a1416aa6fbac P 16a61905bd03435f8e8f2c2c1fb9f1eb [term 0 FOLLOWER]: Starting leader election (no leader contacted us within the election timeout)
I20260710 11:05:31.249439 18262 tablet_bootstrap.cc:654] T 853ceb9494674b6a8469a04f1a921ac9 P 2d8e0bce32c149c09be39b56384ae485: Neither blocks nor log segments found. Creating new log.
I20260710 11:05:31.249368 18070 raft_consensus.cc:2468] T 9e56a19d0e6f4fc2baa7bff645007ad5 P 16a61905bd03435f8e8f2c2c1fb9f1eb [term 1 FOLLOWER]: Leader election vote request: Granting yes vote for candidate de6d1f6727184c2c8c4887545e1a8240 in term 1.
I20260710 11:05:31.249830 18294 raft_consensus.cc:493] T 0d3fe38d922e4c73aca8a1416aa6fbac P de6d1f6727184c2c8c4887545e1a8240 [term 0 FOLLOWER]: Starting pre-election (no leader contacted us within the election timeout)
I20260710 11:05:31.250655 18269 raft_consensus.cc:3060] T 0d3fe38d922e4c73aca8a1416aa6fbac P 16a61905bd03435f8e8f2c2c1fb9f1eb [term 0 FOLLOWER]: Advancing to term 1
I20260710 11:05:31.254740 18294 raft_consensus.cc:515] T 0d3fe38d922e4c73aca8a1416aa6fbac P de6d1f6727184c2c8c4887545e1a8240 [term 0 FOLLOWER]: Starting pre-election with config: opid_index: -1 OBSOLETE_local: false peers { permanent_uuid: "16a61905bd03435f8e8f2c2c1fb9f1eb" member_type: VOTER last_known_addr { host: "127.17.131.193" port: 40463 } } peers { permanent_uuid: "2d8e0bce32c149c09be39b56384ae485" member_type: VOTER last_known_addr { host: "127.17.131.194" port: 45363 } } peers { permanent_uuid: "de6d1f6727184c2c8c4887545e1a8240" member_type: VOTER last_known_addr { host: "127.17.131.195" port: 46033 } }
I20260710 11:05:31.264599 18145 tablet_service.cc:1917] Received RequestConsensusVote() RPC: tablet_id: "87404f9a8a3d4888bd5f5f977bdd540c" candidate_uuid: "16a61905bd03435f8e8f2c2c1fb9f1eb" candidate_term: 1 candidate_status { last_received { term: 0 index: 0 } } ignore_live_leader: false dest_uuid: "2d8e0bce32c149c09be39b56384ae485" is_pre_election: true
I20260710 11:05:31.264137 18294 leader_election.cc:290] T 0d3fe38d922e4c73aca8a1416aa6fbac P de6d1f6727184c2c8c4887545e1a8240 [CANDIDATE]: Term 1 pre-election: Requested pre-vote from peers 16a61905bd03435f8e8f2c2c1fb9f1eb (127.17.131.193:40463), 2d8e0bce32c149c09be39b56384ae485 (127.17.131.194:45363)
I20260710 11:05:31.268273 18145 raft_consensus.cc:2468] T 87404f9a8a3d4888bd5f5f977bdd540c P 2d8e0bce32c149c09be39b56384ae485 [term 0 FOLLOWER]: Leader pre-election vote request: Granting yes vote for candidate 16a61905bd03435f8e8f2c2c1fb9f1eb in term 0.
I20260710 11:05:31.268530 18269 raft_consensus.cc:515] T 0d3fe38d922e4c73aca8a1416aa6fbac P 16a61905bd03435f8e8f2c2c1fb9f1eb [term 1 FOLLOWER]: Starting leader election with config: opid_index: -1 OBSOLETE_local: false peers { permanent_uuid: "16a61905bd03435f8e8f2c2c1fb9f1eb" member_type: VOTER last_known_addr { host: "127.17.131.193" port: 40463 } } peers { permanent_uuid: "2d8e0bce32c149c09be39b56384ae485" member_type: VOTER last_known_addr { host: "127.17.131.194" port: 45363 } } peers { permanent_uuid: "de6d1f6727184c2c8c4887545e1a8240" member_type: VOTER last_known_addr { host: "127.17.131.195" port: 46033 } }
I20260710 11:05:31.275837 18182 leader_election.cc:304] T 9e56a19d0e6f4fc2baa7bff645007ad5 P de6d1f6727184c2c8c4887545e1a8240 [CANDIDATE]: Term 1 election: Election decided. Result: candidate won. Election summary: received 2 responses out of 3 voters: 2 yes votes; 0 no votes. yes voters: 16a61905bd03435f8e8f2c2c1fb9f1eb, de6d1f6727184c2c8c4887545e1a8240; no voters: 
I20260710 11:05:31.276386 18217 tablet_service.cc:1917] Received RequestConsensusVote() RPC: tablet_id: "03ad06a7f9624513a297cc852b69c6c6" candidate_uuid: "16a61905bd03435f8e8f2c2c1fb9f1eb" candidate_term: 1 candidate_status { last_received { term: 0 index: 0 } } ignore_live_leader: false dest_uuid: "de6d1f6727184c2c8c4887545e1a8240"
I20260710 11:05:31.276723 18294 raft_consensus.cc:2804] T 9e56a19d0e6f4fc2baa7bff645007ad5 P de6d1f6727184c2c8c4887545e1a8240 [term 1 FOLLOWER]: Leader election won for term 1
I20260710 11:05:31.276906 18217 raft_consensus.cc:3060] T 03ad06a7f9624513a297cc852b69c6c6 P de6d1f6727184c2c8c4887545e1a8240 [term 0 FOLLOWER]: Advancing to term 1
I20260710 11:05:31.278048 18269 leader_election.cc:290] T 0d3fe38d922e4c73aca8a1416aa6fbac P 16a61905bd03435f8e8f2c2c1fb9f1eb [CANDIDATE]: Term 1 election: Requested vote from peers 2d8e0bce32c149c09be39b56384ae485 (127.17.131.194:45363), de6d1f6727184c2c8c4887545e1a8240 (127.17.131.195:46033)
I20260710 11:05:31.279371 18144 tablet_service.cc:1917] Received RequestConsensusVote() RPC: tablet_id: "853ceb9494674b6a8469a04f1a921ac9" candidate_uuid: "16a61905bd03435f8e8f2c2c1fb9f1eb" candidate_term: 1 candidate_status { last_received { term: 0 index: 0 } } ignore_live_leader: false dest_uuid: "2d8e0bce32c149c09be39b56384ae485" is_pre_election: true
I20260710 11:05:31.277148 18294 raft_consensus.cc:697] T 9e56a19d0e6f4fc2baa7bff645007ad5 P de6d1f6727184c2c8c4887545e1a8240 [term 1 LEADER]: Becoming Leader. State: Replica: de6d1f6727184c2c8c4887545e1a8240, State: Running, Role: LEADER
I20260710 11:05:31.280848 18145 tablet_service.cc:1917] Received RequestConsensusVote() RPC: tablet_id: "03ad06a7f9624513a297cc852b69c6c6" candidate_uuid: "16a61905bd03435f8e8f2c2c1fb9f1eb" candidate_term: 1 candidate_status { last_received { term: 0 index: 0 } } ignore_live_leader: false dest_uuid: "2d8e0bce32c149c09be39b56384ae485" is_pre_election: true
I20260710 11:05:31.282440 18301 raft_consensus.cc:493] T 724a7d75a3c849d4bfd2a6ff50226ca4 P 16a61905bd03435f8e8f2c2c1fb9f1eb [term 0 FOLLOWER]: Starting pre-election (no leader contacted us within the election timeout)
I20260710 11:05:31.283339 18145 raft_consensus.cc:2468] T 03ad06a7f9624513a297cc852b69c6c6 P 2d8e0bce32c149c09be39b56384ae485 [term 0 FOLLOWER]: Leader pre-election vote request: Granting yes vote for candidate 16a61905bd03435f8e8f2c2c1fb9f1eb in term 0.
I20260710 11:05:31.283849 18070 tablet_service.cc:1917] Received RequestConsensusVote() RPC: tablet_id: "0d3fe38d922e4c73aca8a1416aa6fbac" candidate_uuid: "de6d1f6727184c2c8c4887545e1a8240" candidate_term: 1 candidate_status { last_received { term: 0 index: 0 } } ignore_live_leader: false dest_uuid: "16a61905bd03435f8e8f2c2c1fb9f1eb" is_pre_election: true
I20260710 11:05:31.283746 18294 consensus_queue.cc:237] T 9e56a19d0e6f4fc2baa7bff645007ad5 P de6d1f6727184c2c8c4887545e1a8240 [LEADER]: Queue going to LEADER mode. State: All replicated index: 0, Majority replicated index: 0, Committed index: 0, Last appended: 0.0, Last appended by leader: 0, Current term: 1, Majority size: 2, State: 0, Mode: LEADER, active raft config: opid_index: -1 OBSOLETE_local: false peers { permanent_uuid: "16a61905bd03435f8e8f2c2c1fb9f1eb" member_type: VOTER last_known_addr { host: "127.17.131.193" port: 40463 } } peers { permanent_uuid: "2d8e0bce32c149c09be39b56384ae485" member_type: VOTER last_known_addr { host: "127.17.131.194" port: 45363 } } peers { permanent_uuid: "de6d1f6727184c2c8c4887545e1a8240" member_type: VOTER last_known_addr { host: "127.17.131.195" port: 46033 } }
I20260710 11:05:31.283385 18301 raft_consensus.cc:515] T 724a7d75a3c849d4bfd2a6ff50226ca4 P 16a61905bd03435f8e8f2c2c1fb9f1eb [term 0 FOLLOWER]: Starting pre-election with config: opid_index: -1 OBSOLETE_local: false peers { permanent_uuid: "16a61905bd03435f8e8f2c2c1fb9f1eb" member_type: VOTER last_known_addr { host: "127.17.131.193" port: 40463 } } peers { permanent_uuid: "2d8e0bce32c149c09be39b56384ae485" member_type: VOTER last_known_addr { host: "127.17.131.194" port: 45363 } } peers { permanent_uuid: "de6d1f6727184c2c8c4887545e1a8240" member_type: VOTER last_known_addr { host: "127.17.131.195" port: 46033 } }
I20260710 11:05:31.285425 18070 raft_consensus.cc:2393] T 0d3fe38d922e4c73aca8a1416aa6fbac P 16a61905bd03435f8e8f2c2c1fb9f1eb [term 1 FOLLOWER]: Leader pre-election vote request: Denying vote to candidate de6d1f6727184c2c8c4887545e1a8240 in current term 1: Already voted for candidate 16a61905bd03435f8e8f2c2c1fb9f1eb in this term.
I20260710 11:05:31.285776 18144 tablet_service.cc:1917] Received RequestConsensusVote() RPC: tablet_id: "0d3fe38d922e4c73aca8a1416aa6fbac" candidate_uuid: "16a61905bd03435f8e8f2c2c1fb9f1eb" candidate_term: 1 candidate_status { last_received { term: 0 index: 0 } } ignore_live_leader: false dest_uuid: "2d8e0bce32c149c09be39b56384ae485" is_pre_election: true
I20260710 11:05:31.286880 18218 tablet_service.cc:1917] Received RequestConsensusVote() RPC: tablet_id: "0d3fe38d922e4c73aca8a1416aa6fbac" candidate_uuid: "16a61905bd03435f8e8f2c2c1fb9f1eb" candidate_term: 1 candidate_status { last_received { term: 0 index: 0 } } ignore_live_leader: false dest_uuid: "de6d1f6727184c2c8c4887545e1a8240"
I20260710 11:05:31.287453 18218 raft_consensus.cc:3060] T 0d3fe38d922e4c73aca8a1416aa6fbac P de6d1f6727184c2c8c4887545e1a8240 [term 0 FOLLOWER]: Advancing to term 1
I20260710 11:05:31.285404 18300 raft_consensus.cc:515] T 0ed54e842bf44f76b8f272a57c44bdb7 P de6d1f6727184c2c8c4887545e1a8240 [term 1 FOLLOWER]: Starting leader election with config: opid_index: -1 OBSOLETE_local: false peers { permanent_uuid: "16a61905bd03435f8e8f2c2c1fb9f1eb" member_type: VOTER last_known_addr { host: "127.17.131.193" port: 40463 } } peers { permanent_uuid: "2d8e0bce32c149c09be39b56384ae485" member_type: VOTER last_known_addr { host: "127.17.131.194" port: 45363 } } peers { permanent_uuid: "de6d1f6727184c2c8c4887545e1a8240" member_type: VOTER last_known_addr { host: "127.17.131.195" port: 46033 } }
I20260710 11:05:31.293236 18145 tablet_service.cc:1917] Received RequestConsensusVote() RPC: tablet_id: "0d3fe38d922e4c73aca8a1416aa6fbac" candidate_uuid: "16a61905bd03435f8e8f2c2c1fb9f1eb" candidate_term: 1 candidate_status { last_received { term: 0 index: 0 } } ignore_live_leader: false dest_uuid: "2d8e0bce32c149c09be39b56384ae485"
I20260710 11:05:31.294272 18262 tablet_bootstrap.cc:492] T 853ceb9494674b6a8469a04f1a921ac9 P 2d8e0bce32c149c09be39b56384ae485: No bootstrap required, opened a new log
I20260710 11:05:31.293133 18034 leader_election.cc:304] T 87404f9a8a3d4888bd5f5f977bdd540c P 16a61905bd03435f8e8f2c2c1fb9f1eb [CANDIDATE]: Term 1 pre-election: Election decided. Result: candidate won. Election summary: received 3 responses out of 3 voters: 2 yes votes; 1 no votes. yes voters: 16a61905bd03435f8e8f2c2c1fb9f1eb, 2d8e0bce32c149c09be39b56384ae485; no voters: de6d1f6727184c2c8c4887545e1a8240
I20260710 11:05:31.294622 18262 ts_tablet_manager.cc:1403] T 853ceb9494674b6a8469a04f1a921ac9 P 2d8e0bce32c149c09be39b56384ae485: Time spent bootstrapping tablet: real 0.078s	user 0.012s	sys 0.013s
I20260710 11:05:31.295078 18263 tablet_bootstrap.cc:492] T 87404f9a8a3d4888bd5f5f977bdd540c P de6d1f6727184c2c8c4887545e1a8240: No bootstrap required, opened a new log
I20260710 11:05:31.295423 18144 tablet_service.cc:1917] Received RequestConsensusVote() RPC: tablet_id: "03ad06a7f9624513a297cc852b69c6c6" candidate_uuid: "16a61905bd03435f8e8f2c2c1fb9f1eb" candidate_term: 1 candidate_status { last_received { term: 0 index: 0 } } ignore_live_leader: false dest_uuid: "2d8e0bce32c149c09be39b56384ae485"
W20260710 11:05:31.295092 18034 leader_election.cc:343] T 853ceb9494674b6a8469a04f1a921ac9 P 16a61905bd03435f8e8f2c2c1fb9f1eb [CANDIDATE]: Term 1 pre-election: Tablet error from VoteRequest() call to peer 2d8e0bce32c149c09be39b56384ae485 (127.17.131.194:45363): Illegal state: must be running to vote when last-logged opid is not known
I20260710 11:05:31.296121 18144 raft_consensus.cc:3060] T 03ad06a7f9624513a297cc852b69c6c6 P 2d8e0bce32c149c09be39b56384ae485 [term 0 FOLLOWER]: Advancing to term 1
I20260710 11:05:31.295713 18263 ts_tablet_manager.cc:1403] T 87404f9a8a3d4888bd5f5f977bdd540c P de6d1f6727184c2c8c4887545e1a8240: Time spent bootstrapping tablet: real 0.087s	user 0.022s	sys 0.005s
I20260710 11:05:31.296090 18269 raft_consensus.cc:2804] T 87404f9a8a3d4888bd5f5f977bdd540c P 16a61905bd03435f8e8f2c2c1fb9f1eb [term 0 FOLLOWER]: Leader pre-election won for term 1
I20260710 11:05:31.296700 18034 leader_election.cc:304] T 853ceb9494674b6a8469a04f1a921ac9 P 16a61905bd03435f8e8f2c2c1fb9f1eb [CANDIDATE]: Term 1 pre-election: Election decided. Result: candidate lost. Election summary: received 3 responses out of 3 voters: 1 yes votes; 2 no votes. yes voters: 16a61905bd03435f8e8f2c2c1fb9f1eb; no voters: 2d8e0bce32c149c09be39b56384ae485, de6d1f6727184c2c8c4887545e1a8240
I20260710 11:05:31.297844 18217 raft_consensus.cc:2468] T 03ad06a7f9624513a297cc852b69c6c6 P de6d1f6727184c2c8c4887545e1a8240 [term 1 FOLLOWER]: Leader election vote request: Granting yes vote for candidate 16a61905bd03435f8e8f2c2c1fb9f1eb in term 1.
I20260710 11:05:31.298377 18262 raft_consensus.cc:359] T 853ceb9494674b6a8469a04f1a921ac9 P 2d8e0bce32c149c09be39b56384ae485 [term 0 FOLLOWER]: Replica starting. Triggering 0 pending ops. Active config: opid_index: -1 OBSOLETE_local: false peers { permanent_uuid: "16a61905bd03435f8e8f2c2c1fb9f1eb" member_type: VOTER last_known_addr { host: "127.17.131.193" port: 40463 } } peers { permanent_uuid: "2d8e0bce32c149c09be39b56384ae485" member_type: VOTER last_known_addr { host: "127.17.131.194" port: 45363 } } peers { permanent_uuid: "de6d1f6727184c2c8c4887545e1a8240" member_type: VOTER last_known_addr { host: "127.17.131.195" port: 46033 } }
I20260710 11:05:31.301219 18262 raft_consensus.cc:385] T 853ceb9494674b6a8469a04f1a921ac9 P 2d8e0bce32c149c09be39b56384ae485 [term 0 FOLLOWER]: Consensus starting up: Expiring failure detector timer to make a prompt election more likely
I20260710 11:05:31.301474 18262 raft_consensus.cc:740] T 853ceb9494674b6a8469a04f1a921ac9 P 2d8e0bce32c149c09be39b56384ae485 [term 0 FOLLOWER]: Becoming Follower/Learner. State: Replica: 2d8e0bce32c149c09be39b56384ae485, State: Initialized, Role: FOLLOWER
I20260710 11:05:31.301038 18218 raft_consensus.cc:2468] T 0d3fe38d922e4c73aca8a1416aa6fbac P de6d1f6727184c2c8c4887545e1a8240 [term 1 FOLLOWER]: Leader election vote request: Granting yes vote for candidate 16a61905bd03435f8e8f2c2c1fb9f1eb in term 1.
I20260710 11:05:31.302059 18035 leader_election.cc:304] T 03ad06a7f9624513a297cc852b69c6c6 P 16a61905bd03435f8e8f2c2c1fb9f1eb [CANDIDATE]: Term 1 election: Election decided. Result: candidate won. Election summary: received 2 responses out of 3 voters: 2 yes votes; 0 no votes. yes voters: 16a61905bd03435f8e8f2c2c1fb9f1eb, de6d1f6727184c2c8c4887545e1a8240; no voters: 
I20260710 11:05:31.299497 18269 raft_consensus.cc:493] T 87404f9a8a3d4888bd5f5f977bdd540c P 16a61905bd03435f8e8f2c2c1fb9f1eb [term 0 FOLLOWER]: Starting leader election (no leader contacted us within the election timeout)
I20260710 11:05:31.305902 18262 consensus_queue.cc:260] T 853ceb9494674b6a8469a04f1a921ac9 P 2d8e0bce32c149c09be39b56384ae485 [NON_LEADER]: Queue going to NON_LEADER mode. State: All replicated index: 0, Majority replicated index: 0, Committed index: 0, Last appended: 0.0, Last appended by leader: 0, Current term: 0, Majority size: -1, State: 0, Mode: NON_LEADER, active raft config: opid_index: -1 OBSOLETE_local: false peers { permanent_uuid: "16a61905bd03435f8e8f2c2c1fb9f1eb" member_type: VOTER last_known_addr { host: "127.17.131.193" port: 40463 } } peers { permanent_uuid: "2d8e0bce32c149c09be39b56384ae485" member_type: VOTER last_known_addr { host: "127.17.131.194" port: 45363 } } peers { permanent_uuid: "de6d1f6727184c2c8c4887545e1a8240" member_type: VOTER last_known_addr { host: "127.17.131.195" port: 46033 } }
I20260710 11:05:31.305651 18269 raft_consensus.cc:3060] T 87404f9a8a3d4888bd5f5f977bdd540c P 16a61905bd03435f8e8f2c2c1fb9f1eb [term 0 FOLLOWER]: Advancing to term 1
I20260710 11:05:31.305449 18145 tablet_service.cc:1917] Received RequestConsensusVote() RPC: tablet_id: "9e56a19d0e6f4fc2baa7bff645007ad5" candidate_uuid: "de6d1f6727184c2c8c4887545e1a8240" candidate_term: 1 candidate_status { last_received { term: 0 index: 0 } } ignore_live_leader: false dest_uuid: "2d8e0bce32c149c09be39b56384ae485" is_pre_election: true
I20260710 11:05:31.310699 18262 ts_tablet_manager.cc:1434] T 853ceb9494674b6a8469a04f1a921ac9 P 2d8e0bce32c149c09be39b56384ae485: Time spent starting tablet: real 0.016s	user 0.006s	sys 0.001s
I20260710 11:05:31.302641 18263 raft_consensus.cc:359] T 87404f9a8a3d4888bd5f5f977bdd540c P de6d1f6727184c2c8c4887545e1a8240 [term 0 FOLLOWER]: Replica starting. Triggering 0 pending ops. Active config: opid_index: -1 OBSOLETE_local: false peers { permanent_uuid: "16a61905bd03435f8e8f2c2c1fb9f1eb" member_type: VOTER last_known_addr { host: "127.17.131.193" port: 40463 } } peers { permanent_uuid: "2d8e0bce32c149c09be39b56384ae485" member_type: VOTER last_known_addr { host: "127.17.131.194" port: 45363 } } peers { permanent_uuid: "de6d1f6727184c2c8c4887545e1a8240" member_type: VOTER last_known_addr { host: "127.17.131.195" port: 46033 } }
I20260710 11:05:31.309139 18145 raft_consensus.cc:2468] T 9e56a19d0e6f4fc2baa7bff645007ad5 P 2d8e0bce32c149c09be39b56384ae485 [term 0 FOLLOWER]: Leader pre-election vote request: Granting yes vote for candidate de6d1f6727184c2c8c4887545e1a8240 in term 0.
I20260710 11:05:31.314702 18262 tablet_bootstrap.cc:492] T 0d3fe38d922e4c73aca8a1416aa6fbac P 2d8e0bce32c149c09be39b56384ae485: Bootstrap starting.
I20260710 11:05:31.311667 18263 raft_consensus.cc:385] T 87404f9a8a3d4888bd5f5f977bdd540c P de6d1f6727184c2c8c4887545e1a8240 [term 0 FOLLOWER]: Consensus starting up: Expiring failure detector timer to make a prompt election more likely
I20260710 11:05:31.315109 18140 tablet_service.cc:1917] Received RequestConsensusVote() RPC: tablet_id: "0ed54e842bf44f76b8f272a57c44bdb7" candidate_uuid: "de6d1f6727184c2c8c4887545e1a8240" candidate_term: 1 candidate_status { last_received { term: 0 index: 0 } } ignore_live_leader: false dest_uuid: "2d8e0bce32c149c09be39b56384ae485"
I20260710 11:05:31.311324 18143 tablet_service.cc:1917] Received RequestConsensusVote() RPC: tablet_id: "0ed54e842bf44f76b8f272a57c44bdb7" candidate_uuid: "de6d1f6727184c2c8c4887545e1a8240" candidate_term: 1 candidate_status { last_received { term: 0 index: 0 } } ignore_live_leader: false dest_uuid: "2d8e0bce32c149c09be39b56384ae485" is_pre_election: true
I20260710 11:05:31.311997 18300 leader_election.cc:290] T 0ed54e842bf44f76b8f272a57c44bdb7 P de6d1f6727184c2c8c4887545e1a8240 [CANDIDATE]: Term 1 election: Requested vote from peers 16a61905bd03435f8e8f2c2c1fb9f1eb (127.17.131.193:40463), 2d8e0bce32c149c09be39b56384ae485 (127.17.131.194:45363)
I20260710 11:05:31.316126 18263 raft_consensus.cc:740] T 87404f9a8a3d4888bd5f5f977bdd540c P de6d1f6727184c2c8c4887545e1a8240 [term 0 FOLLOWER]: Becoming Follower/Learner. State: Replica: de6d1f6727184c2c8c4887545e1a8240, State: Initialized, Role: FOLLOWER
I20260710 11:05:31.317073 18142 tablet_service.cc:1917] Received RequestConsensusVote() RPC: tablet_id: "9e56a19d0e6f4fc2baa7bff645007ad5" candidate_uuid: "de6d1f6727184c2c8c4887545e1a8240" candidate_term: 1 candidate_status { last_received { term: 0 index: 0 } } ignore_live_leader: false dest_uuid: "2d8e0bce32c149c09be39b56384ae485"
I20260710 11:05:31.319418 18144 raft_consensus.cc:2468] T 03ad06a7f9624513a297cc852b69c6c6 P 2d8e0bce32c149c09be39b56384ae485 [term 1 FOLLOWER]: Leader election vote request: Granting yes vote for candidate 16a61905bd03435f8e8f2c2c1fb9f1eb in term 1.
I20260710 11:05:31.313848 18141 tablet_service.cc:1917] Received RequestConsensusVote() RPC: tablet_id: "0d3fe38d922e4c73aca8a1416aa6fbac" candidate_uuid: "de6d1f6727184c2c8c4887545e1a8240" candidate_term: 1 candidate_status { last_received { term: 0 index: 0 } } ignore_live_leader: false dest_uuid: "2d8e0bce32c149c09be39b56384ae485" is_pre_election: true
I20260710 11:05:31.325423 18142 raft_consensus.cc:3060] T 9e56a19d0e6f4fc2baa7bff645007ad5 P 2d8e0bce32c149c09be39b56384ae485 [term 0 FOLLOWER]: Advancing to term 1
I20260710 11:05:31.317070 18140 raft_consensus.cc:3060] T 0ed54e842bf44f76b8f272a57c44bdb7 P 2d8e0bce32c149c09be39b56384ae485 [term 0 FOLLOWER]: Advancing to term 1
W20260710 11:05:31.326164 18183 leader_election.cc:343] T 0d3fe38d922e4c73aca8a1416aa6fbac P de6d1f6727184c2c8c4887545e1a8240 [CANDIDATE]: Term 1 pre-election: Tablet error from VoteRequest() call to peer 2d8e0bce32c149c09be39b56384ae485 (127.17.131.194:45363): Illegal state: must be running to vote when last-logged opid is not known
I20260710 11:05:31.336265 18183 leader_election.cc:304] T 0d3fe38d922e4c73aca8a1416aa6fbac P de6d1f6727184c2c8c4887545e1a8240 [CANDIDATE]: Term 1 pre-election: Election decided. Result: candidate lost. Election summary: received 3 responses out of 3 voters: 1 yes votes; 2 no votes. yes voters: de6d1f6727184c2c8c4887545e1a8240; no voters: 16a61905bd03435f8e8f2c2c1fb9f1eb, 2d8e0bce32c149c09be39b56384ae485
I20260710 11:05:31.337839 18300 raft_consensus.cc:2749] T 0d3fe38d922e4c73aca8a1416aa6fbac P de6d1f6727184c2c8c4887545e1a8240 [term 1 FOLLOWER]: Leader pre-election lost for term 1. Reason: could not achieve majority
I20260710 11:05:31.331974 18263 consensus_queue.cc:260] T 87404f9a8a3d4888bd5f5f977bdd540c P de6d1f6727184c2c8c4887545e1a8240 [NON_LEADER]: Queue going to NON_LEADER mode. State: All replicated index: 0, Majority replicated index: 0, Committed index: 0, Last appended: 0.0, Last appended by leader: 0, Current term: 0, Majority size: -1, State: 0, Mode: NON_LEADER, active raft config: opid_index: -1 OBSOLETE_local: false peers { permanent_uuid: "16a61905bd03435f8e8f2c2c1fb9f1eb" member_type: VOTER last_known_addr { host: "127.17.131.193" port: 40463 } } peers { permanent_uuid: "2d8e0bce32c149c09be39b56384ae485" member_type: VOTER last_known_addr { host: "127.17.131.194" port: 45363 } } peers { permanent_uuid: "de6d1f6727184c2c8c4887545e1a8240" member_type: VOTER last_known_addr { host: "127.17.131.195" port: 46033 } }
I20260710 11:05:31.333775 18301 leader_election.cc:290] T 724a7d75a3c849d4bfd2a6ff50226ca4 P 16a61905bd03435f8e8f2c2c1fb9f1eb [CANDIDATE]: Term 1 pre-election: Requested pre-vote from peers 2d8e0bce32c149c09be39b56384ae485 (127.17.131.194:45363), de6d1f6727184c2c8c4887545e1a8240 (127.17.131.195:46033)
I20260710 11:05:31.342341 18301 raft_consensus.cc:2804] T 03ad06a7f9624513a297cc852b69c6c6 P 16a61905bd03435f8e8f2c2c1fb9f1eb [term 1 FOLLOWER]: Leader election won for term 1
I20260710 11:05:31.342727 18301 raft_consensus.cc:697] T 03ad06a7f9624513a297cc852b69c6c6 P 16a61905bd03435f8e8f2c2c1fb9f1eb [term 1 LEADER]: Becoming Leader. State: Replica: 16a61905bd03435f8e8f2c2c1fb9f1eb, State: Running, Role: LEADER
I20260710 11:05:31.343924 18300 raft_consensus.cc:493] T df39b7935f764a4bbd615e6db3db6bba P de6d1f6727184c2c8c4887545e1a8240 [term 0 FOLLOWER]: Starting pre-election (no leader contacted us within the election timeout)
I20260710 11:05:31.344079 18268 raft_consensus.cc:493] T df39b7935f764a4bbd615e6db3db6bba P 2d8e0bce32c149c09be39b56384ae485 [term 0 FOLLOWER]: Starting pre-election (no leader contacted us within the election timeout)
