I20260710 11:05:31.639570 25638 catalog_manager.cc:5697] T a348a9d54b894233b0c1b610037b26e8 P 1d8877a05d0e4ff58fb61e8e27a0d88d reported cstate change: term changed from 1 to 2, leader changed from addf53aaaf8c4eeaac39aee4a855cd67 (127.25.1.130) to 1d8877a05d0e4ff58fb61e8e27a0d88d (127.25.1.129). New cstate: current_term: 2 leader_uuid: "1d8877a05d0e4ff58fb61e8e27a0d88d" committed_config { opid_index: -1 OBSOLETE_local: false peers { permanent_uuid: "1d8877a05d0e4ff58fb61e8e27a0d88d" member_type: VOTER last_known_addr { host: "127.25.1.129" port: 36253 } health_report { overall_health: HEALTHY } } peers { permanent_uuid: "addf53aaaf8c4eeaac39aee4a855cd67" member_type: VOTER last_known_addr { host: "127.25.1.130" port: 40233 } health_report { overall_health: UNKNOWN } } peers { permanent_uuid: "e336c4092c814bf4bcd0b4d7f1676b4a" member_type: VOTER last_known_addr { host: "127.25.1.131" port: 37441 } health_report { overall_health: UNKNOWN } } }
I20260710 11:05:31.649662 25970 consensus_queue.cc:1048] T 50813e113b05499fb9032a30aa3891e2 P 1d8877a05d0e4ff58fb61e8e27a0d88d [LEADER]: Connected to new peer: Peer: permanent_uuid: "addf53aaaf8c4eeaac39aee4a855cd67" member_type: VOTER last_known_addr { host: "127.25.1.130" port: 40233 }, Status: LMP_MISMATCH, Last received: 0.0, Next index: 1, Last known committed idx: 0, Time since last communication: 0.000s
I20260710 11:05:31.662617 25940 consensus_queue.cc:1048] T 50813e113b05499fb9032a30aa3891e2 P 1d8877a05d0e4ff58fb61e8e27a0d88d [LEADER]: Connected to new peer: Peer: permanent_uuid: "e336c4092c814bf4bcd0b4d7f1676b4a" member_type: VOTER last_known_addr { host: "127.25.1.131" port: 37441 }, Status: LMP_MISMATCH, Last received: 0.0, Next index: 1, Last known committed idx: 0, Time since last communication: 0.000s
I20260710 11:05:31.670881 26004 raft_consensus.cc:993] T 50813e113b05499fb9032a30aa3891e2 P 1d8877a05d0e4ff58fb61e8e27a0d88d: : Instructing follower e336c4092c814bf4bcd0b4d7f1676b4a to start an election
I20260710 11:05:31.671319 25940 raft_consensus.cc:1081] T 50813e113b05499fb9032a30aa3891e2 P 1d8877a05d0e4ff58fb61e8e27a0d88d [term 1 LEADER]: Signalling peer e336c4092c814bf4bcd0b4d7f1676b4a to start an election
I20260710 11:05:31.672829 25889 tablet_service.cc:2044] Received Run Leader Election RPC: tablet_id: "50813e113b05499fb9032a30aa3891e2"
dest_uuid: "e336c4092c814bf4bcd0b4d7f1676b4a"
 from {username='slave'} at 127.0.0.1:59500
I20260710 11:05:31.673367 25889 raft_consensus.cc:493] T 50813e113b05499fb9032a30aa3891e2 P e336c4092c814bf4bcd0b4d7f1676b4a [term 1 FOLLOWER]: Starting forced leader election (received explicit request)
I20260710 11:05:31.673718 25889 raft_consensus.cc:3060] T 50813e113b05499fb9032a30aa3891e2 P e336c4092c814bf4bcd0b4d7f1676b4a [term 1 FOLLOWER]: Advancing to term 2
I20260710 11:05:31.675192 25982 consensus_queue.cc:1048] T 7199038130ba4e9688965da19d8191eb P addf53aaaf8c4eeaac39aee4a855cd67 [LEADER]: Connected to new peer: Peer: permanent_uuid: "e336c4092c814bf4bcd0b4d7f1676b4a" member_type: VOTER last_known_addr { host: "127.25.1.131" port: 37441 }, Status: LMP_MISMATCH, Last received: 0.0, Next index: 1, Last known committed idx: 0, Time since last communication: 0.000s
I20260710 11:05:31.680974 25889 raft_consensus.cc:515] T 50813e113b05499fb9032a30aa3891e2 P e336c4092c814bf4bcd0b4d7f1676b4a [term 2 FOLLOWER]: Starting forced leader election with config: opid_index: -1 OBSOLETE_local: false peers { permanent_uuid: "1d8877a05d0e4ff58fb61e8e27a0d88d" member_type: VOTER last_known_addr { host: "127.25.1.129" port: 36253 } } peers { permanent_uuid: "addf53aaaf8c4eeaac39aee4a855cd67" member_type: VOTER last_known_addr { host: "127.25.1.130" port: 40233 } } peers { permanent_uuid: "e336c4092c814bf4bcd0b4d7f1676b4a" member_type: VOTER last_known_addr { host: "127.25.1.131" port: 37441 } }
I20260710 11:05:31.684294 25981 consensus_queue.cc:1048] T 7199038130ba4e9688965da19d8191eb P addf53aaaf8c4eeaac39aee4a855cd67 [LEADER]: Connected to new peer: Peer: permanent_uuid: "1d8877a05d0e4ff58fb61e8e27a0d88d" member_type: VOTER last_known_addr { host: "127.25.1.129" port: 36253 }, Status: LMP_MISMATCH, Last received: 0.0, Next index: 1, Last known committed idx: 0, Time since last communication: 0.000s
I20260710 11:05:31.689225 25739 tablet_service.cc:1917] Received RequestConsensusVote() RPC: tablet_id: "50813e113b05499fb9032a30aa3891e2" candidate_uuid: "e336c4092c814bf4bcd0b4d7f1676b4a" candidate_term: 2 candidate_status { last_received { term: 1 index: 1 } } ignore_live_leader: true dest_uuid: "1d8877a05d0e4ff58fb61e8e27a0d88d"
I20260710 11:05:31.689764 25739 raft_consensus.cc:3055] T 50813e113b05499fb9032a30aa3891e2 P 1d8877a05d0e4ff58fb61e8e27a0d88d [term 1 LEADER]: Stepping down as leader of term 1
I20260710 11:05:31.690069 25739 raft_consensus.cc:740] T 50813e113b05499fb9032a30aa3891e2 P 1d8877a05d0e4ff58fb61e8e27a0d88d [term 1 LEADER]: Becoming Follower/Learner. State: Replica: 1d8877a05d0e4ff58fb61e8e27a0d88d, State: Running, Role: LEADER
I20260710 11:05:31.690752 25739 consensus_queue.cc:260] T 50813e113b05499fb9032a30aa3891e2 P 1d8877a05d0e4ff58fb61e8e27a0d88d [NON_LEADER]: Queue going to NON_LEADER mode. State: All replicated index: 0, Majority replicated index: 1, Committed index: 1, Last appended: 1.1, Last appended by leader: 1, Current term: 1, Majority size: -1, State: 0, Mode: NON_LEADER, active raft config: opid_index: -1 OBSOLETE_local: false peers { permanent_uuid: "1d8877a05d0e4ff58fb61e8e27a0d88d" member_type: VOTER last_known_addr { host: "127.25.1.129" port: 36253 } } peers { permanent_uuid: "addf53aaaf8c4eeaac39aee4a855cd67" member_type: VOTER last_known_addr { host: "127.25.1.130" port: 40233 } } peers { permanent_uuid: "e336c4092c814bf4bcd0b4d7f1676b4a" member_type: VOTER last_known_addr { host: "127.25.1.131" port: 37441 } }
I20260710 11:05:31.691835 25739 raft_consensus.cc:3060] T 50813e113b05499fb9032a30aa3891e2 P 1d8877a05d0e4ff58fb61e8e27a0d88d [term 1 FOLLOWER]: Advancing to term 2
I20260710 11:05:31.693202 25815 tablet_service.cc:1917] Received RequestConsensusVote() RPC: tablet_id: "50813e113b05499fb9032a30aa3891e2" candidate_uuid: "e336c4092c814bf4bcd0b4d7f1676b4a" candidate_term: 2 candidate_status { last_received { term: 1 index: 1 } } ignore_live_leader: true dest_uuid: "addf53aaaf8c4eeaac39aee4a855cd67"
I20260710 11:05:31.693734 25815 raft_consensus.cc:3060] T 50813e113b05499fb9032a30aa3891e2 P addf53aaaf8c4eeaac39aee4a855cd67 [term 1 FOLLOWER]: Advancing to term 2
I20260710 11:05:31.691125 25889 leader_election.cc:290] T 50813e113b05499fb9032a30aa3891e2 P e336c4092c814bf4bcd0b4d7f1676b4a [CANDIDATE]: Term 2 election: Requested vote from peers 1d8877a05d0e4ff58fb61e8e27a0d88d (127.25.1.129:36253), addf53aaaf8c4eeaac39aee4a855cd67 (127.25.1.130:40233)
I20260710 11:05:31.697896 25739 raft_consensus.cc:2468] T 50813e113b05499fb9032a30aa3891e2 P 1d8877a05d0e4ff58fb61e8e27a0d88d [term 2 FOLLOWER]: Leader election vote request: Granting yes vote for candidate e336c4092c814bf4bcd0b4d7f1676b4a in term 2.
I20260710 11:05:31.698987 25856 leader_election.cc:304] T 50813e113b05499fb9032a30aa3891e2 P e336c4092c814bf4bcd0b4d7f1676b4a [CANDIDATE]: Term 2 election: Election decided. Result: candidate won. Election summary: received 2 responses out of 3 voters: 2 yes votes; 0 no votes. yes voters: 1d8877a05d0e4ff58fb61e8e27a0d88d, e336c4092c814bf4bcd0b4d7f1676b4a; no voters: 
I20260710 11:05:31.700083 26011 raft_consensus.cc:2804] T 50813e113b05499fb9032a30aa3891e2 P e336c4092c814bf4bcd0b4d7f1676b4a [term 2 FOLLOWER]: Leader election won for term 2
I20260710 11:05:31.700552 26011 raft_consensus.cc:697] T 50813e113b05499fb9032a30aa3891e2 P e336c4092c814bf4bcd0b4d7f1676b4a [term 2 LEADER]: Becoming Leader. State: Replica: e336c4092c814bf4bcd0b4d7f1676b4a, State: Running, Role: LEADER
I20260710 11:05:31.701381 26011 consensus_queue.cc:237] T 50813e113b05499fb9032a30aa3891e2 P e336c4092c814bf4bcd0b4d7f1676b4a [LEADER]: Queue going to LEADER mode. State: All replicated index: 0, Majority replicated index: 1, Committed index: 1, Last appended: 1.1, Last appended by leader: 1, Current term: 2, Majority size: 2, State: 0, Mode: LEADER, active raft config: opid_index: -1 OBSOLETE_local: false peers { permanent_uuid: "1d8877a05d0e4ff58fb61e8e27a0d88d" member_type: VOTER last_known_addr { host: "127.25.1.129" port: 36253 } } peers { permanent_uuid: "addf53aaaf8c4eeaac39aee4a855cd67" member_type: VOTER last_known_addr { host: "127.25.1.130" port: 40233 } } peers { permanent_uuid: "e336c4092c814bf4bcd0b4d7f1676b4a" member_type: VOTER last_known_addr { host: "127.25.1.131" port: 37441 } }
I20260710 11:05:31.703909 25815 raft_consensus.cc:2468] T 50813e113b05499fb9032a30aa3891e2 P addf53aaaf8c4eeaac39aee4a855cd67 [term 2 FOLLOWER]: Leader election vote request: Granting yes vote for candidate e336c4092c814bf4bcd0b4d7f1676b4a in term 2.
I20260710 11:05:31.712674 25981 raft_consensus.cc:993] T 7199038130ba4e9688965da19d8191eb P addf53aaaf8c4eeaac39aee4a855cd67: : Instructing follower 1d8877a05d0e4ff58fb61e8e27a0d88d to start an election
I20260710 11:05:31.713104 25982 raft_consensus.cc:1081] T 7199038130ba4e9688965da19d8191eb P addf53aaaf8c4eeaac39aee4a855cd67 [term 1 LEADER]: Signalling peer 1d8877a05d0e4ff58fb61e8e27a0d88d to start an election
I20260710 11:05:31.714486 25740 tablet_service.cc:2044] Received Run Leader Election RPC: tablet_id: "7199038130ba4e9688965da19d8191eb"
dest_uuid: "1d8877a05d0e4ff58fb61e8e27a0d88d"
 from {username='slave'} at 127.0.0.1:38796
I20260710 11:05:31.715044 25740 raft_consensus.cc:493] T 7199038130ba4e9688965da19d8191eb P 1d8877a05d0e4ff58fb61e8e27a0d88d [term 1 FOLLOWER]: Starting forced leader election (received explicit request)
I20260710 11:05:31.715318 25740 raft_consensus.cc:3060] T 7199038130ba4e9688965da19d8191eb P 1d8877a05d0e4ff58fb61e8e27a0d88d [term 1 FOLLOWER]: Advancing to term 2
I20260710 11:05:31.714483 25635 catalog_manager.cc:5697] T 50813e113b05499fb9032a30aa3891e2 P e336c4092c814bf4bcd0b4d7f1676b4a reported cstate change: term changed from 1 to 2, leader changed from 1d8877a05d0e4ff58fb61e8e27a0d88d (127.25.1.129) to e336c4092c814bf4bcd0b4d7f1676b4a (127.25.1.131). New cstate: current_term: 2 leader_uuid: "e336c4092c814bf4bcd0b4d7f1676b4a" committed_config { opid_index: -1 OBSOLETE_local: false peers { permanent_uuid: "1d8877a05d0e4ff58fb61e8e27a0d88d" member_type: VOTER last_known_addr { host: "127.25.1.129" port: 36253 } health_report { overall_health: UNKNOWN } } peers { permanent_uuid: "addf53aaaf8c4eeaac39aee4a855cd67" member_type: VOTER last_known_addr { host: "127.25.1.130" port: 40233 } health_report { overall_health: UNKNOWN } } peers { permanent_uuid: "e336c4092c814bf4bcd0b4d7f1676b4a" member_type: VOTER last_known_addr { host: "127.25.1.131" port: 37441 } health_report { overall_health: HEALTHY } } }
I20260710 11:05:31.720619 25740 raft_consensus.cc:515] T 7199038130ba4e9688965da19d8191eb P 1d8877a05d0e4ff58fb61e8e27a0d88d [term 2 FOLLOWER]: Starting forced leader election with config: opid_index: -1 OBSOLETE_local: false peers { permanent_uuid: "1d8877a05d0e4ff58fb61e8e27a0d88d" member_type: VOTER last_known_addr { host: "127.25.1.129" port: 36253 } } peers { permanent_uuid: "addf53aaaf8c4eeaac39aee4a855cd67" member_type: VOTER last_known_addr { host: "127.25.1.130" port: 40233 } } peers { permanent_uuid: "e336c4092c814bf4bcd0b4d7f1676b4a" member_type: VOTER last_known_addr { host: "127.25.1.131" port: 37441 } }
I20260710 11:05:31.722769 25740 leader_election.cc:290] T 7199038130ba4e9688965da19d8191eb P 1d8877a05d0e4ff58fb61e8e27a0d88d [CANDIDATE]: Term 2 election: Requested vote from peers addf53aaaf8c4eeaac39aee4a855cd67 (127.25.1.130:40233), e336c4092c814bf4bcd0b4d7f1676b4a (127.25.1.131:37441)
I20260710 11:05:31.724052 25815 tablet_service.cc:1917] Received RequestConsensusVote() RPC: tablet_id: "7199038130ba4e9688965da19d8191eb" candidate_uuid: "1d8877a05d0e4ff58fb61e8e27a0d88d" candidate_term: 2 candidate_status { last_received { term: 1 index: 1 } } ignore_live_leader: true dest_uuid: "addf53aaaf8c4eeaac39aee4a855cd67"
I20260710 11:05:31.724596 25815 raft_consensus.cc:3055] T 7199038130ba4e9688965da19d8191eb P addf53aaaf8c4eeaac39aee4a855cd67 [term 1 LEADER]: Stepping down as leader of term 1
I20260710 11:05:31.724910 25815 raft_consensus.cc:740] T 7199038130ba4e9688965da19d8191eb P addf53aaaf8c4eeaac39aee4a855cd67 [term 1 LEADER]: Becoming Follower/Learner. State: Replica: addf53aaaf8c4eeaac39aee4a855cd67, State: Running, Role: LEADER
I20260710 11:05:31.725723 25815 consensus_queue.cc:260] T 7199038130ba4e9688965da19d8191eb P addf53aaaf8c4eeaac39aee4a855cd67 [NON_LEADER]: Queue going to NON_LEADER mode. State: All replicated index: 0, Majority replicated index: 1, Committed index: 1, Last appended: 1.1, Last appended by leader: 1, Current term: 1, Majority size: -1, State: 0, Mode: NON_LEADER, active raft config: opid_index: -1 OBSOLETE_local: false peers { permanent_uuid: "1d8877a05d0e4ff58fb61e8e27a0d88d" member_type: VOTER last_known_addr { host: "127.25.1.129" port: 36253 } } peers { permanent_uuid: "addf53aaaf8c4eeaac39aee4a855cd67" member_type: VOTER last_known_addr { host: "127.25.1.130" port: 40233 } } peers { permanent_uuid: "e336c4092c814bf4bcd0b4d7f1676b4a" member_type: VOTER last_known_addr { host: "127.25.1.131" port: 37441 } }
I20260710 11:05:31.726073 25889 tablet_service.cc:1917] Received RequestConsensusVote() RPC: tablet_id: "7199038130ba4e9688965da19d8191eb" candidate_uuid: "1d8877a05d0e4ff58fb61e8e27a0d88d" candidate_term: 2 candidate_status { last_received { term: 1 index: 1 } } ignore_live_leader: true dest_uuid: "e336c4092c814bf4bcd0b4d7f1676b4a"
I20260710 11:05:31.726601 25889 raft_consensus.cc:3060] T 7199038130ba4e9688965da19d8191eb P e336c4092c814bf4bcd0b4d7f1676b4a [term 1 FOLLOWER]: Advancing to term 2
I20260710 11:05:31.726853 25815 raft_consensus.cc:3060] T 7199038130ba4e9688965da19d8191eb P addf53aaaf8c4eeaac39aee4a855cd67 [term 1 FOLLOWER]: Advancing to term 2
I20260710 11:05:31.731307 25889 raft_consensus.cc:2468] T 7199038130ba4e9688965da19d8191eb P e336c4092c814bf4bcd0b4d7f1676b4a [term 2 FOLLOWER]: Leader election vote request: Granting yes vote for candidate 1d8877a05d0e4ff58fb61e8e27a0d88d in term 2.
I20260710 11:05:31.732321 25704 leader_election.cc:304] T 7199038130ba4e9688965da19d8191eb P 1d8877a05d0e4ff58fb61e8e27a0d88d [CANDIDATE]: Term 2 election: Election decided. Result: candidate won. Election summary: received 2 responses out of 3 voters: 2 yes votes; 0 no votes. yes voters: 1d8877a05d0e4ff58fb61e8e27a0d88d, e336c4092c814bf4bcd0b4d7f1676b4a; no voters: 
I20260710 11:05:31.733106 25940 raft_consensus.cc:2804] T 7199038130ba4e9688965da19d8191eb P 1d8877a05d0e4ff58fb61e8e27a0d88d [term 2 FOLLOWER]: Leader election won for term 2
I20260710 11:05:31.733560 25940 raft_consensus.cc:697] T 7199038130ba4e9688965da19d8191eb P 1d8877a05d0e4ff58fb61e8e27a0d88d [term 2 LEADER]: Becoming Leader. State: Replica: 1d8877a05d0e4ff58fb61e8e27a0d88d, State: Running, Role: LEADER
I20260710 11:05:31.734320 25940 consensus_queue.cc:237] T 7199038130ba4e9688965da19d8191eb P 1d8877a05d0e4ff58fb61e8e27a0d88d [LEADER]: Queue going to LEADER mode. State: All replicated index: 0, Majority replicated index: 1, Committed index: 1, Last appended: 1.1, Last appended by leader: 1, Current term: 2, Majority size: 2, State: 0, Mode: LEADER, active raft config: opid_index: -1 OBSOLETE_local: false peers { permanent_uuid: "1d8877a05d0e4ff58fb61e8e27a0d88d" member_type: VOTER last_known_addr { host: "127.25.1.129" port: 36253 } } peers { permanent_uuid: "addf53aaaf8c4eeaac39aee4a855cd67" member_type: VOTER last_known_addr { host: "127.25.1.130" port: 40233 } } peers { permanent_uuid: "e336c4092c814bf4bcd0b4d7f1676b4a" member_type: VOTER last_known_addr { host: "127.25.1.131" port: 37441 } }
I20260710 11:05:31.735859 25815 raft_consensus.cc:2468] T 7199038130ba4e9688965da19d8191eb P addf53aaaf8c4eeaac39aee4a855cd67 [term 2 FOLLOWER]: Leader election vote request: Granting yes vote for candidate 1d8877a05d0e4ff58fb61e8e27a0d88d in term 2.
I20260710 11:05:31.736686 25982 consensus_queue.cc:1048] T 62297cf79075441ab2c8ca371a05c530 P addf53aaaf8c4eeaac39aee4a855cd67 [LEADER]: Connected to new peer: Peer: permanent_uuid: "1d8877a05d0e4ff58fb61e8e27a0d88d" member_type: VOTER last_known_addr { host: "127.25.1.129" port: 36253 }, Status: LMP_MISMATCH, Last received: 0.0, Next index: 1, Last known committed idx: 0, Time since last communication: 0.000s
I20260710 11:05:31.741778 25636 catalog_manager.cc:5697] T 7199038130ba4e9688965da19d8191eb P 1d8877a05d0e4ff58fb61e8e27a0d88d reported cstate change: term changed from 1 to 2, leader changed from addf53aaaf8c4eeaac39aee4a855cd67 (127.25.1.130) to 1d8877a05d0e4ff58fb61e8e27a0d88d (127.25.1.129). New cstate: current_term: 2 leader_uuid: "1d8877a05d0e4ff58fb61e8e27a0d88d" committed_config { opid_index: -1 OBSOLETE_local: false peers { permanent_uuid: "1d8877a05d0e4ff58fb61e8e27a0d88d" member_type: VOTER last_known_addr { host: "127.25.1.129" port: 36253 } health_report { overall_health: HEALTHY } } peers { permanent_uuid: "addf53aaaf8c4eeaac39aee4a855cd67" member_type: VOTER last_known_addr { host: "127.25.1.130" port: 40233 } health_report { overall_health: UNKNOWN } } peers { permanent_uuid: "e336c4092c814bf4bcd0b4d7f1676b4a" member_type: VOTER last_known_addr { host: "127.25.1.131" port: 37441 } health_report { overall_health: UNKNOWN } } }
I20260710 11:05:31.743494 25981 raft_consensus.cc:993] T 62297cf79075441ab2c8ca371a05c530 P addf53aaaf8c4eeaac39aee4a855cd67: : Instructing follower 1d8877a05d0e4ff58fb61e8e27a0d88d to start an election
I20260710 11:05:31.743937 25980 raft_consensus.cc:1081] T 62297cf79075441ab2c8ca371a05c530 P addf53aaaf8c4eeaac39aee4a855cd67 [term 1 LEADER]: Signalling peer 1d8877a05d0e4ff58fb61e8e27a0d88d to start an election
I20260710 11:05:31.745405 25739 tablet_service.cc:2044] Received Run Leader Election RPC: tablet_id: "62297cf79075441ab2c8ca371a05c530"
dest_uuid: "1d8877a05d0e4ff58fb61e8e27a0d88d"
 from {username='slave'} at 127.0.0.1:38796
I20260710 11:05:31.745895 25739 raft_consensus.cc:493] T 62297cf79075441ab2c8ca371a05c530 P 1d8877a05d0e4ff58fb61e8e27a0d88d [term 1 FOLLOWER]: Starting forced leader election (received explicit request)
I20260710 11:05:31.746160 25739 raft_consensus.cc:3060] T 62297cf79075441ab2c8ca371a05c530 P 1d8877a05d0e4ff58fb61e8e27a0d88d [term 1 FOLLOWER]: Advancing to term 2
I20260710 11:05:31.751034 25980 consensus_queue.cc:1048] T 62297cf79075441ab2c8ca371a05c530 P addf53aaaf8c4eeaac39aee4a855cd67 [LEADER]: Connected to new peer: Peer: permanent_uuid: "e336c4092c814bf4bcd0b4d7f1676b4a" member_type: VOTER last_known_addr { host: "127.25.1.131" port: 37441 }, Status: LMP_MISMATCH, Last received: 0.0, Next index: 1, Last known committed idx: 0, Time since last communication: 0.000s
I20260710 11:05:31.752810 25739 raft_consensus.cc:515] T 62297cf79075441ab2c8ca371a05c530 P 1d8877a05d0e4ff58fb61e8e27a0d88d [term 2 FOLLOWER]: Starting forced leader election with config: opid_index: -1 OBSOLETE_local: false peers { permanent_uuid: "1d8877a05d0e4ff58fb61e8e27a0d88d" member_type: VOTER last_known_addr { host: "127.25.1.129" port: 36253 } } peers { permanent_uuid: "addf53aaaf8c4eeaac39aee4a855cd67" member_type: VOTER last_known_addr { host: "127.25.1.130" port: 40233 } } peers { permanent_uuid: "e336c4092c814bf4bcd0b4d7f1676b4a" member_type: VOTER last_known_addr { host: "127.25.1.131" port: 37441 } }
I20260710 11:05:31.753822 25740 raft_consensus.cc:1240] T 62297cf79075441ab2c8ca371a05c530 P 1d8877a05d0e4ff58fb61e8e27a0d88d [term 2 FOLLOWER]: Rejecting Update request from peer addf53aaaf8c4eeaac39aee4a855cd67 for earlier term 1. Current term is 2. Ops: []
I20260710 11:05:31.756040 25815 tablet_service.cc:1917] Received RequestConsensusVote() RPC: tablet_id: "62297cf79075441ab2c8ca371a05c530" candidate_uuid: "1d8877a05d0e4ff58fb61e8e27a0d88d" candidate_term: 2 candidate_status { last_received { term: 1 index: 1 } } ignore_live_leader: true dest_uuid: "addf53aaaf8c4eeaac39aee4a855cd67"
I20260710 11:05:31.756585 25815 raft_consensus.cc:3055] T 62297cf79075441ab2c8ca371a05c530 P addf53aaaf8c4eeaac39aee4a855cd67 [term 1 LEADER]: Stepping down as leader of term 1
I20260710 11:05:31.756872 25815 raft_consensus.cc:740] T 62297cf79075441ab2c8ca371a05c530 P addf53aaaf8c4eeaac39aee4a855cd67 [term 1 LEADER]: Becoming Follower/Learner. State: Replica: addf53aaaf8c4eeaac39aee4a855cd67, State: Running, Role: LEADER
I20260710 11:05:31.757588 25815 consensus_queue.cc:260] T 62297cf79075441ab2c8ca371a05c530 P addf53aaaf8c4eeaac39aee4a855cd67 [NON_LEADER]: Queue going to NON_LEADER mode. State: All replicated index: 0, Majority replicated index: 1, Committed index: 1, Last appended: 1.1, Last appended by leader: 1, Current term: 1, Majority size: -1, State: 0, Mode: NON_LEADER, active raft config: opid_index: -1 OBSOLETE_local: false peers { permanent_uuid: "1d8877a05d0e4ff58fb61e8e27a0d88d" member_type: VOTER last_known_addr { host: "127.25.1.129" port: 36253 } } peers { permanent_uuid: "addf53aaaf8c4eeaac39aee4a855cd67" member_type: VOTER last_known_addr { host: "127.25.1.130" port: 40233 } } peers { permanent_uuid: "e336c4092c814bf4bcd0b4d7f1676b4a" member_type: VOTER last_known_addr { host: "127.25.1.131" port: 37441 } }
I20260710 11:05:31.758200 25815 raft_consensus.cc:3060] T 62297cf79075441ab2c8ca371a05c530 P addf53aaaf8c4eeaac39aee4a855cd67 [term 1 FOLLOWER]: Advancing to term 2
I20260710 11:05:31.762097 25815 raft_consensus.cc:2468] T 62297cf79075441ab2c8ca371a05c530 P addf53aaaf8c4eeaac39aee4a855cd67 [term 2 FOLLOWER]: Leader election vote request: Granting yes vote for candidate 1d8877a05d0e4ff58fb61e8e27a0d88d in term 2.
I20260710 11:05:31.763017 25706 leader_election.cc:304] T 62297cf79075441ab2c8ca371a05c530 P 1d8877a05d0e4ff58fb61e8e27a0d88d [CANDIDATE]: Term 2 election: Election decided. Result: candidate won. Election summary: received 2 responses out of 3 voters: 2 yes votes; 0 no votes. yes voters: 1d8877a05d0e4ff58fb61e8e27a0d88d, addf53aaaf8c4eeaac39aee4a855cd67; no voters: 
I20260710 11:05:31.763824 25940 raft_consensus.cc:2804] T 62297cf79075441ab2c8ca371a05c530 P 1d8877a05d0e4ff58fb61e8e27a0d88d [term 2 FOLLOWER]: Leader election won for term 2
I20260710 11:05:31.764249 25940 raft_consensus.cc:697] T 62297cf79075441ab2c8ca371a05c530 P 1d8877a05d0e4ff58fb61e8e27a0d88d [term 2 LEADER]: Becoming Leader. State: Replica: 1d8877a05d0e4ff58fb61e8e27a0d88d, State: Running, Role: LEADER
I20260710 11:05:31.764338 25890 tablet_service.cc:1917] Received RequestConsensusVote() RPC: tablet_id: "62297cf79075441ab2c8ca371a05c530" candidate_uuid: "1d8877a05d0e4ff58fb61e8e27a0d88d" candidate_term: 2 candidate_status { last_received { term: 1 index: 1 } } ignore_live_leader: true dest_uuid: "e336c4092c814bf4bcd0b4d7f1676b4a"
I20260710 11:05:31.765117 25940 consensus_queue.cc:237] T 62297cf79075441ab2c8ca371a05c530 P 1d8877a05d0e4ff58fb61e8e27a0d88d [LEADER]: Queue going to LEADER mode. State: All replicated index: 0, Majority replicated index: 0, Committed index: 0, Last appended: 1.1, Last appended by leader: 1, Current term: 2, Majority size: 2, State: 0, Mode: LEADER, active raft config: opid_index: -1 OBSOLETE_local: false peers { permanent_uuid: "1d8877a05d0e4ff58fb61e8e27a0d88d" member_type: VOTER last_known_addr { host: "127.25.1.129" port: 36253 } } peers { permanent_uuid: "addf53aaaf8c4eeaac39aee4a855cd67" member_type: VOTER last_known_addr { host: "127.25.1.130" port: 40233 } } peers { permanent_uuid: "e336c4092c814bf4bcd0b4d7f1676b4a" member_type: VOTER last_known_addr { host: "127.25.1.131" port: 37441 } }
I20260710 11:05:31.766029 25739 leader_election.cc:290] T 62297cf79075441ab2c8ca371a05c530 P 1d8877a05d0e4ff58fb61e8e27a0d88d [CANDIDATE]: Term 2 election: Requested vote from peers addf53aaaf8c4eeaac39aee4a855cd67 (127.25.1.130:40233), e336c4092c814bf4bcd0b4d7f1676b4a (127.25.1.131:37441)
I20260710 11:05:31.778759 25635 catalog_manager.cc:5697] T 62297cf79075441ab2c8ca371a05c530 P 1d8877a05d0e4ff58fb61e8e27a0d88d reported cstate change: term changed from 1 to 2, leader changed from addf53aaaf8c4eeaac39aee4a855cd67 (127.25.1.130) to 1d8877a05d0e4ff58fb61e8e27a0d88d (127.25.1.129). New cstate: current_term: 2 leader_uuid: "1d8877a05d0e4ff58fb61e8e27a0d88d" committed_config { opid_index: -1 OBSOLETE_local: false peers { permanent_uuid: "1d8877a05d0e4ff58fb61e8e27a0d88d" member_type: VOTER last_known_addr { host: "127.25.1.129" port: 36253 } health_report { overall_health: HEALTHY } } peers { permanent_uuid: "addf53aaaf8c4eeaac39aee4a855cd67" member_type: VOTER last_known_addr { host: "127.25.1.130" port: 40233 } health_report { overall_health: UNKNOWN } } peers { permanent_uuid: "e336c4092c814bf4bcd0b4d7f1676b4a" member_type: VOTER last_known_addr { host: "127.25.1.131" port: 37441 } health_report { overall_health: UNKNOWN } } }
I20260710 11:05:31.824098 25960 raft_consensus.cc:993] T 587dbdfbab7747a981bf4424e182c732 P e336c4092c814bf4bcd0b4d7f1676b4a: : Instructing follower addf53aaaf8c4eeaac39aee4a855cd67 to start an election
I20260710 11:05:31.824577 26011 raft_consensus.cc:1081] T 587dbdfbab7747a981bf4424e182c732 P e336c4092c814bf4bcd0b4d7f1676b4a [term 1 LEADER]: Signalling peer addf53aaaf8c4eeaac39aee4a855cd67 to start an election
I20260710 11:05:31.826392 25815 tablet_service.cc:2044] Received Run Leader Election RPC: tablet_id: "587dbdfbab7747a981bf4424e182c732"
dest_uuid: "addf53aaaf8c4eeaac39aee4a855cd67"
 from {username='slave'} at 127.0.0.1:59606
I20260710 11:05:31.826977 25815 raft_consensus.cc:493] T 587dbdfbab7747a981bf4424e182c732 P addf53aaaf8c4eeaac39aee4a855cd67 [term 1 FOLLOWER]: Starting forced leader election (received explicit request)
I20260710 11:05:31.827316 25815 raft_consensus.cc:3060] T 587dbdfbab7747a981bf4424e182c732 P addf53aaaf8c4eeaac39aee4a855cd67 [term 1 FOLLOWER]: Advancing to term 2
I20260710 11:05:31.831404 25815 raft_consensus.cc:515] T 587dbdfbab7747a981bf4424e182c732 P addf53aaaf8c4eeaac39aee4a855cd67 [term 2 FOLLOWER]: Starting forced leader election with config: opid_index: -1 OBSOLETE_local: false peers { permanent_uuid: "1d8877a05d0e4ff58fb61e8e27a0d88d" member_type: VOTER last_known_addr { host: "127.25.1.129" port: 36253 } } peers { permanent_uuid: "addf53aaaf8c4eeaac39aee4a855cd67" member_type: VOTER last_known_addr { host: "127.25.1.130" port: 40233 } } peers { permanent_uuid: "e336c4092c814bf4bcd0b4d7f1676b4a" member_type: VOTER last_known_addr { host: "127.25.1.131" port: 37441 } }
I20260710 11:05:31.832894 25815 leader_election.cc:290] T 587dbdfbab7747a981bf4424e182c732 P addf53aaaf8c4eeaac39aee4a855cd67 [CANDIDATE]: Term 2 election: Requested vote from peers 1d8877a05d0e4ff58fb61e8e27a0d88d (127.25.1.129:36253), e336c4092c814bf4bcd0b4d7f1676b4a (127.25.1.131:37441)
I20260710 11:05:31.833705 25739 tablet_service.cc:1917] Received RequestConsensusVote() RPC: tablet_id: "587dbdfbab7747a981bf4424e182c732" candidate_uuid: "addf53aaaf8c4eeaac39aee4a855cd67" candidate_term: 2 candidate_status { last_received { term: 1 index: 1 } } ignore_live_leader: true dest_uuid: "1d8877a05d0e4ff58fb61e8e27a0d88d"
I20260710 11:05:31.833930 25889 tablet_service.cc:1917] Received RequestConsensusVote() RPC: tablet_id: "587dbdfbab7747a981bf4424e182c732" candidate_uuid: "addf53aaaf8c4eeaac39aee4a855cd67" candidate_term: 2 candidate_status { last_received { term: 1 index: 1 } } ignore_live_leader: true dest_uuid: "e336c4092c814bf4bcd0b4d7f1676b4a"
I20260710 11:05:31.834363 25739 raft_consensus.cc:3060] T 587dbdfbab7747a981bf4424e182c732 P 1d8877a05d0e4ff58fb61e8e27a0d88d [term 1 FOLLOWER]: Advancing to term 2
I20260710 11:05:31.834494 25889 raft_consensus.cc:3055] T 587dbdfbab7747a981bf4424e182c732 P e336c4092c814bf4bcd0b4d7f1676b4a [term 1 LEADER]: Stepping down as leader of term 1
I20260710 11:05:31.834858 25889 raft_consensus.cc:740] T 587dbdfbab7747a981bf4424e182c732 P e336c4092c814bf4bcd0b4d7f1676b4a [term 1 LEADER]: Becoming Follower/Learner. State: Replica: e336c4092c814bf4bcd0b4d7f1676b4a, State: Running, Role: LEADER
I20260710 11:05:31.835551 25889 consensus_queue.cc:260] T 587dbdfbab7747a981bf4424e182c732 P e336c4092c814bf4bcd0b4d7f1676b4a [NON_LEADER]: Queue going to NON_LEADER mode. State: All replicated index: 0, Majority replicated index: 1, Committed index: 1, Last appended: 1.1, Last appended by leader: 1, Current term: 1, Majority size: -1, State: 0, Mode: NON_LEADER, active raft config: opid_index: -1 OBSOLETE_local: false peers { permanent_uuid: "1d8877a05d0e4ff58fb61e8e27a0d88d" member_type: VOTER last_known_addr { host: "127.25.1.129" port: 36253 } } peers { permanent_uuid: "addf53aaaf8c4eeaac39aee4a855cd67" member_type: VOTER last_known_addr { host: "127.25.1.130" port: 40233 } } peers { permanent_uuid: "e336c4092c814bf4bcd0b4d7f1676b4a" member_type: VOTER last_known_addr { host: "127.25.1.131" port: 37441 } }
I20260710 11:05:31.836393 25889 raft_consensus.cc:3060] T 587dbdfbab7747a981bf4424e182c732 P e336c4092c814bf4bcd0b4d7f1676b4a [term 1 FOLLOWER]: Advancing to term 2
I20260710 11:05:31.840351 25889 raft_consensus.cc:2468] T 587dbdfbab7747a981bf4424e182c732 P e336c4092c814bf4bcd0b4d7f1676b4a [term 2 FOLLOWER]: Leader election vote request: Granting yes vote for candidate addf53aaaf8c4eeaac39aee4a855cd67 in term 2.
I20260710 11:05:31.840893 25739 raft_consensus.cc:2468] T 587dbdfbab7747a981bf4424e182c732 P 1d8877a05d0e4ff58fb61e8e27a0d88d [term 2 FOLLOWER]: Leader election vote request: Granting yes vote for candidate addf53aaaf8c4eeaac39aee4a855cd67 in term 2.
I20260710 11:05:31.841347 25779 leader_election.cc:304] T 587dbdfbab7747a981bf4424e182c732 P addf53aaaf8c4eeaac39aee4a855cd67 [CANDIDATE]: Term 2 election: Election decided. Result: candidate won. Election summary: received 2 responses out of 3 voters: 2 yes votes; 0 no votes. yes voters: addf53aaaf8c4eeaac39aee4a855cd67, e336c4092c814bf4bcd0b4d7f1676b4a; no voters: 
I20260710 11:05:31.842021 25980 raft_consensus.cc:2804] T 587dbdfbab7747a981bf4424e182c732 P addf53aaaf8c4eeaac39aee4a855cd67 [term 2 FOLLOWER]: Leader election won for term 2
I20260710 11:05:31.842397 25980 raft_consensus.cc:697] T 587dbdfbab7747a981bf4424e182c732 P addf53aaaf8c4eeaac39aee4a855cd67 [term 2 LEADER]: Becoming Leader. State: Replica: addf53aaaf8c4eeaac39aee4a855cd67, State: Running, Role: LEADER
I20260710 11:05:31.843025 25980 consensus_queue.cc:237] T 587dbdfbab7747a981bf4424e182c732 P addf53aaaf8c4eeaac39aee4a855cd67 [LEADER]: Queue going to LEADER mode. State: All replicated index: 0, Majority replicated index: 1, Committed index: 1, Last appended: 1.1, Last appended by leader: 1, Current term: 2, Majority size: 2, State: 0, Mode: LEADER, active raft config: opid_index: -1 OBSOLETE_local: false peers { permanent_uuid: "1d8877a05d0e4ff58fb61e8e27a0d88d" member_type: VOTER last_known_addr { host: "127.25.1.129" port: 36253 } } peers { permanent_uuid: "addf53aaaf8c4eeaac39aee4a855cd67" member_type: VOTER last_known_addr { host: "127.25.1.130" port: 40233 } } peers { permanent_uuid: "e336c4092c814bf4bcd0b4d7f1676b4a" member_type: VOTER last_known_addr { host: "127.25.1.131" port: 37441 } }
I20260710 11:05:31.849215 25636 catalog_manager.cc:5697] T 587dbdfbab7747a981bf4424e182c732 P addf53aaaf8c4eeaac39aee4a855cd67 reported cstate change: term changed from 1 to 2, leader changed from e336c4092c814bf4bcd0b4d7f1676b4a (127.25.1.131) to addf53aaaf8c4eeaac39aee4a855cd67 (127.25.1.130). New cstate: current_term: 2 leader_uuid: "addf53aaaf8c4eeaac39aee4a855cd67" committed_config { opid_index: -1 OBSOLETE_local: false peers { permanent_uuid: "1d8877a05d0e4ff58fb61e8e27a0d88d" member_type: VOTER last_known_addr { host: "127.25.1.129" port: 36253 } health_report { overall_health: UNKNOWN } } peers { permanent_uuid: "addf53aaaf8c4eeaac39aee4a855cd67" member_type: VOTER last_known_addr { host: "127.25.1.130" port: 40233 } health_report { overall_health: HEALTHY } } peers { permanent_uuid: "e336c4092c814bf4bcd0b4d7f1676b4a" member_type: VOTER last_known_addr { host: "127.25.1.131" port: 37441 } health_report { overall_health: UNKNOWN } } }
I20260710 11:05:31.877856 25960 raft_consensus.cc:993] T 069b5a17708e4ae393f93cef4c2b1aea P e336c4092c814bf4bcd0b4d7f1676b4a: : Instructing follower 1d8877a05d0e4ff58fb61e8e27a0d88d to start an election
I20260710 11:05:31.878327 26011 raft_consensus.cc:1081] T 069b5a17708e4ae393f93cef4c2b1aea P e336c4092c814bf4bcd0b4d7f1676b4a [term 1 LEADER]: Signalling peer 1d8877a05d0e4ff58fb61e8e27a0d88d to start an election
I20260710 11:05:31.879995 25739 tablet_service.cc:2044] Received Run Leader Election RPC: tablet_id: "069b5a17708e4ae393f93cef4c2b1aea"
dest_uuid: "1d8877a05d0e4ff58fb61e8e27a0d88d"
 from {username='slave'} at 127.0.0.1:38790
I20260710 11:05:31.880560 25739 raft_consensus.cc:493] T 069b5a17708e4ae393f93cef4c2b1aea P 1d8877a05d0e4ff58fb61e8e27a0d88d [term 1 FOLLOWER]: Starting forced leader election (received explicit request)
I20260710 11:05:31.880879 25739 raft_consensus.cc:3060] T 069b5a17708e4ae393f93cef4c2b1aea P 1d8877a05d0e4ff58fb61e8e27a0d88d [term 1 FOLLOWER]: Advancing to term 2
I20260710 11:05:31.885021 25739 raft_consensus.cc:515] T 069b5a17708e4ae393f93cef4c2b1aea P 1d8877a05d0e4ff58fb61e8e27a0d88d [term 2 FOLLOWER]: Starting forced leader election with config: opid_index: -1 OBSOLETE_local: false peers { permanent_uuid: "1d8877a05d0e4ff58fb61e8e27a0d88d" member_type: VOTER last_known_addr { host: "127.25.1.129" port: 36253 } } peers { permanent_uuid: "e336c4092c814bf4bcd0b4d7f1676b4a" member_type: VOTER last_known_addr { host: "127.25.1.131" port: 37441 } } peers { permanent_uuid: "addf53aaaf8c4eeaac39aee4a855cd67" member_type: VOTER last_known_addr { host: "127.25.1.130" port: 40233 } }
I20260710 11:05:31.886781 25739 leader_election.cc:290] T 069b5a17708e4ae393f93cef4c2b1aea P 1d8877a05d0e4ff58fb61e8e27a0d88d [CANDIDATE]: Term 2 election: Requested vote from peers e336c4092c814bf4bcd0b4d7f1676b4a (127.25.1.131:37441), addf53aaaf8c4eeaac39aee4a855cd67 (127.25.1.130:40233)
I20260710 11:05:31.887178 25889 tablet_service.cc:1917] Received RequestConsensusVote() RPC: tablet_id: "069b5a17708e4ae393f93cef4c2b1aea" candidate_uuid: "1d8877a05d0e4ff58fb61e8e27a0d88d" candidate_term: 2 candidate_status { last_received { term: 1 index: 1 } } ignore_live_leader: true dest_uuid: "e336c4092c814bf4bcd0b4d7f1676b4a"
I20260710 11:05:31.887390 25815 tablet_service.cc:1917] Received RequestConsensusVote() RPC: tablet_id: "069b5a17708e4ae393f93cef4c2b1aea" candidate_uuid: "1d8877a05d0e4ff58fb61e8e27a0d88d" candidate_term: 2 candidate_status { last_received { term: 1 index: 1 } } ignore_live_leader: true dest_uuid: "addf53aaaf8c4eeaac39aee4a855cd67"
I20260710 11:05:31.887792 25889 raft_consensus.cc:3055] T 069b5a17708e4ae393f93cef4c2b1aea P e336c4092c814bf4bcd0b4d7f1676b4a [term 1 LEADER]: Stepping down as leader of term 1
I20260710 11:05:31.887935 25815 raft_consensus.cc:3060] T 069b5a17708e4ae393f93cef4c2b1aea P addf53aaaf8c4eeaac39aee4a855cd67 [term 1 FOLLOWER]: Advancing to term 2
I20260710 11:05:31.888162 25889 raft_consensus.cc:740] T 069b5a17708e4ae393f93cef4c2b1aea P e336c4092c814bf4bcd0b4d7f1676b4a [term 1 LEADER]: Becoming Follower/Learner. State: Replica: e336c4092c814bf4bcd0b4d7f1676b4a, State: Running, Role: LEADER
I20260710 11:05:31.888999 25889 consensus_queue.cc:260] T 069b5a17708e4ae393f93cef4c2b1aea P e336c4092c814bf4bcd0b4d7f1676b4a [NON_LEADER]: Queue going to NON_LEADER mode. State: All replicated index: 0, Majority replicated index: 1, Committed index: 1, Last appended: 1.1, Last appended by leader: 1, Current term: 1, Majority size: -1, State: 0, Mode: NON_LEADER, active raft config: opid_index: -1 OBSOLETE_local: false peers { permanent_uuid: "1d8877a05d0e4ff58fb61e8e27a0d88d" member_type: VOTER last_known_addr { host: "127.25.1.129" port: 36253 } } peers { permanent_uuid: "e336c4092c814bf4bcd0b4d7f1676b4a" member_type: VOTER last_known_addr { host: "127.25.1.131" port: 37441 } } peers { permanent_uuid: "addf53aaaf8c4eeaac39aee4a855cd67" member_type: VOTER last_known_addr { host: "127.25.1.130" port: 40233 } }
I20260710 11:05:31.890159 25889 raft_consensus.cc:3060] T 069b5a17708e4ae393f93cef4c2b1aea P e336c4092c814bf4bcd0b4d7f1676b4a [term 1 FOLLOWER]: Advancing to term 2
I20260710 11:05:31.892267 25815 raft_consensus.cc:2468] T 069b5a17708e4ae393f93cef4c2b1aea P addf53aaaf8c4eeaac39aee4a855cd67 [term 2 FOLLOWER]: Leader election vote request: Granting yes vote for candidate 1d8877a05d0e4ff58fb61e8e27a0d88d in term 2.
I20260710 11:05:31.893195 25706 leader_election.cc:304] T 069b5a17708e4ae393f93cef4c2b1aea P 1d8877a05d0e4ff58fb61e8e27a0d88d [CANDIDATE]: Term 2 election: Election decided. Result: candidate won. Election summary: received 2 responses out of 3 voters: 2 yes votes; 0 no votes. yes voters: 1d8877a05d0e4ff58fb61e8e27a0d88d, addf53aaaf8c4eeaac39aee4a855cd67; no voters: 
I20260710 11:05:31.893774 25940 raft_consensus.cc:2804] T 069b5a17708e4ae393f93cef4c2b1aea P 1d8877a05d0e4ff58fb61e8e27a0d88d [term 2 FOLLOWER]: Leader election won for term 2
I20260710 11:05:31.894129 25940 raft_consensus.cc:697] T 069b5a17708e4ae393f93cef4c2b1aea P 1d8877a05d0e4ff58fb61e8e27a0d88d [term 2 LEADER]: Becoming Leader. State: Replica: 1d8877a05d0e4ff58fb61e8e27a0d88d, State: Running, Role: LEADER
I20260710 11:05:31.894832 25940 consensus_queue.cc:237] T 069b5a17708e4ae393f93cef4c2b1aea P 1d8877a05d0e4ff58fb61e8e27a0d88d [LEADER]: Queue going to LEADER mode. State: All replicated index: 0, Majority replicated index: 1, Committed index: 1, Last appended: 1.1, Last appended by leader: 1, Current term: 2, Majority size: 2, State: 0, Mode: LEADER, active raft config: opid_index: -1 OBSOLETE_local: false peers { permanent_uuid: "1d8877a05d0e4ff58fb61e8e27a0d88d" member_type: VOTER last_known_addr { host: "127.25.1.129" port: 36253 } } peers { permanent_uuid: "e336c4092c814bf4bcd0b4d7f1676b4a" member_type: VOTER last_known_addr { host: "127.25.1.131" port: 37441 } } peers { permanent_uuid: "addf53aaaf8c4eeaac39aee4a855cd67" member_type: VOTER last_known_addr { host: "127.25.1.130" port: 40233 } }
I20260710 11:05:31.896528 25889 raft_consensus.cc:2468] T 069b5a17708e4ae393f93cef4c2b1aea P e336c4092c814bf4bcd0b4d7f1676b4a [term 2 FOLLOWER]: Leader election vote request: Granting yes vote for candidate 1d8877a05d0e4ff58fb61e8e27a0d88d in term 2.
I20260710 11:05:31.901994 25636 catalog_manager.cc:5697] T 069b5a17708e4ae393f93cef4c2b1aea P 1d8877a05d0e4ff58fb61e8e27a0d88d reported cstate change: term changed from 1 to 2, leader changed from e336c4092c814bf4bcd0b4d7f1676b4a (127.25.1.131) to 1d8877a05d0e4ff58fb61e8e27a0d88d (127.25.1.129). New cstate: current_term: 2 leader_uuid: "1d8877a05d0e4ff58fb61e8e27a0d88d" committed_config { opid_index: -1 OBSOLETE_local: false peers { permanent_uuid: "1d8877a05d0e4ff58fb61e8e27a0d88d" member_type: VOTER last_known_addr { host: "127.25.1.129" port: 36253 } health_report { overall_health: HEALTHY } } peers { permanent_uuid: "e336c4092c814bf4bcd0b4d7f1676b4a" member_type: VOTER last_known_addr { host: "127.25.1.131" port: 37441 } health_report { overall_health: UNKNOWN } } peers { permanent_uuid: "addf53aaaf8c4eeaac39aee4a855cd67" member_type: VOTER last_known_addr { host: "127.25.1.130" port: 40233 } health_report { overall_health: UNKNOWN } } }
I20260710 11:05:31.976001 25889 raft_consensus.cc:1275] T 67be2641f2714625acf06e0cfce25287 P e336c4092c814bf4bcd0b4d7f1676b4a [term 2 FOLLOWER]: Refusing update from remote peer addf53aaaf8c4eeaac39aee4a855cd67: Log matching property violated. Preceding OpId in replica: term: 1 index: 1. Preceding OpId from leader: term: 2 index: 2. (index mismatch)
I20260710 11:05:31.977375 25980 consensus_queue.cc:1048] T 67be2641f2714625acf06e0cfce25287 P addf53aaaf8c4eeaac39aee4a855cd67 [LEADER]: Connected to new peer: Peer: permanent_uuid: "e336c4092c814bf4bcd0b4d7f1676b4a" member_type: VOTER last_known_addr { host: "127.25.1.131" port: 37441 }, Status: LMP_MISMATCH, Last received: 0.0, Next index: 2, Last known committed idx: 1, Time since last communication: 0.000s
I20260710 11:05:31.985193 25739 raft_consensus.cc:1275] T 67be2641f2714625acf06e0cfce25287 P 1d8877a05d0e4ff58fb61e8e27a0d88d [term 2 FOLLOWER]: Refusing update from remote peer addf53aaaf8c4eeaac39aee4a855cd67: Log matching property violated. Preceding OpId in replica: term: 1 index: 1. Preceding OpId from leader: term: 2 index: 2. (index mismatch)
I20260710 11:05:31.988224 25981 consensus_queue.cc:1048] T 67be2641f2714625acf06e0cfce25287 P addf53aaaf8c4eeaac39aee4a855cd67 [LEADER]: Connected to new peer: Peer: permanent_uuid: "1d8877a05d0e4ff58fb61e8e27a0d88d" member_type: VOTER last_known_addr { host: "127.25.1.129" port: 36253 }, Status: LMP_MISMATCH, Last received: 0.0, Next index: 2, Last known committed idx: 1, Time since last communication: 0.000s
I20260710 11:05:32.040760 25739 raft_consensus.cc:1275] T bf145abb91344951b052d22d9748b9cf P 1d8877a05d0e4ff58fb61e8e27a0d88d [term 2 FOLLOWER]: Refusing update from remote peer addf53aaaf8c4eeaac39aee4a855cd67: Log matching property violated. Preceding OpId in replica: term: 1 index: 1. Preceding OpId from leader: term: 2 index: 2. (index mismatch)
I20260710 11:05:32.042032 25981 consensus_queue.cc:1048] T bf145abb91344951b052d22d9748b9cf P addf53aaaf8c4eeaac39aee4a855cd67 [LEADER]: Connected to new peer: Peer: permanent_uuid: "1d8877a05d0e4ff58fb61e8e27a0d88d" member_type: VOTER last_known_addr { host: "127.25.1.129" port: 36253 }, Status: LMP_MISMATCH, Last received: 0.0, Next index: 2, Last known committed idx: 1, Time since last communication: 0.000s
I20260710 11:05:32.056381 25889 raft_consensus.cc:1275] T bf145abb91344951b052d22d9748b9cf P e336c4092c814bf4bcd0b4d7f1676b4a [term 2 FOLLOWER]: Refusing update from remote peer addf53aaaf8c4eeaac39aee4a855cd67: Log matching property violated. Preceding OpId in replica: term: 1 index: 1. Preceding OpId from leader: term: 2 index: 2. (index mismatch)
I20260710 11:05:32.057693 25890 raft_consensus.cc:1275] T 915b02b43ea54f58a73324b0da7159fd P e336c4092c814bf4bcd0b4d7f1676b4a [term 2 FOLLOWER]: Refusing update from remote peer addf53aaaf8c4eeaac39aee4a855cd67: Log matching property violated. Preceding OpId in replica: term: 1 index: 1. Preceding OpId from leader: term: 2 index: 2. (index mismatch)
I20260710 11:05:32.057632 25982 consensus_queue.cc:1048] T bf145abb91344951b052d22d9748b9cf P addf53aaaf8c4eeaac39aee4a855cd67 [LEADER]: Connected to new peer: Peer: permanent_uuid: "e336c4092c814bf4bcd0b4d7f1676b4a" member_type: VOTER last_known_addr { host: "127.25.1.131" port: 37441 }, Status: LMP_MISMATCH, Last received: 0.0, Next index: 2, Last known committed idx: 1, Time since last communication: 0.000s
I20260710 11:05:32.059092 25982 consensus_queue.cc:1048] T 915b02b43ea54f58a73324b0da7159fd P addf53aaaf8c4eeaac39aee4a855cd67 [LEADER]: Connected to new peer: Peer: permanent_uuid: "e336c4092c814bf4bcd0b4d7f1676b4a" member_type: VOTER last_known_addr { host: "127.25.1.131" port: 37441 }, Status: LMP_MISMATCH, Last received: 0.0, Next index: 2, Last known committed idx: 1, Time since last communication: 0.000s
I20260710 11:05:32.067026 25739 raft_consensus.cc:1275] T 915b02b43ea54f58a73324b0da7159fd P 1d8877a05d0e4ff58fb61e8e27a0d88d [term 2 FOLLOWER]: Refusing update from remote peer addf53aaaf8c4eeaac39aee4a855cd67: Log matching property violated. Preceding OpId in replica: term: 1 index: 1. Preceding OpId from leader: term: 2 index: 2. (index mismatch)
I20260710 11:05:32.068748 25982 consensus_queue.cc:1048] T 915b02b43ea54f58a73324b0da7159fd P addf53aaaf8c4eeaac39aee4a855cd67 [LEADER]: Connected to new peer: Peer: permanent_uuid: "1d8877a05d0e4ff58fb61e8e27a0d88d" member_type: VOTER last_known_addr { host: "127.25.1.129" port: 36253 }, Status: LMP_MISMATCH, Last received: 0.0, Next index: 2, Last known committed idx: 1, Time since last communication: 0.000s
I20260710 11:05:32.080775 25889 raft_consensus.cc:1275] T a348a9d54b894233b0c1b610037b26e8 P e336c4092c814bf4bcd0b4d7f1676b4a [term 2 FOLLOWER]: Refusing update from remote peer 1d8877a05d0e4ff58fb61e8e27a0d88d: Log matching property violated. Preceding OpId in replica: term: 1 index: 1. Preceding OpId from leader: term: 2 index: 2. (index mismatch)
I20260710 11:05:32.081882 25940 consensus_queue.cc:1048] T a348a9d54b894233b0c1b610037b26e8 P 1d8877a05d0e4ff58fb61e8e27a0d88d [LEADER]: Connected to new peer: Peer: permanent_uuid: "e336c4092c814bf4bcd0b4d7f1676b4a" member_type: VOTER last_known_addr { host: "127.25.1.131" port: 37441 }, Status: LMP_MISMATCH, Last received: 0.0, Next index: 2, Last known committed idx: 1, Time since last communication: 0.000s
I20260710 11:05:32.090229 25815 raft_consensus.cc:1275] T a348a9d54b894233b0c1b610037b26e8 P addf53aaaf8c4eeaac39aee4a855cd67 [term 2 FOLLOWER]: Refusing update from remote peer 1d8877a05d0e4ff58fb61e8e27a0d88d: Log matching property violated. Preceding OpId in replica: term: 1 index: 1. Preceding OpId from leader: term: 2 index: 2. (index mismatch)
I20260710 11:05:32.091630 25940 consensus_queue.cc:1048] T a348a9d54b894233b0c1b610037b26e8 P 1d8877a05d0e4ff58fb61e8e27a0d88d [LEADER]: Connected to new peer: Peer: permanent_uuid: "addf53aaaf8c4eeaac39aee4a855cd67" member_type: VOTER last_known_addr { host: "127.25.1.130" port: 40233 }, Status: LMP_MISMATCH, Last received: 0.0, Next index: 2, Last known committed idx: 1, Time since last communication: 0.000s
I20260710 11:05:32.097731 25739 raft_consensus.cc:1275] T 50813e113b05499fb9032a30aa3891e2 P 1d8877a05d0e4ff58fb61e8e27a0d88d [term 2 FOLLOWER]: Refusing update from remote peer e336c4092c814bf4bcd0b4d7f1676b4a: Log matching property violated. Preceding OpId in replica: term: 1 index: 1. Preceding OpId from leader: term: 2 index: 2. (index mismatch)
I20260710 11:05:32.099061 26011 consensus_queue.cc:1048] T 50813e113b05499fb9032a30aa3891e2 P e336c4092c814bf4bcd0b4d7f1676b4a [LEADER]: Connected to new peer: Peer: permanent_uuid: "1d8877a05d0e4ff58fb61e8e27a0d88d" member_type: VOTER last_known_addr { host: "127.25.1.129" port: 36253 }, Status: LMP_MISMATCH, Last received: 0.0, Next index: 2, Last known committed idx: 1, Time since last communication: 0.000s
I20260710 11:05:32.108536 25815 raft_consensus.cc:1275] T 50813e113b05499fb9032a30aa3891e2 P addf53aaaf8c4eeaac39aee4a855cd67 [term 2 FOLLOWER]: Refusing update from remote peer e336c4092c814bf4bcd0b4d7f1676b4a: Log matching property violated. Preceding OpId in replica: term: 1 index: 1. Preceding OpId from leader: term: 2 index: 2. (index mismatch)
I20260710 11:05:32.109673 25947 consensus_queue.cc:1048] T 50813e113b05499fb9032a30aa3891e2 P e336c4092c814bf4bcd0b4d7f1676b4a [LEADER]: Connected to new peer: Peer: permanent_uuid: "addf53aaaf8c4eeaac39aee4a855cd67" member_type: VOTER last_known_addr { host: "127.25.1.130" port: 40233 }, Status: LMP_MISMATCH, Last received: 0.0, Next index: 2, Last known committed idx: 1, Time since last communication: 0.000s
I20260710 11:05:32.222383 25889 raft_consensus.cc:1275] T 7199038130ba4e9688965da19d8191eb P e336c4092c814bf4bcd0b4d7f1676b4a [term 2 FOLLOWER]: Refusing update from remote peer 1d8877a05d0e4ff58fb61e8e27a0d88d: Log matching property violated. Preceding OpId in replica: term: 1 index: 1. Preceding OpId from leader: term: 2 index: 2. (index mismatch)
I20260710 11:05:32.223483 25940 consensus_queue.cc:1048] T 7199038130ba4e9688965da19d8191eb P 1d8877a05d0e4ff58fb61e8e27a0d88d [LEADER]: Connected to new peer: Peer: permanent_uuid: "e336c4092c814bf4bcd0b4d7f1676b4a" member_type: VOTER last_known_addr { host: "127.25.1.131" port: 37441 }, Status: LMP_MISMATCH, Last received: 0.0, Next index: 2, Last known committed idx: 1, Time since last communication: 0.000s
I20260710 11:05:32.230069 25815 raft_consensus.cc:1275] T 7199038130ba4e9688965da19d8191eb P addf53aaaf8c4eeaac39aee4a855cd67 [term 2 FOLLOWER]: Refusing update from remote peer 1d8877a05d0e4ff58fb61e8e27a0d88d: Log matching property violated. Preceding OpId in replica: term: 1 index: 1. Preceding OpId from leader: term: 2 index: 2. (index mismatch)
I20260710 11:05:32.231583 26004 consensus_queue.cc:1048] T 7199038130ba4e9688965da19d8191eb P 1d8877a05d0e4ff58fb61e8e27a0d88d [LEADER]: Connected to new peer: Peer: permanent_uuid: "addf53aaaf8c4eeaac39aee4a855cd67" member_type: VOTER last_known_addr { host: "127.25.1.130" port: 40233 }, Status: LMP_MISMATCH, Last received: 0.0, Next index: 2, Last known committed idx: 1, Time since last communication: 0.000s
I20260710 11:05:32.280260 25815 raft_consensus.cc:1275] T 62297cf79075441ab2c8ca371a05c530 P addf53aaaf8c4eeaac39aee4a855cd67 [term 2 FOLLOWER]: Refusing update from remote peer 1d8877a05d0e4ff58fb61e8e27a0d88d: Log matching property violated. Preceding OpId in replica: term: 1 index: 1. Preceding OpId from leader: term: 2 index: 2. (index mismatch)
I20260710 11:05:32.281404 26004 consensus_queue.cc:1048] T 62297cf79075441ab2c8ca371a05c530 P 1d8877a05d0e4ff58fb61e8e27a0d88d [LEADER]: Connected to new peer: Peer: permanent_uuid: "addf53aaaf8c4eeaac39aee4a855cd67" member_type: VOTER last_known_addr { host: "127.25.1.130" port: 40233 }, Status: LMP_MISMATCH, Last received: 0.0, Next index: 2, Last known committed idx: 1, Time since last communication: 0.000s
I20260710 11:05:32.287734 25889 raft_consensus.cc:3060] T 62297cf79075441ab2c8ca371a05c530 P e336c4092c814bf4bcd0b4d7f1676b4a [term 1 FOLLOWER]: Advancing to term 2
I20260710 11:05:32.293823 25889 raft_consensus.cc:1275] T 62297cf79075441ab2c8ca371a05c530 P e336c4092c814bf4bcd0b4d7f1676b4a [term 2 FOLLOWER]: Refusing update from remote peer 1d8877a05d0e4ff58fb61e8e27a0d88d: Log matching property violated. Preceding OpId in replica: term: 1 index: 1. Preceding OpId from leader: term: 2 index: 2. (index mismatch)
