I20260710 11:05:51.511955 21937 tablet_service.cc:1917] Received RequestConsensusVote() RPC: tablet_id: "f70f7641955949bfb656c9199bd00c9c" candidate_uuid: "e31057caba4445bc808bbe93a2917709" candidate_term: 1 candidate_status { last_received { term: 0 index: 0 } } ignore_live_leader: false dest_uuid: "10d01f6664634ba1bdd08c303cf1bdbd" is_pre_election: true
I20260710 11:05:51.512369 22012 tablet_service.cc:1917] Received RequestConsensusVote() RPC: tablet_id: "f70f7641955949bfb656c9199bd00c9c" candidate_uuid: "e31057caba4445bc808bbe93a2917709" candidate_term: 1 candidate_status { last_received { term: 0 index: 0 } } ignore_live_leader: false dest_uuid: "a3fbb3241edc4d838d501ec48045d1a7"
I20260710 11:05:51.512547 21937 raft_consensus.cc:2468] T f70f7641955949bfb656c9199bd00c9c P 10d01f6664634ba1bdd08c303cf1bdbd [term 0 FOLLOWER]: Leader pre-election vote request: Granting yes vote for candidate e31057caba4445bc808bbe93a2917709 in term 0.
I20260710 11:05:51.512895 22012 raft_consensus.cc:3060] T f70f7641955949bfb656c9199bd00c9c P a3fbb3241edc4d838d501ec48045d1a7 [term 0 FOLLOWER]: Advancing to term 1
I20260710 11:05:51.514171 22106 raft_consensus.cc:493] T afcd493f8b7d42de9e26d1d40c9b5550 P 10d01f6664634ba1bdd08c303cf1bdbd [term 0 FOLLOWER]: Starting pre-election (no leader contacted us within the election timeout)
I20260710 11:05:51.514647 22106 raft_consensus.cc:515] T afcd493f8b7d42de9e26d1d40c9b5550 P 10d01f6664634ba1bdd08c303cf1bdbd [term 0 FOLLOWER]: Starting pre-election with config: opid_index: -1 OBSOLETE_local: false peers { permanent_uuid: "e31057caba4445bc808bbe93a2917709" member_type: VOTER last_known_addr { host: "127.20.67.65" port: 39645 } } peers { permanent_uuid: "10d01f6664634ba1bdd08c303cf1bdbd" member_type: VOTER last_known_addr { host: "127.20.67.66" port: 37187 } } peers { permanent_uuid: "a3fbb3241edc4d838d501ec48045d1a7" member_type: VOTER last_known_addr { host: "127.20.67.67" port: 40087 } }
I20260710 11:05:51.517620 22011 tablet_service.cc:1917] Received RequestConsensusVote() RPC: tablet_id: "afcd493f8b7d42de9e26d1d40c9b5550" candidate_uuid: "10d01f6664634ba1bdd08c303cf1bdbd" candidate_term: 1 candidate_status { last_received { term: 0 index: 0 } } ignore_live_leader: false dest_uuid: "a3fbb3241edc4d838d501ec48045d1a7" is_pre_election: true
W20260710 11:05:51.519063 21904 leader_election.cc:343] T afcd493f8b7d42de9e26d1d40c9b5550 P 10d01f6664634ba1bdd08c303cf1bdbd [CANDIDATE]: Term 1 pre-election: Tablet error from VoteRequest() call to peer a3fbb3241edc4d838d501ec48045d1a7 (127.20.67.67:40087): Illegal state: must be running to vote when last-logged opid is not known
I20260710 11:05:51.519810 21937 tablet_service.cc:1917] Received RequestConsensusVote() RPC: tablet_id: "f70f7641955949bfb656c9199bd00c9c" candidate_uuid: "e31057caba4445bc808bbe93a2917709" candidate_term: 1 candidate_status { last_received { term: 0 index: 0 } } ignore_live_leader: false dest_uuid: "10d01f6664634ba1bdd08c303cf1bdbd"
I20260710 11:05:51.520403 22012 raft_consensus.cc:2468] T f70f7641955949bfb656c9199bd00c9c P a3fbb3241edc4d838d501ec48045d1a7 [term 1 FOLLOWER]: Leader election vote request: Granting yes vote for candidate e31057caba4445bc808bbe93a2917709 in term 1.
I20260710 11:05:51.520771 22106 leader_election.cc:290] T afcd493f8b7d42de9e26d1d40c9b5550 P 10d01f6664634ba1bdd08c303cf1bdbd [CANDIDATE]: Term 1 pre-election: Requested pre-vote from peers e31057caba4445bc808bbe93a2917709 (127.20.67.65:39645), a3fbb3241edc4d838d501ec48045d1a7 (127.20.67.67:40087)
I20260710 11:05:51.521616 21829 leader_election.cc:304] T f70f7641955949bfb656c9199bd00c9c P e31057caba4445bc808bbe93a2917709 [CANDIDATE]: Term 1 election: Election decided. Result: candidate won. Election summary: received 2 responses out of 3 voters: 2 yes votes; 0 no votes. yes voters: a3fbb3241edc4d838d501ec48045d1a7, e31057caba4445bc808bbe93a2917709; no voters: 
I20260710 11:05:51.521754 21938 raft_consensus.cc:2468] T 8f6089aa93244f81995089ba7b9a29e4 P 10d01f6664634ba1bdd08c303cf1bdbd [term 1 FOLLOWER]: Leader election vote request: Granting yes vote for candidate e31057caba4445bc808bbe93a2917709 in term 1.
I20260710 11:05:51.522138 21863 tablet_service.cc:1917] Received RequestConsensusVote() RPC: tablet_id: "afcd493f8b7d42de9e26d1d40c9b5550" candidate_uuid: "10d01f6664634ba1bdd08c303cf1bdbd" candidate_term: 1 candidate_status { last_received { term: 0 index: 0 } } ignore_live_leader: false dest_uuid: "e31057caba4445bc808bbe93a2917709" is_pre_election: true
I20260710 11:05:51.522523 22056 raft_consensus.cc:2804] T f70f7641955949bfb656c9199bd00c9c P e31057caba4445bc808bbe93a2917709 [term 1 FOLLOWER]: Leader election won for term 1
I20260710 11:05:51.523238 21937 raft_consensus.cc:3060] T f70f7641955949bfb656c9199bd00c9c P 10d01f6664634ba1bdd08c303cf1bdbd [term 0 FOLLOWER]: Advancing to term 1
I20260710 11:05:51.526064 22062 raft_consensus.cc:515] T 05ca74cbdc9a423d82d621ad8f2c5abb P a3fbb3241edc4d838d501ec48045d1a7 [term 1 FOLLOWER]: Starting leader election with config: opid_index: -1 OBSOLETE_local: false peers { permanent_uuid: "e31057caba4445bc808bbe93a2917709" member_type: VOTER last_known_addr { host: "127.20.67.65" port: 39645 } } peers { permanent_uuid: "10d01f6664634ba1bdd08c303cf1bdbd" member_type: VOTER last_known_addr { host: "127.20.67.66" port: 37187 } } peers { permanent_uuid: "a3fbb3241edc4d838d501ec48045d1a7" member_type: VOTER last_known_addr { host: "127.20.67.67" port: 40087 } }
I20260710 11:05:51.529279 21863 tablet_service.cc:1917] Received RequestConsensusVote() RPC: tablet_id: "05ca74cbdc9a423d82d621ad8f2c5abb" candidate_uuid: "a3fbb3241edc4d838d501ec48045d1a7" candidate_term: 1 candidate_status { last_received { term: 0 index: 0 } } ignore_live_leader: false dest_uuid: "e31057caba4445bc808bbe93a2917709"
I20260710 11:05:51.529871 21863 raft_consensus.cc:3060] T 05ca74cbdc9a423d82d621ad8f2c5abb P e31057caba4445bc808bbe93a2917709 [term 0 FOLLOWER]: Advancing to term 1
I20260710 11:05:51.530174 21826 leader_election.cc:304] T 8f6089aa93244f81995089ba7b9a29e4 P e31057caba4445bc808bbe93a2917709 [CANDIDATE]: Term 1 election: Election decided. Result: candidate won. Election summary: received 2 responses out of 3 voters: 2 yes votes; 0 no votes. yes voters: 10d01f6664634ba1bdd08c303cf1bdbd, e31057caba4445bc808bbe93a2917709; no voters: 
W20260710 11:05:51.531805 21903 leader_election.cc:343] T afcd493f8b7d42de9e26d1d40c9b5550 P 10d01f6664634ba1bdd08c303cf1bdbd [CANDIDATE]: Term 1 pre-election: Tablet error from VoteRequest() call to peer e31057caba4445bc808bbe93a2917709 (127.20.67.65:39645): Illegal state: must be running to vote when last-logged opid is not known
I20260710 11:05:51.532284 21903 leader_election.cc:304] T afcd493f8b7d42de9e26d1d40c9b5550 P 10d01f6664634ba1bdd08c303cf1bdbd [CANDIDATE]: Term 1 pre-election: Election decided. Result: candidate lost. Election summary: received 3 responses out of 3 voters: 1 yes votes; 2 no votes. yes voters: 10d01f6664634ba1bdd08c303cf1bdbd; no voters: a3fbb3241edc4d838d501ec48045d1a7, e31057caba4445bc808bbe93a2917709
I20260710 11:05:51.533344 22106 raft_consensus.cc:2749] T afcd493f8b7d42de9e26d1d40c9b5550 P 10d01f6664634ba1bdd08c303cf1bdbd [term 0 FOLLOWER]: Leader pre-election lost for term 1. Reason: could not achieve majority
I20260710 11:05:51.535913 22077 raft_consensus.cc:493] T d975c8c39e234f429f55b9a94403e198 P a3fbb3241edc4d838d501ec48045d1a7 [term 0 FOLLOWER]: Starting pre-election (no leader contacted us within the election timeout)
I20260710 11:05:51.536195 22056 raft_consensus.cc:697] T f70f7641955949bfb656c9199bd00c9c P e31057caba4445bc808bbe93a2917709 [term 1 LEADER]: Becoming Leader. State: Replica: e31057caba4445bc808bbe93a2917709, State: Running, Role: LEADER
I20260710 11:05:51.536406 22077 raft_consensus.cc:515] T d975c8c39e234f429f55b9a94403e198 P a3fbb3241edc4d838d501ec48045d1a7 [term 0 FOLLOWER]: Starting pre-election with config: opid_index: -1 OBSOLETE_local: false peers { permanent_uuid: "e31057caba4445bc808bbe93a2917709" member_type: VOTER last_known_addr { host: "127.20.67.65" port: 39645 } } peers { permanent_uuid: "10d01f6664634ba1bdd08c303cf1bdbd" member_type: VOTER last_known_addr { host: "127.20.67.66" port: 37187 } } peers { permanent_uuid: "a3fbb3241edc4d838d501ec48045d1a7" member_type: VOTER last_known_addr { host: "127.20.67.67" port: 40087 } }
I20260710 11:05:51.537328 22056 consensus_queue.cc:237] T f70f7641955949bfb656c9199bd00c9c P e31057caba4445bc808bbe93a2917709 [LEADER]: Queue going to LEADER mode. State: All replicated index: 0, Majority replicated index: 0, Committed index: 0, Last appended: 0.0, Last appended by leader: 0, Current term: 1, Majority size: 2, State: 0, Mode: LEADER, active raft config: opid_index: -1 OBSOLETE_local: false peers { permanent_uuid: "e31057caba4445bc808bbe93a2917709" member_type: VOTER last_known_addr { host: "127.20.67.65" port: 39645 } } peers { permanent_uuid: "10d01f6664634ba1bdd08c303cf1bdbd" member_type: VOTER last_known_addr { host: "127.20.67.66" port: 37187 } } peers { permanent_uuid: "a3fbb3241edc4d838d501ec48045d1a7" member_type: VOTER last_known_addr { host: "127.20.67.67" port: 40087 } }
I20260710 11:05:51.538556 22077 leader_election.cc:290] T d975c8c39e234f429f55b9a94403e198 P a3fbb3241edc4d838d501ec48045d1a7 [CANDIDATE]: Term 1 pre-election: Requested pre-vote from peers e31057caba4445bc808bbe93a2917709 (127.20.67.65:39645), 10d01f6664634ba1bdd08c303cf1bdbd (127.20.67.66:37187)
I20260710 11:05:51.540406 22074 leader_election.cc:290] T f70f7641955949bfb656c9199bd00c9c P e31057caba4445bc808bbe93a2917709 [CANDIDATE]: Term 1 election: Requested vote from peers 10d01f6664634ba1bdd08c303cf1bdbd (127.20.67.66:37187), a3fbb3241edc4d838d501ec48045d1a7 (127.20.67.67:40087)
I20260710 11:05:51.540474 21938 tablet_service.cc:1917] Received RequestConsensusVote() RPC: tablet_id: "d975c8c39e234f429f55b9a94403e198" candidate_uuid: "a3fbb3241edc4d838d501ec48045d1a7" candidate_term: 1 candidate_status { last_received { term: 0 index: 0 } } ignore_live_leader: false dest_uuid: "10d01f6664634ba1bdd08c303cf1bdbd" is_pre_election: true
I20260710 11:05:51.541117 22074 raft_consensus.cc:2804] T 8f6089aa93244f81995089ba7b9a29e4 P e31057caba4445bc808bbe93a2917709 [term 1 FOLLOWER]: Leader election won for term 1
W20260710 11:05:51.541826 21975 leader_election.cc:343] T d975c8c39e234f429f55b9a94403e198 P a3fbb3241edc4d838d501ec48045d1a7 [CANDIDATE]: Term 1 pre-election: Tablet error from VoteRequest() call to peer 10d01f6664634ba1bdd08c303cf1bdbd (127.20.67.66:37187): Illegal state: must be running to vote when last-logged opid is not known
I20260710 11:05:51.542689 22074 raft_consensus.cc:697] T 8f6089aa93244f81995089ba7b9a29e4 P e31057caba4445bc808bbe93a2917709 [term 1 LEADER]: Becoming Leader. State: Replica: e31057caba4445bc808bbe93a2917709, State: Running, Role: LEADER
I20260710 11:05:51.544651 22074 consensus_queue.cc:237] T 8f6089aa93244f81995089ba7b9a29e4 P e31057caba4445bc808bbe93a2917709 [LEADER]: Queue going to LEADER mode. State: All replicated index: 0, Majority replicated index: 0, Committed index: 0, Last appended: 0.0, Last appended by leader: 0, Current term: 1, Majority size: 2, State: 0, Mode: LEADER, active raft config: opid_index: -1 OBSOLETE_local: false peers { permanent_uuid: "e31057caba4445bc808bbe93a2917709" member_type: VOTER last_known_addr { host: "127.20.67.65" port: 39645 } } peers { permanent_uuid: "10d01f6664634ba1bdd08c303cf1bdbd" member_type: VOTER last_known_addr { host: "127.20.67.66" port: 37187 } } peers { permanent_uuid: "a3fbb3241edc4d838d501ec48045d1a7" member_type: VOTER last_known_addr { host: "127.20.67.67" port: 40087 } }
I20260710 11:05:51.547617 22076 leader_election.cc:290] T 8f6089aa93244f81995089ba7b9a29e4 P e31057caba4445bc808bbe93a2917709 [CANDIDATE]: Term 1 election: Requested vote from peers 10d01f6664634ba1bdd08c303cf1bdbd (127.20.67.66:37187), a3fbb3241edc4d838d501ec48045d1a7 (127.20.67.67:40087)
I20260710 11:05:51.545576 21938 tablet_service.cc:1917] Received RequestConsensusVote() RPC: tablet_id: "05ca74cbdc9a423d82d621ad8f2c5abb" candidate_uuid: "a3fbb3241edc4d838d501ec48045d1a7" candidate_term: 1 candidate_status { last_received { term: 0 index: 0 } } ignore_live_leader: false dest_uuid: "10d01f6664634ba1bdd08c303cf1bdbd"
I20260710 11:05:51.546039 22062 leader_election.cc:290] T 05ca74cbdc9a423d82d621ad8f2c5abb P a3fbb3241edc4d838d501ec48045d1a7 [CANDIDATE]: Term 1 election: Requested vote from peers e31057caba4445bc808bbe93a2917709 (127.20.67.65:39645), 10d01f6664634ba1bdd08c303cf1bdbd (127.20.67.66:37187)
W20260710 11:05:51.550273 21975 leader_election.cc:343] T 05ca74cbdc9a423d82d621ad8f2c5abb P a3fbb3241edc4d838d501ec48045d1a7 [CANDIDATE]: Term 1 election: Tablet error from VoteRequest() call to peer 10d01f6664634ba1bdd08c303cf1bdbd (127.20.67.66:37187): Illegal state: must be running to vote when last-logged opid is not known
I20260710 11:05:51.546864 22119 raft_consensus.cc:493] T d975c8c39e234f429f55b9a94403e198 P e31057caba4445bc808bbe93a2917709 [term 0 FOLLOWER]: Starting pre-election (no leader contacted us within the election timeout)
I20260710 11:05:51.543464 21863 raft_consensus.cc:2468] T 05ca74cbdc9a423d82d621ad8f2c5abb P e31057caba4445bc808bbe93a2917709 [term 1 FOLLOWER]: Leader election vote request: Granting yes vote for candidate a3fbb3241edc4d838d501ec48045d1a7 in term 1.
I20260710 11:05:51.547808 22012 tablet_service.cc:1917] Received RequestConsensusVote() RPC: tablet_id: "8f6089aa93244f81995089ba7b9a29e4" candidate_uuid: "e31057caba4445bc808bbe93a2917709" candidate_term: 1 candidate_status { last_received { term: 0 index: 0 } } ignore_live_leader: false dest_uuid: "a3fbb3241edc4d838d501ec48045d1a7"
I20260710 11:05:51.551648 22012 raft_consensus.cc:3060] T 8f6089aa93244f81995089ba7b9a29e4 P a3fbb3241edc4d838d501ec48045d1a7 [term 0 FOLLOWER]: Advancing to term 1
I20260710 11:05:51.552340 22055 tablet_bootstrap.cc:492] T 9754d22ca80d4925bd51160409cc820c P a3fbb3241edc4d838d501ec48045d1a7: No bootstrap required, opened a new log
I20260710 11:05:51.552639 22053 tablet_bootstrap.cc:492] T 05ca74cbdc9a423d82d621ad8f2c5abb P 10d01f6664634ba1bdd08c303cf1bdbd: No bootstrap required, opened a new log
I20260710 11:05:51.552794 22055 ts_tablet_manager.cc:1403] T 9754d22ca80d4925bd51160409cc820c P a3fbb3241edc4d838d501ec48045d1a7: Time spent bootstrapping tablet: real 0.070s	user 0.015s	sys 0.022s
I20260710 11:05:51.553053 22053 ts_tablet_manager.cc:1403] T 05ca74cbdc9a423d82d621ad8f2c5abb P 10d01f6664634ba1bdd08c303cf1bdbd: Time spent bootstrapping tablet: real 0.097s	user 0.025s	sys 0.023s
I20260710 11:05:51.555291 22055 raft_consensus.cc:359] T 9754d22ca80d4925bd51160409cc820c P a3fbb3241edc4d838d501ec48045d1a7 [term 0 FOLLOWER]: Replica starting. Triggering 0 pending ops. Active config: opid_index: -1 OBSOLETE_local: false peers { permanent_uuid: "e31057caba4445bc808bbe93a2917709" member_type: VOTER last_known_addr { host: "127.20.67.65" port: 39645 } } peers { permanent_uuid: "10d01f6664634ba1bdd08c303cf1bdbd" member_type: VOTER last_known_addr { host: "127.20.67.66" port: 37187 } } peers { permanent_uuid: "a3fbb3241edc4d838d501ec48045d1a7" member_type: VOTER last_known_addr { host: "127.20.67.67" port: 40087 } }
I20260710 11:05:51.555459 22053 raft_consensus.cc:359] T 05ca74cbdc9a423d82d621ad8f2c5abb P 10d01f6664634ba1bdd08c303cf1bdbd [term 0 FOLLOWER]: Replica starting. Triggering 0 pending ops. Active config: opid_index: -1 OBSOLETE_local: false peers { permanent_uuid: "e31057caba4445bc808bbe93a2917709" member_type: VOTER last_known_addr { host: "127.20.67.65" port: 39645 } } peers { permanent_uuid: "10d01f6664634ba1bdd08c303cf1bdbd" member_type: VOTER last_known_addr { host: "127.20.67.66" port: 37187 } } peers { permanent_uuid: "a3fbb3241edc4d838d501ec48045d1a7" member_type: VOTER last_known_addr { host: "127.20.67.67" port: 40087 } }
I20260710 11:05:51.555958 22055 raft_consensus.cc:385] T 9754d22ca80d4925bd51160409cc820c P a3fbb3241edc4d838d501ec48045d1a7 [term 0 FOLLOWER]: Consensus starting up: Expiring failure detector timer to make a prompt election more likely
I20260710 11:05:51.556059 22053 raft_consensus.cc:385] T 05ca74cbdc9a423d82d621ad8f2c5abb P 10d01f6664634ba1bdd08c303cf1bdbd [term 0 FOLLOWER]: Consensus starting up: Expiring failure detector timer to make a prompt election more likely
I20260710 11:05:51.556245 22055 raft_consensus.cc:740] T 9754d22ca80d4925bd51160409cc820c P a3fbb3241edc4d838d501ec48045d1a7 [term 0 FOLLOWER]: Becoming Follower/Learner. State: Replica: a3fbb3241edc4d838d501ec48045d1a7, State: Initialized, Role: FOLLOWER
I20260710 11:05:51.556340 22053 raft_consensus.cc:740] T 05ca74cbdc9a423d82d621ad8f2c5abb P 10d01f6664634ba1bdd08c303cf1bdbd [term 0 FOLLOWER]: Becoming Follower/Learner. State: Replica: 10d01f6664634ba1bdd08c303cf1bdbd, State: Initialized, Role: FOLLOWER
I20260710 11:05:51.557046 22055 consensus_queue.cc:260] T 9754d22ca80d4925bd51160409cc820c P a3fbb3241edc4d838d501ec48045d1a7 [NON_LEADER]: Queue going to NON_LEADER mode. State: All replicated index: 0, Majority replicated index: 0, Committed index: 0, Last appended: 0.0, Last appended by leader: 0, Current term: 0, Majority size: -1, State: 0, Mode: NON_LEADER, active raft config: opid_index: -1 OBSOLETE_local: false peers { permanent_uuid: "e31057caba4445bc808bbe93a2917709" member_type: VOTER last_known_addr { host: "127.20.67.65" port: 39645 } } peers { permanent_uuid: "10d01f6664634ba1bdd08c303cf1bdbd" member_type: VOTER last_known_addr { host: "127.20.67.66" port: 37187 } } peers { permanent_uuid: "a3fbb3241edc4d838d501ec48045d1a7" member_type: VOTER last_known_addr { host: "127.20.67.67" port: 40087 } }
I20260710 11:05:51.557093 22053 consensus_queue.cc:260] T 05ca74cbdc9a423d82d621ad8f2c5abb P 10d01f6664634ba1bdd08c303cf1bdbd [NON_LEADER]: Queue going to NON_LEADER mode. State: All replicated index: 0, Majority replicated index: 0, Committed index: 0, Last appended: 0.0, Last appended by leader: 0, Current term: 0, Majority size: -1, State: 0, Mode: NON_LEADER, active raft config: opid_index: -1 OBSOLETE_local: false peers { permanent_uuid: "e31057caba4445bc808bbe93a2917709" member_type: VOTER last_known_addr { host: "127.20.67.65" port: 39645 } } peers { permanent_uuid: "10d01f6664634ba1bdd08c303cf1bdbd" member_type: VOTER last_known_addr { host: "127.20.67.66" port: 37187 } } peers { permanent_uuid: "a3fbb3241edc4d838d501ec48045d1a7" member_type: VOTER last_known_addr { host: "127.20.67.67" port: 40087 } }
I20260710 11:05:51.557859 22119 raft_consensus.cc:515] T d975c8c39e234f429f55b9a94403e198 P e31057caba4445bc808bbe93a2917709 [term 0 FOLLOWER]: Starting pre-election with config: opid_index: -1 OBSOLETE_local: false peers { permanent_uuid: "e31057caba4445bc808bbe93a2917709" member_type: VOTER last_known_addr { host: "127.20.67.65" port: 39645 } } peers { permanent_uuid: "10d01f6664634ba1bdd08c303cf1bdbd" member_type: VOTER last_known_addr { host: "127.20.67.66" port: 37187 } } peers { permanent_uuid: "a3fbb3241edc4d838d501ec48045d1a7" member_type: VOTER last_known_addr { host: "127.20.67.67" port: 40087 } }
I20260710 11:05:51.559468 22053 ts_tablet_manager.cc:1434] T 05ca74cbdc9a423d82d621ad8f2c5abb P 10d01f6664634ba1bdd08c303cf1bdbd: Time spent starting tablet: real 0.006s	user 0.007s	sys 0.000s
I20260710 11:05:51.559922 22119 leader_election.cc:290] T d975c8c39e234f429f55b9a94403e198 P e31057caba4445bc808bbe93a2917709 [CANDIDATE]: Term 1 pre-election: Requested pre-vote from peers 10d01f6664634ba1bdd08c303cf1bdbd (127.20.67.66:37187), a3fbb3241edc4d838d501ec48045d1a7 (127.20.67.67:40087)
I20260710 11:05:51.560438 22053 tablet_bootstrap.cc:492] T d975c8c39e234f429f55b9a94403e198 P 10d01f6664634ba1bdd08c303cf1bdbd: Bootstrap starting.
I20260710 11:05:51.561134 22011 tablet_service.cc:1917] Received RequestConsensusVote() RPC: tablet_id: "d975c8c39e234f429f55b9a94403e198" candidate_uuid: "e31057caba4445bc808bbe93a2917709" candidate_term: 1 candidate_status { last_received { term: 0 index: 0 } } ignore_live_leader: false dest_uuid: "a3fbb3241edc4d838d501ec48045d1a7" is_pre_election: true
I20260710 11:05:51.561820 22011 raft_consensus.cc:2468] T d975c8c39e234f429f55b9a94403e198 P a3fbb3241edc4d838d501ec48045d1a7 [term 0 FOLLOWER]: Leader pre-election vote request: Granting yes vote for candidate e31057caba4445bc808bbe93a2917709 in term 0.
I20260710 11:05:51.563055 21829 leader_election.cc:304] T d975c8c39e234f429f55b9a94403e198 P e31057caba4445bc808bbe93a2917709 [CANDIDATE]: Term 1 pre-election: Election decided. Result: candidate won. Election summary: received 2 responses out of 3 voters: 2 yes votes; 0 no votes. yes voters: a3fbb3241edc4d838d501ec48045d1a7, e31057caba4445bc808bbe93a2917709; no voters: 
I20260710 11:05:51.563512 22012 raft_consensus.cc:2468] T 8f6089aa93244f81995089ba7b9a29e4 P a3fbb3241edc4d838d501ec48045d1a7 [term 1 FOLLOWER]: Leader election vote request: Granting yes vote for candidate e31057caba4445bc808bbe93a2917709 in term 1.
I20260710 11:05:51.564865 21937 raft_consensus.cc:2468] T f70f7641955949bfb656c9199bd00c9c P 10d01f6664634ba1bdd08c303cf1bdbd [term 1 FOLLOWER]: Leader election vote request: Granting yes vote for candidate e31057caba4445bc808bbe93a2917709 in term 1.
I20260710 11:05:51.566366 22055 ts_tablet_manager.cc:1434] T 9754d22ca80d4925bd51160409cc820c P a3fbb3241edc4d838d501ec48045d1a7: Time spent starting tablet: real 0.013s	user 0.005s	sys 0.000s
I20260710 11:05:51.566710 22053 tablet_bootstrap.cc:654] T d975c8c39e234f429f55b9a94403e198 P 10d01f6664634ba1bdd08c303cf1bdbd: Neither blocks nor log segments found. Creating new log.
I20260710 11:05:51.569235 22052 tablet_bootstrap.cc:492] T afcd493f8b7d42de9e26d1d40c9b5550 P e31057caba4445bc808bbe93a2917709: No bootstrap required, opened a new log
I20260710 11:05:51.569693 22052 ts_tablet_manager.cc:1403] T afcd493f8b7d42de9e26d1d40c9b5550 P e31057caba4445bc808bbe93a2917709: Time spent bootstrapping tablet: real 0.086s	user 0.005s	sys 0.013s
I20260710 11:05:51.572206 22052 raft_consensus.cc:359] T afcd493f8b7d42de9e26d1d40c9b5550 P e31057caba4445bc808bbe93a2917709 [term 0 FOLLOWER]: Replica starting. Triggering 0 pending ops. Active config: opid_index: -1 OBSOLETE_local: false peers { permanent_uuid: "e31057caba4445bc808bbe93a2917709" member_type: VOTER last_known_addr { host: "127.20.67.65" port: 39645 } } peers { permanent_uuid: "10d01f6664634ba1bdd08c303cf1bdbd" member_type: VOTER last_known_addr { host: "127.20.67.66" port: 37187 } } peers { permanent_uuid: "a3fbb3241edc4d838d501ec48045d1a7" member_type: VOTER last_known_addr { host: "127.20.67.67" port: 40087 } }
I20260710 11:05:51.572811 22052 raft_consensus.cc:385] T afcd493f8b7d42de9e26d1d40c9b5550 P e31057caba4445bc808bbe93a2917709 [term 0 FOLLOWER]: Consensus starting up: Expiring failure detector timer to make a prompt election more likely
I20260710 11:05:51.573081 22052 raft_consensus.cc:740] T afcd493f8b7d42de9e26d1d40c9b5550 P e31057caba4445bc808bbe93a2917709 [term 0 FOLLOWER]: Becoming Follower/Learner. State: Replica: e31057caba4445bc808bbe93a2917709, State: Initialized, Role: FOLLOWER
I20260710 11:05:51.574723 22055 tablet_bootstrap.cc:492] T afcd493f8b7d42de9e26d1d40c9b5550 P a3fbb3241edc4d838d501ec48045d1a7: Bootstrap starting.
I20260710 11:05:51.576881 22074 raft_consensus.cc:2804] T d975c8c39e234f429f55b9a94403e198 P e31057caba4445bc808bbe93a2917709 [term 0 FOLLOWER]: Leader pre-election won for term 1
I20260710 11:05:51.577260 22074 raft_consensus.cc:493] T d975c8c39e234f429f55b9a94403e198 P e31057caba4445bc808bbe93a2917709 [term 0 FOLLOWER]: Starting leader election (no leader contacted us within the election timeout)
W20260710 11:05:51.577189 21826 outbound_call.cc:321] RPC callback for RPC call kudu.consensus.ConsensusService.RequestConsensusVote -> {remote=127.20.67.66:37187, user_credentials={real_user=slave}} blocked reactor thread for 47134us
I20260710 11:05:51.578228 21977 leader_election.cc:304] T 05ca74cbdc9a423d82d621ad8f2c5abb P a3fbb3241edc4d838d501ec48045d1a7 [CANDIDATE]: Term 1 election: Election decided. Result: candidate won. Election summary: received 3 responses out of 3 voters: 2 yes votes; 1 no votes. yes voters: a3fbb3241edc4d838d501ec48045d1a7, e31057caba4445bc808bbe93a2917709; no voters: 10d01f6664634ba1bdd08c303cf1bdbd
I20260710 11:05:51.578500 22074 raft_consensus.cc:3060] T d975c8c39e234f429f55b9a94403e198 P e31057caba4445bc808bbe93a2917709 [term 0 FOLLOWER]: Advancing to term 1
I20260710 11:05:51.580744 21863 tablet_service.cc:1917] Received RequestConsensusVote() RPC: tablet_id: "d975c8c39e234f429f55b9a94403e198" candidate_uuid: "a3fbb3241edc4d838d501ec48045d1a7" candidate_term: 1 candidate_status { last_received { term: 0 index: 0 } } ignore_live_leader: false dest_uuid: "e31057caba4445bc808bbe93a2917709" is_pre_election: true
I20260710 11:05:51.580902 21936 tablet_service.cc:1917] Received RequestConsensusVote() RPC: tablet_id: "d975c8c39e234f429f55b9a94403e198" candidate_uuid: "e31057caba4445bc808bbe93a2917709" candidate_term: 1 candidate_status { last_received { term: 0 index: 0 } } ignore_live_leader: false dest_uuid: "10d01f6664634ba1bdd08c303cf1bdbd" is_pre_election: true
I20260710 11:05:51.582268 22120 raft_consensus.cc:493] T c99da9011343419a8bcfa28578bfffd5 P e31057caba4445bc808bbe93a2917709 [term 0 FOLLOWER]: Starting pre-election (no leader contacted us within the election timeout)
I20260710 11:05:51.582722 22120 raft_consensus.cc:515] T c99da9011343419a8bcfa28578bfffd5 P e31057caba4445bc808bbe93a2917709 [term 0 FOLLOWER]: Starting pre-election with config: opid_index: -1 OBSOLETE_local: false peers { permanent_uuid: "e31057caba4445bc808bbe93a2917709" member_type: VOTER last_known_addr { host: "127.20.67.65" port: 39645 } } peers { permanent_uuid: "10d01f6664634ba1bdd08c303cf1bdbd" member_type: VOTER last_known_addr { host: "127.20.67.66" port: 37187 } } peers { permanent_uuid: "a3fbb3241edc4d838d501ec48045d1a7" member_type: VOTER last_known_addr { host: "127.20.67.67" port: 40087 } }
I20260710 11:05:51.583447 22077 raft_consensus.cc:2804] T 05ca74cbdc9a423d82d621ad8f2c5abb P a3fbb3241edc4d838d501ec48045d1a7 [term 1 FOLLOWER]: Leader election won for term 1
I20260710 11:05:51.583966 22077 raft_consensus.cc:697] T 05ca74cbdc9a423d82d621ad8f2c5abb P a3fbb3241edc4d838d501ec48045d1a7 [term 1 LEADER]: Becoming Leader. State: Replica: a3fbb3241edc4d838d501ec48045d1a7, State: Running, Role: LEADER
I20260710 11:05:51.584180 22079 consensus_queue.cc:1048] T f886c7ceb4f64852a725e58826eb0de8 P a3fbb3241edc4d838d501ec48045d1a7 [LEADER]: Connected to new peer: Peer: permanent_uuid: "10d01f6664634ba1bdd08c303cf1bdbd" member_type: VOTER last_known_addr { host: "127.20.67.66" port: 37187 }, Status: LMP_MISMATCH, Last received: 0.0, Next index: 1, Last known committed idx: 0, Time since last communication: 0.000s
I20260710 11:05:51.584766 22077 consensus_queue.cc:237] T 05ca74cbdc9a423d82d621ad8f2c5abb P a3fbb3241edc4d838d501ec48045d1a7 [LEADER]: Queue going to LEADER mode. State: All replicated index: 0, Majority replicated index: 0, Committed index: 0, Last appended: 0.0, Last appended by leader: 0, Current term: 1, Majority size: 2, State: 0, Mode: LEADER, active raft config: opid_index: -1 OBSOLETE_local: false peers { permanent_uuid: "e31057caba4445bc808bbe93a2917709" member_type: VOTER last_known_addr { host: "127.20.67.65" port: 39645 } } peers { permanent_uuid: "10d01f6664634ba1bdd08c303cf1bdbd" member_type: VOTER last_known_addr { host: "127.20.67.66" port: 37187 } } peers { permanent_uuid: "a3fbb3241edc4d838d501ec48045d1a7" member_type: VOTER last_known_addr { host: "127.20.67.67" port: 40087 } }
I20260710 11:05:51.585541 22079 consensus_queue.cc:1048] T f886c7ceb4f64852a725e58826eb0de8 P a3fbb3241edc4d838d501ec48045d1a7 [LEADER]: Connected to new peer: Peer: permanent_uuid: "e31057caba4445bc808bbe93a2917709" member_type: VOTER last_known_addr { host: "127.20.67.65" port: 39645 }, Status: LMP_MISMATCH, Last received: 0.0, Next index: 1, Last known committed idx: 0, Time since last communication: 0.000s
I20260710 11:05:51.585750 22012 tablet_service.cc:1917] Received RequestConsensusVote() RPC: tablet_id: "c99da9011343419a8bcfa28578bfffd5" candidate_uuid: "e31057caba4445bc808bbe93a2917709" candidate_term: 1 candidate_status { last_received { term: 0 index: 0 } } ignore_live_leader: false dest_uuid: "a3fbb3241edc4d838d501ec48045d1a7" is_pre_election: true
I20260710 11:05:51.587852 22052 consensus_queue.cc:260] T afcd493f8b7d42de9e26d1d40c9b5550 P e31057caba4445bc808bbe93a2917709 [NON_LEADER]: Queue going to NON_LEADER mode. State: All replicated index: 0, Majority replicated index: 0, Committed index: 0, Last appended: 0.0, Last appended by leader: 0, Current term: 0, Majority size: -1, State: 0, Mode: NON_LEADER, active raft config: opid_index: -1 OBSOLETE_local: false peers { permanent_uuid: "e31057caba4445bc808bbe93a2917709" member_type: VOTER last_known_addr { host: "127.20.67.65" port: 39645 } } peers { permanent_uuid: "10d01f6664634ba1bdd08c303cf1bdbd" member_type: VOTER last_known_addr { host: "127.20.67.66" port: 37187 } } peers { permanent_uuid: "a3fbb3241edc4d838d501ec48045d1a7" member_type: VOTER last_known_addr { host: "127.20.67.67" port: 40087 } }
W20260710 11:05:51.588251 21829 leader_election.cc:343] T c99da9011343419a8bcfa28578bfffd5 P e31057caba4445bc808bbe93a2917709 [CANDIDATE]: Term 1 pre-election: Tablet error from VoteRequest() call to peer a3fbb3241edc4d838d501ec48045d1a7 (127.20.67.67:40087): Illegal state: must be running to vote when last-logged opid is not known
I20260710 11:05:51.588698 22119 raft_consensus.cc:493] T afcd493f8b7d42de9e26d1d40c9b5550 P e31057caba4445bc808bbe93a2917709 [term 0 FOLLOWER]: Starting pre-election (no leader contacted us within the election timeout)
I20260710 11:05:51.589181 22119 raft_consensus.cc:515] T afcd493f8b7d42de9e26d1d40c9b5550 P e31057caba4445bc808bbe93a2917709 [term 0 FOLLOWER]: Starting pre-election with config: opid_index: -1 OBSOLETE_local: false peers { permanent_uuid: "e31057caba4445bc808bbe93a2917709" member_type: VOTER last_known_addr { host: "127.20.67.65" port: 39645 } } peers { permanent_uuid: "10d01f6664634ba1bdd08c303cf1bdbd" member_type: VOTER last_known_addr { host: "127.20.67.66" port: 37187 } } peers { permanent_uuid: "a3fbb3241edc4d838d501ec48045d1a7" member_type: VOTER last_known_addr { host: "127.20.67.67" port: 40087 } }
I20260710 11:05:51.591898 22120 leader_election.cc:290] T c99da9011343419a8bcfa28578bfffd5 P e31057caba4445bc808bbe93a2917709 [CANDIDATE]: Term 1 pre-election: Requested pre-vote from peers 10d01f6664634ba1bdd08c303cf1bdbd (127.20.67.66:37187), a3fbb3241edc4d838d501ec48045d1a7 (127.20.67.67:40087)
I20260710 11:05:51.592012 21934 tablet_service.cc:1917] Received RequestConsensusVote() RPC: tablet_id: "c99da9011343419a8bcfa28578bfffd5" candidate_uuid: "e31057caba4445bc808bbe93a2917709" candidate_term: 1 candidate_status { last_received { term: 0 index: 0 } } ignore_live_leader: false dest_uuid: "10d01f6664634ba1bdd08c303cf1bdbd" is_pre_election: true
I20260710 11:05:51.593369 21934 raft_consensus.cc:2468] T c99da9011343419a8bcfa28578bfffd5 P 10d01f6664634ba1bdd08c303cf1bdbd [term 0 FOLLOWER]: Leader pre-election vote request: Granting yes vote for candidate e31057caba4445bc808bbe93a2917709 in term 0.
W20260710 11:05:51.602488 21826 leader_election.cc:343] T d975c8c39e234f429f55b9a94403e198 P e31057caba4445bc808bbe93a2917709 [CANDIDATE]: Term 1 pre-election: Tablet error from VoteRequest() call to peer 10d01f6664634ba1bdd08c303cf1bdbd (127.20.67.66:37187): Illegal state: must be running to vote when last-logged opid is not known
I20260710 11:05:51.603946 22012 tablet_service.cc:1917] Received RequestConsensusVote() RPC: tablet_id: "afcd493f8b7d42de9e26d1d40c9b5550" candidate_uuid: "e31057caba4445bc808bbe93a2917709" candidate_term: 1 candidate_status { last_received { term: 0 index: 0 } } ignore_live_leader: false dest_uuid: "a3fbb3241edc4d838d501ec48045d1a7" is_pre_election: true
W20260710 11:05:51.605262 21829 leader_election.cc:343] T afcd493f8b7d42de9e26d1d40c9b5550 P e31057caba4445bc808bbe93a2917709 [CANDIDATE]: Term 1 pre-election: Tablet error from VoteRequest() call to peer a3fbb3241edc4d838d501ec48045d1a7 (127.20.67.67:40087): Illegal state: must be running to vote when last-logged opid is not known
I20260710 11:05:51.605333 22052 ts_tablet_manager.cc:1434] T afcd493f8b7d42de9e26d1d40c9b5550 P e31057caba4445bc808bbe93a2917709: Time spent starting tablet: real 0.035s	user 0.004s	sys 0.001s
I20260710 11:05:51.605542 21759 catalog_manager.cc:5697] T f70f7641955949bfb656c9199bd00c9c P e31057caba4445bc808bbe93a2917709 reported cstate change: term changed from 0 to 1, leader changed from <none> to e31057caba4445bc808bbe93a2917709 (127.20.67.65). New cstate: current_term: 1 leader_uuid: "e31057caba4445bc808bbe93a2917709" committed_config { opid_index: -1 OBSOLETE_local: false peers { permanent_uuid: "e31057caba4445bc808bbe93a2917709" member_type: VOTER last_known_addr { host: "127.20.67.65" port: 39645 } health_report { overall_health: HEALTHY } } peers { permanent_uuid: "10d01f6664634ba1bdd08c303cf1bdbd" member_type: VOTER last_known_addr { host: "127.20.67.66" port: 37187 } health_report { overall_health: UNKNOWN } } peers { permanent_uuid: "a3fbb3241edc4d838d501ec48045d1a7" member_type: VOTER last_known_addr { host: "127.20.67.67" port: 40087 } health_report { overall_health: UNKNOWN } } }
I20260710 11:05:51.606936 22052 tablet_bootstrap.cc:492] T 82cda3174a58412d8d08f39f6c5e65f1 P e31057caba4445bc808bbe93a2917709: Bootstrap starting.
I20260710 11:05:51.613117 22055 tablet_bootstrap.cc:654] T afcd493f8b7d42de9e26d1d40c9b5550 P a3fbb3241edc4d838d501ec48045d1a7: Neither blocks nor log segments found. Creating new log.
I20260710 11:05:51.605417 22119 leader_election.cc:290] T afcd493f8b7d42de9e26d1d40c9b5550 P e31057caba4445bc808bbe93a2917709 [CANDIDATE]: Term 1 pre-election: Requested pre-vote from peers 10d01f6664634ba1bdd08c303cf1bdbd (127.20.67.66:37187), a3fbb3241edc4d838d501ec48045d1a7 (127.20.67.67:40087)
I20260710 11:05:51.601305 22074 raft_consensus.cc:515] T d975c8c39e234f429f55b9a94403e198 P e31057caba4445bc808bbe93a2917709 [term 1 FOLLOWER]: Starting leader election with config: opid_index: -1 OBSOLETE_local: false peers { permanent_uuid: "e31057caba4445bc808bbe93a2917709" member_type: VOTER last_known_addr { host: "127.20.67.65" port: 39645 } } peers { permanent_uuid: "10d01f6664634ba1bdd08c303cf1bdbd" member_type: VOTER last_known_addr { host: "127.20.67.66" port: 37187 } } peers { permanent_uuid: "a3fbb3241edc4d838d501ec48045d1a7" member_type: VOTER last_known_addr { host: "127.20.67.67" port: 40087 } }
I20260710 11:05:51.616951 21863 raft_consensus.cc:2393] T d975c8c39e234f429f55b9a94403e198 P e31057caba4445bc808bbe93a2917709 [term 1 FOLLOWER]: Leader pre-election vote request: Denying vote to candidate a3fbb3241edc4d838d501ec48045d1a7 in current term 1: Already voted for candidate e31057caba4445bc808bbe93a2917709 in this term.
I20260710 11:05:51.617939 21760 catalog_manager.cc:5697] T 05ca74cbdc9a423d82d621ad8f2c5abb P a3fbb3241edc4d838d501ec48045d1a7 reported cstate change: term changed from 0 to 1, leader changed from <none> to a3fbb3241edc4d838d501ec48045d1a7 (127.20.67.67). New cstate: current_term: 1 leader_uuid: "a3fbb3241edc4d838d501ec48045d1a7" committed_config { opid_index: -1 OBSOLETE_local: false peers { permanent_uuid: "e31057caba4445bc808bbe93a2917709" member_type: VOTER last_known_addr { host: "127.20.67.65" port: 39645 } health_report { overall_health: UNKNOWN } } peers { permanent_uuid: "10d01f6664634ba1bdd08c303cf1bdbd" member_type: VOTER last_known_addr { host: "127.20.67.66" port: 37187 } health_report { overall_health: UNKNOWN } } peers { permanent_uuid: "a3fbb3241edc4d838d501ec48045d1a7" member_type: VOTER last_known_addr { host: "127.20.67.67" port: 40087 } health_report { overall_health: HEALTHY } } }
I20260710 11:05:51.619251 22074 leader_election.cc:290] T d975c8c39e234f429f55b9a94403e198 P e31057caba4445bc808bbe93a2917709 [CANDIDATE]: Term 1 election: Requested vote from peers 10d01f6664634ba1bdd08c303cf1bdbd (127.20.67.66:37187), a3fbb3241edc4d838d501ec48045d1a7 (127.20.67.67:40087)
I20260710 11:05:51.613111 22052 tablet_bootstrap.cc:654] T 82cda3174a58412d8d08f39f6c5e65f1 P e31057caba4445bc808bbe93a2917709: Neither blocks nor log segments found. Creating new log.
I20260710 11:05:51.622073 22012 tablet_service.cc:1917] Received RequestConsensusVote() RPC: tablet_id: "d975c8c39e234f429f55b9a94403e198" candidate_uuid: "e31057caba4445bc808bbe93a2917709" candidate_term: 1 candidate_status { last_received { term: 0 index: 0 } } ignore_live_leader: false dest_uuid: "a3fbb3241edc4d838d501ec48045d1a7"
I20260710 11:05:51.622707 22012 raft_consensus.cc:3060] T d975c8c39e234f429f55b9a94403e198 P a3fbb3241edc4d838d501ec48045d1a7 [term 0 FOLLOWER]: Advancing to term 1
I20260710 11:05:51.638803 22012 raft_consensus.cc:2468] T d975c8c39e234f429f55b9a94403e198 P a3fbb3241edc4d838d501ec48045d1a7 [term 1 FOLLOWER]: Leader election vote request: Granting yes vote for candidate e31057caba4445bc808bbe93a2917709 in term 1.
I20260710 11:05:51.640029 21829 leader_election.cc:304] T d975c8c39e234f429f55b9a94403e198 P e31057caba4445bc808bbe93a2917709 [CANDIDATE]: Term 1 election: Election decided. Result: candidate won. Election summary: received 2 responses out of 3 voters: 2 yes votes; 0 no votes. yes voters: a3fbb3241edc4d838d501ec48045d1a7, e31057caba4445bc808bbe93a2917709; no voters: 
I20260710 11:05:51.640942 22074 raft_consensus.cc:2804] T d975c8c39e234f429f55b9a94403e198 P e31057caba4445bc808bbe93a2917709 [term 1 FOLLOWER]: Leader election won for term 1
I20260710 11:05:51.641436 22074 raft_consensus.cc:697] T d975c8c39e234f429f55b9a94403e198 P e31057caba4445bc808bbe93a2917709 [term 1 LEADER]: Becoming Leader. State: Replica: e31057caba4445bc808bbe93a2917709, State: Running, Role: LEADER
I20260710 11:05:51.642655 22074 consensus_queue.cc:237] T d975c8c39e234f429f55b9a94403e198 P e31057caba4445bc808bbe93a2917709 [LEADER]: Queue going to LEADER mode. State: All replicated index: 0, Majority replicated index: 0, Committed index: 0, Last appended: 0.0, Last appended by leader: 0, Current term: 1, Majority size: 2, State: 0, Mode: LEADER, active raft config: opid_index: -1 OBSOLETE_local: false peers { permanent_uuid: "e31057caba4445bc808bbe93a2917709" member_type: VOTER last_known_addr { host: "127.20.67.65" port: 39645 } } peers { permanent_uuid: "10d01f6664634ba1bdd08c303cf1bdbd" member_type: VOTER last_known_addr { host: "127.20.67.66" port: 37187 } } peers { permanent_uuid: "a3fbb3241edc4d838d501ec48045d1a7" member_type: VOTER last_known_addr { host: "127.20.67.67" port: 40087 } }
I20260710 11:05:51.641374 21760 catalog_manager.cc:5697] T 8f6089aa93244f81995089ba7b9a29e4 P e31057caba4445bc808bbe93a2917709 reported cstate change: term changed from 0 to 1, leader changed from <none> to e31057caba4445bc808bbe93a2917709 (127.20.67.65). New cstate: current_term: 1 leader_uuid: "e31057caba4445bc808bbe93a2917709" committed_config { opid_index: -1 OBSOLETE_local: false peers { permanent_uuid: "e31057caba4445bc808bbe93a2917709" member_type: VOTER last_known_addr { host: "127.20.67.65" port: 39645 } health_report { overall_health: HEALTHY } } peers { permanent_uuid: "10d01f6664634ba1bdd08c303cf1bdbd" member_type: VOTER last_known_addr { host: "127.20.67.66" port: 37187 } health_report { overall_health: UNKNOWN } } peers { permanent_uuid: "a3fbb3241edc4d838d501ec48045d1a7" member_type: VOTER last_known_addr { host: "127.20.67.67" port: 40087 } health_report { overall_health: UNKNOWN } } }
I20260710 11:05:51.649432 22055 tablet_bootstrap.cc:492] T afcd493f8b7d42de9e26d1d40c9b5550 P a3fbb3241edc4d838d501ec48045d1a7: No bootstrap required, opened a new log
I20260710 11:05:51.649644 22053 tablet_bootstrap.cc:492] T d975c8c39e234f429f55b9a94403e198 P 10d01f6664634ba1bdd08c303cf1bdbd: No bootstrap required, opened a new log
I20260710 11:05:51.649914 22055 ts_tablet_manager.cc:1403] T afcd493f8b7d42de9e26d1d40c9b5550 P a3fbb3241edc4d838d501ec48045d1a7: Time spent bootstrapping tablet: real 0.075s	user 0.016s	sys 0.008s
I20260710 11:05:51.650053 22053 ts_tablet_manager.cc:1403] T d975c8c39e234f429f55b9a94403e198 P 10d01f6664634ba1bdd08c303cf1bdbd: Time spent bootstrapping tablet: real 0.090s	user 0.027s	sys 0.025s
I20260710 11:05:51.651847 22052 tablet_bootstrap.cc:492] T 82cda3174a58412d8d08f39f6c5e65f1 P e31057caba4445bc808bbe93a2917709: No bootstrap required, opened a new log
I20260710 11:05:51.605311 21826 leader_election.cc:304] T c99da9011343419a8bcfa28578bfffd5 P e31057caba4445bc808bbe93a2917709 [CANDIDATE]: Term 1 pre-election: Election decided. Result: candidate won. Election summary: received 3 responses out of 3 voters: 2 yes votes; 1 no votes. yes voters: 10d01f6664634ba1bdd08c303cf1bdbd, e31057caba4445bc808bbe93a2917709; no voters: a3fbb3241edc4d838d501ec48045d1a7
I20260710 11:05:51.652375 22052 ts_tablet_manager.cc:1403] T 82cda3174a58412d8d08f39f6c5e65f1 P e31057caba4445bc808bbe93a2917709: Time spent bootstrapping tablet: real 0.046s	user 0.012s	sys 0.010s
I20260710 11:05:51.652590 22053 raft_consensus.cc:359] T d975c8c39e234f429f55b9a94403e198 P 10d01f6664634ba1bdd08c303cf1bdbd [term 0 FOLLOWER]: Replica starting. Triggering 0 pending ops. Active config: opid_index: -1 OBSOLETE_local: false peers { permanent_uuid: "e31057caba4445bc808bbe93a2917709" member_type: VOTER last_known_addr { host: "127.20.67.65" port: 39645 } } peers { permanent_uuid: "10d01f6664634ba1bdd08c303cf1bdbd" member_type: VOTER last_known_addr { host: "127.20.67.66" port: 37187 } } peers { permanent_uuid: "a3fbb3241edc4d838d501ec48045d1a7" member_type: VOTER last_known_addr { host: "127.20.67.67" port: 40087 } }
I20260710 11:05:51.653208 22053 raft_consensus.cc:385] T d975c8c39e234f429f55b9a94403e198 P 10d01f6664634ba1bdd08c303cf1bdbd [term 0 FOLLOWER]: Consensus starting up: Expiring failure detector timer to make a prompt election more likely
I20260710 11:05:51.653461 22053 raft_consensus.cc:740] T d975c8c39e234f429f55b9a94403e198 P 10d01f6664634ba1bdd08c303cf1bdbd [term 0 FOLLOWER]: Becoming Follower/Learner. State: Replica: 10d01f6664634ba1bdd08c303cf1bdbd, State: Initialized, Role: FOLLOWER
I20260710 11:05:51.654196 22053 consensus_queue.cc:260] T d975c8c39e234f429f55b9a94403e198 P 10d01f6664634ba1bdd08c303cf1bdbd [NON_LEADER]: Queue going to NON_LEADER mode. State: All replicated index: 0, Majority replicated index: 0, Committed index: 0, Last appended: 0.0, Last appended by leader: 0, Current term: 0, Majority size: -1, State: 0, Mode: NON_LEADER, active raft config: opid_index: -1 OBSOLETE_local: false peers { permanent_uuid: "e31057caba4445bc808bbe93a2917709" member_type: VOTER last_known_addr { host: "127.20.67.65" port: 39645 } } peers { permanent_uuid: "10d01f6664634ba1bdd08c303cf1bdbd" member_type: VOTER last_known_addr { host: "127.20.67.66" port: 37187 } } peers { permanent_uuid: "a3fbb3241edc4d838d501ec48045d1a7" member_type: VOTER last_known_addr { host: "127.20.67.67" port: 40087 } }
I20260710 11:05:51.654615 22074 raft_consensus.cc:2804] T c99da9011343419a8bcfa28578bfffd5 P e31057caba4445bc808bbe93a2917709 [term 0 FOLLOWER]: Leader pre-election won for term 1
I20260710 11:05:51.654500 22055 raft_consensus.cc:359] T afcd493f8b7d42de9e26d1d40c9b5550 P a3fbb3241edc4d838d501ec48045d1a7 [term 0 FOLLOWER]: Replica starting. Triggering 0 pending ops. Active config: opid_index: -1 OBSOLETE_local: false peers { permanent_uuid: "e31057caba4445bc808bbe93a2917709" member_type: VOTER last_known_addr { host: "127.20.67.65" port: 39645 } } peers { permanent_uuid: "10d01f6664634ba1bdd08c303cf1bdbd" member_type: VOTER last_known_addr { host: "127.20.67.66" port: 37187 } } peers { permanent_uuid: "a3fbb3241edc4d838d501ec48045d1a7" member_type: VOTER last_known_addr { host: "127.20.67.67" port: 40087 } }
I20260710 11:05:51.654965 22074 raft_consensus.cc:493] T c99da9011343419a8bcfa28578bfffd5 P e31057caba4445bc808bbe93a2917709 [term 0 FOLLOWER]: Starting leader election (no leader contacted us within the election timeout)
I20260710 11:05:51.655140 22055 raft_consensus.cc:385] T afcd493f8b7d42de9e26d1d40c9b5550 P a3fbb3241edc4d838d501ec48045d1a7 [term 0 FOLLOWER]: Consensus starting up: Expiring failure detector timer to make a prompt election more likely
I20260710 11:05:51.655301 22074 raft_consensus.cc:3060] T c99da9011343419a8bcfa28578bfffd5 P e31057caba4445bc808bbe93a2917709 [term 0 FOLLOWER]: Advancing to term 1
I20260710 11:05:51.655421 22055 raft_consensus.cc:740] T afcd493f8b7d42de9e26d1d40c9b5550 P a3fbb3241edc4d838d501ec48045d1a7 [term 0 FOLLOWER]: Becoming Follower/Learner. State: Replica: a3fbb3241edc4d838d501ec48045d1a7, State: Initialized, Role: FOLLOWER
I20260710 11:05:51.656122 22055 consensus_queue.cc:260] T afcd493f8b7d42de9e26d1d40c9b5550 P a3fbb3241edc4d838d501ec48045d1a7 [NON_LEADER]: Queue going to NON_LEADER mode. State: All replicated index: 0, Majority replicated index: 0, Committed index: 0, Last appended: 0.0, Last appended by leader: 0, Current term: 0, Majority size: -1, State: 0, Mode: NON_LEADER, active raft config: opid_index: -1 OBSOLETE_local: false peers { permanent_uuid: "e31057caba4445bc808bbe93a2917709" member_type: VOTER last_known_addr { host: "127.20.67.65" port: 39645 } } peers { permanent_uuid: "10d01f6664634ba1bdd08c303cf1bdbd" member_type: VOTER last_known_addr { host: "127.20.67.66" port: 37187 } } peers { permanent_uuid: "a3fbb3241edc4d838d501ec48045d1a7" member_type: VOTER last_known_addr { host: "127.20.67.67" port: 40087 } }
I20260710 11:05:51.657971 22055 ts_tablet_manager.cc:1434] T afcd493f8b7d42de9e26d1d40c9b5550 P a3fbb3241edc4d838d501ec48045d1a7: Time spent starting tablet: real 0.008s	user 0.005s	sys 0.000s
I20260710 11:05:51.659371 22055 tablet_bootstrap.cc:492] T c99da9011343419a8bcfa28578bfffd5 P a3fbb3241edc4d838d501ec48045d1a7: Bootstrap starting.
I20260710 11:05:51.661903 22074 raft_consensus.cc:515] T c99da9011343419a8bcfa28578bfffd5 P e31057caba4445bc808bbe93a2917709 [term 1 FOLLOWER]: Starting leader election with config: opid_index: -1 OBSOLETE_local: false peers { permanent_uuid: "e31057caba4445bc808bbe93a2917709" member_type: VOTER last_known_addr { host: "127.20.67.65" port: 39645 } } peers { permanent_uuid: "10d01f6664634ba1bdd08c303cf1bdbd" member_type: VOTER last_known_addr { host: "127.20.67.66" port: 37187 } } peers { permanent_uuid: "a3fbb3241edc4d838d501ec48045d1a7" member_type: VOTER last_known_addr { host: "127.20.67.67" port: 40087 } }
I20260710 11:05:51.663406 22053 ts_tablet_manager.cc:1434] T d975c8c39e234f429f55b9a94403e198 P 10d01f6664634ba1bdd08c303cf1bdbd: Time spent starting tablet: real 0.013s	user 0.005s	sys 0.000s
I20260710 11:05:51.664264 22053 tablet_bootstrap.cc:492] T 84177af967514b06852b5cf978c81873 P 10d01f6664634ba1bdd08c303cf1bdbd: Bootstrap starting.
I20260710 11:05:51.664651 22055 tablet_bootstrap.cc:654] T c99da9011343419a8bcfa28578bfffd5 P a3fbb3241edc4d838d501ec48045d1a7: Neither blocks nor log segments found. Creating new log.
I20260710 11:05:51.664981 22012 tablet_service.cc:1917] Received RequestConsensusVote() RPC: tablet_id: "c99da9011343419a8bcfa28578bfffd5" candidate_uuid: "e31057caba4445bc808bbe93a2917709" candidate_term: 1 candidate_status { last_received { term: 0 index: 0 } } ignore_live_leader: false dest_uuid: "a3fbb3241edc4d838d501ec48045d1a7"
W20260710 11:05:51.666390 21829 leader_election.cc:343] T c99da9011343419a8bcfa28578bfffd5 P e31057caba4445bc808bbe93a2917709 [CANDIDATE]: Term 1 election: Tablet error from VoteRequest() call to peer a3fbb3241edc4d838d501ec48045d1a7 (127.20.67.67:40087): Illegal state: must be running to vote when last-logged opid is not known
I20260710 11:05:51.666296 22052 raft_consensus.cc:359] T 82cda3174a58412d8d08f39f6c5e65f1 P e31057caba4445bc808bbe93a2917709 [term 0 FOLLOWER]: Replica starting. Triggering 0 pending ops. Active config: opid_index: -1 OBSOLETE_local: false peers { permanent_uuid: "e31057caba4445bc808bbe93a2917709" member_type: VOTER last_known_addr { host: "127.20.67.65" port: 39645 } } peers { permanent_uuid: "10d01f6664634ba1bdd08c303cf1bdbd" member_type: VOTER last_known_addr { host: "127.20.67.66" port: 37187 } } peers { permanent_uuid: "a3fbb3241edc4d838d501ec48045d1a7" member_type: VOTER last_known_addr { host: "127.20.67.67" port: 40087 } }
I20260710 11:05:51.666981 22052 raft_consensus.cc:385] T 82cda3174a58412d8d08f39f6c5e65f1 P e31057caba4445bc808bbe93a2917709 [term 0 FOLLOWER]: Consensus starting up: Expiring failure detector timer to make a prompt election more likely
I20260710 11:05:51.667286 22052 raft_consensus.cc:740] T 82cda3174a58412d8d08f39f6c5e65f1 P e31057caba4445bc808bbe93a2917709 [term 0 FOLLOWER]: Becoming Follower/Learner. State: Replica: e31057caba4445bc808bbe93a2917709, State: Initialized, Role: FOLLOWER
I20260710 11:05:51.667976 22052 consensus_queue.cc:260] T 82cda3174a58412d8d08f39f6c5e65f1 P e31057caba4445bc808bbe93a2917709 [NON_LEADER]: Queue going to NON_LEADER mode. State: All replicated index: 0, Majority replicated index: 0, Committed index: 0, Last appended: 0.0, Last appended by leader: 0, Current term: 0, Majority size: -1, State: 0, Mode: NON_LEADER, active raft config: opid_index: -1 OBSOLETE_local: false peers { permanent_uuid: "e31057caba4445bc808bbe93a2917709" member_type: VOTER last_known_addr { host: "127.20.67.65" port: 39645 } } peers { permanent_uuid: "10d01f6664634ba1bdd08c303cf1bdbd" member_type: VOTER last_known_addr { host: "127.20.67.66" port: 37187 } } peers { permanent_uuid: "a3fbb3241edc4d838d501ec48045d1a7" member_type: VOTER last_known_addr { host: "127.20.67.67" port: 40087 } }
