I20260710 11:05:41.416749 21955 tablet_service.cc:1917] Received RequestConsensusVote() RPC: tablet_id: "27acfbcc401349bfb2f10db5cd115eee" candidate_uuid: "8dffee6192fa406b85227ca1d037e9bb" candidate_term: 1 candidate_status { last_received { term: 0 index: 0 } } ignore_live_leader: false dest_uuid: "14cbf8e5ed6c411995829c1c3e75d8d4"
W20260710 11:05:41.421095 21845 leader_election.cc:343] T 27acfbcc401349bfb2f10db5cd115eee P 8dffee6192fa406b85227ca1d037e9bb [CANDIDATE]: Term 1 election: Tablet error from VoteRequest() call to peer 14cbf8e5ed6c411995829c1c3e75d8d4 (127.20.192.66:46449): Illegal state: must be running to vote when last-logged opid is not known
I20260710 11:05:41.419528 22069 consensus_queue.cc:260] T bab01594c6064b6e838b22d7b0281126 P 602f17fb322f4c51912bde8ff0344fbc [NON_LEADER]: Queue going to NON_LEADER mode. State: All replicated index: 0, Majority replicated index: 0, Committed index: 0, Last appended: 0.0, Last appended by leader: 0, Current term: 0, Majority size: -1, State: 0, Mode: NON_LEADER, active raft config: opid_index: -1 OBSOLETE_local: false peers { permanent_uuid: "8dffee6192fa406b85227ca1d037e9bb" member_type: VOTER last_known_addr { host: "127.20.192.65" port: 39381 } } peers { permanent_uuid: "14cbf8e5ed6c411995829c1c3e75d8d4" member_type: VOTER last_known_addr { host: "127.20.192.66" port: 46449 } } peers { permanent_uuid: "602f17fb322f4c51912bde8ff0344fbc" member_type: VOTER last_known_addr { host: "127.20.192.67" port: 33983 } }
I20260710 11:05:41.428632 22073 tablet_bootstrap.cc:492] T d7591b0370bd45c1aacf87eceb644dc9 P 8dffee6192fa406b85227ca1d037e9bb: No bootstrap required, opened a new log
I20260710 11:05:41.428624 22070 tablet_bootstrap.cc:492] T 439616827f194cbc92eb1b1a9ffd5bae P 14cbf8e5ed6c411995829c1c3e75d8d4: No bootstrap required, opened a new log
I20260710 11:05:41.429394 22073 ts_tablet_manager.cc:1403] T d7591b0370bd45c1aacf87eceb644dc9 P 8dffee6192fa406b85227ca1d037e9bb: Time spent bootstrapping tablet: real 0.062s	user 0.011s	sys 0.015s
I20260710 11:05:41.429500 22070 ts_tablet_manager.cc:1403] T 439616827f194cbc92eb1b1a9ffd5bae P 14cbf8e5ed6c411995829c1c3e75d8d4: Time spent bootstrapping tablet: real 0.045s	user 0.012s	sys 0.001s
I20260710 11:05:41.432336 22073 raft_consensus.cc:359] T d7591b0370bd45c1aacf87eceb644dc9 P 8dffee6192fa406b85227ca1d037e9bb [term 0 FOLLOWER]: Replica starting. Triggering 0 pending ops. Active config: opid_index: -1 OBSOLETE_local: false peers { permanent_uuid: "14cbf8e5ed6c411995829c1c3e75d8d4" member_type: VOTER last_known_addr { host: "127.20.192.66" port: 46449 } } peers { permanent_uuid: "602f17fb322f4c51912bde8ff0344fbc" member_type: VOTER last_known_addr { host: "127.20.192.67" port: 33983 } } peers { permanent_uuid: "8dffee6192fa406b85227ca1d037e9bb" member_type: VOTER last_known_addr { host: "127.20.192.65" port: 39381 } }
I20260710 11:05:41.433073 22073 raft_consensus.cc:385] T d7591b0370bd45c1aacf87eceb644dc9 P 8dffee6192fa406b85227ca1d037e9bb [term 0 FOLLOWER]: Consensus starting up: Expiring failure detector timer to make a prompt election more likely
I20260710 11:05:41.433537 22073 raft_consensus.cc:740] T d7591b0370bd45c1aacf87eceb644dc9 P 8dffee6192fa406b85227ca1d037e9bb [term 0 FOLLOWER]: Becoming Follower/Learner. State: Replica: 8dffee6192fa406b85227ca1d037e9bb, State: Initialized, Role: FOLLOWER
I20260710 11:05:41.432986 22070 raft_consensus.cc:359] T 439616827f194cbc92eb1b1a9ffd5bae P 14cbf8e5ed6c411995829c1c3e75d8d4 [term 0 FOLLOWER]: Replica starting. Triggering 0 pending ops. Active config: opid_index: -1 OBSOLETE_local: false peers { permanent_uuid: "8dffee6192fa406b85227ca1d037e9bb" member_type: VOTER last_known_addr { host: "127.20.192.65" port: 39381 } } peers { permanent_uuid: "14cbf8e5ed6c411995829c1c3e75d8d4" member_type: VOTER last_known_addr { host: "127.20.192.66" port: 46449 } } peers { permanent_uuid: "602f17fb322f4c51912bde8ff0344fbc" member_type: VOTER last_known_addr { host: "127.20.192.67" port: 33983 } }
I20260710 11:05:41.434056 22070 raft_consensus.cc:385] T 439616827f194cbc92eb1b1a9ffd5bae P 14cbf8e5ed6c411995829c1c3e75d8d4 [term 0 FOLLOWER]: Consensus starting up: Expiring failure detector timer to make a prompt election more likely
I20260710 11:05:41.426123 22069 ts_tablet_manager.cc:1434] T bab01594c6064b6e838b22d7b0281126 P 602f17fb322f4c51912bde8ff0344fbc: Time spent starting tablet: real 0.016s	user 0.009s	sys 0.000s
I20260710 11:05:41.434401 22070 raft_consensus.cc:740] T 439616827f194cbc92eb1b1a9ffd5bae P 14cbf8e5ed6c411995829c1c3e75d8d4 [term 0 FOLLOWER]: Becoming Follower/Learner. State: Replica: 14cbf8e5ed6c411995829c1c3e75d8d4, State: Initialized, Role: FOLLOWER
I20260710 11:05:41.435283 22069 tablet_bootstrap.cc:492] T 32688e3152c04084a143f5436ce364d3 P 602f17fb322f4c51912bde8ff0344fbc: Bootstrap starting.
I20260710 11:05:41.435207 22070 consensus_queue.cc:260] T 439616827f194cbc92eb1b1a9ffd5bae P 14cbf8e5ed6c411995829c1c3e75d8d4 [NON_LEADER]: Queue going to NON_LEADER mode. State: All replicated index: 0, Majority replicated index: 0, Committed index: 0, Last appended: 0.0, Last appended by leader: 0, Current term: 0, Majority size: -1, State: 0, Mode: NON_LEADER, active raft config: opid_index: -1 OBSOLETE_local: false peers { permanent_uuid: "8dffee6192fa406b85227ca1d037e9bb" member_type: VOTER last_known_addr { host: "127.20.192.65" port: 39381 } } peers { permanent_uuid: "14cbf8e5ed6c411995829c1c3e75d8d4" member_type: VOTER last_known_addr { host: "127.20.192.66" port: 46449 } } peers { permanent_uuid: "602f17fb322f4c51912bde8ff0344fbc" member_type: VOTER last_known_addr { host: "127.20.192.67" port: 33983 } }
I20260710 11:05:41.437512 22070 ts_tablet_manager.cc:1434] T 439616827f194cbc92eb1b1a9ffd5bae P 14cbf8e5ed6c411995829c1c3e75d8d4: Time spent starting tablet: real 0.008s	user 0.005s	sys 0.000s
I20260710 11:05:41.438385 22070 tablet_bootstrap.cc:492] T 72acd091e6784e2d9d7469ca0a9da592 P 14cbf8e5ed6c411995829c1c3e75d8d4: Bootstrap starting.
I20260710 11:05:41.434415 22073 consensus_queue.cc:260] T d7591b0370bd45c1aacf87eceb644dc9 P 8dffee6192fa406b85227ca1d037e9bb [NON_LEADER]: Queue going to NON_LEADER mode. State: All replicated index: 0, Majority replicated index: 0, Committed index: 0, Last appended: 0.0, Last appended by leader: 0, Current term: 0, Majority size: -1, State: 0, Mode: NON_LEADER, active raft config: opid_index: -1 OBSOLETE_local: false peers { permanent_uuid: "14cbf8e5ed6c411995829c1c3e75d8d4" member_type: VOTER last_known_addr { host: "127.20.192.66" port: 46449 } } peers { permanent_uuid: "602f17fb322f4c51912bde8ff0344fbc" member_type: VOTER last_known_addr { host: "127.20.192.67" port: 33983 } } peers { permanent_uuid: "8dffee6192fa406b85227ca1d037e9bb" member_type: VOTER last_known_addr { host: "127.20.192.65" port: 39381 } }
I20260710 11:05:41.443045 22069 tablet_bootstrap.cc:654] T 32688e3152c04084a143f5436ce364d3 P 602f17fb322f4c51912bde8ff0344fbc: Neither blocks nor log segments found. Creating new log.
I20260710 11:05:41.444521 22073 ts_tablet_manager.cc:1434] T d7591b0370bd45c1aacf87eceb644dc9 P 8dffee6192fa406b85227ca1d037e9bb: Time spent starting tablet: real 0.015s	user 0.008s	sys 0.000s
I20260710 11:05:41.445427 22073 tablet_bootstrap.cc:492] T 32688e3152c04084a143f5436ce364d3 P 8dffee6192fa406b85227ca1d037e9bb: Bootstrap starting.
I20260710 11:05:41.451925 22070 tablet_bootstrap.cc:654] T 72acd091e6784e2d9d7469ca0a9da592 P 14cbf8e5ed6c411995829c1c3e75d8d4: Neither blocks nor log segments found. Creating new log.
I20260710 11:05:41.451925 22073 tablet_bootstrap.cc:654] T 32688e3152c04084a143f5436ce364d3 P 8dffee6192fa406b85227ca1d037e9bb: Neither blocks nor log segments found. Creating new log.
I20260710 11:05:41.441936 21777 catalog_manager.cc:5697] T ae9f5d23ec464bb2afb2a059e1400fd7 P 14cbf8e5ed6c411995829c1c3e75d8d4 reported cstate change: term changed from 0 to 1, leader changed from <none> to 14cbf8e5ed6c411995829c1c3e75d8d4 (127.20.192.66). New cstate: current_term: 1 leader_uuid: "14cbf8e5ed6c411995829c1c3e75d8d4" committed_config { opid_index: -1 OBSOLETE_local: false peers { permanent_uuid: "8dffee6192fa406b85227ca1d037e9bb" member_type: VOTER last_known_addr { host: "127.20.192.65" port: 39381 } health_report { overall_health: UNKNOWN } } peers { permanent_uuid: "14cbf8e5ed6c411995829c1c3e75d8d4" member_type: VOTER last_known_addr { host: "127.20.192.66" port: 46449 } health_report { overall_health: HEALTHY } } peers { permanent_uuid: "602f17fb322f4c51912bde8ff0344fbc" member_type: VOTER last_known_addr { host: "127.20.192.67" port: 33983 } health_report { overall_health: UNKNOWN } } }
I20260710 11:05:41.465040 21776 catalog_manager.cc:5697] T 27acfbcc401349bfb2f10db5cd115eee P 8dffee6192fa406b85227ca1d037e9bb reported cstate change: term changed from 0 to 1, leader changed from <none> to 8dffee6192fa406b85227ca1d037e9bb (127.20.192.65). New cstate: current_term: 1 leader_uuid: "8dffee6192fa406b85227ca1d037e9bb" committed_config { opid_index: -1 OBSOLETE_local: false peers { permanent_uuid: "8dffee6192fa406b85227ca1d037e9bb" member_type: VOTER last_known_addr { host: "127.20.192.65" port: 39381 } health_report { overall_health: HEALTHY } } peers { permanent_uuid: "14cbf8e5ed6c411995829c1c3e75d8d4" member_type: VOTER last_known_addr { host: "127.20.192.66" port: 46449 } health_report { overall_health: UNKNOWN } } peers { permanent_uuid: "602f17fb322f4c51912bde8ff0344fbc" member_type: VOTER last_known_addr { host: "127.20.192.67" port: 33983 } health_report { overall_health: UNKNOWN } } }
I20260710 11:05:41.480741 22076 raft_consensus.cc:493] T d7591b0370bd45c1aacf87eceb644dc9 P 14cbf8e5ed6c411995829c1c3e75d8d4 [term 0 FOLLOWER]: Starting pre-election (no leader contacted us within the election timeout)
I20260710 11:05:41.482409 22076 raft_consensus.cc:515] T d7591b0370bd45c1aacf87eceb644dc9 P 14cbf8e5ed6c411995829c1c3e75d8d4 [term 0 FOLLOWER]: Starting pre-election with config: opid_index: -1 OBSOLETE_local: false peers { permanent_uuid: "14cbf8e5ed6c411995829c1c3e75d8d4" member_type: VOTER last_known_addr { host: "127.20.192.66" port: 46449 } } peers { permanent_uuid: "602f17fb322f4c51912bde8ff0344fbc" member_type: VOTER last_known_addr { host: "127.20.192.67" port: 33983 } } peers { permanent_uuid: "8dffee6192fa406b85227ca1d037e9bb" member_type: VOTER last_known_addr { host: "127.20.192.65" port: 39381 } }
I20260710 11:05:41.486608 22107 raft_consensus.cc:493] T 439616827f194cbc92eb1b1a9ffd5bae P 14cbf8e5ed6c411995829c1c3e75d8d4 [term 0 FOLLOWER]: Starting pre-election (no leader contacted us within the election timeout)
I20260710 11:05:41.500326 22107 raft_consensus.cc:515] T 439616827f194cbc92eb1b1a9ffd5bae P 14cbf8e5ed6c411995829c1c3e75d8d4 [term 0 FOLLOWER]: Starting pre-election with config: opid_index: -1 OBSOLETE_local: false peers { permanent_uuid: "8dffee6192fa406b85227ca1d037e9bb" member_type: VOTER last_known_addr { host: "127.20.192.65" port: 39381 } } peers { permanent_uuid: "14cbf8e5ed6c411995829c1c3e75d8d4" member_type: VOTER last_known_addr { host: "127.20.192.66" port: 46449 } } peers { permanent_uuid: "602f17fb322f4c51912bde8ff0344fbc" member_type: VOTER last_known_addr { host: "127.20.192.67" port: 33983 } }
I20260710 11:05:41.502080 22076 leader_election.cc:290] T d7591b0370bd45c1aacf87eceb644dc9 P 14cbf8e5ed6c411995829c1c3e75d8d4 [CANDIDATE]: Term 1 pre-election: Requested pre-vote from peers 602f17fb322f4c51912bde8ff0344fbc (127.20.192.67:33983), 8dffee6192fa406b85227ca1d037e9bb (127.20.192.65:39381)
I20260710 11:05:41.504248 21879 tablet_service.cc:1917] Received RequestConsensusVote() RPC: tablet_id: "d7591b0370bd45c1aacf87eceb644dc9" candidate_uuid: "14cbf8e5ed6c411995829c1c3e75d8d4" candidate_term: 1 candidate_status { last_received { term: 0 index: 0 } } ignore_live_leader: false dest_uuid: "8dffee6192fa406b85227ca1d037e9bb" is_pre_election: true
I20260710 11:05:41.504802 22028 tablet_service.cc:1917] Received RequestConsensusVote() RPC: tablet_id: "d7591b0370bd45c1aacf87eceb644dc9" candidate_uuid: "14cbf8e5ed6c411995829c1c3e75d8d4" candidate_term: 1 candidate_status { last_received { term: 0 index: 0 } } ignore_live_leader: false dest_uuid: "602f17fb322f4c51912bde8ff0344fbc" is_pre_election: true
I20260710 11:05:41.504915 21879 raft_consensus.cc:2468] T d7591b0370bd45c1aacf87eceb644dc9 P 8dffee6192fa406b85227ca1d037e9bb [term 0 FOLLOWER]: Leader pre-election vote request: Granting yes vote for candidate 14cbf8e5ed6c411995829c1c3e75d8d4 in term 0.
I20260710 11:05:41.505496 22028 raft_consensus.cc:2468] T d7591b0370bd45c1aacf87eceb644dc9 P 602f17fb322f4c51912bde8ff0344fbc [term 0 FOLLOWER]: Leader pre-election vote request: Granting yes vote for candidate 14cbf8e5ed6c411995829c1c3e75d8d4 in term 0.
I20260710 11:05:41.505990 21880 tablet_service.cc:1917] Received RequestConsensusVote() RPC: tablet_id: "439616827f194cbc92eb1b1a9ffd5bae" candidate_uuid: "14cbf8e5ed6c411995829c1c3e75d8d4" candidate_term: 1 candidate_status { last_received { term: 0 index: 0 } } ignore_live_leader: false dest_uuid: "8dffee6192fa406b85227ca1d037e9bb" is_pre_election: true
I20260710 11:05:41.506596 21880 raft_consensus.cc:2468] T 439616827f194cbc92eb1b1a9ffd5bae P 8dffee6192fa406b85227ca1d037e9bb [term 0 FOLLOWER]: Leader pre-election vote request: Granting yes vote for candidate 14cbf8e5ed6c411995829c1c3e75d8d4 in term 0.
I20260710 11:05:41.506641 21918 leader_election.cc:304] T d7591b0370bd45c1aacf87eceb644dc9 P 14cbf8e5ed6c411995829c1c3e75d8d4 [CANDIDATE]: Term 1 pre-election: Election decided. Result: candidate won. Election summary: received 2 responses out of 3 voters: 2 yes votes; 0 no votes. yes voters: 14cbf8e5ed6c411995829c1c3e75d8d4, 602f17fb322f4c51912bde8ff0344fbc; no voters: 
I20260710 11:05:41.507009 22070 tablet_bootstrap.cc:492] T 72acd091e6784e2d9d7469ca0a9da592 P 14cbf8e5ed6c411995829c1c3e75d8d4: No bootstrap required, opened a new log
I20260710 11:05:41.507443 22070 ts_tablet_manager.cc:1403] T 72acd091e6784e2d9d7469ca0a9da592 P 14cbf8e5ed6c411995829c1c3e75d8d4: Time spent bootstrapping tablet: real 0.069s	user 0.039s	sys 0.019s
I20260710 11:05:41.507592 22076 raft_consensus.cc:2804] T d7591b0370bd45c1aacf87eceb644dc9 P 14cbf8e5ed6c411995829c1c3e75d8d4 [term 0 FOLLOWER]: Leader pre-election won for term 1
I20260710 11:05:41.507848 22073 tablet_bootstrap.cc:492] T 32688e3152c04084a143f5436ce364d3 P 8dffee6192fa406b85227ca1d037e9bb: No bootstrap required, opened a new log
I20260710 11:05:41.507970 22076 raft_consensus.cc:493] T d7591b0370bd45c1aacf87eceb644dc9 P 14cbf8e5ed6c411995829c1c3e75d8d4 [term 0 FOLLOWER]: Starting leader election (no leader contacted us within the election timeout)
I20260710 11:05:41.508232 22073 ts_tablet_manager.cc:1403] T 32688e3152c04084a143f5436ce364d3 P 8dffee6192fa406b85227ca1d037e9bb: Time spent bootstrapping tablet: real 0.063s	user 0.019s	sys 0.031s
I20260710 11:05:41.508291 22076 raft_consensus.cc:3060] T d7591b0370bd45c1aacf87eceb644dc9 P 14cbf8e5ed6c411995829c1c3e75d8d4 [term 0 FOLLOWER]: Advancing to term 1
I20260710 11:05:41.508467 21919 leader_election.cc:304] T 439616827f194cbc92eb1b1a9ffd5bae P 14cbf8e5ed6c411995829c1c3e75d8d4 [CANDIDATE]: Term 1 pre-election: Election decided. Result: candidate won. Election summary: received 2 responses out of 3 voters: 2 yes votes; 0 no votes. yes voters: 14cbf8e5ed6c411995829c1c3e75d8d4, 8dffee6192fa406b85227ca1d037e9bb; no voters: 
I20260710 11:05:41.509610 22107 leader_election.cc:290] T 439616827f194cbc92eb1b1a9ffd5bae P 14cbf8e5ed6c411995829c1c3e75d8d4 [CANDIDATE]: Term 1 pre-election: Requested pre-vote from peers 8dffee6192fa406b85227ca1d037e9bb (127.20.192.65:39381), 602f17fb322f4c51912bde8ff0344fbc (127.20.192.67:33983)
I20260710 11:05:41.510102 22107 raft_consensus.cc:2804] T 439616827f194cbc92eb1b1a9ffd5bae P 14cbf8e5ed6c411995829c1c3e75d8d4 [term 0 FOLLOWER]: Leader pre-election won for term 1
I20260710 11:05:41.510288 22070 raft_consensus.cc:359] T 72acd091e6784e2d9d7469ca0a9da592 P 14cbf8e5ed6c411995829c1c3e75d8d4 [term 0 FOLLOWER]: Replica starting. Triggering 0 pending ops. Active config: opid_index: -1 OBSOLETE_local: false peers { permanent_uuid: "8dffee6192fa406b85227ca1d037e9bb" member_type: VOTER last_known_addr { host: "127.20.192.65" port: 39381 } } peers { permanent_uuid: "14cbf8e5ed6c411995829c1c3e75d8d4" member_type: VOTER last_known_addr { host: "127.20.192.66" port: 46449 } } peers { permanent_uuid: "602f17fb322f4c51912bde8ff0344fbc" member_type: VOTER last_known_addr { host: "127.20.192.67" port: 33983 } }
I20260710 11:05:41.510872 22107 raft_consensus.cc:493] T 439616827f194cbc92eb1b1a9ffd5bae P 14cbf8e5ed6c411995829c1c3e75d8d4 [term 0 FOLLOWER]: Starting leader election (no leader contacted us within the election timeout)
I20260710 11:05:41.510979 22070 raft_consensus.cc:385] T 72acd091e6784e2d9d7469ca0a9da592 P 14cbf8e5ed6c411995829c1c3e75d8d4 [term 0 FOLLOWER]: Consensus starting up: Expiring failure detector timer to make a prompt election more likely
I20260710 11:05:41.510762 22073 raft_consensus.cc:359] T 32688e3152c04084a143f5436ce364d3 P 8dffee6192fa406b85227ca1d037e9bb [term 0 FOLLOWER]: Replica starting. Triggering 0 pending ops. Active config: opid_index: -1 OBSOLETE_local: false peers { permanent_uuid: "8dffee6192fa406b85227ca1d037e9bb" member_type: VOTER last_known_addr { host: "127.20.192.65" port: 39381 } } peers { permanent_uuid: "14cbf8e5ed6c411995829c1c3e75d8d4" member_type: VOTER last_known_addr { host: "127.20.192.66" port: 46449 } } peers { permanent_uuid: "602f17fb322f4c51912bde8ff0344fbc" member_type: VOTER last_known_addr { host: "127.20.192.67" port: 33983 } }
I20260710 11:05:41.511198 22028 tablet_service.cc:1917] Received RequestConsensusVote() RPC: tablet_id: "439616827f194cbc92eb1b1a9ffd5bae" candidate_uuid: "14cbf8e5ed6c411995829c1c3e75d8d4" candidate_term: 1 candidate_status { last_received { term: 0 index: 0 } } ignore_live_leader: false dest_uuid: "602f17fb322f4c51912bde8ff0344fbc" is_pre_election: true
I20260710 11:05:41.511334 22107 raft_consensus.cc:3060] T 439616827f194cbc92eb1b1a9ffd5bae P 14cbf8e5ed6c411995829c1c3e75d8d4 [term 0 FOLLOWER]: Advancing to term 1
I20260710 11:05:41.511343 22070 raft_consensus.cc:740] T 72acd091e6784e2d9d7469ca0a9da592 P 14cbf8e5ed6c411995829c1c3e75d8d4 [term 0 FOLLOWER]: Becoming Follower/Learner. State: Replica: 14cbf8e5ed6c411995829c1c3e75d8d4, State: Initialized, Role: FOLLOWER
I20260710 11:05:41.512322 22070 consensus_queue.cc:260] T 72acd091e6784e2d9d7469ca0a9da592 P 14cbf8e5ed6c411995829c1c3e75d8d4 [NON_LEADER]: Queue going to NON_LEADER mode. State: All replicated index: 0, Majority replicated index: 0, Committed index: 0, Last appended: 0.0, Last appended by leader: 0, Current term: 0, Majority size: -1, State: 0, Mode: NON_LEADER, active raft config: opid_index: -1 OBSOLETE_local: false peers { permanent_uuid: "8dffee6192fa406b85227ca1d037e9bb" member_type: VOTER last_known_addr { host: "127.20.192.65" port: 39381 } } peers { permanent_uuid: "14cbf8e5ed6c411995829c1c3e75d8d4" member_type: VOTER last_known_addr { host: "127.20.192.66" port: 46449 } } peers { permanent_uuid: "602f17fb322f4c51912bde8ff0344fbc" member_type: VOTER last_known_addr { host: "127.20.192.67" port: 33983 } }
W20260710 11:05:41.512789 21918 leader_election.cc:343] T 439616827f194cbc92eb1b1a9ffd5bae P 14cbf8e5ed6c411995829c1c3e75d8d4 [CANDIDATE]: Term 1 pre-election: Tablet error from VoteRequest() call to peer 602f17fb322f4c51912bde8ff0344fbc (127.20.192.67:33983): Illegal state: must be running to vote when last-logged opid is not known
I20260710 11:05:41.511485 22073 raft_consensus.cc:385] T 32688e3152c04084a143f5436ce364d3 P 8dffee6192fa406b85227ca1d037e9bb [term 0 FOLLOWER]: Consensus starting up: Expiring failure detector timer to make a prompt election more likely
I20260710 11:05:41.514398 22073 raft_consensus.cc:740] T 32688e3152c04084a143f5436ce364d3 P 8dffee6192fa406b85227ca1d037e9bb [term 0 FOLLOWER]: Becoming Follower/Learner. State: Replica: 8dffee6192fa406b85227ca1d037e9bb, State: Initialized, Role: FOLLOWER
I20260710 11:05:41.514499 22070 ts_tablet_manager.cc:1434] T 72acd091e6784e2d9d7469ca0a9da592 P 14cbf8e5ed6c411995829c1c3e75d8d4: Time spent starting tablet: real 0.007s	user 0.008s	sys 0.000s
I20260710 11:05:41.515261 22073 consensus_queue.cc:260] T 32688e3152c04084a143f5436ce364d3 P 8dffee6192fa406b85227ca1d037e9bb [NON_LEADER]: Queue going to NON_LEADER mode. State: All replicated index: 0, Majority replicated index: 0, Committed index: 0, Last appended: 0.0, Last appended by leader: 0, Current term: 0, Majority size: -1, State: 0, Mode: NON_LEADER, active raft config: opid_index: -1 OBSOLETE_local: false peers { permanent_uuid: "8dffee6192fa406b85227ca1d037e9bb" member_type: VOTER last_known_addr { host: "127.20.192.65" port: 39381 } } peers { permanent_uuid: "14cbf8e5ed6c411995829c1c3e75d8d4" member_type: VOTER last_known_addr { host: "127.20.192.66" port: 46449 } } peers { permanent_uuid: "602f17fb322f4c51912bde8ff0344fbc" member_type: VOTER last_known_addr { host: "127.20.192.67" port: 33983 } }
I20260710 11:05:41.517221 22070 tablet_bootstrap.cc:492] T d4eee83809624c8db4665a28ace2eec6 P 14cbf8e5ed6c411995829c1c3e75d8d4: Bootstrap starting.
I20260710 11:05:41.520792 22073 ts_tablet_manager.cc:1434] T 32688e3152c04084a143f5436ce364d3 P 8dffee6192fa406b85227ca1d037e9bb: Time spent starting tablet: real 0.012s	user 0.005s	sys 0.001s
I20260710 11:05:41.521733 22073 tablet_bootstrap.cc:492] T 6413babfa1d648d59d07ff5e86fa52b7 P 8dffee6192fa406b85227ca1d037e9bb: Bootstrap starting.
I20260710 11:05:41.524045 22069 tablet_bootstrap.cc:492] T 32688e3152c04084a143f5436ce364d3 P 602f17fb322f4c51912bde8ff0344fbc: No bootstrap required, opened a new log
I20260710 11:05:41.524474 22069 ts_tablet_manager.cc:1403] T 32688e3152c04084a143f5436ce364d3 P 602f17fb322f4c51912bde8ff0344fbc: Time spent bootstrapping tablet: real 0.089s	user 0.036s	sys 0.026s
I20260710 11:05:41.524730 22070 tablet_bootstrap.cc:654] T d4eee83809624c8db4665a28ace2eec6 P 14cbf8e5ed6c411995829c1c3e75d8d4: Neither blocks nor log segments found. Creating new log.
I20260710 11:05:41.518092 22107 raft_consensus.cc:515] T 439616827f194cbc92eb1b1a9ffd5bae P 14cbf8e5ed6c411995829c1c3e75d8d4 [term 1 FOLLOWER]: Starting leader election with config: opid_index: -1 OBSOLETE_local: false peers { permanent_uuid: "8dffee6192fa406b85227ca1d037e9bb" member_type: VOTER last_known_addr { host: "127.20.192.65" port: 39381 } } peers { permanent_uuid: "14cbf8e5ed6c411995829c1c3e75d8d4" member_type: VOTER last_known_addr { host: "127.20.192.66" port: 46449 } } peers { permanent_uuid: "602f17fb322f4c51912bde8ff0344fbc" member_type: VOTER last_known_addr { host: "127.20.192.67" port: 33983 } }
I20260710 11:05:41.529737 21880 tablet_service.cc:1917] Received RequestConsensusVote() RPC: tablet_id: "439616827f194cbc92eb1b1a9ffd5bae" candidate_uuid: "14cbf8e5ed6c411995829c1c3e75d8d4" candidate_term: 1 candidate_status { last_received { term: 0 index: 0 } } ignore_live_leader: false dest_uuid: "8dffee6192fa406b85227ca1d037e9bb"
I20260710 11:05:41.530400 22073 tablet_bootstrap.cc:654] T 6413babfa1d648d59d07ff5e86fa52b7 P 8dffee6192fa406b85227ca1d037e9bb: Neither blocks nor log segments found. Creating new log.
I20260710 11:05:41.530498 21880 raft_consensus.cc:3060] T 439616827f194cbc92eb1b1a9ffd5bae P 8dffee6192fa406b85227ca1d037e9bb [term 0 FOLLOWER]: Advancing to term 1
I20260710 11:05:41.515969 22076 raft_consensus.cc:515] T d7591b0370bd45c1aacf87eceb644dc9 P 14cbf8e5ed6c411995829c1c3e75d8d4 [term 1 FOLLOWER]: Starting leader election with config: opid_index: -1 OBSOLETE_local: false peers { permanent_uuid: "14cbf8e5ed6c411995829c1c3e75d8d4" member_type: VOTER last_known_addr { host: "127.20.192.66" port: 46449 } } peers { permanent_uuid: "602f17fb322f4c51912bde8ff0344fbc" member_type: VOTER last_known_addr { host: "127.20.192.67" port: 33983 } } peers { permanent_uuid: "8dffee6192fa406b85227ca1d037e9bb" member_type: VOTER last_known_addr { host: "127.20.192.65" port: 39381 } }
I20260710 11:05:41.540486 22076 leader_election.cc:290] T d7591b0370bd45c1aacf87eceb644dc9 P 14cbf8e5ed6c411995829c1c3e75d8d4 [CANDIDATE]: Term 1 election: Requested vote from peers 602f17fb322f4c51912bde8ff0344fbc (127.20.192.67:33983), 8dffee6192fa406b85227ca1d037e9bb (127.20.192.65:39381)
I20260710 11:05:41.540566 22028 tablet_service.cc:1917] Received RequestConsensusVote() RPC: tablet_id: "d7591b0370bd45c1aacf87eceb644dc9" candidate_uuid: "14cbf8e5ed6c411995829c1c3e75d8d4" candidate_term: 1 candidate_status { last_received { term: 0 index: 0 } } ignore_live_leader: false dest_uuid: "602f17fb322f4c51912bde8ff0344fbc"
I20260710 11:05:41.541154 22028 raft_consensus.cc:3060] T d7591b0370bd45c1aacf87eceb644dc9 P 602f17fb322f4c51912bde8ff0344fbc [term 0 FOLLOWER]: Advancing to term 1
I20260710 11:05:41.541550 21879 tablet_service.cc:1917] Received RequestConsensusVote() RPC: tablet_id: "d7591b0370bd45c1aacf87eceb644dc9" candidate_uuid: "14cbf8e5ed6c411995829c1c3e75d8d4" candidate_term: 1 candidate_status { last_received { term: 0 index: 0 } } ignore_live_leader: false dest_uuid: "8dffee6192fa406b85227ca1d037e9bb"
I20260710 11:05:41.541950 21879 raft_consensus.cc:3060] T d7591b0370bd45c1aacf87eceb644dc9 P 8dffee6192fa406b85227ca1d037e9bb [term 0 FOLLOWER]: Advancing to term 1
I20260710 11:05:41.543522 22070 tablet_bootstrap.cc:492] T d4eee83809624c8db4665a28ace2eec6 P 14cbf8e5ed6c411995829c1c3e75d8d4: No bootstrap required, opened a new log
I20260710 11:05:41.543989 22070 ts_tablet_manager.cc:1403] T d4eee83809624c8db4665a28ace2eec6 P 14cbf8e5ed6c411995829c1c3e75d8d4: Time spent bootstrapping tablet: real 0.027s	user 0.012s	sys 0.011s
I20260710 11:05:41.544023 22073 tablet_bootstrap.cc:492] T 6413babfa1d648d59d07ff5e86fa52b7 P 8dffee6192fa406b85227ca1d037e9bb: No bootstrap required, opened a new log
I20260710 11:05:41.544600 22073 ts_tablet_manager.cc:1403] T 6413babfa1d648d59d07ff5e86fa52b7 P 8dffee6192fa406b85227ca1d037e9bb: Time spent bootstrapping tablet: real 0.023s	user 0.007s	sys 0.009s
I20260710 11:05:41.546757 22070 raft_consensus.cc:359] T d4eee83809624c8db4665a28ace2eec6 P 14cbf8e5ed6c411995829c1c3e75d8d4 [term 0 FOLLOWER]: Replica starting. Triggering 0 pending ops. Active config: opid_index: -1 OBSOLETE_local: false peers { permanent_uuid: "8dffee6192fa406b85227ca1d037e9bb" member_type: VOTER last_known_addr { host: "127.20.192.65" port: 39381 } } peers { permanent_uuid: "14cbf8e5ed6c411995829c1c3e75d8d4" member_type: VOTER last_known_addr { host: "127.20.192.66" port: 46449 } } peers { permanent_uuid: "602f17fb322f4c51912bde8ff0344fbc" member_type: VOTER last_known_addr { host: "127.20.192.67" port: 33983 } }
I20260710 11:05:41.547403 22070 raft_consensus.cc:385] T d4eee83809624c8db4665a28ace2eec6 P 14cbf8e5ed6c411995829c1c3e75d8d4 [term 0 FOLLOWER]: Consensus starting up: Expiring failure detector timer to make a prompt election more likely
I20260710 11:05:41.547178 22073 raft_consensus.cc:359] T 6413babfa1d648d59d07ff5e86fa52b7 P 8dffee6192fa406b85227ca1d037e9bb [term 0 FOLLOWER]: Replica starting. Triggering 0 pending ops. Active config: opid_index: -1 OBSOLETE_local: false peers { permanent_uuid: "8dffee6192fa406b85227ca1d037e9bb" member_type: VOTER last_known_addr { host: "127.20.192.65" port: 39381 } } peers { permanent_uuid: "14cbf8e5ed6c411995829c1c3e75d8d4" member_type: VOTER last_known_addr { host: "127.20.192.66" port: 46449 } } peers { permanent_uuid: "602f17fb322f4c51912bde8ff0344fbc" member_type: VOTER last_known_addr { host: "127.20.192.67" port: 33983 } }
I20260710 11:05:41.547765 22070 raft_consensus.cc:740] T d4eee83809624c8db4665a28ace2eec6 P 14cbf8e5ed6c411995829c1c3e75d8d4 [term 0 FOLLOWER]: Becoming Follower/Learner. State: Replica: 14cbf8e5ed6c411995829c1c3e75d8d4, State: Initialized, Role: FOLLOWER
I20260710 11:05:41.548105 22073 raft_consensus.cc:385] T 6413babfa1d648d59d07ff5e86fa52b7 P 8dffee6192fa406b85227ca1d037e9bb [term 0 FOLLOWER]: Consensus starting up: Expiring failure detector timer to make a prompt election more likely
I20260710 11:05:41.547945 22028 raft_consensus.cc:2468] T d7591b0370bd45c1aacf87eceb644dc9 P 602f17fb322f4c51912bde8ff0344fbc [term 1 FOLLOWER]: Leader election vote request: Granting yes vote for candidate 14cbf8e5ed6c411995829c1c3e75d8d4 in term 1.
I20260710 11:05:41.548655 22073 raft_consensus.cc:740] T 6413babfa1d648d59d07ff5e86fa52b7 P 8dffee6192fa406b85227ca1d037e9bb [term 0 FOLLOWER]: Becoming Follower/Learner. State: Replica: 8dffee6192fa406b85227ca1d037e9bb, State: Initialized, Role: FOLLOWER
I20260710 11:05:41.548614 22070 consensus_queue.cc:260] T d4eee83809624c8db4665a28ace2eec6 P 14cbf8e5ed6c411995829c1c3e75d8d4 [NON_LEADER]: Queue going to NON_LEADER mode. State: All replicated index: 0, Majority replicated index: 0, Committed index: 0, Last appended: 0.0, Last appended by leader: 0, Current term: 0, Majority size: -1, State: 0, Mode: NON_LEADER, active raft config: opid_index: -1 OBSOLETE_local: false peers { permanent_uuid: "8dffee6192fa406b85227ca1d037e9bb" member_type: VOTER last_known_addr { host: "127.20.192.65" port: 39381 } } peers { permanent_uuid: "14cbf8e5ed6c411995829c1c3e75d8d4" member_type: VOTER last_known_addr { host: "127.20.192.66" port: 46449 } } peers { permanent_uuid: "602f17fb322f4c51912bde8ff0344fbc" member_type: VOTER last_known_addr { host: "127.20.192.67" port: 33983 } }
I20260710 11:05:41.549417 21918 leader_election.cc:304] T d7591b0370bd45c1aacf87eceb644dc9 P 14cbf8e5ed6c411995829c1c3e75d8d4 [CANDIDATE]: Term 1 election: Election decided. Result: candidate won. Election summary: received 2 responses out of 3 voters: 2 yes votes; 0 no votes. yes voters: 14cbf8e5ed6c411995829c1c3e75d8d4, 602f17fb322f4c51912bde8ff0344fbc; no voters: 
I20260710 11:05:41.549510 22073 consensus_queue.cc:260] T 6413babfa1d648d59d07ff5e86fa52b7 P 8dffee6192fa406b85227ca1d037e9bb [NON_LEADER]: Queue going to NON_LEADER mode. State: All replicated index: 0, Majority replicated index: 0, Committed index: 0, Last appended: 0.0, Last appended by leader: 0, Current term: 0, Majority size: -1, State: 0, Mode: NON_LEADER, active raft config: opid_index: -1 OBSOLETE_local: false peers { permanent_uuid: "8dffee6192fa406b85227ca1d037e9bb" member_type: VOTER last_known_addr { host: "127.20.192.65" port: 39381 } } peers { permanent_uuid: "14cbf8e5ed6c411995829c1c3e75d8d4" member_type: VOTER last_known_addr { host: "127.20.192.66" port: 46449 } } peers { permanent_uuid: "602f17fb322f4c51912bde8ff0344fbc" member_type: VOTER last_known_addr { host: "127.20.192.67" port: 33983 } }
I20260710 11:05:41.550429 22076 raft_consensus.cc:2804] T d7591b0370bd45c1aacf87eceb644dc9 P 14cbf8e5ed6c411995829c1c3e75d8d4 [term 1 FOLLOWER]: Leader election won for term 1
I20260710 11:05:41.550462 22069 raft_consensus.cc:359] T 32688e3152c04084a143f5436ce364d3 P 602f17fb322f4c51912bde8ff0344fbc [term 0 FOLLOWER]: Replica starting. Triggering 0 pending ops. Active config: opid_index: -1 OBSOLETE_local: false peers { permanent_uuid: "8dffee6192fa406b85227ca1d037e9bb" member_type: VOTER last_known_addr { host: "127.20.192.65" port: 39381 } } peers { permanent_uuid: "14cbf8e5ed6c411995829c1c3e75d8d4" member_type: VOTER last_known_addr { host: "127.20.192.66" port: 46449 } } peers { permanent_uuid: "602f17fb322f4c51912bde8ff0344fbc" member_type: VOTER last_known_addr { host: "127.20.192.67" port: 33983 } }
I20260710 11:05:41.551000 22076 raft_consensus.cc:697] T d7591b0370bd45c1aacf87eceb644dc9 P 14cbf8e5ed6c411995829c1c3e75d8d4 [term 1 LEADER]: Becoming Leader. State: Replica: 14cbf8e5ed6c411995829c1c3e75d8d4, State: Running, Role: LEADER
I20260710 11:05:41.551190 22069 raft_consensus.cc:385] T 32688e3152c04084a143f5436ce364d3 P 602f17fb322f4c51912bde8ff0344fbc [term 0 FOLLOWER]: Consensus starting up: Expiring failure detector timer to make a prompt election more likely
I20260710 11:05:41.551499 22069 raft_consensus.cc:740] T 32688e3152c04084a143f5436ce364d3 P 602f17fb322f4c51912bde8ff0344fbc [term 0 FOLLOWER]: Becoming Follower/Learner. State: Replica: 602f17fb322f4c51912bde8ff0344fbc, State: Initialized, Role: FOLLOWER
I20260710 11:05:41.552222 22107 leader_election.cc:290] T 439616827f194cbc92eb1b1a9ffd5bae P 14cbf8e5ed6c411995829c1c3e75d8d4 [CANDIDATE]: Term 1 election: Requested vote from peers 8dffee6192fa406b85227ca1d037e9bb (127.20.192.65:39381), 602f17fb322f4c51912bde8ff0344fbc (127.20.192.67:33983)
I20260710 11:05:41.551862 22076 consensus_queue.cc:237] T d7591b0370bd45c1aacf87eceb644dc9 P 14cbf8e5ed6c411995829c1c3e75d8d4 [LEADER]: Queue going to LEADER mode. State: All replicated index: 0, Majority replicated index: 0, Committed index: 0, Last appended: 0.0, Last appended by leader: 0, Current term: 1, Majority size: 2, State: 0, Mode: LEADER, active raft config: opid_index: -1 OBSOLETE_local: false peers { permanent_uuid: "14cbf8e5ed6c411995829c1c3e75d8d4" member_type: VOTER last_known_addr { host: "127.20.192.66" port: 46449 } } peers { permanent_uuid: "602f17fb322f4c51912bde8ff0344fbc" member_type: VOTER last_known_addr { host: "127.20.192.67" port: 33983 } } peers { permanent_uuid: "8dffee6192fa406b85227ca1d037e9bb" member_type: VOTER last_known_addr { host: "127.20.192.65" port: 39381 } }
I20260710 11:05:41.552788 22070 ts_tablet_manager.cc:1434] T d4eee83809624c8db4665a28ace2eec6 P 14cbf8e5ed6c411995829c1c3e75d8d4: Time spent starting tablet: real 0.008s	user 0.007s	sys 0.000s
I20260710 11:05:41.553102 21880 raft_consensus.cc:2468] T 439616827f194cbc92eb1b1a9ffd5bae P 8dffee6192fa406b85227ca1d037e9bb [term 1 FOLLOWER]: Leader election vote request: Granting yes vote for candidate 14cbf8e5ed6c411995829c1c3e75d8d4 in term 1.
I20260710 11:05:41.553675 22070 tablet_bootstrap.cc:492] T ff62dad952554941b33f80503e4a6e23 P 14cbf8e5ed6c411995829c1c3e75d8d4: Bootstrap starting.
I20260710 11:05:41.554189 21919 leader_election.cc:304] T 439616827f194cbc92eb1b1a9ffd5bae P 14cbf8e5ed6c411995829c1c3e75d8d4 [CANDIDATE]: Term 1 election: Election decided. Result: candidate won. Election summary: received 2 responses out of 3 voters: 2 yes votes; 0 no votes. yes voters: 14cbf8e5ed6c411995829c1c3e75d8d4, 8dffee6192fa406b85227ca1d037e9bb; no voters: 
I20260710 11:05:41.549373 21879 raft_consensus.cc:2468] T d7591b0370bd45c1aacf87eceb644dc9 P 8dffee6192fa406b85227ca1d037e9bb [term 1 FOLLOWER]: Leader election vote request: Granting yes vote for candidate 14cbf8e5ed6c411995829c1c3e75d8d4 in term 1.
I20260710 11:05:41.556589 22069 consensus_queue.cc:260] T 32688e3152c04084a143f5436ce364d3 P 602f17fb322f4c51912bde8ff0344fbc [NON_LEADER]: Queue going to NON_LEADER mode. State: All replicated index: 0, Majority replicated index: 0, Committed index: 0, Last appended: 0.0, Last appended by leader: 0, Current term: 0, Majority size: -1, State: 0, Mode: NON_LEADER, active raft config: opid_index: -1 OBSOLETE_local: false peers { permanent_uuid: "8dffee6192fa406b85227ca1d037e9bb" member_type: VOTER last_known_addr { host: "127.20.192.65" port: 39381 } } peers { permanent_uuid: "14cbf8e5ed6c411995829c1c3e75d8d4" member_type: VOTER last_known_addr { host: "127.20.192.66" port: 46449 } } peers { permanent_uuid: "602f17fb322f4c51912bde8ff0344fbc" member_type: VOTER last_known_addr { host: "127.20.192.67" port: 33983 } }
I20260710 11:05:41.558488 22117 raft_consensus.cc:2804] T 439616827f194cbc92eb1b1a9ffd5bae P 14cbf8e5ed6c411995829c1c3e75d8d4 [term 1 FOLLOWER]: Leader election won for term 1
I20260710 11:05:41.558959 22117 raft_consensus.cc:697] T 439616827f194cbc92eb1b1a9ffd5bae P 14cbf8e5ed6c411995829c1c3e75d8d4 [term 1 LEADER]: Becoming Leader. State: Replica: 14cbf8e5ed6c411995829c1c3e75d8d4, State: Running, Role: LEADER
I20260710 11:05:41.559085 22073 ts_tablet_manager.cc:1434] T 6413babfa1d648d59d07ff5e86fa52b7 P 8dffee6192fa406b85227ca1d037e9bb: Time spent starting tablet: real 0.014s	user 0.006s	sys 0.000s
I20260710 11:05:41.559650 22070 tablet_bootstrap.cc:654] T ff62dad952554941b33f80503e4a6e23 P 14cbf8e5ed6c411995829c1c3e75d8d4: Neither blocks nor log segments found. Creating new log.
I20260710 11:05:41.559816 22117 consensus_queue.cc:237] T 439616827f194cbc92eb1b1a9ffd5bae P 14cbf8e5ed6c411995829c1c3e75d8d4 [LEADER]: Queue going to LEADER mode. State: All replicated index: 0, Majority replicated index: 0, Committed index: 0, Last appended: 0.0, Last appended by leader: 0, Current term: 1, Majority size: 2, State: 0, Mode: LEADER, active raft config: opid_index: -1 OBSOLETE_local: false peers { permanent_uuid: "8dffee6192fa406b85227ca1d037e9bb" member_type: VOTER last_known_addr { host: "127.20.192.65" port: 39381 } } peers { permanent_uuid: "14cbf8e5ed6c411995829c1c3e75d8d4" member_type: VOTER last_known_addr { host: "127.20.192.66" port: 46449 } } peers { permanent_uuid: "602f17fb322f4c51912bde8ff0344fbc" member_type: VOTER last_known_addr { host: "127.20.192.67" port: 33983 } }
I20260710 11:05:41.563957 22029 tablet_service.cc:1917] Received RequestConsensusVote() RPC: tablet_id: "439616827f194cbc92eb1b1a9ffd5bae" candidate_uuid: "14cbf8e5ed6c411995829c1c3e75d8d4" candidate_term: 1 candidate_status { last_received { term: 0 index: 0 } } ignore_live_leader: false dest_uuid: "602f17fb322f4c51912bde8ff0344fbc"
W20260710 11:05:41.565435 21918 leader_election.cc:343] T 439616827f194cbc92eb1b1a9ffd5bae P 14cbf8e5ed6c411995829c1c3e75d8d4 [CANDIDATE]: Term 1 election: Tablet error from VoteRequest() call to peer 602f17fb322f4c51912bde8ff0344fbc (127.20.192.67:33983): Illegal state: must be running to vote when last-logged opid is not known
I20260710 11:05:41.566901 22069 ts_tablet_manager.cc:1434] T 32688e3152c04084a143f5436ce364d3 P 602f17fb322f4c51912bde8ff0344fbc: Time spent starting tablet: real 0.042s	user 0.009s	sys 0.000s
I20260710 11:05:41.567806 22073 tablet_bootstrap.cc:492] T ae9f5d23ec464bb2afb2a059e1400fd7 P 8dffee6192fa406b85227ca1d037e9bb: Bootstrap starting.
I20260710 11:05:41.575075 22073 tablet_bootstrap.cc:654] T ae9f5d23ec464bb2afb2a059e1400fd7 P 8dffee6192fa406b85227ca1d037e9bb: Neither blocks nor log segments found. Creating new log.
I20260710 11:05:41.576818 22069 tablet_bootstrap.cc:492] T 439616827f194cbc92eb1b1a9ffd5bae P 602f17fb322f4c51912bde8ff0344fbc: Bootstrap starting.
I20260710 11:05:41.585186 22069 tablet_bootstrap.cc:654] T 439616827f194cbc92eb1b1a9ffd5bae P 602f17fb322f4c51912bde8ff0344fbc: Neither blocks nor log segments found. Creating new log.
I20260710 11:05:41.590651 22078 raft_consensus.cc:493] T 72acd091e6784e2d9d7469ca0a9da592 P 8dffee6192fa406b85227ca1d037e9bb [term 0 FOLLOWER]: Starting pre-election (no leader contacted us within the election timeout)
I20260710 11:05:41.591271 22078 raft_consensus.cc:515] T 72acd091e6784e2d9d7469ca0a9da592 P 8dffee6192fa406b85227ca1d037e9bb [term 0 FOLLOWER]: Starting pre-election with config: opid_index: -1 OBSOLETE_local: false peers { permanent_uuid: "8dffee6192fa406b85227ca1d037e9bb" member_type: VOTER last_known_addr { host: "127.20.192.65" port: 39381 } } peers { permanent_uuid: "14cbf8e5ed6c411995829c1c3e75d8d4" member_type: VOTER last_known_addr { host: "127.20.192.66" port: 46449 } } peers { permanent_uuid: "602f17fb322f4c51912bde8ff0344fbc" member_type: VOTER last_known_addr { host: "127.20.192.67" port: 33983 } }
I20260710 11:05:41.596383 21955 tablet_service.cc:1917] Received RequestConsensusVote() RPC: tablet_id: "72acd091e6784e2d9d7469ca0a9da592" candidate_uuid: "8dffee6192fa406b85227ca1d037e9bb" candidate_term: 1 candidate_status { last_received { term: 0 index: 0 } } ignore_live_leader: false dest_uuid: "14cbf8e5ed6c411995829c1c3e75d8d4" is_pre_election: true
I20260710 11:05:41.597182 21955 raft_consensus.cc:2468] T 72acd091e6784e2d9d7469ca0a9da592 P 14cbf8e5ed6c411995829c1c3e75d8d4 [term 0 FOLLOWER]: Leader pre-election vote request: Granting yes vote for candidate 8dffee6192fa406b85227ca1d037e9bb in term 0.
I20260710 11:05:41.598595 21845 leader_election.cc:304] T 72acd091e6784e2d9d7469ca0a9da592 P 8dffee6192fa406b85227ca1d037e9bb [CANDIDATE]: Term 1 pre-election: Election decided. Result: candidate won. Election summary: received 2 responses out of 3 voters: 2 yes votes; 0 no votes. yes voters: 14cbf8e5ed6c411995829c1c3e75d8d4, 8dffee6192fa406b85227ca1d037e9bb; no voters: 
I20260710 11:05:41.599756 22103 raft_consensus.cc:2804] T 72acd091e6784e2d9d7469ca0a9da592 P 8dffee6192fa406b85227ca1d037e9bb [term 0 FOLLOWER]: Leader pre-election won for term 1
I20260710 11:05:41.597739 21775 catalog_manager.cc:5697] T d7591b0370bd45c1aacf87eceb644dc9 P 14cbf8e5ed6c411995829c1c3e75d8d4 reported cstate change: term changed from 0 to 1, leader changed from <none> to 14cbf8e5ed6c411995829c1c3e75d8d4 (127.20.192.66). New cstate: current_term: 1 leader_uuid: "14cbf8e5ed6c411995829c1c3e75d8d4" committed_config { opid_index: -1 OBSOLETE_local: false peers { permanent_uuid: "14cbf8e5ed6c411995829c1c3e75d8d4" member_type: VOTER last_known_addr { host: "127.20.192.66" port: 46449 } health_report { overall_health: HEALTHY } } peers { permanent_uuid: "602f17fb322f4c51912bde8ff0344fbc" member_type: VOTER last_known_addr { host: "127.20.192.67" port: 33983 } health_report { overall_health: UNKNOWN } } peers { permanent_uuid: "8dffee6192fa406b85227ca1d037e9bb" member_type: VOTER last_known_addr { host: "127.20.192.65" port: 39381 } health_report { overall_health: UNKNOWN } } }
I20260710 11:05:41.600179 22103 raft_consensus.cc:493] T 72acd091e6784e2d9d7469ca0a9da592 P 8dffee6192fa406b85227ca1d037e9bb [term 0 FOLLOWER]: Starting leader election (no leader contacted us within the election timeout)
I20260710 11:05:41.600569 22103 raft_consensus.cc:3060] T 72acd091e6784e2d9d7469ca0a9da592 P 8dffee6192fa406b85227ca1d037e9bb [term 0 FOLLOWER]: Advancing to term 1
I20260710 11:05:41.601790 22070 tablet_bootstrap.cc:492] T ff62dad952554941b33f80503e4a6e23 P 14cbf8e5ed6c411995829c1c3e75d8d4: No bootstrap required, opened a new log
I20260710 11:05:41.602276 22070 ts_tablet_manager.cc:1403] T ff62dad952554941b33f80503e4a6e23 P 14cbf8e5ed6c411995829c1c3e75d8d4: Time spent bootstrapping tablet: real 0.049s	user 0.021s	sys 0.026s
I20260710 11:05:41.602259 22028 tablet_service.cc:1917] Received RequestConsensusVote() RPC: tablet_id: "72acd091e6784e2d9d7469ca0a9da592" candidate_uuid: "8dffee6192fa406b85227ca1d037e9bb" candidate_term: 1 candidate_status { last_received { term: 0 index: 0 } } ignore_live_leader: false dest_uuid: "602f17fb322f4c51912bde8ff0344fbc" is_pre_election: true
W20260710 11:05:41.603823 21843 leader_election.cc:343] T 72acd091e6784e2d9d7469ca0a9da592 P 8dffee6192fa406b85227ca1d037e9bb [CANDIDATE]: Term 1 pre-election: Tablet error from VoteRequest() call to peer 602f17fb322f4c51912bde8ff0344fbc (127.20.192.67:33983): Illegal state: must be running to vote when last-logged opid is not known
I20260710 11:05:41.599864 22078 leader_election.cc:290] T 72acd091e6784e2d9d7469ca0a9da592 P 8dffee6192fa406b85227ca1d037e9bb [CANDIDATE]: Term 1 pre-election: Requested pre-vote from peers 14cbf8e5ed6c411995829c1c3e75d8d4 (127.20.192.66:46449), 602f17fb322f4c51912bde8ff0344fbc (127.20.192.67:33983)
I20260710 11:05:41.606762 22103 raft_consensus.cc:515] T 72acd091e6784e2d9d7469ca0a9da592 P 8dffee6192fa406b85227ca1d037e9bb [term 1 FOLLOWER]: Starting leader election with config: opid_index: -1 OBSOLETE_local: false peers { permanent_uuid: "8dffee6192fa406b85227ca1d037e9bb" member_type: VOTER last_known_addr { host: "127.20.192.65" port: 39381 } } peers { permanent_uuid: "14cbf8e5ed6c411995829c1c3e75d8d4" member_type: VOTER last_known_addr { host: "127.20.192.66" port: 46449 } } peers { permanent_uuid: "602f17fb322f4c51912bde8ff0344fbc" member_type: VOTER last_known_addr { host: "127.20.192.67" port: 33983 } }
I20260710 11:05:41.608153 22073 tablet_bootstrap.cc:492] T ae9f5d23ec464bb2afb2a059e1400fd7 P 8dffee6192fa406b85227ca1d037e9bb: No bootstrap required, opened a new log
I20260710 11:05:41.608606 22073 ts_tablet_manager.cc:1403] T ae9f5d23ec464bb2afb2a059e1400fd7 P 8dffee6192fa406b85227ca1d037e9bb: Time spent bootstrapping tablet: real 0.041s	user 0.022s	sys 0.011s
I20260710 11:05:41.609467 21955 tablet_service.cc:1917] Received RequestConsensusVote() RPC: tablet_id: "72acd091e6784e2d9d7469ca0a9da592" candidate_uuid: "8dffee6192fa406b85227ca1d037e9bb" candidate_term: 1 candidate_status { last_received { term: 0 index: 0 } } ignore_live_leader: false dest_uuid: "14cbf8e5ed6c411995829c1c3e75d8d4"
I20260710 11:05:41.609992 21955 raft_consensus.cc:3060] T 72acd091e6784e2d9d7469ca0a9da592 P 14cbf8e5ed6c411995829c1c3e75d8d4 [term 0 FOLLOWER]: Advancing to term 1
I20260710 11:05:41.611287 22073 raft_consensus.cc:359] T ae9f5d23ec464bb2afb2a059e1400fd7 P 8dffee6192fa406b85227ca1d037e9bb [term 0 FOLLOWER]: Replica starting. Triggering 0 pending ops. Active config: opid_index: -1 OBSOLETE_local: false peers { permanent_uuid: "8dffee6192fa406b85227ca1d037e9bb" member_type: VOTER last_known_addr { host: "127.20.192.65" port: 39381 } } peers { permanent_uuid: "14cbf8e5ed6c411995829c1c3e75d8d4" member_type: VOTER last_known_addr { host: "127.20.192.66" port: 46449 } } peers { permanent_uuid: "602f17fb322f4c51912bde8ff0344fbc" member_type: VOTER last_known_addr { host: "127.20.192.67" port: 33983 } }
I20260710 11:05:41.611972 22073 raft_consensus.cc:385] T ae9f5d23ec464bb2afb2a059e1400fd7 P 8dffee6192fa406b85227ca1d037e9bb [term 0 FOLLOWER]: Consensus starting up: Expiring failure detector timer to make a prompt election more likely
I20260710 11:05:41.612278 22073 raft_consensus.cc:740] T ae9f5d23ec464bb2afb2a059e1400fd7 P 8dffee6192fa406b85227ca1d037e9bb [term 0 FOLLOWER]: Becoming Follower/Learner. State: Replica: 8dffee6192fa406b85227ca1d037e9bb, State: Initialized, Role: FOLLOWER
I20260710 11:05:41.612994 22073 consensus_queue.cc:260] T ae9f5d23ec464bb2afb2a059e1400fd7 P 8dffee6192fa406b85227ca1d037e9bb [NON_LEADER]: Queue going to NON_LEADER mode. State: All replicated index: 0, Majority replicated index: 0, Committed index: 0, Last appended: 0.0, Last appended by leader: 0, Current term: 0, Majority size: -1, State: 0, Mode: NON_LEADER, active raft config: opid_index: -1 OBSOLETE_local: false peers { permanent_uuid: "8dffee6192fa406b85227ca1d037e9bb" member_type: VOTER last_known_addr { host: "127.20.192.65" port: 39381 } } peers { permanent_uuid: "14cbf8e5ed6c411995829c1c3e75d8d4" member_type: VOTER last_known_addr { host: "127.20.192.66" port: 46449 } } peers { permanent_uuid: "602f17fb322f4c51912bde8ff0344fbc" member_type: VOTER last_known_addr { host: "127.20.192.67" port: 33983 } }
I20260710 11:05:41.614962 22073 ts_tablet_manager.cc:1434] T ae9f5d23ec464bb2afb2a059e1400fd7 P 8dffee6192fa406b85227ca1d037e9bb: Time spent starting tablet: real 0.006s	user 0.005s	sys 0.000s
I20260710 11:05:41.616868 22070 raft_consensus.cc:359] T ff62dad952554941b33f80503e4a6e23 P 14cbf8e5ed6c411995829c1c3e75d8d4 [term 0 FOLLOWER]: Replica starting. Triggering 0 pending ops. Active config: opid_index: -1 OBSOLETE_local: false peers { permanent_uuid: "8dffee6192fa406b85227ca1d037e9bb" member_type: VOTER last_known_addr { host: "127.20.192.65" port: 39381 } } peers { permanent_uuid: "14cbf8e5ed6c411995829c1c3e75d8d4" member_type: VOTER last_known_addr { host: "127.20.192.66" port: 46449 } } peers { permanent_uuid: "602f17fb322f4c51912bde8ff0344fbc" member_type: VOTER last_known_addr { host: "127.20.192.67" port: 33983 } }
I20260710 11:05:41.617678 22070 raft_consensus.cc:385] T ff62dad952554941b33f80503e4a6e23 P 14cbf8e5ed6c411995829c1c3e75d8d4 [term 0 FOLLOWER]: Consensus starting up: Expiring failure detector timer to make a prompt election more likely
I20260710 11:05:41.616873 21776 catalog_manager.cc:5697] T 439616827f194cbc92eb1b1a9ffd5bae P 14cbf8e5ed6c411995829c1c3e75d8d4 reported cstate change: term changed from 0 to 1, leader changed from <none> to 14cbf8e5ed6c411995829c1c3e75d8d4 (127.20.192.66). New cstate: current_term: 1 leader_uuid: "14cbf8e5ed6c411995829c1c3e75d8d4" committed_config { opid_index: -1 OBSOLETE_local: false peers { permanent_uuid: "8dffee6192fa406b85227ca1d037e9bb" member_type: VOTER last_known_addr { host: "127.20.192.65" port: 39381 } health_report { overall_health: UNKNOWN } } peers { permanent_uuid: "14cbf8e5ed6c411995829c1c3e75d8d4" member_type: VOTER last_known_addr { host: "127.20.192.66" port: 46449 } health_report { overall_health: HEALTHY } } peers { permanent_uuid: "602f17fb322f4c51912bde8ff0344fbc" member_type: VOTER last_known_addr { host: "127.20.192.67" port: 33983 } health_report { overall_health: UNKNOWN } } }
I20260710 11:05:41.617949 22070 raft_consensus.cc:740] T ff62dad952554941b33f80503e4a6e23 P 14cbf8e5ed6c411995829c1c3e75d8d4 [term 0 FOLLOWER]: Becoming Follower/Learner. State: Replica: 14cbf8e5ed6c411995829c1c3e75d8d4, State: Initialized, Role: FOLLOWER
I20260710 11:05:41.618618 22070 consensus_queue.cc:260] T ff62dad952554941b33f80503e4a6e23 P 14cbf8e5ed6c411995829c1c3e75d8d4 [NON_LEADER]: Queue going to NON_LEADER mode. State: All replicated index: 0, Majority replicated index: 0, Committed index: 0, Last appended: 0.0, Last appended by leader: 0, Current term: 0, Majority size: -1, State: 0, Mode: NON_LEADER, active raft config: opid_index: -1 OBSOLETE_local: false peers { permanent_uuid: "8dffee6192fa406b85227ca1d037e9bb" member_type: VOTER last_known_addr { host: "127.20.192.65" port: 39381 } } peers { permanent_uuid: "14cbf8e5ed6c411995829c1c3e75d8d4" member_type: VOTER last_known_addr { host: "127.20.192.66" port: 46449 } } peers { permanent_uuid: "602f17fb322f4c51912bde8ff0344fbc" member_type: VOTER last_known_addr { host: "127.20.192.67" port: 33983 } }
I20260710 11:05:41.619342 22069 tablet_bootstrap.cc:492] T 439616827f194cbc92eb1b1a9ffd5bae P 602f17fb322f4c51912bde8ff0344fbc: No bootstrap required, opened a new log
