I20260710 11:05:29.953240 25580 raft_consensus.cc:2804] T 36652d2f1048445685aa3b959a8ee760 P 0172e7ad8c8e47aa8cdf644b2c7a55ad [term 0 FOLLOWER]: Leader pre-election won for term 1
I20260710 11:05:29.953637 25580 raft_consensus.cc:493] T 36652d2f1048445685aa3b959a8ee760 P 0172e7ad8c8e47aa8cdf644b2c7a55ad [term 0 FOLLOWER]: Starting leader election (no leader contacted us within the election timeout)
I20260710 11:05:29.954083 25580 raft_consensus.cc:3060] T 36652d2f1048445685aa3b959a8ee760 P 0172e7ad8c8e47aa8cdf644b2c7a55ad [term 0 FOLLOWER]: Advancing to term 1
I20260710 11:05:29.954156 25344 tablet_service.cc:1917] Received RequestConsensusVote() RPC: tablet_id: "8943850e559d44a4b518b020ffdd5562" candidate_uuid: "0172e7ad8c8e47aa8cdf644b2c7a55ad" candidate_term: 1 candidate_status { last_received { term: 0 index: 0 } } ignore_live_leader: false dest_uuid: "093d89e82abe45aeafe0e87c936700b1" is_pre_election: true
I20260710 11:05:29.955127 25537 tablet_bootstrap.cc:492] T 8943850e559d44a4b518b020ffdd5562 P 093d89e82abe45aeafe0e87c936700b1: No bootstrap required, opened a new log
I20260710 11:05:29.955771 25537 ts_tablet_manager.cc:1403] T 8943850e559d44a4b518b020ffdd5562 P 093d89e82abe45aeafe0e87c936700b1: Time spent bootstrapping tablet: real 0.039s	user 0.002s	sys 0.012s
W20260710 11:05:29.955914 25382 leader_election.cc:343] T 8943850e559d44a4b518b020ffdd5562 P 0172e7ad8c8e47aa8cdf644b2c7a55ad [CANDIDATE]: Term 1 pre-election: Tablet error from VoteRequest() call to peer 093d89e82abe45aeafe0e87c936700b1 (127.24.158.65:40851): Illegal state: must be running to vote when last-logged opid is not known
I20260710 11:05:29.958886 25537 raft_consensus.cc:359] T 8943850e559d44a4b518b020ffdd5562 P 093d89e82abe45aeafe0e87c936700b1 [term 0 FOLLOWER]: Replica starting. Triggering 0 pending ops. Active config: opid_index: -1 OBSOLETE_local: false peers { permanent_uuid: "093d89e82abe45aeafe0e87c936700b1" member_type: VOTER last_known_addr { host: "127.24.158.65" port: 40851 } } peers { permanent_uuid: "0172e7ad8c8e47aa8cdf644b2c7a55ad" member_type: VOTER last_known_addr { host: "127.24.158.66" port: 41147 } } peers { permanent_uuid: "715072340c7a4d5a9e61672e43ef957d" member_type: VOTER last_known_addr { host: "127.24.158.67" port: 44693 } }
I20260710 11:05:29.959828 25537 raft_consensus.cc:385] T 8943850e559d44a4b518b020ffdd5562 P 093d89e82abe45aeafe0e87c936700b1 [term 0 FOLLOWER]: Consensus starting up: Expiring failure detector timer to make a prompt election more likely
I20260710 11:05:29.960129 25537 raft_consensus.cc:740] T 8943850e559d44a4b518b020ffdd5562 P 093d89e82abe45aeafe0e87c936700b1 [term 0 FOLLOWER]: Becoming Follower/Learner. State: Replica: 093d89e82abe45aeafe0e87c936700b1, State: Initialized, Role: FOLLOWER
I20260710 11:05:29.961162 25492 tablet_service.cc:1917] Received RequestConsensusVote() RPC: tablet_id: "8943850e559d44a4b518b020ffdd5562" candidate_uuid: "0172e7ad8c8e47aa8cdf644b2c7a55ad" candidate_term: 1 candidate_status { last_received { term: 0 index: 0 } } ignore_live_leader: false dest_uuid: "715072340c7a4d5a9e61672e43ef957d" is_pre_election: true
I20260710 11:05:29.961813 25492 raft_consensus.cc:2468] T 8943850e559d44a4b518b020ffdd5562 P 715072340c7a4d5a9e61672e43ef957d [term 0 FOLLOWER]: Leader pre-election vote request: Granting yes vote for candidate 0172e7ad8c8e47aa8cdf644b2c7a55ad in term 0.
I20260710 11:05:29.962142 25580 raft_consensus.cc:515] T 36652d2f1048445685aa3b959a8ee760 P 0172e7ad8c8e47aa8cdf644b2c7a55ad [term 1 FOLLOWER]: Starting leader election with config: opid_index: -1 OBSOLETE_local: false peers { permanent_uuid: "093d89e82abe45aeafe0e87c936700b1" member_type: VOTER last_known_addr { host: "127.24.158.65" port: 40851 } } peers { permanent_uuid: "0172e7ad8c8e47aa8cdf644b2c7a55ad" member_type: VOTER last_known_addr { host: "127.24.158.66" port: 41147 } } peers { permanent_uuid: "715072340c7a4d5a9e61672e43ef957d" member_type: VOTER last_known_addr { host: "127.24.158.67" port: 44693 } }
I20260710 11:05:29.962947 25383 leader_election.cc:304] T 8943850e559d44a4b518b020ffdd5562 P 0172e7ad8c8e47aa8cdf644b2c7a55ad [CANDIDATE]: Term 1 pre-election: Election decided. Result: candidate won. Election summary: received 3 responses out of 3 voters: 2 yes votes; 1 no votes. yes voters: 0172e7ad8c8e47aa8cdf644b2c7a55ad, 715072340c7a4d5a9e61672e43ef957d; no voters: 093d89e82abe45aeafe0e87c936700b1
I20260710 11:05:29.960951 25537 consensus_queue.cc:260] T 8943850e559d44a4b518b020ffdd5562 P 093d89e82abe45aeafe0e87c936700b1 [NON_LEADER]: Queue going to NON_LEADER mode. State: All replicated index: 0, Majority replicated index: 0, Committed index: 0, Last appended: 0.0, Last appended by leader: 0, Current term: 0, Majority size: -1, State: 0, Mode: NON_LEADER, active raft config: opid_index: -1 OBSOLETE_local: false peers { permanent_uuid: "093d89e82abe45aeafe0e87c936700b1" member_type: VOTER last_known_addr { host: "127.24.158.65" port: 40851 } } peers { permanent_uuid: "0172e7ad8c8e47aa8cdf644b2c7a55ad" member_type: VOTER last_known_addr { host: "127.24.158.66" port: 41147 } } peers { permanent_uuid: "715072340c7a4d5a9e61672e43ef957d" member_type: VOTER last_known_addr { host: "127.24.158.67" port: 44693 } }
I20260710 11:05:29.964350 25580 leader_election.cc:290] T 36652d2f1048445685aa3b959a8ee760 P 0172e7ad8c8e47aa8cdf644b2c7a55ad [CANDIDATE]: Term 1 election: Requested vote from peers 093d89e82abe45aeafe0e87c936700b1 (127.24.158.65:40851), 715072340c7a4d5a9e61672e43ef957d (127.24.158.67:44693)
I20260710 11:05:29.965051 25344 tablet_service.cc:1917] Received RequestConsensusVote() RPC: tablet_id: "36652d2f1048445685aa3b959a8ee760" candidate_uuid: "0172e7ad8c8e47aa8cdf644b2c7a55ad" candidate_term: 1 candidate_status { last_received { term: 0 index: 0 } } ignore_live_leader: false dest_uuid: "093d89e82abe45aeafe0e87c936700b1"
I20260710 11:05:29.965322 25537 ts_tablet_manager.cc:1434] T 8943850e559d44a4b518b020ffdd5562 P 093d89e82abe45aeafe0e87c936700b1: Time spent starting tablet: real 0.009s	user 0.007s	sys 0.000s
W20260710 11:05:29.966317 25382 leader_election.cc:343] T 36652d2f1048445685aa3b959a8ee760 P 0172e7ad8c8e47aa8cdf644b2c7a55ad [CANDIDATE]: Term 1 election: Tablet error from VoteRequest() call to peer 093d89e82abe45aeafe0e87c936700b1 (127.24.158.65:40851): Illegal state: must be running to vote when last-logged opid is not known
I20260710 11:05:29.966915 25493 tablet_service.cc:1917] Received RequestConsensusVote() RPC: tablet_id: "36652d2f1048445685aa3b959a8ee760" candidate_uuid: "0172e7ad8c8e47aa8cdf644b2c7a55ad" candidate_term: 1 candidate_status { last_received { term: 0 index: 0 } } ignore_live_leader: false dest_uuid: "715072340c7a4d5a9e61672e43ef957d"
I20260710 11:05:29.966981 25537 tablet_bootstrap.cc:492] T 9953122cfd4a4ced8f6c000b67438336 P 093d89e82abe45aeafe0e87c936700b1: Bootstrap starting.
I20260710 11:05:29.967414 25493 raft_consensus.cc:3060] T 36652d2f1048445685aa3b959a8ee760 P 715072340c7a4d5a9e61672e43ef957d [term 0 FOLLOWER]: Advancing to term 1
I20260710 11:05:29.968154 25539 tablet_bootstrap.cc:492] T edc122727e6446ffa8e448f0604bc24c P 0172e7ad8c8e47aa8cdf644b2c7a55ad: No bootstrap required, opened a new log
I20260710 11:05:29.968629 25539 ts_tablet_manager.cc:1403] T edc122727e6446ffa8e448f0604bc24c P 0172e7ad8c8e47aa8cdf644b2c7a55ad: Time spent bootstrapping tablet: real 0.033s	user 0.010s	sys 0.001s
I20260710 11:05:29.969802 25581 raft_consensus.cc:2804] T 8943850e559d44a4b518b020ffdd5562 P 0172e7ad8c8e47aa8cdf644b2c7a55ad [term 0 FOLLOWER]: Leader pre-election won for term 1
I20260710 11:05:29.970280 25581 raft_consensus.cc:493] T 8943850e559d44a4b518b020ffdd5562 P 0172e7ad8c8e47aa8cdf644b2c7a55ad [term 0 FOLLOWER]: Starting leader election (no leader contacted us within the election timeout)
I20260710 11:05:29.970677 25581 raft_consensus.cc:3060] T 8943850e559d44a4b518b020ffdd5562 P 0172e7ad8c8e47aa8cdf644b2c7a55ad [term 0 FOLLOWER]: Advancing to term 1
I20260710 11:05:29.971596 25539 raft_consensus.cc:359] T edc122727e6446ffa8e448f0604bc24c P 0172e7ad8c8e47aa8cdf644b2c7a55ad [term 0 FOLLOWER]: Replica starting. Triggering 0 pending ops. Active config: opid_index: -1 OBSOLETE_local: false peers { permanent_uuid: "093d89e82abe45aeafe0e87c936700b1" member_type: VOTER last_known_addr { host: "127.24.158.65" port: 40851 } } peers { permanent_uuid: "0172e7ad8c8e47aa8cdf644b2c7a55ad" member_type: VOTER last_known_addr { host: "127.24.158.66" port: 41147 } } peers { permanent_uuid: "715072340c7a4d5a9e61672e43ef957d" member_type: VOTER last_known_addr { host: "127.24.158.67" port: 44693 } }
I20260710 11:05:29.972338 25539 raft_consensus.cc:385] T edc122727e6446ffa8e448f0604bc24c P 0172e7ad8c8e47aa8cdf644b2c7a55ad [term 0 FOLLOWER]: Consensus starting up: Expiring failure detector timer to make a prompt election more likely
I20260710 11:05:29.942004 25552 raft_consensus.cc:697] T 9953122cfd4a4ced8f6c000b67438336 P 0172e7ad8c8e47aa8cdf644b2c7a55ad [term 1 LEADER]: Becoming Leader. State: Replica: 0172e7ad8c8e47aa8cdf644b2c7a55ad, State: Running, Role: LEADER
I20260710 11:05:29.972756 25539 raft_consensus.cc:740] T edc122727e6446ffa8e448f0604bc24c P 0172e7ad8c8e47aa8cdf644b2c7a55ad [term 0 FOLLOWER]: Becoming Follower/Learner. State: Replica: 0172e7ad8c8e47aa8cdf644b2c7a55ad, State: Initialized, Role: FOLLOWER
I20260710 11:05:29.973811 25493 raft_consensus.cc:2468] T 36652d2f1048445685aa3b959a8ee760 P 715072340c7a4d5a9e61672e43ef957d [term 1 FOLLOWER]: Leader election vote request: Granting yes vote for candidate 0172e7ad8c8e47aa8cdf644b2c7a55ad in term 1.
I20260710 11:05:29.973536 25539 consensus_queue.cc:260] T edc122727e6446ffa8e448f0604bc24c P 0172e7ad8c8e47aa8cdf644b2c7a55ad [NON_LEADER]: Queue going to NON_LEADER mode. State: All replicated index: 0, Majority replicated index: 0, Committed index: 0, Last appended: 0.0, Last appended by leader: 0, Current term: 0, Majority size: -1, State: 0, Mode: NON_LEADER, active raft config: opid_index: -1 OBSOLETE_local: false peers { permanent_uuid: "093d89e82abe45aeafe0e87c936700b1" member_type: VOTER last_known_addr { host: "127.24.158.65" port: 40851 } } peers { permanent_uuid: "0172e7ad8c8e47aa8cdf644b2c7a55ad" member_type: VOTER last_known_addr { host: "127.24.158.66" port: 41147 } } peers { permanent_uuid: "715072340c7a4d5a9e61672e43ef957d" member_type: VOTER last_known_addr { host: "127.24.158.67" port: 44693 } }
I20260710 11:05:29.974153 25537 tablet_bootstrap.cc:654] T 9953122cfd4a4ced8f6c000b67438336 P 093d89e82abe45aeafe0e87c936700b1: Neither blocks nor log segments found. Creating new log.
I20260710 11:05:29.959951 25237 catalog_manager.cc:5697] T c8d46ef3a7dc4f1e92d8b2552f7eabd9 P 093d89e82abe45aeafe0e87c936700b1 reported cstate change: term changed from 0 to 1, leader changed from <none> to 093d89e82abe45aeafe0e87c936700b1 (127.24.158.65). New cstate: current_term: 1 leader_uuid: "093d89e82abe45aeafe0e87c936700b1" committed_config { opid_index: -1 OBSOLETE_local: false peers { permanent_uuid: "093d89e82abe45aeafe0e87c936700b1" member_type: VOTER last_known_addr { host: "127.24.158.65" port: 40851 } health_report { overall_health: HEALTHY } } peers { permanent_uuid: "0172e7ad8c8e47aa8cdf644b2c7a55ad" member_type: VOTER last_known_addr { host: "127.24.158.66" port: 41147 } health_report { overall_health: UNKNOWN } } peers { permanent_uuid: "715072340c7a4d5a9e61672e43ef957d" member_type: VOTER last_known_addr { host: "127.24.158.67" port: 44693 } health_report { overall_health: UNKNOWN } } }
I20260710 11:05:29.974979 25383 leader_election.cc:304] T 36652d2f1048445685aa3b959a8ee760 P 0172e7ad8c8e47aa8cdf644b2c7a55ad [CANDIDATE]: Term 1 election: Election decided. Result: candidate won. Election summary: received 3 responses out of 3 voters: 2 yes votes; 1 no votes. yes voters: 0172e7ad8c8e47aa8cdf644b2c7a55ad, 715072340c7a4d5a9e61672e43ef957d; no voters: 093d89e82abe45aeafe0e87c936700b1
I20260710 11:05:29.975932 25539 ts_tablet_manager.cc:1434] T edc122727e6446ffa8e448f0604bc24c P 0172e7ad8c8e47aa8cdf644b2c7a55ad: Time spent starting tablet: real 0.007s	user 0.004s	sys 0.004s
I20260710 11:05:29.974496 25552 consensus_queue.cc:237] T 9953122cfd4a4ced8f6c000b67438336 P 0172e7ad8c8e47aa8cdf644b2c7a55ad [LEADER]: Queue going to LEADER mode. State: All replicated index: 0, Majority replicated index: 0, Committed index: 0, Last appended: 0.0, Last appended by leader: 0, Current term: 1, Majority size: 2, State: 0, Mode: LEADER, active raft config: opid_index: -1 OBSOLETE_local: false peers { permanent_uuid: "093d89e82abe45aeafe0e87c936700b1" member_type: VOTER last_known_addr { host: "127.24.158.65" port: 40851 } } peers { permanent_uuid: "0172e7ad8c8e47aa8cdf644b2c7a55ad" member_type: VOTER last_known_addr { host: "127.24.158.66" port: 41147 } } peers { permanent_uuid: "715072340c7a4d5a9e61672e43ef957d" member_type: VOTER last_known_addr { host: "127.24.158.67" port: 44693 } }
I20260710 11:05:29.978107 25539 tablet_bootstrap.cc:492] T c8d46ef3a7dc4f1e92d8b2552f7eabd9 P 0172e7ad8c8e47aa8cdf644b2c7a55ad: Bootstrap starting.
I20260710 11:05:29.981541 25580 raft_consensus.cc:2804] T 36652d2f1048445685aa3b959a8ee760 P 0172e7ad8c8e47aa8cdf644b2c7a55ad [term 1 FOLLOWER]: Leader election won for term 1
I20260710 11:05:29.982206 25581 raft_consensus.cc:515] T 8943850e559d44a4b518b020ffdd5562 P 0172e7ad8c8e47aa8cdf644b2c7a55ad [term 1 FOLLOWER]: Starting leader election with config: opid_index: -1 OBSOLETE_local: false peers { permanent_uuid: "093d89e82abe45aeafe0e87c936700b1" member_type: VOTER last_known_addr { host: "127.24.158.65" port: 40851 } } peers { permanent_uuid: "0172e7ad8c8e47aa8cdf644b2c7a55ad" member_type: VOTER last_known_addr { host: "127.24.158.66" port: 41147 } } peers { permanent_uuid: "715072340c7a4d5a9e61672e43ef957d" member_type: VOTER last_known_addr { host: "127.24.158.67" port: 44693 } }
I20260710 11:05:29.988957 25581 leader_election.cc:290] T 8943850e559d44a4b518b020ffdd5562 P 0172e7ad8c8e47aa8cdf644b2c7a55ad [CANDIDATE]: Term 1 election: Requested vote from peers 093d89e82abe45aeafe0e87c936700b1 (127.24.158.65:40851), 715072340c7a4d5a9e61672e43ef957d (127.24.158.67:44693)
I20260710 11:05:29.990195 25493 tablet_service.cc:1917] Received RequestConsensusVote() RPC: tablet_id: "8943850e559d44a4b518b020ffdd5562" candidate_uuid: "0172e7ad8c8e47aa8cdf644b2c7a55ad" candidate_term: 1 candidate_status { last_received { term: 0 index: 0 } } ignore_live_leader: false dest_uuid: "715072340c7a4d5a9e61672e43ef957d"
I20260710 11:05:29.990767 25493 raft_consensus.cc:3060] T 8943850e559d44a4b518b020ffdd5562 P 715072340c7a4d5a9e61672e43ef957d [term 0 FOLLOWER]: Advancing to term 1
I20260710 11:05:29.990082 25241 catalog_manager.cc:5697] T 9953122cfd4a4ced8f6c000b67438336 P 0172e7ad8c8e47aa8cdf644b2c7a55ad reported cstate change: term changed from 0 to 1, leader changed from <none> to 0172e7ad8c8e47aa8cdf644b2c7a55ad (127.24.158.66). New cstate: current_term: 1 leader_uuid: "0172e7ad8c8e47aa8cdf644b2c7a55ad" committed_config { opid_index: -1 OBSOLETE_local: false peers { permanent_uuid: "093d89e82abe45aeafe0e87c936700b1" member_type: VOTER last_known_addr { host: "127.24.158.65" port: 40851 } health_report { overall_health: UNKNOWN } } peers { permanent_uuid: "0172e7ad8c8e47aa8cdf644b2c7a55ad" member_type: VOTER last_known_addr { host: "127.24.158.66" port: 41147 } health_report { overall_health: HEALTHY } } peers { permanent_uuid: "715072340c7a4d5a9e61672e43ef957d" member_type: VOTER last_known_addr { host: "127.24.158.67" port: 44693 } health_report { overall_health: UNKNOWN } } }
I20260710 11:05:29.993186 25580 raft_consensus.cc:697] T 36652d2f1048445685aa3b959a8ee760 P 0172e7ad8c8e47aa8cdf644b2c7a55ad [term 1 LEADER]: Becoming Leader. State: Replica: 0172e7ad8c8e47aa8cdf644b2c7a55ad, State: Running, Role: LEADER
I20260710 11:05:29.993820 25537 tablet_bootstrap.cc:492] T 9953122cfd4a4ced8f6c000b67438336 P 093d89e82abe45aeafe0e87c936700b1: No bootstrap required, opened a new log
I20260710 11:05:29.994269 25537 ts_tablet_manager.cc:1403] T 9953122cfd4a4ced8f6c000b67438336 P 093d89e82abe45aeafe0e87c936700b1: Time spent bootstrapping tablet: real 0.028s	user 0.016s	sys 0.003s
I20260710 11:05:29.994071 25580 consensus_queue.cc:237] T 36652d2f1048445685aa3b959a8ee760 P 0172e7ad8c8e47aa8cdf644b2c7a55ad [LEADER]: Queue going to LEADER mode. State: All replicated index: 0, Majority replicated index: 0, Committed index: 0, Last appended: 0.0, Last appended by leader: 0, Current term: 1, Majority size: 2, State: 0, Mode: LEADER, active raft config: opid_index: -1 OBSOLETE_local: false peers { permanent_uuid: "093d89e82abe45aeafe0e87c936700b1" member_type: VOTER last_known_addr { host: "127.24.158.65" port: 40851 } } peers { permanent_uuid: "0172e7ad8c8e47aa8cdf644b2c7a55ad" member_type: VOTER last_known_addr { host: "127.24.158.66" port: 41147 } } peers { permanent_uuid: "715072340c7a4d5a9e61672e43ef957d" member_type: VOTER last_known_addr { host: "127.24.158.67" port: 44693 } }
I20260710 11:05:29.996829 25537 raft_consensus.cc:359] T 9953122cfd4a4ced8f6c000b67438336 P 093d89e82abe45aeafe0e87c936700b1 [term 0 FOLLOWER]: Replica starting. Triggering 0 pending ops. Active config: opid_index: -1 OBSOLETE_local: false peers { permanent_uuid: "093d89e82abe45aeafe0e87c936700b1" member_type: VOTER last_known_addr { host: "127.24.158.65" port: 40851 } } peers { permanent_uuid: "0172e7ad8c8e47aa8cdf644b2c7a55ad" member_type: VOTER last_known_addr { host: "127.24.158.66" port: 41147 } } peers { permanent_uuid: "715072340c7a4d5a9e61672e43ef957d" member_type: VOTER last_known_addr { host: "127.24.158.67" port: 44693 } }
I20260710 11:05:29.997649 25537 raft_consensus.cc:385] T 9953122cfd4a4ced8f6c000b67438336 P 093d89e82abe45aeafe0e87c936700b1 [term 0 FOLLOWER]: Consensus starting up: Expiring failure detector timer to make a prompt election more likely
I20260710 11:05:29.997958 25537 raft_consensus.cc:740] T 9953122cfd4a4ced8f6c000b67438336 P 093d89e82abe45aeafe0e87c936700b1 [term 0 FOLLOWER]: Becoming Follower/Learner. State: Replica: 093d89e82abe45aeafe0e87c936700b1, State: Initialized, Role: FOLLOWER
I20260710 11:05:29.998562 25537 consensus_queue.cc:260] T 9953122cfd4a4ced8f6c000b67438336 P 093d89e82abe45aeafe0e87c936700b1 [NON_LEADER]: Queue going to NON_LEADER mode. State: All replicated index: 0, Majority replicated index: 0, Committed index: 0, Last appended: 0.0, Last appended by leader: 0, Current term: 0, Majority size: -1, State: 0, Mode: NON_LEADER, active raft config: opid_index: -1 OBSOLETE_local: false peers { permanent_uuid: "093d89e82abe45aeafe0e87c936700b1" member_type: VOTER last_known_addr { host: "127.24.158.65" port: 40851 } } peers { permanent_uuid: "0172e7ad8c8e47aa8cdf644b2c7a55ad" member_type: VOTER last_known_addr { host: "127.24.158.66" port: 41147 } } peers { permanent_uuid: "715072340c7a4d5a9e61672e43ef957d" member_type: VOTER last_known_addr { host: "127.24.158.67" port: 44693 } }
I20260710 11:05:29.987196 25539 tablet_bootstrap.cc:654] T c8d46ef3a7dc4f1e92d8b2552f7eabd9 P 0172e7ad8c8e47aa8cdf644b2c7a55ad: Neither blocks nor log segments found. Creating new log.
I20260710 11:05:29.994007 25344 tablet_service.cc:1917] Received RequestConsensusVote() RPC: tablet_id: "8943850e559d44a4b518b020ffdd5562" candidate_uuid: "0172e7ad8c8e47aa8cdf644b2c7a55ad" candidate_term: 1 candidate_status { last_received { term: 0 index: 0 } } ignore_live_leader: false dest_uuid: "093d89e82abe45aeafe0e87c936700b1"
I20260710 11:05:29.999655 25344 raft_consensus.cc:3060] T 8943850e559d44a4b518b020ffdd5562 P 093d89e82abe45aeafe0e87c936700b1 [term 0 FOLLOWER]: Advancing to term 1
I20260710 11:05:30.003320 25493 raft_consensus.cc:2468] T 8943850e559d44a4b518b020ffdd5562 P 715072340c7a4d5a9e61672e43ef957d [term 1 FOLLOWER]: Leader election vote request: Granting yes vote for candidate 0172e7ad8c8e47aa8cdf644b2c7a55ad in term 1.
I20260710 11:05:30.004923 25383 leader_election.cc:304] T 8943850e559d44a4b518b020ffdd5562 P 0172e7ad8c8e47aa8cdf644b2c7a55ad [CANDIDATE]: Term 1 election: Election decided. Result: candidate won. Election summary: received 2 responses out of 3 voters: 2 yes votes; 0 no votes. yes voters: 0172e7ad8c8e47aa8cdf644b2c7a55ad, 715072340c7a4d5a9e61672e43ef957d; no voters: 
I20260710 11:05:29.982292 25237 catalog_manager.cc:5697] T 989493d1e0b54d7cac565015d422d21e P 093d89e82abe45aeafe0e87c936700b1 reported cstate change: term changed from 0 to 1, leader changed from <none> to 093d89e82abe45aeafe0e87c936700b1 (127.24.158.65). New cstate: current_term: 1 leader_uuid: "093d89e82abe45aeafe0e87c936700b1" committed_config { opid_index: -1 OBSOLETE_local: false peers { permanent_uuid: "093d89e82abe45aeafe0e87c936700b1" member_type: VOTER last_known_addr { host: "127.24.158.65" port: 40851 } health_report { overall_health: HEALTHY } } peers { permanent_uuid: "0172e7ad8c8e47aa8cdf644b2c7a55ad" member_type: VOTER last_known_addr { host: "127.24.158.66" port: 41147 } health_report { overall_health: UNKNOWN } } peers { permanent_uuid: "715072340c7a4d5a9e61672e43ef957d" member_type: VOTER last_known_addr { host: "127.24.158.67" port: 44693 } health_report { overall_health: UNKNOWN } } }
I20260710 11:05:30.006116 25584 raft_consensus.cc:2804] T 8943850e559d44a4b518b020ffdd5562 P 0172e7ad8c8e47aa8cdf644b2c7a55ad [term 1 FOLLOWER]: Leader election won for term 1
I20260710 11:05:30.007169 25584 raft_consensus.cc:697] T 8943850e559d44a4b518b020ffdd5562 P 0172e7ad8c8e47aa8cdf644b2c7a55ad [term 1 LEADER]: Becoming Leader. State: Replica: 0172e7ad8c8e47aa8cdf644b2c7a55ad, State: Running, Role: LEADER
I20260710 11:05:30.007642 25537 ts_tablet_manager.cc:1434] T 9953122cfd4a4ced8f6c000b67438336 P 093d89e82abe45aeafe0e87c936700b1: Time spent starting tablet: real 0.013s	user 0.006s	sys 0.000s
I20260710 11:05:30.008801 25537 tablet_bootstrap.cc:492] T 36652d2f1048445685aa3b959a8ee760 P 093d89e82abe45aeafe0e87c936700b1: Bootstrap starting.
I20260710 11:05:30.007965 25584 consensus_queue.cc:237] T 8943850e559d44a4b518b020ffdd5562 P 0172e7ad8c8e47aa8cdf644b2c7a55ad [LEADER]: Queue going to LEADER mode. State: All replicated index: 0, Majority replicated index: 0, Committed index: 0, Last appended: 0.0, Last appended by leader: 0, Current term: 1, Majority size: 2, State: 0, Mode: LEADER, active raft config: opid_index: -1 OBSOLETE_local: false peers { permanent_uuid: "093d89e82abe45aeafe0e87c936700b1" member_type: VOTER last_known_addr { host: "127.24.158.65" port: 40851 } } peers { permanent_uuid: "0172e7ad8c8e47aa8cdf644b2c7a55ad" member_type: VOTER last_known_addr { host: "127.24.158.66" port: 41147 } } peers { permanent_uuid: "715072340c7a4d5a9e61672e43ef957d" member_type: VOTER last_known_addr { host: "127.24.158.67" port: 44693 } }
I20260710 11:05:30.014951 25344 raft_consensus.cc:2468] T 8943850e559d44a4b518b020ffdd5562 P 093d89e82abe45aeafe0e87c936700b1 [term 1 FOLLOWER]: Leader election vote request: Granting yes vote for candidate 0172e7ad8c8e47aa8cdf644b2c7a55ad in term 1.
I20260710 11:05:30.022109 25537 tablet_bootstrap.cc:654] T 36652d2f1048445685aa3b959a8ee760 P 093d89e82abe45aeafe0e87c936700b1: Neither blocks nor log segments found. Creating new log.
I20260710 11:05:30.025889 25537 tablet_bootstrap.cc:492] T 36652d2f1048445685aa3b959a8ee760 P 093d89e82abe45aeafe0e87c936700b1: No bootstrap required, opened a new log
I20260710 11:05:30.026252 25537 ts_tablet_manager.cc:1403] T 36652d2f1048445685aa3b959a8ee760 P 093d89e82abe45aeafe0e87c936700b1: Time spent bootstrapping tablet: real 0.018s	user 0.010s	sys 0.000s
I20260710 11:05:30.029316 25539 tablet_bootstrap.cc:492] T c8d46ef3a7dc4f1e92d8b2552f7eabd9 P 0172e7ad8c8e47aa8cdf644b2c7a55ad: No bootstrap required, opened a new log
I20260710 11:05:30.029888 25539 ts_tablet_manager.cc:1403] T c8d46ef3a7dc4f1e92d8b2552f7eabd9 P 0172e7ad8c8e47aa8cdf644b2c7a55ad: Time spent bootstrapping tablet: real 0.052s	user 0.016s	sys 0.002s
I20260710 11:05:30.032037 25241 catalog_manager.cc:5697] T 36652d2f1048445685aa3b959a8ee760 P 0172e7ad8c8e47aa8cdf644b2c7a55ad reported cstate change: term changed from 0 to 1, leader changed from <none> to 0172e7ad8c8e47aa8cdf644b2c7a55ad (127.24.158.66). New cstate: current_term: 1 leader_uuid: "0172e7ad8c8e47aa8cdf644b2c7a55ad" committed_config { opid_index: -1 OBSOLETE_local: false peers { permanent_uuid: "093d89e82abe45aeafe0e87c936700b1" member_type: VOTER last_known_addr { host: "127.24.158.65" port: 40851 } health_report { overall_health: UNKNOWN } } peers { permanent_uuid: "0172e7ad8c8e47aa8cdf644b2c7a55ad" member_type: VOTER last_known_addr { host: "127.24.158.66" port: 41147 } health_report { overall_health: HEALTHY } } peers { permanent_uuid: "715072340c7a4d5a9e61672e43ef957d" member_type: VOTER last_known_addr { host: "127.24.158.67" port: 44693 } health_report { overall_health: UNKNOWN } } }
I20260710 11:05:30.033572 25537 raft_consensus.cc:359] T 36652d2f1048445685aa3b959a8ee760 P 093d89e82abe45aeafe0e87c936700b1 [term 0 FOLLOWER]: Replica starting. Triggering 0 pending ops. Active config: opid_index: -1 OBSOLETE_local: false peers { permanent_uuid: "093d89e82abe45aeafe0e87c936700b1" member_type: VOTER last_known_addr { host: "127.24.158.65" port: 40851 } } peers { permanent_uuid: "0172e7ad8c8e47aa8cdf644b2c7a55ad" member_type: VOTER last_known_addr { host: "127.24.158.66" port: 41147 } } peers { permanent_uuid: "715072340c7a4d5a9e61672e43ef957d" member_type: VOTER last_known_addr { host: "127.24.158.67" port: 44693 } }
I20260710 11:05:30.033412 25241 catalog_manager.cc:5697] T 8943850e559d44a4b518b020ffdd5562 P 0172e7ad8c8e47aa8cdf644b2c7a55ad reported cstate change: term changed from 0 to 1, leader changed from <none> to 0172e7ad8c8e47aa8cdf644b2c7a55ad (127.24.158.66). New cstate: current_term: 1 leader_uuid: "0172e7ad8c8e47aa8cdf644b2c7a55ad" committed_config { opid_index: -1 OBSOLETE_local: false peers { permanent_uuid: "093d89e82abe45aeafe0e87c936700b1" member_type: VOTER last_known_addr { host: "127.24.158.65" port: 40851 } health_report { overall_health: UNKNOWN } } peers { permanent_uuid: "0172e7ad8c8e47aa8cdf644b2c7a55ad" member_type: VOTER last_known_addr { host: "127.24.158.66" port: 41147 } health_report { overall_health: HEALTHY } } peers { permanent_uuid: "715072340c7a4d5a9e61672e43ef957d" member_type: VOTER last_known_addr { host: "127.24.158.67" port: 44693 } health_report { overall_health: UNKNOWN } } }
I20260710 11:05:30.034281 25537 raft_consensus.cc:385] T 36652d2f1048445685aa3b959a8ee760 P 093d89e82abe45aeafe0e87c936700b1 [term 0 FOLLOWER]: Consensus starting up: Expiring failure detector timer to make a prompt election more likely
I20260710 11:05:30.034703 25537 raft_consensus.cc:740] T 36652d2f1048445685aa3b959a8ee760 P 093d89e82abe45aeafe0e87c936700b1 [term 0 FOLLOWER]: Becoming Follower/Learner. State: Replica: 093d89e82abe45aeafe0e87c936700b1, State: Initialized, Role: FOLLOWER
I20260710 11:05:30.034503 25539 raft_consensus.cc:359] T c8d46ef3a7dc4f1e92d8b2552f7eabd9 P 0172e7ad8c8e47aa8cdf644b2c7a55ad [term 0 FOLLOWER]: Replica starting. Triggering 0 pending ops. Active config: opid_index: -1 OBSOLETE_local: false peers { permanent_uuid: "093d89e82abe45aeafe0e87c936700b1" member_type: VOTER last_known_addr { host: "127.24.158.65" port: 40851 } } peers { permanent_uuid: "0172e7ad8c8e47aa8cdf644b2c7a55ad" member_type: VOTER last_known_addr { host: "127.24.158.66" port: 41147 } } peers { permanent_uuid: "715072340c7a4d5a9e61672e43ef957d" member_type: VOTER last_known_addr { host: "127.24.158.67" port: 44693 } }
I20260710 11:05:30.035285 25539 raft_consensus.cc:385] T c8d46ef3a7dc4f1e92d8b2552f7eabd9 P 0172e7ad8c8e47aa8cdf644b2c7a55ad [term 0 FOLLOWER]: Consensus starting up: Expiring failure detector timer to make a prompt election more likely
I20260710 11:05:30.035563 25539 raft_consensus.cc:740] T c8d46ef3a7dc4f1e92d8b2552f7eabd9 P 0172e7ad8c8e47aa8cdf644b2c7a55ad [term 0 FOLLOWER]: Becoming Follower/Learner. State: Replica: 0172e7ad8c8e47aa8cdf644b2c7a55ad, State: Initialized, Role: FOLLOWER
I20260710 11:05:30.035621 25537 consensus_queue.cc:260] T 36652d2f1048445685aa3b959a8ee760 P 093d89e82abe45aeafe0e87c936700b1 [NON_LEADER]: Queue going to NON_LEADER mode. State: All replicated index: 0, Majority replicated index: 0, Committed index: 0, Last appended: 0.0, Last appended by leader: 0, Current term: 0, Majority size: -1, State: 0, Mode: NON_LEADER, active raft config: opid_index: -1 OBSOLETE_local: false peers { permanent_uuid: "093d89e82abe45aeafe0e87c936700b1" member_type: VOTER last_known_addr { host: "127.24.158.65" port: 40851 } } peers { permanent_uuid: "0172e7ad8c8e47aa8cdf644b2c7a55ad" member_type: VOTER last_known_addr { host: "127.24.158.66" port: 41147 } } peers { permanent_uuid: "715072340c7a4d5a9e61672e43ef957d" member_type: VOTER last_known_addr { host: "127.24.158.67" port: 44693 } }
I20260710 11:05:30.037977 25537 ts_tablet_manager.cc:1434] T 36652d2f1048445685aa3b959a8ee760 P 093d89e82abe45aeafe0e87c936700b1: Time spent starting tablet: real 0.011s	user 0.006s	sys 0.000s
I20260710 11:05:30.036435 25539 consensus_queue.cc:260] T c8d46ef3a7dc4f1e92d8b2552f7eabd9 P 0172e7ad8c8e47aa8cdf644b2c7a55ad [NON_LEADER]: Queue going to NON_LEADER mode. State: All replicated index: 0, Majority replicated index: 0, Committed index: 0, Last appended: 0.0, Last appended by leader: 0, Current term: 0, Majority size: -1, State: 0, Mode: NON_LEADER, active raft config: opid_index: -1 OBSOLETE_local: false peers { permanent_uuid: "093d89e82abe45aeafe0e87c936700b1" member_type: VOTER last_known_addr { host: "127.24.158.65" port: 40851 } } peers { permanent_uuid: "0172e7ad8c8e47aa8cdf644b2c7a55ad" member_type: VOTER last_known_addr { host: "127.24.158.66" port: 41147 } } peers { permanent_uuid: "715072340c7a4d5a9e61672e43ef957d" member_type: VOTER last_known_addr { host: "127.24.158.67" port: 44693 } }
I20260710 11:05:30.040875 25539 ts_tablet_manager.cc:1434] T c8d46ef3a7dc4f1e92d8b2552f7eabd9 P 0172e7ad8c8e47aa8cdf644b2c7a55ad: Time spent starting tablet: real 0.011s	user 0.002s	sys 0.004s
I20260710 11:05:30.041811 25539 tablet_bootstrap.cc:492] T ca50bdcdbb3b422c8853d067a2d46602 P 0172e7ad8c8e47aa8cdf644b2c7a55ad: Bootstrap starting.
I20260710 11:05:30.050661 25539 tablet_bootstrap.cc:654] T ca50bdcdbb3b422c8853d067a2d46602 P 0172e7ad8c8e47aa8cdf644b2c7a55ad: Neither blocks nor log segments found. Creating new log.
I20260710 11:05:30.057425 25539 tablet_bootstrap.cc:492] T ca50bdcdbb3b422c8853d067a2d46602 P 0172e7ad8c8e47aa8cdf644b2c7a55ad: No bootstrap required, opened a new log
I20260710 11:05:30.058105 25539 ts_tablet_manager.cc:1403] T ca50bdcdbb3b422c8853d067a2d46602 P 0172e7ad8c8e47aa8cdf644b2c7a55ad: Time spent bootstrapping tablet: real 0.016s	user 0.013s	sys 0.000s
I20260710 11:05:30.060802 25539 raft_consensus.cc:359] T ca50bdcdbb3b422c8853d067a2d46602 P 0172e7ad8c8e47aa8cdf644b2c7a55ad [term 0 FOLLOWER]: Replica starting. Triggering 0 pending ops. Active config: opid_index: -1 OBSOLETE_local: false peers { permanent_uuid: "093d89e82abe45aeafe0e87c936700b1" member_type: VOTER last_known_addr { host: "127.24.158.65" port: 40851 } } peers { permanent_uuid: "0172e7ad8c8e47aa8cdf644b2c7a55ad" member_type: VOTER last_known_addr { host: "127.24.158.66" port: 41147 } } peers { permanent_uuid: "715072340c7a4d5a9e61672e43ef957d" member_type: VOTER last_known_addr { host: "127.24.158.67" port: 44693 } }
I20260710 11:05:30.061517 25539 raft_consensus.cc:385] T ca50bdcdbb3b422c8853d067a2d46602 P 0172e7ad8c8e47aa8cdf644b2c7a55ad [term 0 FOLLOWER]: Consensus starting up: Expiring failure detector timer to make a prompt election more likely
I20260710 11:05:30.061825 25539 raft_consensus.cc:740] T ca50bdcdbb3b422c8853d067a2d46602 P 0172e7ad8c8e47aa8cdf644b2c7a55ad [term 0 FOLLOWER]: Becoming Follower/Learner. State: Replica: 0172e7ad8c8e47aa8cdf644b2c7a55ad, State: Initialized, Role: FOLLOWER
I20260710 11:05:30.062525 25539 consensus_queue.cc:260] T ca50bdcdbb3b422c8853d067a2d46602 P 0172e7ad8c8e47aa8cdf644b2c7a55ad [NON_LEADER]: Queue going to NON_LEADER mode. State: All replicated index: 0, Majority replicated index: 0, Committed index: 0, Last appended: 0.0, Last appended by leader: 0, Current term: 0, Majority size: -1, State: 0, Mode: NON_LEADER, active raft config: opid_index: -1 OBSOLETE_local: false peers { permanent_uuid: "093d89e82abe45aeafe0e87c936700b1" member_type: VOTER last_known_addr { host: "127.24.158.65" port: 40851 } } peers { permanent_uuid: "0172e7ad8c8e47aa8cdf644b2c7a55ad" member_type: VOTER last_known_addr { host: "127.24.158.66" port: 41147 } } peers { permanent_uuid: "715072340c7a4d5a9e61672e43ef957d" member_type: VOTER last_known_addr { host: "127.24.158.67" port: 44693 } }
I20260710 11:05:30.064664 25539 ts_tablet_manager.cc:1434] T ca50bdcdbb3b422c8853d067a2d46602 P 0172e7ad8c8e47aa8cdf644b2c7a55ad: Time spent starting tablet: real 0.006s	user 0.004s	sys 0.000s
I20260710 11:05:30.065572 25539 tablet_bootstrap.cc:492] T 024b8d0549ea4827b4246ad42fdc43a2 P 0172e7ad8c8e47aa8cdf644b2c7a55ad: Bootstrap starting.
I20260710 11:05:30.072816 25539 tablet_bootstrap.cc:654] T 024b8d0549ea4827b4246ad42fdc43a2 P 0172e7ad8c8e47aa8cdf644b2c7a55ad: Neither blocks nor log segments found. Creating new log.
I20260710 11:05:30.077519 25539 tablet_bootstrap.cc:492] T 024b8d0549ea4827b4246ad42fdc43a2 P 0172e7ad8c8e47aa8cdf644b2c7a55ad: No bootstrap required, opened a new log
I20260710 11:05:30.077988 25539 ts_tablet_manager.cc:1403] T 024b8d0549ea4827b4246ad42fdc43a2 P 0172e7ad8c8e47aa8cdf644b2c7a55ad: Time spent bootstrapping tablet: real 0.013s	user 0.011s	sys 0.000s
I20260710 11:05:30.080768 25539 raft_consensus.cc:359] T 024b8d0549ea4827b4246ad42fdc43a2 P 0172e7ad8c8e47aa8cdf644b2c7a55ad [term 0 FOLLOWER]: Replica starting. Triggering 0 pending ops. Active config: opid_index: -1 OBSOLETE_local: false peers { permanent_uuid: "093d89e82abe45aeafe0e87c936700b1" member_type: VOTER last_known_addr { host: "127.24.158.65" port: 40851 } } peers { permanent_uuid: "0172e7ad8c8e47aa8cdf644b2c7a55ad" member_type: VOTER last_known_addr { host: "127.24.158.66" port: 41147 } } peers { permanent_uuid: "715072340c7a4d5a9e61672e43ef957d" member_type: VOTER last_known_addr { host: "127.24.158.67" port: 44693 } }
I20260710 11:05:30.081508 25539 raft_consensus.cc:385] T 024b8d0549ea4827b4246ad42fdc43a2 P 0172e7ad8c8e47aa8cdf644b2c7a55ad [term 0 FOLLOWER]: Consensus starting up: Expiring failure detector timer to make a prompt election more likely
I20260710 11:05:30.081792 25539 raft_consensus.cc:740] T 024b8d0549ea4827b4246ad42fdc43a2 P 0172e7ad8c8e47aa8cdf644b2c7a55ad [term 0 FOLLOWER]: Becoming Follower/Learner. State: Replica: 0172e7ad8c8e47aa8cdf644b2c7a55ad, State: Initialized, Role: FOLLOWER
I20260710 11:05:30.082470 25539 consensus_queue.cc:260] T 024b8d0549ea4827b4246ad42fdc43a2 P 0172e7ad8c8e47aa8cdf644b2c7a55ad [NON_LEADER]: Queue going to NON_LEADER mode. State: All replicated index: 0, Majority replicated index: 0, Committed index: 0, Last appended: 0.0, Last appended by leader: 0, Current term: 0, Majority size: -1, State: 0, Mode: NON_LEADER, active raft config: opid_index: -1 OBSOLETE_local: false peers { permanent_uuid: "093d89e82abe45aeafe0e87c936700b1" member_type: VOTER last_known_addr { host: "127.24.158.65" port: 40851 } } peers { permanent_uuid: "0172e7ad8c8e47aa8cdf644b2c7a55ad" member_type: VOTER last_known_addr { host: "127.24.158.66" port: 41147 } } peers { permanent_uuid: "715072340c7a4d5a9e61672e43ef957d" member_type: VOTER last_known_addr { host: "127.24.158.67" port: 44693 } }
I20260710 11:05:30.085348 25539 ts_tablet_manager.cc:1434] T 024b8d0549ea4827b4246ad42fdc43a2 P 0172e7ad8c8e47aa8cdf644b2c7a55ad: Time spent starting tablet: real 0.007s	user 0.005s	sys 0.002s
I20260710 11:05:30.086288 25539 tablet_bootstrap.cc:492] T 989493d1e0b54d7cac565015d422d21e P 0172e7ad8c8e47aa8cdf644b2c7a55ad: Bootstrap starting.
I20260710 11:05:30.092378 25539 tablet_bootstrap.cc:654] T 989493d1e0b54d7cac565015d422d21e P 0172e7ad8c8e47aa8cdf644b2c7a55ad: Neither blocks nor log segments found. Creating new log.
I20260710 11:05:30.095782 25584 raft_consensus.cc:493] T 024b8d0549ea4827b4246ad42fdc43a2 P 0172e7ad8c8e47aa8cdf644b2c7a55ad [term 0 FOLLOWER]: Starting pre-election (no leader contacted us within the election timeout)
I20260710 11:05:30.096279 25584 raft_consensus.cc:515] T 024b8d0549ea4827b4246ad42fdc43a2 P 0172e7ad8c8e47aa8cdf644b2c7a55ad [term 0 FOLLOWER]: Starting pre-election with config: opid_index: -1 OBSOLETE_local: false peers { permanent_uuid: "093d89e82abe45aeafe0e87c936700b1" member_type: VOTER last_known_addr { host: "127.24.158.65" port: 40851 } } peers { permanent_uuid: "0172e7ad8c8e47aa8cdf644b2c7a55ad" member_type: VOTER last_known_addr { host: "127.24.158.66" port: 41147 } } peers { permanent_uuid: "715072340c7a4d5a9e61672e43ef957d" member_type: VOTER last_known_addr { host: "127.24.158.67" port: 44693 } }
I20260710 11:05:30.097067 25539 tablet_bootstrap.cc:492] T 989493d1e0b54d7cac565015d422d21e P 0172e7ad8c8e47aa8cdf644b2c7a55ad: No bootstrap required, opened a new log
I20260710 11:05:30.097479 25539 ts_tablet_manager.cc:1403] T 989493d1e0b54d7cac565015d422d21e P 0172e7ad8c8e47aa8cdf644b2c7a55ad: Time spent bootstrapping tablet: real 0.011s	user 0.007s	sys 0.004s
I20260710 11:05:30.099094 25344 tablet_service.cc:1917] Received RequestConsensusVote() RPC: tablet_id: "024b8d0549ea4827b4246ad42fdc43a2" candidate_uuid: "0172e7ad8c8e47aa8cdf644b2c7a55ad" candidate_term: 1 candidate_status { last_received { term: 0 index: 0 } } ignore_live_leader: false dest_uuid: "093d89e82abe45aeafe0e87c936700b1" is_pre_election: true
I20260710 11:05:30.099413 25493 tablet_service.cc:1917] Received RequestConsensusVote() RPC: tablet_id: "024b8d0549ea4827b4246ad42fdc43a2" candidate_uuid: "0172e7ad8c8e47aa8cdf644b2c7a55ad" candidate_term: 1 candidate_status { last_received { term: 0 index: 0 } } ignore_live_leader: false dest_uuid: "715072340c7a4d5a9e61672e43ef957d" is_pre_election: true
I20260710 11:05:30.099733 25344 raft_consensus.cc:2468] T 024b8d0549ea4827b4246ad42fdc43a2 P 093d89e82abe45aeafe0e87c936700b1 [term 0 FOLLOWER]: Leader pre-election vote request: Granting yes vote for candidate 0172e7ad8c8e47aa8cdf644b2c7a55ad in term 0.
I20260710 11:05:30.100044 25493 raft_consensus.cc:2468] T 024b8d0549ea4827b4246ad42fdc43a2 P 715072340c7a4d5a9e61672e43ef957d [term 0 FOLLOWER]: Leader pre-election vote request: Granting yes vote for candidate 0172e7ad8c8e47aa8cdf644b2c7a55ad in term 0.
I20260710 11:05:30.100093 25539 raft_consensus.cc:359] T 989493d1e0b54d7cac565015d422d21e P 0172e7ad8c8e47aa8cdf644b2c7a55ad [term 0 FOLLOWER]: Replica starting. Triggering 0 pending ops. Active config: opid_index: -1 OBSOLETE_local: false peers { permanent_uuid: "093d89e82abe45aeafe0e87c936700b1" member_type: VOTER last_known_addr { host: "127.24.158.65" port: 40851 } } peers { permanent_uuid: "0172e7ad8c8e47aa8cdf644b2c7a55ad" member_type: VOTER last_known_addr { host: "127.24.158.66" port: 41147 } } peers { permanent_uuid: "715072340c7a4d5a9e61672e43ef957d" member_type: VOTER last_known_addr { host: "127.24.158.67" port: 44693 } }
I20260710 11:05:30.100854 25539 raft_consensus.cc:385] T 989493d1e0b54d7cac565015d422d21e P 0172e7ad8c8e47aa8cdf644b2c7a55ad [term 0 FOLLOWER]: Consensus starting up: Expiring failure detector timer to make a prompt election more likely
I20260710 11:05:30.101120 25539 raft_consensus.cc:740] T 989493d1e0b54d7cac565015d422d21e P 0172e7ad8c8e47aa8cdf644b2c7a55ad [term 0 FOLLOWER]: Becoming Follower/Learner. State: Replica: 0172e7ad8c8e47aa8cdf644b2c7a55ad, State: Initialized, Role: FOLLOWER
I20260710 11:05:30.101063 25382 leader_election.cc:304] T 024b8d0549ea4827b4246ad42fdc43a2 P 0172e7ad8c8e47aa8cdf644b2c7a55ad [CANDIDATE]: Term 1 pre-election: Election decided. Result: candidate won. Election summary: received 2 responses out of 3 voters: 2 yes votes; 0 no votes. yes voters: 0172e7ad8c8e47aa8cdf644b2c7a55ad, 093d89e82abe45aeafe0e87c936700b1; no voters: 
I20260710 11:05:30.101503 25584 leader_election.cc:290] T 024b8d0549ea4827b4246ad42fdc43a2 P 0172e7ad8c8e47aa8cdf644b2c7a55ad [CANDIDATE]: Term 1 pre-election: Requested pre-vote from peers 093d89e82abe45aeafe0e87c936700b1 (127.24.158.65:40851), 715072340c7a4d5a9e61672e43ef957d (127.24.158.67:44693)
I20260710 11:05:30.102077 25584 raft_consensus.cc:2804] T 024b8d0549ea4827b4246ad42fdc43a2 P 0172e7ad8c8e47aa8cdf644b2c7a55ad [term 0 FOLLOWER]: Leader pre-election won for term 1
I20260710 11:05:30.101835 25539 consensus_queue.cc:260] T 989493d1e0b54d7cac565015d422d21e P 0172e7ad8c8e47aa8cdf644b2c7a55ad [NON_LEADER]: Queue going to NON_LEADER mode. State: All replicated index: 0, Majority replicated index: 0, Committed index: 0, Last appended: 0.0, Last appended by leader: 0, Current term: 0, Majority size: -1, State: 0, Mode: NON_LEADER, active raft config: opid_index: -1 OBSOLETE_local: false peers { permanent_uuid: "093d89e82abe45aeafe0e87c936700b1" member_type: VOTER last_known_addr { host: "127.24.158.65" port: 40851 } } peers { permanent_uuid: "0172e7ad8c8e47aa8cdf644b2c7a55ad" member_type: VOTER last_known_addr { host: "127.24.158.66" port: 41147 } } peers { permanent_uuid: "715072340c7a4d5a9e61672e43ef957d" member_type: VOTER last_known_addr { host: "127.24.158.67" port: 44693 } }
I20260710 11:05:30.102478 25584 raft_consensus.cc:493] T 024b8d0549ea4827b4246ad42fdc43a2 P 0172e7ad8c8e47aa8cdf644b2c7a55ad [term 0 FOLLOWER]: Starting leader election (no leader contacted us within the election timeout)
I20260710 11:05:30.102845 25584 raft_consensus.cc:3060] T 024b8d0549ea4827b4246ad42fdc43a2 P 0172e7ad8c8e47aa8cdf644b2c7a55ad [term 0 FOLLOWER]: Advancing to term 1
I20260710 11:05:30.103891 25539 ts_tablet_manager.cc:1434] T 989493d1e0b54d7cac565015d422d21e P 0172e7ad8c8e47aa8cdf644b2c7a55ad: Time spent starting tablet: real 0.006s	user 0.004s	sys 0.000s
I20260710 11:05:30.104684 25539 tablet_bootstrap.cc:492] T e640de6e4cf047d49274b348a41c5d91 P 0172e7ad8c8e47aa8cdf644b2c7a55ad: Bootstrap starting.
I20260710 11:05:30.107795 25565 raft_consensus.cc:493] T 36652d2f1048445685aa3b959a8ee760 P 093d89e82abe45aeafe0e87c936700b1 [term 0 FOLLOWER]: Starting pre-election (no leader contacted us within the election timeout)
I20260710 11:05:30.108254 25565 raft_consensus.cc:515] T 36652d2f1048445685aa3b959a8ee760 P 093d89e82abe45aeafe0e87c936700b1 [term 0 FOLLOWER]: Starting pre-election with config: opid_index: -1 OBSOLETE_local: false peers { permanent_uuid: "093d89e82abe45aeafe0e87c936700b1" member_type: VOTER last_known_addr { host: "127.24.158.65" port: 40851 } } peers { permanent_uuid: "0172e7ad8c8e47aa8cdf644b2c7a55ad" member_type: VOTER last_known_addr { host: "127.24.158.66" port: 41147 } } peers { permanent_uuid: "715072340c7a4d5a9e61672e43ef957d" member_type: VOTER last_known_addr { host: "127.24.158.67" port: 44693 } }
I20260710 11:05:30.110231 25565 leader_election.cc:290] T 36652d2f1048445685aa3b959a8ee760 P 093d89e82abe45aeafe0e87c936700b1 [CANDIDATE]: Term 1 pre-election: Requested pre-vote from peers 0172e7ad8c8e47aa8cdf644b2c7a55ad (127.24.158.66:41147), 715072340c7a4d5a9e61672e43ef957d (127.24.158.67:44693)
I20260710 11:05:30.110759 25539 tablet_bootstrap.cc:654] T e640de6e4cf047d49274b348a41c5d91 P 0172e7ad8c8e47aa8cdf644b2c7a55ad: Neither blocks nor log segments found. Creating new log.
I20260710 11:05:30.111685 25416 tablet_service.cc:1917] Received RequestConsensusVote() RPC: tablet_id: "36652d2f1048445685aa3b959a8ee760" candidate_uuid: "093d89e82abe45aeafe0e87c936700b1" candidate_term: 1 candidate_status { last_received { term: 0 index: 0 } } ignore_live_leader: false dest_uuid: "0172e7ad8c8e47aa8cdf644b2c7a55ad" is_pre_election: true
I20260710 11:05:30.113673 25493 tablet_service.cc:1917] Received RequestConsensusVote() RPC: tablet_id: "36652d2f1048445685aa3b959a8ee760" candidate_uuid: "093d89e82abe45aeafe0e87c936700b1" candidate_term: 1 candidate_status { last_received { term: 0 index: 0 } } ignore_live_leader: false dest_uuid: "715072340c7a4d5a9e61672e43ef957d" is_pre_election: true
I20260710 11:05:30.114451 25493 raft_consensus.cc:2393] T 36652d2f1048445685aa3b959a8ee760 P 715072340c7a4d5a9e61672e43ef957d [term 1 FOLLOWER]: Leader pre-election vote request: Denying vote to candidate 093d89e82abe45aeafe0e87c936700b1 in current term 1: Already voted for candidate 0172e7ad8c8e47aa8cdf644b2c7a55ad in this term.
I20260710 11:05:30.115492 25308 leader_election.cc:304] T 36652d2f1048445685aa3b959a8ee760 P 093d89e82abe45aeafe0e87c936700b1 [CANDIDATE]: Term 1 pre-election: Election decided. Result: candidate lost. Election summary: received 3 responses out of 3 voters: 1 yes votes; 2 no votes. yes voters: 093d89e82abe45aeafe0e87c936700b1; no voters: 0172e7ad8c8e47aa8cdf644b2c7a55ad, 715072340c7a4d5a9e61672e43ef957d
I20260710 11:05:30.116487 25565 raft_consensus.cc:3060] T 36652d2f1048445685aa3b959a8ee760 P 093d89e82abe45aeafe0e87c936700b1 [term 0 FOLLOWER]: Advancing to term 1
I20260710 11:05:30.122849 25565 raft_consensus.cc:2749] T 36652d2f1048445685aa3b959a8ee760 P 093d89e82abe45aeafe0e87c936700b1 [term 1 FOLLOWER]: Leader pre-election lost for term 1. Reason: could not achieve majority
I20260710 11:05:30.124537 25584 raft_consensus.cc:515] T 024b8d0549ea4827b4246ad42fdc43a2 P 0172e7ad8c8e47aa8cdf644b2c7a55ad [term 1 FOLLOWER]: Starting leader election with config: opid_index: -1 OBSOLETE_local: false peers { permanent_uuid: "093d89e82abe45aeafe0e87c936700b1" member_type: VOTER last_known_addr { host: "127.24.158.65" port: 40851 } } peers { permanent_uuid: "0172e7ad8c8e47aa8cdf644b2c7a55ad" member_type: VOTER last_known_addr { host: "127.24.158.66" port: 41147 } } peers { permanent_uuid: "715072340c7a4d5a9e61672e43ef957d" member_type: VOTER last_known_addr { host: "127.24.158.67" port: 44693 } }
I20260710 11:05:30.127723 25584 leader_election.cc:290] T 024b8d0549ea4827b4246ad42fdc43a2 P 0172e7ad8c8e47aa8cdf644b2c7a55ad [CANDIDATE]: Term 1 election: Requested vote from peers 093d89e82abe45aeafe0e87c936700b1 (127.24.158.65:40851), 715072340c7a4d5a9e61672e43ef957d (127.24.158.67:44693)
I20260710 11:05:30.127784 25344 tablet_service.cc:1917] Received RequestConsensusVote() RPC: tablet_id: "024b8d0549ea4827b4246ad42fdc43a2" candidate_uuid: "0172e7ad8c8e47aa8cdf644b2c7a55ad" candidate_term: 1 candidate_status { last_received { term: 0 index: 0 } } ignore_live_leader: false dest_uuid: "093d89e82abe45aeafe0e87c936700b1"
I20260710 11:05:30.128455 25344 raft_consensus.cc:3060] T 024b8d0549ea4827b4246ad42fdc43a2 P 093d89e82abe45aeafe0e87c936700b1 [term 0 FOLLOWER]: Advancing to term 1
I20260710 11:05:30.130461 25493 tablet_service.cc:1917] Received RequestConsensusVote() RPC: tablet_id: "024b8d0549ea4827b4246ad42fdc43a2" candidate_uuid: "0172e7ad8c8e47aa8cdf644b2c7a55ad" candidate_term: 1 candidate_status { last_received { term: 0 index: 0 } } ignore_live_leader: false dest_uuid: "715072340c7a4d5a9e61672e43ef957d"
I20260710 11:05:30.130980 25539 tablet_bootstrap.cc:492] T e640de6e4cf047d49274b348a41c5d91 P 0172e7ad8c8e47aa8cdf644b2c7a55ad: No bootstrap required, opened a new log
I20260710 11:05:30.130961 25493 raft_consensus.cc:3060] T 024b8d0549ea4827b4246ad42fdc43a2 P 715072340c7a4d5a9e61672e43ef957d [term 0 FOLLOWER]: Advancing to term 1
I20260710 11:05:30.131485 25539 ts_tablet_manager.cc:1403] T e640de6e4cf047d49274b348a41c5d91 P 0172e7ad8c8e47aa8cdf644b2c7a55ad: Time spent bootstrapping tablet: real 0.027s	user 0.012s	sys 0.013s
I20260710 11:05:30.134166 25539 raft_consensus.cc:359] T e640de6e4cf047d49274b348a41c5d91 P 0172e7ad8c8e47aa8cdf644b2c7a55ad [term 0 FOLLOWER]: Replica starting. Triggering 0 pending ops. Active config: opid_index: -1 OBSOLETE_local: false peers { permanent_uuid: "093d89e82abe45aeafe0e87c936700b1" member_type: VOTER last_known_addr { host: "127.24.158.65" port: 40851 } } peers { permanent_uuid: "715072340c7a4d5a9e61672e43ef957d" member_type: VOTER last_known_addr { host: "127.24.158.67" port: 44693 } } peers { permanent_uuid: "0172e7ad8c8e47aa8cdf644b2c7a55ad" member_type: VOTER last_known_addr { host: "127.24.158.66" port: 41147 } }
I20260710 11:05:30.134608 25344 raft_consensus.cc:2468] T 024b8d0549ea4827b4246ad42fdc43a2 P 093d89e82abe45aeafe0e87c936700b1 [term 1 FOLLOWER]: Leader election vote request: Granting yes vote for candidate 0172e7ad8c8e47aa8cdf644b2c7a55ad in term 1.
I20260710 11:05:30.134785 25539 raft_consensus.cc:385] T e640de6e4cf047d49274b348a41c5d91 P 0172e7ad8c8e47aa8cdf644b2c7a55ad [term 0 FOLLOWER]: Consensus starting up: Expiring failure detector timer to make a prompt election more likely
I20260710 11:05:30.135136 25539 raft_consensus.cc:740] T e640de6e4cf047d49274b348a41c5d91 P 0172e7ad8c8e47aa8cdf644b2c7a55ad [term 0 FOLLOWER]: Becoming Follower/Learner. State: Replica: 0172e7ad8c8e47aa8cdf644b2c7a55ad, State: Initialized, Role: FOLLOWER
I20260710 11:05:30.135757 25382 leader_election.cc:304] T 024b8d0549ea4827b4246ad42fdc43a2 P 0172e7ad8c8e47aa8cdf644b2c7a55ad [CANDIDATE]: Term 1 election: Election decided. Result: candidate won. Election summary: received 2 responses out of 3 voters: 2 yes votes; 0 no votes. yes voters: 0172e7ad8c8e47aa8cdf644b2c7a55ad, 093d89e82abe45aeafe0e87c936700b1; no voters: 
