I20260710 11:05:34.384680 27531 consensus_queue.cc:237] T 14fabdccb6c64bd2bb47788a6d3de369 P 68f88bd925e04960aed0a74928631384 [LEADER]: Queue going to LEADER mode. State: All replicated index: 0, Majority replicated index: 2, Committed index: 2, Last appended: 2.2, Last appended by leader: 2, Current term: 3, Majority size: 2, State: 0, Mode: LEADER, active raft config: opid_index: -1 OBSOLETE_local: false peers { permanent_uuid: "3f8199d31ca047ce806aa09b149a4ca8" member_type: VOTER last_known_addr { host: "127.26.112.65" port: 45381 } } peers { permanent_uuid: "68f88bd925e04960aed0a74928631384" member_type: VOTER last_known_addr { host: "127.26.112.66" port: 45563 } } peers { permanent_uuid: "f327670966e54f1ba40a5b979751ce2b" member_type: VOTER last_known_addr { host: "127.26.112.67" port: 45483 } }
I20260710 11:05:34.391371 27104 catalog_manager.cc:5697] T 14fabdccb6c64bd2bb47788a6d3de369 P 68f88bd925e04960aed0a74928631384 reported cstate change: term changed from 2 to 3, leader changed from 3f8199d31ca047ce806aa09b149a4ca8 (127.26.112.65) to 68f88bd925e04960aed0a74928631384 (127.26.112.66). New cstate: current_term: 3 leader_uuid: "68f88bd925e04960aed0a74928631384" committed_config { opid_index: -1 OBSOLETE_local: false peers { permanent_uuid: "3f8199d31ca047ce806aa09b149a4ca8" member_type: VOTER last_known_addr { host: "127.26.112.65" port: 45381 } health_report { overall_health: UNKNOWN } } peers { permanent_uuid: "68f88bd925e04960aed0a74928631384" member_type: VOTER last_known_addr { host: "127.26.112.66" port: 45563 } health_report { overall_health: HEALTHY } } peers { permanent_uuid: "f327670966e54f1ba40a5b979751ce2b" member_type: VOTER last_known_addr { host: "127.26.112.67" port: 45483 } health_report { overall_health: UNKNOWN } } }
I20260710 11:05:34.409783 27356 raft_consensus.cc:1275] T 860ef213aa7e42c4b558e8171b964764 P f327670966e54f1ba40a5b979751ce2b [term 4 FOLLOWER]: Refusing update from remote peer 68f88bd925e04960aed0a74928631384: Log matching property violated. Preceding OpId in replica: term: 3 index: 3. Preceding OpId from leader: term: 4 index: 4. (index mismatch)
I20260710 11:05:34.410972 27531 consensus_queue.cc:1048] T 860ef213aa7e42c4b558e8171b964764 P 68f88bd925e04960aed0a74928631384 [LEADER]: Connected to new peer: Peer: permanent_uuid: "f327670966e54f1ba40a5b979751ce2b" member_type: VOTER last_known_addr { host: "127.26.112.67" port: 45483 }, Status: LMP_MISMATCH, Last received: 0.0, Next index: 4, Last known committed idx: 3, Time since last communication: 0.000s
I20260710 11:05:34.417956 27207 raft_consensus.cc:1275] T 860ef213aa7e42c4b558e8171b964764 P 3f8199d31ca047ce806aa09b149a4ca8 [term 4 FOLLOWER]: Refusing update from remote peer 68f88bd925e04960aed0a74928631384: Log matching property violated. Preceding OpId in replica: term: 3 index: 3. Preceding OpId from leader: term: 4 index: 4. (index mismatch)
I20260710 11:05:34.419763 27513 consensus_queue.cc:1048] T 860ef213aa7e42c4b558e8171b964764 P 68f88bd925e04960aed0a74928631384 [LEADER]: Connected to new peer: Peer: permanent_uuid: "3f8199d31ca047ce806aa09b149a4ca8" member_type: VOTER last_known_addr { host: "127.26.112.65" port: 45381 }, Status: LMP_MISMATCH, Last received: 0.0, Next index: 4, Last known committed idx: 3, Time since last communication: 0.000s
I20260710 11:05:34.498296 27207 raft_consensus.cc:1275] T c314317488c94571be956f46a4109304 P 3f8199d31ca047ce806aa09b149a4ca8 [term 4 FOLLOWER]: Refusing update from remote peer 68f88bd925e04960aed0a74928631384: Log matching property violated. Preceding OpId in replica: term: 3 index: 3. Preceding OpId from leader: term: 4 index: 4. (index mismatch)
I20260710 11:05:34.499629 27513 consensus_queue.cc:1048] T c314317488c94571be956f46a4109304 P 68f88bd925e04960aed0a74928631384 [LEADER]: Connected to new peer: Peer: permanent_uuid: "3f8199d31ca047ce806aa09b149a4ca8" member_type: VOTER last_known_addr { host: "127.26.112.65" port: 45381 }, Status: LMP_MISMATCH, Last received: 0.0, Next index: 4, Last known committed idx: 3, Time since last communication: 0.000s
I20260710 11:05:34.506589 27356 raft_consensus.cc:1275] T c314317488c94571be956f46a4109304 P f327670966e54f1ba40a5b979751ce2b [term 4 FOLLOWER]: Refusing update from remote peer 68f88bd925e04960aed0a74928631384: Log matching property violated. Preceding OpId in replica: term: 3 index: 3. Preceding OpId from leader: term: 4 index: 4. (index mismatch)
I20260710 11:05:34.508677 27513 consensus_queue.cc:1048] T c314317488c94571be956f46a4109304 P 68f88bd925e04960aed0a74928631384 [LEADER]: Connected to new peer: Peer: permanent_uuid: "f327670966e54f1ba40a5b979751ce2b" member_type: VOTER last_known_addr { host: "127.26.112.67" port: 45483 }, Status: LMP_MISMATCH, Last received: 0.0, Next index: 4, Last known committed idx: 3, Time since last communication: 0.000s
I20260710 11:05:34.784637 27356 raft_consensus.cc:1275] T a4f03ac9e9534f4f9ce021839e35a81c P f327670966e54f1ba40a5b979751ce2b [term 3 FOLLOWER]: Refusing update from remote peer 68f88bd925e04960aed0a74928631384: Log matching property violated. Preceding OpId in replica: term: 2 index: 2. Preceding OpId from leader: term: 3 index: 3. (index mismatch)
I20260710 11:05:34.785791 27513 consensus_queue.cc:1048] T a4f03ac9e9534f4f9ce021839e35a81c P 68f88bd925e04960aed0a74928631384 [LEADER]: Connected to new peer: Peer: permanent_uuid: "f327670966e54f1ba40a5b979751ce2b" member_type: VOTER last_known_addr { host: "127.26.112.67" port: 45483 }, Status: LMP_MISMATCH, Last received: 0.0, Next index: 3, Last known committed idx: 2, Time since last communication: 0.000s
I20260710 11:05:34.793318 27207 raft_consensus.cc:1275] T a4f03ac9e9534f4f9ce021839e35a81c P 3f8199d31ca047ce806aa09b149a4ca8 [term 3 FOLLOWER]: Refusing update from remote peer 68f88bd925e04960aed0a74928631384: Log matching property violated. Preceding OpId in replica: term: 2 index: 2. Preceding OpId from leader: term: 3 index: 3. (index mismatch)
I20260710 11:05:34.795663 27513 consensus_queue.cc:1048] T a4f03ac9e9534f4f9ce021839e35a81c P 68f88bd925e04960aed0a74928631384 [LEADER]: Connected to new peer: Peer: permanent_uuid: "3f8199d31ca047ce806aa09b149a4ca8" member_type: VOTER last_known_addr { host: "127.26.112.65" port: 45381 }, Status: LMP_MISMATCH, Last received: 0.0, Next index: 3, Last known committed idx: 2, Time since last communication: 0.000s
I20260710 11:05:34.955766 27356 raft_consensus.cc:1275] T 14fabdccb6c64bd2bb47788a6d3de369 P f327670966e54f1ba40a5b979751ce2b [term 3 FOLLOWER]: Refusing update from remote peer 68f88bd925e04960aed0a74928631384: Log matching property violated. Preceding OpId in replica: term: 2 index: 2. Preceding OpId from leader: term: 3 index: 3. (index mismatch)
I20260710 11:05:34.956933 27513 consensus_queue.cc:1048] T 14fabdccb6c64bd2bb47788a6d3de369 P 68f88bd925e04960aed0a74928631384 [LEADER]: Connected to new peer: Peer: permanent_uuid: "f327670966e54f1ba40a5b979751ce2b" member_type: VOTER last_known_addr { host: "127.26.112.67" port: 45483 }, Status: LMP_MISMATCH, Last received: 0.0, Next index: 3, Last known committed idx: 2, Time since last communication: 0.000s
I20260710 11:05:34.964219 27207 raft_consensus.cc:1275] T 14fabdccb6c64bd2bb47788a6d3de369 P 3f8199d31ca047ce806aa09b149a4ca8 [term 3 FOLLOWER]: Refusing update from remote peer 68f88bd925e04960aed0a74928631384: Log matching property violated. Preceding OpId in replica: term: 2 index: 2. Preceding OpId from leader: term: 3 index: 3. (index mismatch)
I20260710 11:05:34.965612 27523 consensus_queue.cc:1048] T 14fabdccb6c64bd2bb47788a6d3de369 P 68f88bd925e04960aed0a74928631384 [LEADER]: Connected to new peer: Peer: permanent_uuid: "3f8199d31ca047ce806aa09b149a4ca8" member_type: VOTER last_known_addr { host: "127.26.112.65" port: 45381 }, Status: LMP_MISMATCH, Last received: 0.0, Next index: 3, Last known committed idx: 2, Time since last communication: 0.000s
I20260710 11:05:37.567103 27073 auto_leader_rebalancer.cc:141] leader rebalance for table test-workload
I20260710 11:05:37.574795 27281 tablet_service.cc:2072] Received LeaderStepDown RPC: tablet_id: "0e7c33dfb2454f82bf2c54b9548a7cab"
dest_uuid: "68f88bd925e04960aed0a74928631384"
mode: GRACEFUL
new_leader_uuid: "f327670966e54f1ba40a5b979751ce2b"
 from {username='slave'} at 127.0.0.1:54946
I20260710 11:05:37.575578 27281 raft_consensus.cc:606] T 0e7c33dfb2454f82bf2c54b9548a7cab P 68f88bd925e04960aed0a74928631384 [term 3 LEADER]: Received request to transfer leadership to TS f327670966e54f1ba40a5b979751ce2b
I20260710 11:05:37.578181 27281 tablet_service.cc:2072] Received LeaderStepDown RPC: tablet_id: "129d4acec6f9417992c2f5cd6a0c1ea5"
dest_uuid: "68f88bd925e04960aed0a74928631384"
mode: GRACEFUL
new_leader_uuid: "f327670966e54f1ba40a5b979751ce2b"
 from {username='slave'} at 127.0.0.1:54946
I20260710 11:05:37.578356 27547 raft_consensus.cc:993] T 0e7c33dfb2454f82bf2c54b9548a7cab P 68f88bd925e04960aed0a74928631384: : Instructing follower f327670966e54f1ba40a5b979751ce2b to start an election
I20260710 11:05:37.578678 27281 raft_consensus.cc:606] T 129d4acec6f9417992c2f5cd6a0c1ea5 P 68f88bd925e04960aed0a74928631384 [term 2 LEADER]: Received request to transfer leadership to TS f327670966e54f1ba40a5b979751ce2b
I20260710 11:05:37.578902 27544 raft_consensus.cc:1081] T 0e7c33dfb2454f82bf2c54b9548a7cab P 68f88bd925e04960aed0a74928631384 [term 3 LEADER]: Signalling peer f327670966e54f1ba40a5b979751ce2b to start an election
I20260710 11:05:37.580498 27353 tablet_service.cc:2044] Received Run Leader Election RPC: tablet_id: "0e7c33dfb2454f82bf2c54b9548a7cab"
dest_uuid: "f327670966e54f1ba40a5b979751ce2b"
 from {username='slave'} at 127.0.0.1:37990
I20260710 11:05:37.581001 27353 raft_consensus.cc:493] T 0e7c33dfb2454f82bf2c54b9548a7cab P f327670966e54f1ba40a5b979751ce2b [term 3 FOLLOWER]: Starting forced leader election (received explicit request)
I20260710 11:05:37.580958 27281 tablet_service.cc:2072] Received LeaderStepDown RPC: tablet_id: "860ef213aa7e42c4b558e8171b964764"
dest_uuid: "68f88bd925e04960aed0a74928631384"
mode: GRACEFUL
new_leader_uuid: "3f8199d31ca047ce806aa09b149a4ca8"
 from {username='slave'} at 127.0.0.1:54946
I20260710 11:05:37.581498 27353 raft_consensus.cc:3060] T 0e7c33dfb2454f82bf2c54b9548a7cab P f327670966e54f1ba40a5b979751ce2b [term 3 FOLLOWER]: Advancing to term 4
I20260710 11:05:37.581617 27281 raft_consensus.cc:606] T 860ef213aa7e42c4b558e8171b964764 P 68f88bd925e04960aed0a74928631384 [term 4 LEADER]: Received request to transfer leadership to TS 3f8199d31ca047ce806aa09b149a4ca8
I20260710 11:05:37.583833 27281 tablet_service.cc:2072] Received LeaderStepDown RPC: tablet_id: "9d226265ae504d7ba01cd7f4a93e3288"
dest_uuid: "68f88bd925e04960aed0a74928631384"
mode: GRACEFUL
new_leader_uuid: "3f8199d31ca047ce806aa09b149a4ca8"
 from {username='slave'} at 127.0.0.1:54946
I20260710 11:05:37.584306 27281 raft_consensus.cc:606] T 9d226265ae504d7ba01cd7f4a93e3288 P 68f88bd925e04960aed0a74928631384 [term 2 LEADER]: Received request to transfer leadership to TS 3f8199d31ca047ce806aa09b149a4ca8
I20260710 11:05:37.586431 27281 tablet_service.cc:2072] Received LeaderStepDown RPC: tablet_id: "c314317488c94571be956f46a4109304"
dest_uuid: "68f88bd925e04960aed0a74928631384"
mode: GRACEFUL
new_leader_uuid: "3f8199d31ca047ce806aa09b149a4ca8"
 from {username='slave'} at 127.0.0.1:54946
I20260710 11:05:37.586910 27281 raft_consensus.cc:606] T c314317488c94571be956f46a4109304 P 68f88bd925e04960aed0a74928631384 [term 4 LEADER]: Received request to transfer leadership to TS 3f8199d31ca047ce806aa09b149a4ca8
I20260710 11:05:37.587944 27073 auto_leader_rebalancer.cc:452] table: test-workload, leader rebalance finish, leader transfer count: 5
I20260710 11:05:37.588344 27073 auto_leader_rebalancer.cc:527] All tables' leader rebalancing finished this round
I20260710 11:05:37.588439 27353 raft_consensus.cc:515] T 0e7c33dfb2454f82bf2c54b9548a7cab P f327670966e54f1ba40a5b979751ce2b [term 4 FOLLOWER]: Starting forced leader election with config: opid_index: -1 OBSOLETE_local: false peers { permanent_uuid: "3f8199d31ca047ce806aa09b149a4ca8" member_type: VOTER last_known_addr { host: "127.26.112.65" port: 45381 } } peers { permanent_uuid: "68f88bd925e04960aed0a74928631384" member_type: VOTER last_known_addr { host: "127.26.112.66" port: 45563 } } peers { permanent_uuid: "f327670966e54f1ba40a5b979751ce2b" member_type: VOTER last_known_addr { host: "127.26.112.67" port: 45483 } }
I20260710 11:05:37.590272 27353 leader_election.cc:290] T 0e7c33dfb2454f82bf2c54b9548a7cab P f327670966e54f1ba40a5b979751ce2b [CANDIDATE]: Term 4 election: Requested vote from peers 3f8199d31ca047ce806aa09b149a4ca8 (127.26.112.65:45381), 68f88bd925e04960aed0a74928631384 (127.26.112.66:45563)
I20260710 11:05:37.591077 27205 tablet_service.cc:1917] Received RequestConsensusVote() RPC: tablet_id: "0e7c33dfb2454f82bf2c54b9548a7cab" candidate_uuid: "f327670966e54f1ba40a5b979751ce2b" candidate_term: 4 candidate_status { last_received { term: 3 index: 3 } } ignore_live_leader: true dest_uuid: "3f8199d31ca047ce806aa09b149a4ca8"
I20260710 11:05:37.591356 27281 tablet_service.cc:1917] Received RequestConsensusVote() RPC: tablet_id: "0e7c33dfb2454f82bf2c54b9548a7cab" candidate_uuid: "f327670966e54f1ba40a5b979751ce2b" candidate_term: 4 candidate_status { last_received { term: 3 index: 3 } } ignore_live_leader: true dest_uuid: "68f88bd925e04960aed0a74928631384"
I20260710 11:05:37.591693 27205 raft_consensus.cc:3060] T 0e7c33dfb2454f82bf2c54b9548a7cab P 3f8199d31ca047ce806aa09b149a4ca8 [term 3 FOLLOWER]: Advancing to term 4
I20260710 11:05:37.591781 27281 raft_consensus.cc:3055] T 0e7c33dfb2454f82bf2c54b9548a7cab P 68f88bd925e04960aed0a74928631384 [term 3 LEADER]: Stepping down as leader of term 3
I20260710 11:05:37.592056 27281 raft_consensus.cc:740] T 0e7c33dfb2454f82bf2c54b9548a7cab P 68f88bd925e04960aed0a74928631384 [term 3 LEADER]: Becoming Follower/Learner. State: Replica: 68f88bd925e04960aed0a74928631384, State: Running, Role: LEADER
I20260710 11:05:37.592617 27281 consensus_queue.cc:260] T 0e7c33dfb2454f82bf2c54b9548a7cab P 68f88bd925e04960aed0a74928631384 [NON_LEADER]: Queue going to NON_LEADER mode. State: All replicated index: 0, Majority replicated index: 3, Committed index: 3, Last appended: 3.3, Last appended by leader: 3, Current term: 3, Majority size: -1, State: 0, Mode: NON_LEADER, active raft config: opid_index: -1 OBSOLETE_local: false peers { permanent_uuid: "3f8199d31ca047ce806aa09b149a4ca8" member_type: VOTER last_known_addr { host: "127.26.112.65" port: 45381 } } peers { permanent_uuid: "68f88bd925e04960aed0a74928631384" member_type: VOTER last_known_addr { host: "127.26.112.66" port: 45563 } } peers { permanent_uuid: "f327670966e54f1ba40a5b979751ce2b" member_type: VOTER last_known_addr { host: "127.26.112.67" port: 45483 } }
I20260710 11:05:37.593418 27281 raft_consensus.cc:3060] T 0e7c33dfb2454f82bf2c54b9548a7cab P 68f88bd925e04960aed0a74928631384 [term 3 FOLLOWER]: Advancing to term 4
I20260710 11:05:37.596330 27205 raft_consensus.cc:2468] T 0e7c33dfb2454f82bf2c54b9548a7cab P 3f8199d31ca047ce806aa09b149a4ca8 [term 4 FOLLOWER]: Leader election vote request: Granting yes vote for candidate f327670966e54f1ba40a5b979751ce2b in term 4.
I20260710 11:05:37.597373 27281 raft_consensus.cc:2468] T 0e7c33dfb2454f82bf2c54b9548a7cab P 68f88bd925e04960aed0a74928631384 [term 4 FOLLOWER]: Leader election vote request: Granting yes vote for candidate f327670966e54f1ba40a5b979751ce2b in term 4.
I20260710 11:05:37.597479 27321 leader_election.cc:304] T 0e7c33dfb2454f82bf2c54b9548a7cab P f327670966e54f1ba40a5b979751ce2b [CANDIDATE]: Term 4 election: Election decided. Result: candidate won. Election summary: received 2 responses out of 3 voters: 2 yes votes; 0 no votes. yes voters: 3f8199d31ca047ce806aa09b149a4ca8, f327670966e54f1ba40a5b979751ce2b; no voters: 
I20260710 11:05:37.598407 27545 raft_consensus.cc:2804] T 0e7c33dfb2454f82bf2c54b9548a7cab P f327670966e54f1ba40a5b979751ce2b [term 4 FOLLOWER]: Leader election won for term 4
I20260710 11:05:37.599179 27545 raft_consensus.cc:697] T 0e7c33dfb2454f82bf2c54b9548a7cab P f327670966e54f1ba40a5b979751ce2b [term 4 LEADER]: Becoming Leader. State: Replica: f327670966e54f1ba40a5b979751ce2b, State: Running, Role: LEADER
I20260710 11:05:37.599857 27545 consensus_queue.cc:237] T 0e7c33dfb2454f82bf2c54b9548a7cab P f327670966e54f1ba40a5b979751ce2b [LEADER]: Queue going to LEADER mode. State: All replicated index: 0, Majority replicated index: 3, Committed index: 3, Last appended: 3.3, Last appended by leader: 3, Current term: 4, Majority size: 2, State: 0, Mode: LEADER, active raft config: opid_index: -1 OBSOLETE_local: false peers { permanent_uuid: "3f8199d31ca047ce806aa09b149a4ca8" member_type: VOTER last_known_addr { host: "127.26.112.65" port: 45381 } } peers { permanent_uuid: "68f88bd925e04960aed0a74928631384" member_type: VOTER last_known_addr { host: "127.26.112.66" port: 45563 } } peers { permanent_uuid: "f327670966e54f1ba40a5b979751ce2b" member_type: VOTER last_known_addr { host: "127.26.112.67" port: 45483 } }
I20260710 11:05:37.607735 27104 catalog_manager.cc:5697] T 0e7c33dfb2454f82bf2c54b9548a7cab P f327670966e54f1ba40a5b979751ce2b reported cstate change: term changed from 3 to 4, leader changed from 68f88bd925e04960aed0a74928631384 (127.26.112.66) to f327670966e54f1ba40a5b979751ce2b (127.26.112.67). New cstate: current_term: 4 leader_uuid: "f327670966e54f1ba40a5b979751ce2b" committed_config { opid_index: -1 OBSOLETE_local: false peers { permanent_uuid: "3f8199d31ca047ce806aa09b149a4ca8" member_type: VOTER last_known_addr { host: "127.26.112.65" port: 45381 } health_report { overall_health: UNKNOWN } } peers { permanent_uuid: "68f88bd925e04960aed0a74928631384" member_type: VOTER last_known_addr { host: "127.26.112.66" port: 45563 } health_report { overall_health: UNKNOWN } } peers { permanent_uuid: "f327670966e54f1ba40a5b979751ce2b" member_type: VOTER last_known_addr { host: "127.26.112.67" port: 45483 } health_report { overall_health: HEALTHY } } }
I20260710 11:05:37.872016 27547 raft_consensus.cc:993] T 129d4acec6f9417992c2f5cd6a0c1ea5 P 68f88bd925e04960aed0a74928631384: : Instructing follower f327670966e54f1ba40a5b979751ce2b to start an election
I20260710 11:05:37.872431 27544 raft_consensus.cc:1081] T 129d4acec6f9417992c2f5cd6a0c1ea5 P 68f88bd925e04960aed0a74928631384 [term 2 LEADER]: Signalling peer f327670966e54f1ba40a5b979751ce2b to start an election
I20260710 11:05:37.873776 27353 tablet_service.cc:2044] Received Run Leader Election RPC: tablet_id: "129d4acec6f9417992c2f5cd6a0c1ea5"
dest_uuid: "f327670966e54f1ba40a5b979751ce2b"
 from {username='slave'} at 127.0.0.1:37990
I20260710 11:05:37.874221 27353 raft_consensus.cc:493] T 129d4acec6f9417992c2f5cd6a0c1ea5 P f327670966e54f1ba40a5b979751ce2b [term 2 FOLLOWER]: Starting forced leader election (received explicit request)
I20260710 11:05:37.874495 27353 raft_consensus.cc:3060] T 129d4acec6f9417992c2f5cd6a0c1ea5 P f327670966e54f1ba40a5b979751ce2b [term 2 FOLLOWER]: Advancing to term 3
I20260710 11:05:37.878952 27353 raft_consensus.cc:515] T 129d4acec6f9417992c2f5cd6a0c1ea5 P f327670966e54f1ba40a5b979751ce2b [term 3 FOLLOWER]: Starting forced leader election with config: opid_index: -1 OBSOLETE_local: false peers { permanent_uuid: "3f8199d31ca047ce806aa09b149a4ca8" member_type: VOTER last_known_addr { host: "127.26.112.65" port: 45381 } } peers { permanent_uuid: "68f88bd925e04960aed0a74928631384" member_type: VOTER last_known_addr { host: "127.26.112.66" port: 45563 } } peers { permanent_uuid: "f327670966e54f1ba40a5b979751ce2b" member_type: VOTER last_known_addr { host: "127.26.112.67" port: 45483 } }
I20260710 11:05:37.880517 27353 leader_election.cc:290] T 129d4acec6f9417992c2f5cd6a0c1ea5 P f327670966e54f1ba40a5b979751ce2b [CANDIDATE]: Term 3 election: Requested vote from peers 3f8199d31ca047ce806aa09b149a4ca8 (127.26.112.65:45381), 68f88bd925e04960aed0a74928631384 (127.26.112.66:45563)
I20260710 11:05:37.881172 27205 tablet_service.cc:1917] Received RequestConsensusVote() RPC: tablet_id: "129d4acec6f9417992c2f5cd6a0c1ea5" candidate_uuid: "f327670966e54f1ba40a5b979751ce2b" candidate_term: 3 candidate_status { last_received { term: 2 index: 2 } } ignore_live_leader: true dest_uuid: "3f8199d31ca047ce806aa09b149a4ca8"
I20260710 11:05:37.881579 27281 tablet_service.cc:1917] Received RequestConsensusVote() RPC: tablet_id: "129d4acec6f9417992c2f5cd6a0c1ea5" candidate_uuid: "f327670966e54f1ba40a5b979751ce2b" candidate_term: 3 candidate_status { last_received { term: 2 index: 2 } } ignore_live_leader: true dest_uuid: "68f88bd925e04960aed0a74928631384"
I20260710 11:05:37.881734 27205 raft_consensus.cc:3060] T 129d4acec6f9417992c2f5cd6a0c1ea5 P 3f8199d31ca047ce806aa09b149a4ca8 [term 2 FOLLOWER]: Advancing to term 3
I20260710 11:05:37.882056 27281 raft_consensus.cc:3055] T 129d4acec6f9417992c2f5cd6a0c1ea5 P 68f88bd925e04960aed0a74928631384 [term 2 LEADER]: Stepping down as leader of term 2
I20260710 11:05:37.882332 27281 raft_consensus.cc:740] T 129d4acec6f9417992c2f5cd6a0c1ea5 P 68f88bd925e04960aed0a74928631384 [term 2 LEADER]: Becoming Follower/Learner. State: Replica: 68f88bd925e04960aed0a74928631384, State: Running, Role: LEADER
I20260710 11:05:37.883049 27281 consensus_queue.cc:260] T 129d4acec6f9417992c2f5cd6a0c1ea5 P 68f88bd925e04960aed0a74928631384 [NON_LEADER]: Queue going to NON_LEADER mode. State: All replicated index: 0, Majority replicated index: 2, Committed index: 2, Last appended: 2.2, Last appended by leader: 2, Current term: 2, Majority size: -1, State: 0, Mode: NON_LEADER, active raft config: opid_index: -1 OBSOLETE_local: false peers { permanent_uuid: "3f8199d31ca047ce806aa09b149a4ca8" member_type: VOTER last_known_addr { host: "127.26.112.65" port: 45381 } } peers { permanent_uuid: "68f88bd925e04960aed0a74928631384" member_type: VOTER last_known_addr { host: "127.26.112.66" port: 45563 } } peers { permanent_uuid: "f327670966e54f1ba40a5b979751ce2b" member_type: VOTER last_known_addr { host: "127.26.112.67" port: 45483 } }
I20260710 11:05:37.884148 27281 raft_consensus.cc:3060] T 129d4acec6f9417992c2f5cd6a0c1ea5 P 68f88bd925e04960aed0a74928631384 [term 2 FOLLOWER]: Advancing to term 3
I20260710 11:05:37.887813 27205 raft_consensus.cc:2468] T 129d4acec6f9417992c2f5cd6a0c1ea5 P 3f8199d31ca047ce806aa09b149a4ca8 [term 3 FOLLOWER]: Leader election vote request: Granting yes vote for candidate f327670966e54f1ba40a5b979751ce2b in term 3.
I20260710 11:05:37.888783 27321 leader_election.cc:304] T 129d4acec6f9417992c2f5cd6a0c1ea5 P f327670966e54f1ba40a5b979751ce2b [CANDIDATE]: Term 3 election: Election decided. Result: candidate won. Election summary: received 2 responses out of 3 voters: 2 yes votes; 0 no votes. yes voters: 3f8199d31ca047ce806aa09b149a4ca8, f327670966e54f1ba40a5b979751ce2b; no voters: 
I20260710 11:05:37.889377 27545 raft_consensus.cc:2804] T 129d4acec6f9417992c2f5cd6a0c1ea5 P f327670966e54f1ba40a5b979751ce2b [term 3 FOLLOWER]: Leader election won for term 3
I20260710 11:05:37.889484 27281 raft_consensus.cc:2468] T 129d4acec6f9417992c2f5cd6a0c1ea5 P 68f88bd925e04960aed0a74928631384 [term 3 FOLLOWER]: Leader election vote request: Granting yes vote for candidate f327670966e54f1ba40a5b979751ce2b in term 3.
I20260710 11:05:37.889864 27545 raft_consensus.cc:697] T 129d4acec6f9417992c2f5cd6a0c1ea5 P f327670966e54f1ba40a5b979751ce2b [term 3 LEADER]: Becoming Leader. State: Replica: f327670966e54f1ba40a5b979751ce2b, State: Running, Role: LEADER
I20260710 11:05:37.890720 27545 consensus_queue.cc:237] T 129d4acec6f9417992c2f5cd6a0c1ea5 P f327670966e54f1ba40a5b979751ce2b [LEADER]: Queue going to LEADER mode. State: All replicated index: 0, Majority replicated index: 2, Committed index: 2, Last appended: 2.2, Last appended by leader: 2, Current term: 3, Majority size: 2, State: 0, Mode: LEADER, active raft config: opid_index: -1 OBSOLETE_local: false peers { permanent_uuid: "3f8199d31ca047ce806aa09b149a4ca8" member_type: VOTER last_known_addr { host: "127.26.112.65" port: 45381 } } peers { permanent_uuid: "68f88bd925e04960aed0a74928631384" member_type: VOTER last_known_addr { host: "127.26.112.66" port: 45563 } } peers { permanent_uuid: "f327670966e54f1ba40a5b979751ce2b" member_type: VOTER last_known_addr { host: "127.26.112.67" port: 45483 } }
I20260710 11:05:37.897076 27104 catalog_manager.cc:5697] T 129d4acec6f9417992c2f5cd6a0c1ea5 P f327670966e54f1ba40a5b979751ce2b reported cstate change: term changed from 2 to 3, leader changed from 68f88bd925e04960aed0a74928631384 (127.26.112.66) to f327670966e54f1ba40a5b979751ce2b (127.26.112.67). New cstate: current_term: 3 leader_uuid: "f327670966e54f1ba40a5b979751ce2b" committed_config { opid_index: -1 OBSOLETE_local: false peers { permanent_uuid: "3f8199d31ca047ce806aa09b149a4ca8" member_type: VOTER last_known_addr { host: "127.26.112.65" port: 45381 } health_report { overall_health: UNKNOWN } } peers { permanent_uuid: "68f88bd925e04960aed0a74928631384" member_type: VOTER last_known_addr { host: "127.26.112.66" port: 45563 } health_report { overall_health: UNKNOWN } } peers { permanent_uuid: "f327670966e54f1ba40a5b979751ce2b" member_type: VOTER last_known_addr { host: "127.26.112.67" port: 45483 } health_report { overall_health: HEALTHY } } }
W20260710 11:05:37.971437 27378 debug-util.cc:398] Leaking SignalData structure 0x7b080016c060 after lost signal to thread 27076
W20260710 11:05:37.972358 27378 debug-util.cc:398] Leaking SignalData structure 0x7b080016c740 after lost signal to thread 27139
W20260710 11:05:37.973228 27378 debug-util.cc:398] Leaking SignalData structure 0x7b08001d7700 after lost signal to thread 27232
W20260710 11:05:37.973901 27378 debug-util.cc:398] Leaking SignalData structure 0x7b0800132960 after lost signal to thread 27307
W20260710 11:05:37.974527 27378 debug-util.cc:398] Leaking SignalData structure 0x7b0800118320 after lost signal to thread 27381
I20260710 11:05:37.991636 27547 raft_consensus.cc:993] T 860ef213aa7e42c4b558e8171b964764 P 68f88bd925e04960aed0a74928631384: : Instructing follower 3f8199d31ca047ce806aa09b149a4ca8 to start an election
I20260710 11:05:37.992112 27544 raft_consensus.cc:1081] T 860ef213aa7e42c4b558e8171b964764 P 68f88bd925e04960aed0a74928631384 [term 4 LEADER]: Signalling peer 3f8199d31ca047ce806aa09b149a4ca8 to start an election
I20260710 11:05:37.993670 27205 tablet_service.cc:2044] Received Run Leader Election RPC: tablet_id: "860ef213aa7e42c4b558e8171b964764"
dest_uuid: "3f8199d31ca047ce806aa09b149a4ca8"
 from {username='slave'} at 127.0.0.1:42814
I20260710 11:05:37.994170 27205 raft_consensus.cc:493] T 860ef213aa7e42c4b558e8171b964764 P 3f8199d31ca047ce806aa09b149a4ca8 [term 4 FOLLOWER]: Starting forced leader election (received explicit request)
I20260710 11:05:37.994513 27205 raft_consensus.cc:3060] T 860ef213aa7e42c4b558e8171b964764 P 3f8199d31ca047ce806aa09b149a4ca8 [term 4 FOLLOWER]: Advancing to term 5
I20260710 11:05:37.999171 27205 raft_consensus.cc:515] T 860ef213aa7e42c4b558e8171b964764 P 3f8199d31ca047ce806aa09b149a4ca8 [term 5 FOLLOWER]: Starting forced leader election with config: opid_index: -1 OBSOLETE_local: false peers { permanent_uuid: "3f8199d31ca047ce806aa09b149a4ca8" member_type: VOTER last_known_addr { host: "127.26.112.65" port: 45381 } } peers { permanent_uuid: "68f88bd925e04960aed0a74928631384" member_type: VOTER last_known_addr { host: "127.26.112.66" port: 45563 } } peers { permanent_uuid: "f327670966e54f1ba40a5b979751ce2b" member_type: VOTER last_known_addr { host: "127.26.112.67" port: 45483 } }
I20260710 11:05:38.000943 27205 leader_election.cc:290] T 860ef213aa7e42c4b558e8171b964764 P 3f8199d31ca047ce806aa09b149a4ca8 [CANDIDATE]: Term 5 election: Requested vote from peers 68f88bd925e04960aed0a74928631384 (127.26.112.66:45563), f327670966e54f1ba40a5b979751ce2b (127.26.112.67:45483)
I20260710 11:05:38.002059 27281 tablet_service.cc:1917] Received RequestConsensusVote() RPC: tablet_id: "860ef213aa7e42c4b558e8171b964764" candidate_uuid: "3f8199d31ca047ce806aa09b149a4ca8" candidate_term: 5 candidate_status { last_received { term: 4 index: 4 } } ignore_live_leader: true dest_uuid: "68f88bd925e04960aed0a74928631384"
I20260710 11:05:38.002486 27281 raft_consensus.cc:3055] T 860ef213aa7e42c4b558e8171b964764 P 68f88bd925e04960aed0a74928631384 [term 4 LEADER]: Stepping down as leader of term 4
I20260710 11:05:38.002388 27351 tablet_service.cc:1917] Received RequestConsensusVote() RPC: tablet_id: "860ef213aa7e42c4b558e8171b964764" candidate_uuid: "3f8199d31ca047ce806aa09b149a4ca8" candidate_term: 5 candidate_status { last_received { term: 4 index: 4 } } ignore_live_leader: true dest_uuid: "f327670966e54f1ba40a5b979751ce2b"
I20260710 11:05:38.002779 27281 raft_consensus.cc:740] T 860ef213aa7e42c4b558e8171b964764 P 68f88bd925e04960aed0a74928631384 [term 4 LEADER]: Becoming Follower/Learner. State: Replica: 68f88bd925e04960aed0a74928631384, State: Running, Role: LEADER
I20260710 11:05:38.003003 27351 raft_consensus.cc:3060] T 860ef213aa7e42c4b558e8171b964764 P f327670966e54f1ba40a5b979751ce2b [term 4 FOLLOWER]: Advancing to term 5
I20260710 11:05:38.003435 27281 consensus_queue.cc:260] T 860ef213aa7e42c4b558e8171b964764 P 68f88bd925e04960aed0a74928631384 [NON_LEADER]: Queue going to NON_LEADER mode. State: All replicated index: 0, Majority replicated index: 4, Committed index: 4, Last appended: 4.4, Last appended by leader: 4, Current term: 4, Majority size: -1, State: 0, Mode: NON_LEADER, active raft config: opid_index: -1 OBSOLETE_local: false peers { permanent_uuid: "3f8199d31ca047ce806aa09b149a4ca8" member_type: VOTER last_known_addr { host: "127.26.112.65" port: 45381 } } peers { permanent_uuid: "68f88bd925e04960aed0a74928631384" member_type: VOTER last_known_addr { host: "127.26.112.66" port: 45563 } } peers { permanent_uuid: "f327670966e54f1ba40a5b979751ce2b" member_type: VOTER last_known_addr { host: "127.26.112.67" port: 45483 } }
I20260710 11:05:38.004213 27281 raft_consensus.cc:3060] T 860ef213aa7e42c4b558e8171b964764 P 68f88bd925e04960aed0a74928631384 [term 4 FOLLOWER]: Advancing to term 5
I20260710 11:05:38.007890 27281 raft_consensus.cc:2468] T 860ef213aa7e42c4b558e8171b964764 P 68f88bd925e04960aed0a74928631384 [term 5 FOLLOWER]: Leader election vote request: Granting yes vote for candidate 3f8199d31ca047ce806aa09b149a4ca8 in term 5.
I20260710 11:05:38.008802 27171 leader_election.cc:304] T 860ef213aa7e42c4b558e8171b964764 P 3f8199d31ca047ce806aa09b149a4ca8 [CANDIDATE]: Term 5 election: Election decided. Result: candidate won. Election summary: received 2 responses out of 3 voters: 2 yes votes; 0 no votes. yes voters: 3f8199d31ca047ce806aa09b149a4ca8, 68f88bd925e04960aed0a74928631384; no voters: 
I20260710 11:05:38.009912 27351 raft_consensus.cc:2468] T 860ef213aa7e42c4b558e8171b964764 P f327670966e54f1ba40a5b979751ce2b [term 5 FOLLOWER]: Leader election vote request: Granting yes vote for candidate 3f8199d31ca047ce806aa09b149a4ca8 in term 5.
I20260710 11:05:38.010515 27555 raft_consensus.cc:2804] T 860ef213aa7e42c4b558e8171b964764 P 3f8199d31ca047ce806aa09b149a4ca8 [term 5 FOLLOWER]: Leader election won for term 5
I20260710 11:05:38.012315 27555 raft_consensus.cc:697] T 860ef213aa7e42c4b558e8171b964764 P 3f8199d31ca047ce806aa09b149a4ca8 [term 5 LEADER]: Becoming Leader. State: Replica: 3f8199d31ca047ce806aa09b149a4ca8, State: Running, Role: LEADER
I20260710 11:05:38.013163 27555 consensus_queue.cc:237] T 860ef213aa7e42c4b558e8171b964764 P 3f8199d31ca047ce806aa09b149a4ca8 [LEADER]: Queue going to LEADER mode. State: All replicated index: 0, Majority replicated index: 4, Committed index: 4, Last appended: 4.4, Last appended by leader: 4, Current term: 5, Majority size: 2, State: 0, Mode: LEADER, active raft config: opid_index: -1 OBSOLETE_local: false peers { permanent_uuid: "3f8199d31ca047ce806aa09b149a4ca8" member_type: VOTER last_known_addr { host: "127.26.112.65" port: 45381 } } peers { permanent_uuid: "68f88bd925e04960aed0a74928631384" member_type: VOTER last_known_addr { host: "127.26.112.66" port: 45563 } } peers { permanent_uuid: "f327670966e54f1ba40a5b979751ce2b" member_type: VOTER last_known_addr { host: "127.26.112.67" port: 45483 } }
I20260710 11:05:38.019362 27104 catalog_manager.cc:5697] T 860ef213aa7e42c4b558e8171b964764 P 3f8199d31ca047ce806aa09b149a4ca8 reported cstate change: term changed from 4 to 5, leader changed from 68f88bd925e04960aed0a74928631384 (127.26.112.66) to 3f8199d31ca047ce806aa09b149a4ca8 (127.26.112.65). New cstate: current_term: 5 leader_uuid: "3f8199d31ca047ce806aa09b149a4ca8" committed_config { opid_index: -1 OBSOLETE_local: false peers { permanent_uuid: "3f8199d31ca047ce806aa09b149a4ca8" member_type: VOTER last_known_addr { host: "127.26.112.65" port: 45381 } health_report { overall_health: HEALTHY } } peers { permanent_uuid: "68f88bd925e04960aed0a74928631384" member_type: VOTER last_known_addr { host: "127.26.112.66" port: 45563 } health_report { overall_health: UNKNOWN } } peers { permanent_uuid: "f327670966e54f1ba40a5b979751ce2b" member_type: VOTER last_known_addr { host: "127.26.112.67" port: 45483 } health_report { overall_health: UNKNOWN } } }
I20260710 11:05:38.035161 27281 raft_consensus.cc:1275] T 0e7c33dfb2454f82bf2c54b9548a7cab P 68f88bd925e04960aed0a74928631384 [term 4 FOLLOWER]: Refusing update from remote peer f327670966e54f1ba40a5b979751ce2b: Log matching property violated. Preceding OpId in replica: term: 3 index: 3. Preceding OpId from leader: term: 4 index: 4. (index mismatch)
I20260710 11:05:38.036345 27545 consensus_queue.cc:1048] T 0e7c33dfb2454f82bf2c54b9548a7cab P f327670966e54f1ba40a5b979751ce2b [LEADER]: Connected to new peer: Peer: permanent_uuid: "68f88bd925e04960aed0a74928631384" member_type: VOTER last_known_addr { host: "127.26.112.66" port: 45563 }, Status: LMP_MISMATCH, Last received: 0.0, Next index: 4, Last known committed idx: 3, Time since last communication: 0.000s
I20260710 11:05:38.046608 27544 raft_consensus.cc:993] T c314317488c94571be956f46a4109304 P 68f88bd925e04960aed0a74928631384: : Instructing follower 3f8199d31ca047ce806aa09b149a4ca8 to start an election
I20260710 11:05:38.047048 27544 raft_consensus.cc:1081] T c314317488c94571be956f46a4109304 P 68f88bd925e04960aed0a74928631384 [term 4 LEADER]: Signalling peer 3f8199d31ca047ce806aa09b149a4ca8 to start an election
I20260710 11:05:38.049118 27205 tablet_service.cc:2044] Received Run Leader Election RPC: tablet_id: "c314317488c94571be956f46a4109304"
dest_uuid: "3f8199d31ca047ce806aa09b149a4ca8"
 from {username='slave'} at 127.0.0.1:42814
I20260710 11:05:38.049773 27205 raft_consensus.cc:493] T c314317488c94571be956f46a4109304 P 3f8199d31ca047ce806aa09b149a4ca8 [term 4 FOLLOWER]: Starting forced leader election (received explicit request)
I20260710 11:05:38.050140 27205 raft_consensus.cc:3060] T c314317488c94571be956f46a4109304 P 3f8199d31ca047ce806aa09b149a4ca8 [term 4 FOLLOWER]: Advancing to term 5
I20260710 11:05:38.056785 27206 raft_consensus.cc:1275] T 0e7c33dfb2454f82bf2c54b9548a7cab P 3f8199d31ca047ce806aa09b149a4ca8 [term 4 FOLLOWER]: Refusing update from remote peer f327670966e54f1ba40a5b979751ce2b: Log matching property violated. Preceding OpId in replica: term: 3 index: 3. Preceding OpId from leader: term: 4 index: 4. (index mismatch)
I20260710 11:05:38.059461 27548 consensus_queue.cc:1048] T 0e7c33dfb2454f82bf2c54b9548a7cab P f327670966e54f1ba40a5b979751ce2b [LEADER]: Connected to new peer: Peer: permanent_uuid: "3f8199d31ca047ce806aa09b149a4ca8" member_type: VOTER last_known_addr { host: "127.26.112.65" port: 45381 }, Status: LMP_MISMATCH, Last received: 0.0, Next index: 4, Last known committed idx: 3, Time since last communication: 0.001s
I20260710 11:05:38.067510 27205 raft_consensus.cc:515] T c314317488c94571be956f46a4109304 P 3f8199d31ca047ce806aa09b149a4ca8 [term 5 FOLLOWER]: Starting forced leader election with config: opid_index: -1 OBSOLETE_local: false peers { permanent_uuid: "3f8199d31ca047ce806aa09b149a4ca8" member_type: VOTER last_known_addr { host: "127.26.112.65" port: 45381 } } peers { permanent_uuid: "68f88bd925e04960aed0a74928631384" member_type: VOTER last_known_addr { host: "127.26.112.66" port: 45563 } } peers { permanent_uuid: "f327670966e54f1ba40a5b979751ce2b" member_type: VOTER last_known_addr { host: "127.26.112.67" port: 45483 } }
I20260710 11:05:38.070238 27205 leader_election.cc:290] T c314317488c94571be956f46a4109304 P 3f8199d31ca047ce806aa09b149a4ca8 [CANDIDATE]: Term 5 election: Requested vote from peers 68f88bd925e04960aed0a74928631384 (127.26.112.66:45563), f327670966e54f1ba40a5b979751ce2b (127.26.112.67:45483)
I20260710 11:05:38.070626 27281 tablet_service.cc:1917] Received RequestConsensusVote() RPC: tablet_id: "c314317488c94571be956f46a4109304" candidate_uuid: "3f8199d31ca047ce806aa09b149a4ca8" candidate_term: 5 candidate_status { last_received { term: 4 index: 4 } } ignore_live_leader: true dest_uuid: "68f88bd925e04960aed0a74928631384"
I20260710 11:05:38.071260 27281 raft_consensus.cc:3055] T c314317488c94571be956f46a4109304 P 68f88bd925e04960aed0a74928631384 [term 4 LEADER]: Stepping down as leader of term 4
I20260710 11:05:38.071558 27281 raft_consensus.cc:740] T c314317488c94571be956f46a4109304 P 68f88bd925e04960aed0a74928631384 [term 4 LEADER]: Becoming Follower/Learner. State: Replica: 68f88bd925e04960aed0a74928631384, State: Running, Role: LEADER
I20260710 11:05:38.072324 27281 consensus_queue.cc:260] T c314317488c94571be956f46a4109304 P 68f88bd925e04960aed0a74928631384 [NON_LEADER]: Queue going to NON_LEADER mode. State: All replicated index: 0, Majority replicated index: 4, Committed index: 4, Last appended: 4.4, Last appended by leader: 4, Current term: 4, Majority size: -1, State: 0, Mode: NON_LEADER, active raft config: opid_index: -1 OBSOLETE_local: false peers { permanent_uuid: "3f8199d31ca047ce806aa09b149a4ca8" member_type: VOTER last_known_addr { host: "127.26.112.65" port: 45381 } } peers { permanent_uuid: "68f88bd925e04960aed0a74928631384" member_type: VOTER last_known_addr { host: "127.26.112.66" port: 45563 } } peers { permanent_uuid: "f327670966e54f1ba40a5b979751ce2b" member_type: VOTER last_known_addr { host: "127.26.112.67" port: 45483 } }
I20260710 11:05:38.072697 27351 tablet_service.cc:1917] Received RequestConsensusVote() RPC: tablet_id: "c314317488c94571be956f46a4109304" candidate_uuid: "3f8199d31ca047ce806aa09b149a4ca8" candidate_term: 5 candidate_status { last_received { term: 4 index: 4 } } ignore_live_leader: true dest_uuid: "f327670966e54f1ba40a5b979751ce2b"
I20260710 11:05:38.073294 27351 raft_consensus.cc:3060] T c314317488c94571be956f46a4109304 P f327670966e54f1ba40a5b979751ce2b [term 4 FOLLOWER]: Advancing to term 5
I20260710 11:05:38.073683 27281 raft_consensus.cc:3060] T c314317488c94571be956f46a4109304 P 68f88bd925e04960aed0a74928631384 [term 4 FOLLOWER]: Advancing to term 5
I20260710 11:05:38.080565 27351 raft_consensus.cc:2468] T c314317488c94571be956f46a4109304 P f327670966e54f1ba40a5b979751ce2b [term 5 FOLLOWER]: Leader election vote request: Granting yes vote for candidate 3f8199d31ca047ce806aa09b149a4ca8 in term 5.
I20260710 11:05:38.081063 27544 raft_consensus.cc:993] T 9d226265ae504d7ba01cd7f4a93e3288 P 68f88bd925e04960aed0a74928631384: : Instructing follower 3f8199d31ca047ce806aa09b149a4ca8 to start an election
I20260710 11:05:38.081532 27544 raft_consensus.cc:1081] T 9d226265ae504d7ba01cd7f4a93e3288 P 68f88bd925e04960aed0a74928631384 [term 2 LEADER]: Signalling peer 3f8199d31ca047ce806aa09b149a4ca8 to start an election
I20260710 11:05:38.081888 27173 leader_election.cc:304] T c314317488c94571be956f46a4109304 P 3f8199d31ca047ce806aa09b149a4ca8 [CANDIDATE]: Term 5 election: Election decided. Result: candidate won. Election summary: received 2 responses out of 3 voters: 2 yes votes; 0 no votes. yes voters: 3f8199d31ca047ce806aa09b149a4ca8, f327670966e54f1ba40a5b979751ce2b; no voters: 
I20260710 11:05:38.082748 27555 raft_consensus.cc:2804] T c314317488c94571be956f46a4109304 P 3f8199d31ca047ce806aa09b149a4ca8 [term 5 FOLLOWER]: Leader election won for term 5
I20260710 11:05:38.083211 27555 raft_consensus.cc:697] T c314317488c94571be956f46a4109304 P 3f8199d31ca047ce806aa09b149a4ca8 [term 5 LEADER]: Becoming Leader. State: Replica: 3f8199d31ca047ce806aa09b149a4ca8, State: Running, Role: LEADER
I20260710 11:05:38.083417 27205 tablet_service.cc:2044] Received Run Leader Election RPC: tablet_id: "9d226265ae504d7ba01cd7f4a93e3288"
dest_uuid: "3f8199d31ca047ce806aa09b149a4ca8"
 from {username='slave'} at 127.0.0.1:42814
I20260710 11:05:38.083973 27205 raft_consensus.cc:493] T 9d226265ae504d7ba01cd7f4a93e3288 P 3f8199d31ca047ce806aa09b149a4ca8 [term 2 FOLLOWER]: Starting forced leader election (received explicit request)
I20260710 11:05:38.084335 27205 raft_consensus.cc:3060] T 9d226265ae504d7ba01cd7f4a93e3288 P 3f8199d31ca047ce806aa09b149a4ca8 [term 2 FOLLOWER]: Advancing to term 3
I20260710 11:05:38.084085 27555 consensus_queue.cc:237] T c314317488c94571be956f46a4109304 P 3f8199d31ca047ce806aa09b149a4ca8 [LEADER]: Queue going to LEADER mode. State: All replicated index: 0, Majority replicated index: 4, Committed index: 4, Last appended: 4.4, Last appended by leader: 4, Current term: 5, Majority size: 2, State: 0, Mode: LEADER, active raft config: opid_index: -1 OBSOLETE_local: false peers { permanent_uuid: "3f8199d31ca047ce806aa09b149a4ca8" member_type: VOTER last_known_addr { host: "127.26.112.65" port: 45381 } } peers { permanent_uuid: "68f88bd925e04960aed0a74928631384" member_type: VOTER last_known_addr { host: "127.26.112.66" port: 45563 } } peers { permanent_uuid: "f327670966e54f1ba40a5b979751ce2b" member_type: VOTER last_known_addr { host: "127.26.112.67" port: 45483 } }
I20260710 11:05:38.085278 27281 raft_consensus.cc:2468] T c314317488c94571be956f46a4109304 P 68f88bd925e04960aed0a74928631384 [term 5 FOLLOWER]: Leader election vote request: Granting yes vote for candidate 3f8199d31ca047ce806aa09b149a4ca8 in term 5.
I20260710 11:05:38.091892 27205 raft_consensus.cc:515] T 9d226265ae504d7ba01cd7f4a93e3288 P 3f8199d31ca047ce806aa09b149a4ca8 [term 3 FOLLOWER]: Starting forced leader election with config: opid_index: -1 OBSOLETE_local: false peers { permanent_uuid: "3f8199d31ca047ce806aa09b149a4ca8" member_type: VOTER last_known_addr { host: "127.26.112.65" port: 45381 } } peers { permanent_uuid: "68f88bd925e04960aed0a74928631384" member_type: VOTER last_known_addr { host: "127.26.112.66" port: 45563 } } peers { permanent_uuid: "f327670966e54f1ba40a5b979751ce2b" member_type: VOTER last_known_addr { host: "127.26.112.67" port: 45483 } }
I20260710 11:05:38.095034 27281 tablet_service.cc:1917] Received RequestConsensusVote() RPC: tablet_id: "9d226265ae504d7ba01cd7f4a93e3288" candidate_uuid: "3f8199d31ca047ce806aa09b149a4ca8" candidate_term: 3 candidate_status { last_received { term: 2 index: 2 } } ignore_live_leader: true dest_uuid: "68f88bd925e04960aed0a74928631384"
I20260710 11:05:38.095638 27281 raft_consensus.cc:3055] T 9d226265ae504d7ba01cd7f4a93e3288 P 68f88bd925e04960aed0a74928631384 [term 2 LEADER]: Stepping down as leader of term 2
I20260710 11:05:38.095932 27281 raft_consensus.cc:740] T 9d226265ae504d7ba01cd7f4a93e3288 P 68f88bd925e04960aed0a74928631384 [term 2 LEADER]: Becoming Follower/Learner. State: Replica: 68f88bd925e04960aed0a74928631384, State: Running, Role: LEADER
I20260710 11:05:38.096766 27281 consensus_queue.cc:260] T 9d226265ae504d7ba01cd7f4a93e3288 P 68f88bd925e04960aed0a74928631384 [NON_LEADER]: Queue going to NON_LEADER mode. State: All replicated index: 0, Majority replicated index: 2, Committed index: 2, Last appended: 2.2, Last appended by leader: 2, Current term: 2, Majority size: -1, State: 0, Mode: NON_LEADER, active raft config: opid_index: -1 OBSOLETE_local: false peers { permanent_uuid: "3f8199d31ca047ce806aa09b149a4ca8" member_type: VOTER last_known_addr { host: "127.26.112.65" port: 45381 } } peers { permanent_uuid: "68f88bd925e04960aed0a74928631384" member_type: VOTER last_known_addr { host: "127.26.112.66" port: 45563 } } peers { permanent_uuid: "f327670966e54f1ba40a5b979751ce2b" member_type: VOTER last_known_addr { host: "127.26.112.67" port: 45483 } }
I20260710 11:05:38.097852 27281 raft_consensus.cc:3060] T 9d226265ae504d7ba01cd7f4a93e3288 P 68f88bd925e04960aed0a74928631384 [term 2 FOLLOWER]: Advancing to term 3
I20260710 11:05:38.100931 27351 tablet_service.cc:1917] Received RequestConsensusVote() RPC: tablet_id: "9d226265ae504d7ba01cd7f4a93e3288" candidate_uuid: "3f8199d31ca047ce806aa09b149a4ca8" candidate_term: 3 candidate_status { last_received { term: 2 index: 2 } } ignore_live_leader: true dest_uuid: "f327670966e54f1ba40a5b979751ce2b"
I20260710 11:05:38.101606 27351 raft_consensus.cc:3060] T 9d226265ae504d7ba01cd7f4a93e3288 P f327670966e54f1ba40a5b979751ce2b [term 2 FOLLOWER]: Advancing to term 3
I20260710 11:05:38.104768 27281 raft_consensus.cc:2468] T 9d226265ae504d7ba01cd7f4a93e3288 P 68f88bd925e04960aed0a74928631384 [term 3 FOLLOWER]: Leader election vote request: Granting yes vote for candidate 3f8199d31ca047ce806aa09b149a4ca8 in term 3.
I20260710 11:05:38.106096 27171 leader_election.cc:304] T 9d226265ae504d7ba01cd7f4a93e3288 P 3f8199d31ca047ce806aa09b149a4ca8 [CANDIDATE]: Term 3 election: Election decided. Result: candidate won. Election summary: received 2 responses out of 3 voters: 2 yes votes; 0 no votes. yes voters: 3f8199d31ca047ce806aa09b149a4ca8, 68f88bd925e04960aed0a74928631384; no voters: 
I20260710 11:05:38.106994 27555 raft_consensus.cc:2804] T 9d226265ae504d7ba01cd7f4a93e3288 P 3f8199d31ca047ce806aa09b149a4ca8 [term 3 FOLLOWER]: Leader election won for term 3
I20260710 11:05:38.107465 27555 raft_consensus.cc:697] T 9d226265ae504d7ba01cd7f4a93e3288 P 3f8199d31ca047ce806aa09b149a4ca8 [term 3 LEADER]: Becoming Leader. State: Replica: 3f8199d31ca047ce806aa09b149a4ca8, State: Running, Role: LEADER
I20260710 11:05:38.107959 27351 raft_consensus.cc:2468] T 9d226265ae504d7ba01cd7f4a93e3288 P f327670966e54f1ba40a5b979751ce2b [term 3 FOLLOWER]: Leader election vote request: Granting yes vote for candidate 3f8199d31ca047ce806aa09b149a4ca8 in term 3.
I20260710 11:05:38.108351 27555 consensus_queue.cc:237] T 9d226265ae504d7ba01cd7f4a93e3288 P 3f8199d31ca047ce806aa09b149a4ca8 [LEADER]: Queue going to LEADER mode. State: All replicated index: 0, Majority replicated index: 2, Committed index: 2, Last appended: 2.2, Last appended by leader: 2, Current term: 3, Majority size: 2, State: 0, Mode: LEADER, active raft config: opid_index: -1 OBSOLETE_local: false peers { permanent_uuid: "3f8199d31ca047ce806aa09b149a4ca8" member_type: VOTER last_known_addr { host: "127.26.112.65" port: 45381 } } peers { permanent_uuid: "68f88bd925e04960aed0a74928631384" member_type: VOTER last_known_addr { host: "127.26.112.66" port: 45563 } } peers { permanent_uuid: "f327670966e54f1ba40a5b979751ce2b" member_type: VOTER last_known_addr { host: "127.26.112.67" port: 45483 } }
I20260710 11:05:38.109197 27205 leader_election.cc:290] T 9d226265ae504d7ba01cd7f4a93e3288 P 3f8199d31ca047ce806aa09b149a4ca8 [CANDIDATE]: Term 3 election: Requested vote from peers 68f88bd925e04960aed0a74928631384 (127.26.112.66:45563), f327670966e54f1ba40a5b979751ce2b (127.26.112.67:45483)
I20260710 11:05:38.122816 27105 catalog_manager.cc:5697] T c314317488c94571be956f46a4109304 P 3f8199d31ca047ce806aa09b149a4ca8 reported cstate change: term changed from 4 to 5, leader changed from 68f88bd925e04960aed0a74928631384 (127.26.112.66) to 3f8199d31ca047ce806aa09b149a4ca8 (127.26.112.65). New cstate: current_term: 5 leader_uuid: "3f8199d31ca047ce806aa09b149a4ca8" committed_config { opid_index: -1 OBSOLETE_local: false peers { permanent_uuid: "3f8199d31ca047ce806aa09b149a4ca8" member_type: VOTER last_known_addr { host: "127.26.112.65" port: 45381 } health_report { overall_health: HEALTHY } } peers { permanent_uuid: "68f88bd925e04960aed0a74928631384" member_type: VOTER last_known_addr { host: "127.26.112.66" port: 45563 } health_report { overall_health: UNKNOWN } } peers { permanent_uuid: "f327670966e54f1ba40a5b979751ce2b" member_type: VOTER last_known_addr { host: "127.26.112.67" port: 45483 } health_report { overall_health: UNKNOWN } } }
I20260710 11:05:38.124369 27105 catalog_manager.cc:5697] T 9d226265ae504d7ba01cd7f4a93e3288 P 3f8199d31ca047ce806aa09b149a4ca8 reported cstate change: term changed from 2 to 3, leader changed from 68f88bd925e04960aed0a74928631384 (127.26.112.66) to 3f8199d31ca047ce806aa09b149a4ca8 (127.26.112.65). New cstate: current_term: 3 leader_uuid: "3f8199d31ca047ce806aa09b149a4ca8" committed_config { opid_index: -1 OBSOLETE_local: false peers { permanent_uuid: "3f8199d31ca047ce806aa09b149a4ca8" member_type: VOTER last_known_addr { host: "127.26.112.65" port: 45381 } health_report { overall_health: HEALTHY } } peers { permanent_uuid: "68f88bd925e04960aed0a74928631384" member_type: VOTER last_known_addr { host: "127.26.112.66" port: 45563 } health_report { overall_health: UNKNOWN } } peers { permanent_uuid: "f327670966e54f1ba40a5b979751ce2b" member_type: VOTER last_known_addr { host: "127.26.112.67" port: 45483 } health_report { overall_health: UNKNOWN } } }
I20260710 11:05:38.364367 27281 raft_consensus.cc:1275] T 129d4acec6f9417992c2f5cd6a0c1ea5 P 68f88bd925e04960aed0a74928631384 [term 3 FOLLOWER]: Refusing update from remote peer f327670966e54f1ba40a5b979751ce2b: Log matching property violated. Preceding OpId in replica: term: 2 index: 2. Preceding OpId from leader: term: 3 index: 3. (index mismatch)
I20260710 11:05:38.365896 27548 consensus_queue.cc:1048] T 129d4acec6f9417992c2f5cd6a0c1ea5 P f327670966e54f1ba40a5b979751ce2b [LEADER]: Connected to new peer: Peer: permanent_uuid: "68f88bd925e04960aed0a74928631384" member_type: VOTER last_known_addr { host: "127.26.112.66" port: 45563 }, Status: LMP_MISMATCH, Last received: 0.0, Next index: 3, Last known committed idx: 2, Time since last communication: 0.000s
