I20260710 11:05:48.806275 23160 tablet_service.cc:1511] Processing CreateTablet for tablet defeef6674ec4cb4a2fe5ea660daf478 (DEFAULT_TABLE table=test-workload [id=df494a1086f54696a584a48f76a90596]), partition=RANGE (key) PARTITION 1073741820 <= VALUES < 1163220305
I20260710 11:05:48.822510 23239 tablet_service.cc:1511] Processing CreateTablet for tablet 88ccd8265a92487aaa6bf90f27209a68 (DEFAULT_TABLE table=test-workload [id=df494a1086f54696a584a48f76a90596]), partition=RANGE (key) PARTITION 1521134245 <= VALUES < 1610612730
I20260710 11:05:48.829324 23085 tablet_service.cc:1511] Processing CreateTablet for tablet 43fd95a2a0f643e8823de7fc73027cc5 (DEFAULT_TABLE table=test-workload [id=df494a1086f54696a584a48f76a90596]), partition=RANGE (key) PARTITION 1789569700 <= VALUES < 1879048185
I20260710 11:05:48.829977 23236 tablet_service.cc:1511] Processing CreateTablet for tablet 640cd3e3183f48308f5616dc138c45dc (DEFAULT_TABLE table=test-workload [id=df494a1086f54696a584a48f76a90596]), partition=RANGE (key) PARTITION 894784850 <= VALUES < 984263335
I20260710 11:05:48.830921 23089 tablet_service.cc:1511] Processing CreateTablet for tablet 6922fadc0034434b8899fc6233fb6ece (DEFAULT_TABLE table=test-workload [id=df494a1086f54696a584a48f76a90596]), partition=RANGE (key) PARTITION 1879048185 <= VALUES < 1968526670
I20260710 11:05:48.833074 23241 tablet_service.cc:1511] Processing CreateTablet for tablet 23eb0fa3ba8a4440a250580a8b390681 (DEFAULT_TABLE table=test-workload [id=df494a1086f54696a584a48f76a90596]), partition=RANGE (key) PARTITION 984263335 <= VALUES < 1073741820
I20260710 11:05:48.845811 23083 data_dirs.cc:400] Could only allocate 1 dirs of requested 3 for tablet f960c6e8352e43919c709924e9146979. 1 dirs total, 0 dirs full, 0 dirs failed
I20260710 11:05:48.850258 23293 tablet_bootstrap.cc:492] T 9018730533a34f308ec5aab720a68eb1 P 7d8d040d64a7428ba25e991a6484303c: Bootstrap starting.
I20260710 11:05:48.852403 23084 data_dirs.cc:400] Could only allocate 1 dirs of requested 3 for tablet 67120e653320437c9b00d0ac46c42eab. 1 dirs total, 0 dirs full, 0 dirs failed
I20260710 11:05:48.852088 23163 tablet_service.cc:1511] Processing CreateTablet for tablet 76b1c54018eb434bbd70a3d004e86d0b (DEFAULT_TABLE table=test-workload [id=df494a1086f54696a584a48f76a90596]), partition=RANGE (key) PARTITION 1252698790 <= VALUES < 1342177275
I20260710 11:05:48.854193 23086 data_dirs.cc:400] Could only allocate 1 dirs of requested 3 for tablet 23eb0fa3ba8a4440a250580a8b390681. 1 dirs total, 0 dirs full, 0 dirs failed
I20260710 11:05:48.863639 23159 tablet_service.cc:1511] Processing CreateTablet for tablet cc8275cd67b64b42bcc07dfbeb67a6d0 (DEFAULT_TABLE table=test-workload [id=df494a1086f54696a584a48f76a90596]), partition=RANGE (key) PARTITION 1163220305 <= VALUES < 1252698790
I20260710 11:05:48.865270 23235 tablet_service.cc:1511] Processing CreateTablet for tablet defeef6674ec4cb4a2fe5ea660daf478 (DEFAULT_TABLE table=test-workload [id=df494a1086f54696a584a48f76a90596]), partition=RANGE (key) PARTITION 1073741820 <= VALUES < 1163220305
I20260710 11:05:48.866662 23160 data_dirs.cc:400] Could only allocate 1 dirs of requested 3 for tablet defeef6674ec4cb4a2fe5ea660daf478. 1 dirs total, 0 dirs full, 0 dirs failed
I20260710 11:05:48.869222 23085 data_dirs.cc:400] Could only allocate 1 dirs of requested 3 for tablet 43fd95a2a0f643e8823de7fc73027cc5. 1 dirs total, 0 dirs full, 0 dirs failed
I20260710 11:05:48.843627 23090 tablet_service.cc:1511] Processing CreateTablet for tablet a4594fdc22ef4669b8f3ed0a869c68c9 (DEFAULT_TABLE table=test-workload [id=df494a1086f54696a584a48f76a90596]), partition=RANGE (key) PARTITION 1968526670 <= VALUES < 2058005155
I20260710 11:05:48.871831 23089 data_dirs.cc:400] Could only allocate 1 dirs of requested 3 for tablet 6922fadc0034434b8899fc6233fb6ece. 1 dirs total, 0 dirs full, 0 dirs failed
I20260710 11:05:48.872879 23090 data_dirs.cc:400] Could only allocate 1 dirs of requested 3 for tablet a4594fdc22ef4669b8f3ed0a869c68c9. 1 dirs total, 0 dirs full, 0 dirs failed
I20260710 11:05:48.875444 23091 tablet_service.cc:1511] Processing CreateTablet for tablet b5f089e2558c4c68aacd59e6691e3ef0 (DEFAULT_TABLE table=test-workload [id=df494a1086f54696a584a48f76a90596]), partition=RANGE (key) PARTITION 2058005155 <= VALUES
I20260710 11:05:48.876766 23091 data_dirs.cc:400] Could only allocate 1 dirs of requested 3 for tablet b5f089e2558c4c68aacd59e6691e3ef0. 1 dirs total, 0 dirs full, 0 dirs failed
I20260710 11:05:48.874323 23236 data_dirs.cc:400] Could only allocate 1 dirs of requested 3 for tablet 640cd3e3183f48308f5616dc138c45dc. 1 dirs total, 0 dirs full, 0 dirs failed
I20260710 11:05:48.879087 23241 data_dirs.cc:400] Could only allocate 1 dirs of requested 3 for tablet 23eb0fa3ba8a4440a250580a8b390681. 1 dirs total, 0 dirs full, 0 dirs failed
I20260710 11:05:48.878700 23237 tablet_service.cc:1511] Processing CreateTablet for tablet cc8275cd67b64b42bcc07dfbeb67a6d0 (DEFAULT_TABLE table=test-workload [id=df494a1086f54696a584a48f76a90596]), partition=RANGE (key) PARTITION 1163220305 <= VALUES < 1252698790
I20260710 11:05:48.880096 23237 data_dirs.cc:400] Could only allocate 1 dirs of requested 3 for tablet cc8275cd67b64b42bcc07dfbeb67a6d0. 1 dirs total, 0 dirs full, 0 dirs failed
I20260710 11:05:48.880968 23232 tablet_service.cc:1511] Processing CreateTablet for tablet 76b1c54018eb434bbd70a3d004e86d0b (DEFAULT_TABLE table=test-workload [id=df494a1086f54696a584a48f76a90596]), partition=RANGE (key) PARTITION 1252698790 <= VALUES < 1342177275
I20260710 11:05:48.882197 23232 data_dirs.cc:400] Could only allocate 1 dirs of requested 3 for tablet 76b1c54018eb434bbd70a3d004e86d0b. 1 dirs total, 0 dirs full, 0 dirs failed
I20260710 11:05:48.883147 23166 tablet_service.cc:1511] Processing CreateTablet for tablet 75c8f6ae03f84057b763be364644f623 (DEFAULT_TABLE table=test-workload [id=df494a1086f54696a584a48f76a90596]), partition=RANGE (key) PARTITION 1431655760 <= VALUES < 1521134245
I20260710 11:05:48.883826 23291 tablet_bootstrap.cc:654] T 5830cb66996f40edb5557f0afa450cfa P 279efde2fd694c96b8155e07ff38430d: Neither blocks nor log segments found. Creating new log.
I20260710 11:05:48.886044 23165 tablet_service.cc:1511] Processing CreateTablet for tablet 88ccd8265a92487aaa6bf90f27209a68 (DEFAULT_TABLE table=test-workload [id=df494a1086f54696a584a48f76a90596]), partition=RANGE (key) PARTITION 1521134245 <= VALUES < 1610612730
I20260710 11:05:48.876812 23158 tablet_service.cc:1511] Processing CreateTablet for tablet 32d6bc871bd8433aa495e61bc8a80b1f (DEFAULT_TABLE table=test-workload [id=df494a1086f54696a584a48f76a90596]), partition=RANGE (key) PARTITION 1342177275 <= VALUES < 1431655760
I20260710 11:05:48.891031 23161 tablet_service.cc:1511] Processing CreateTablet for tablet 67120e653320437c9b00d0ac46c42eab (DEFAULT_TABLE table=test-workload [id=df494a1086f54696a584a48f76a90596]), partition=RANGE (key) PARTITION 1700091215 <= VALUES < 1789569700
I20260710 11:05:48.892643 23293 tablet_bootstrap.cc:654] T 9018730533a34f308ec5aab720a68eb1 P 7d8d040d64a7428ba25e991a6484303c: Neither blocks nor log segments found. Creating new log.
I20260710 11:05:48.893647 23164 tablet_service.cc:1511] Processing CreateTablet for tablet 43fd95a2a0f643e8823de7fc73027cc5 (DEFAULT_TABLE table=test-workload [id=df494a1086f54696a584a48f76a90596]), partition=RANGE (key) PARTITION 1789569700 <= VALUES < 1879048185
I20260710 11:05:48.894857 23239 data_dirs.cc:400] Could only allocate 1 dirs of requested 3 for tablet 88ccd8265a92487aaa6bf90f27209a68. 1 dirs total, 0 dirs full, 0 dirs failed
I20260710 11:05:48.889256 23167 tablet_service.cc:1511] Processing CreateTablet for tablet f960c6e8352e43919c709924e9146979 (DEFAULT_TABLE table=test-workload [id=df494a1086f54696a584a48f76a90596]), partition=RANGE (key) PARTITION 1610612730 <= VALUES < 1700091215
I20260710 11:05:48.895416 23238 tablet_service.cc:1511] Processing CreateTablet for tablet 32d6bc871bd8433aa495e61bc8a80b1f (DEFAULT_TABLE table=test-workload [id=df494a1086f54696a584a48f76a90596]), partition=RANGE (key) PARTITION 1342177275 <= VALUES < 1431655760
I20260710 11:05:48.896579 23238 data_dirs.cc:400] Could only allocate 1 dirs of requested 3 for tablet 32d6bc871bd8433aa495e61bc8a80b1f. 1 dirs total, 0 dirs full, 0 dirs failed
I20260710 11:05:48.898932 23233 tablet_service.cc:1511] Processing CreateTablet for tablet 75c8f6ae03f84057b763be364644f623 (DEFAULT_TABLE table=test-workload [id=df494a1086f54696a584a48f76a90596]), partition=RANGE (key) PARTITION 1431655760 <= VALUES < 1521134245
I20260710 11:05:48.901602 23159 data_dirs.cc:400] Could only allocate 1 dirs of requested 3 for tablet cc8275cd67b64b42bcc07dfbeb67a6d0. 1 dirs total, 0 dirs full, 0 dirs failed
I20260710 11:05:48.905726 23163 data_dirs.cc:400] Could only allocate 1 dirs of requested 3 for tablet 76b1c54018eb434bbd70a3d004e86d0b. 1 dirs total, 0 dirs full, 0 dirs failed
I20260710 11:05:48.907894 23166 data_dirs.cc:400] Could only allocate 1 dirs of requested 3 for tablet 75c8f6ae03f84057b763be364644f623. 1 dirs total, 0 dirs full, 0 dirs failed
I20260710 11:05:48.914119 23292 tablet_bootstrap.cc:492] T c0be6b7aee814bc4bd65248fb5728ca6 P 48ed23d9c6094ff7ba1d4aa750de6f61: Bootstrap starting.
I20260710 11:05:48.916066 23235 data_dirs.cc:400] Could only allocate 1 dirs of requested 3 for tablet defeef6674ec4cb4a2fe5ea660daf478. 1 dirs total, 0 dirs full, 0 dirs failed
I20260710 11:05:48.919338 23234 tablet_service.cc:1511] Processing CreateTablet for tablet 67120e653320437c9b00d0ac46c42eab (DEFAULT_TABLE table=test-workload [id=df494a1086f54696a584a48f76a90596]), partition=RANGE (key) PARTITION 1700091215 <= VALUES < 1789569700
I20260710 11:05:48.920508 23234 data_dirs.cc:400] Could only allocate 1 dirs of requested 3 for tablet 67120e653320437c9b00d0ac46c42eab. 1 dirs total, 0 dirs full, 0 dirs failed
I20260710 11:05:48.921703 23167 data_dirs.cc:400] Could only allocate 1 dirs of requested 3 for tablet f960c6e8352e43919c709924e9146979. 1 dirs total, 0 dirs full, 0 dirs failed
I20260710 11:05:48.924794 23161 data_dirs.cc:400] Could only allocate 1 dirs of requested 3 for tablet 67120e653320437c9b00d0ac46c42eab. 1 dirs total, 0 dirs full, 0 dirs failed
I20260710 11:05:48.925554 23240 tablet_service.cc:1511] Processing CreateTablet for tablet f960c6e8352e43919c709924e9146979 (DEFAULT_TABLE table=test-workload [id=df494a1086f54696a584a48f76a90596]), partition=RANGE (key) PARTITION 1610612730 <= VALUES < 1700091215
I20260710 11:05:48.926757 23240 data_dirs.cc:400] Could only allocate 1 dirs of requested 3 for tablet f960c6e8352e43919c709924e9146979. 1 dirs total, 0 dirs full, 0 dirs failed
I20260710 11:05:48.929719 23158 data_dirs.cc:400] Could only allocate 1 dirs of requested 3 for tablet 32d6bc871bd8433aa495e61bc8a80b1f. 1 dirs total, 0 dirs full, 0 dirs failed
I20260710 11:05:48.930318 23165 data_dirs.cc:400] Could only allocate 1 dirs of requested 3 for tablet 88ccd8265a92487aaa6bf90f27209a68. 1 dirs total, 0 dirs full, 0 dirs failed
I20260710 11:05:48.941715 23164 data_dirs.cc:400] Could only allocate 1 dirs of requested 3 for tablet 43fd95a2a0f643e8823de7fc73027cc5. 1 dirs total, 0 dirs full, 0 dirs failed
I20260710 11:05:48.942605 23237 tablet_service.cc:1511] Processing CreateTablet for tablet 43fd95a2a0f643e8823de7fc73027cc5 (DEFAULT_TABLE table=test-workload [id=df494a1086f54696a584a48f76a90596]), partition=RANGE (key) PARTITION 1789569700 <= VALUES < 1879048185
I20260710 11:05:48.944079 23237 data_dirs.cc:400] Could only allocate 1 dirs of requested 3 for tablet 43fd95a2a0f643e8823de7fc73027cc5. 1 dirs total, 0 dirs full, 0 dirs failed
I20260710 11:05:48.944370 23292 tablet_bootstrap.cc:654] T c0be6b7aee814bc4bd65248fb5728ca6 P 48ed23d9c6094ff7ba1d4aa750de6f61: Neither blocks nor log segments found. Creating new log.
I20260710 11:05:48.948647 23239 tablet_service.cc:1511] Processing CreateTablet for tablet 6922fadc0034434b8899fc6233fb6ece (DEFAULT_TABLE table=test-workload [id=df494a1086f54696a584a48f76a90596]), partition=RANGE (key) PARTITION 1879048185 <= VALUES < 1968526670
I20260710 11:05:48.958817 23162 tablet_service.cc:1511] Processing CreateTablet for tablet 6922fadc0034434b8899fc6233fb6ece (DEFAULT_TABLE table=test-workload [id=df494a1086f54696a584a48f76a90596]), partition=RANGE (key) PARTITION 1879048185 <= VALUES < 1968526670
I20260710 11:05:48.960230 23162 data_dirs.cc:400] Could only allocate 1 dirs of requested 3 for tablet 6922fadc0034434b8899fc6233fb6ece. 1 dirs total, 0 dirs full, 0 dirs failed
I20260710 11:05:48.966719 23233 data_dirs.cc:400] Could only allocate 1 dirs of requested 3 for tablet 75c8f6ae03f84057b763be364644f623. 1 dirs total, 0 dirs full, 0 dirs failed
I20260710 11:05:48.973724 23291 tablet_bootstrap.cc:492] T 5830cb66996f40edb5557f0afa450cfa P 279efde2fd694c96b8155e07ff38430d: No bootstrap required, opened a new log
I20260710 11:05:48.974144 23291 ts_tablet_manager.cc:1403] T 5830cb66996f40edb5557f0afa450cfa P 279efde2fd694c96b8155e07ff38430d: Time spent bootstrapping tablet: real 0.258s	user 0.007s	sys 0.018s
I20260710 11:05:48.975703 23240 tablet_service.cc:1511] Processing CreateTablet for tablet a4594fdc22ef4669b8f3ed0a869c68c9 (DEFAULT_TABLE table=test-workload [id=df494a1086f54696a584a48f76a90596]), partition=RANGE (key) PARTITION 1968526670 <= VALUES < 2058005155
I20260710 11:05:48.976722 23291 raft_consensus.cc:359] T 5830cb66996f40edb5557f0afa450cfa P 279efde2fd694c96b8155e07ff38430d [term 0 FOLLOWER]: Replica starting. Triggering 0 pending ops. Active config: opid_index: -1 OBSOLETE_local: false peers { permanent_uuid: "279efde2fd694c96b8155e07ff38430d" member_type: VOTER last_known_addr { host: "127.21.124.193" port: 43329 } } peers { permanent_uuid: "48ed23d9c6094ff7ba1d4aa750de6f61" member_type: VOTER last_known_addr { host: "127.21.124.194" port: 33061 } } peers { permanent_uuid: "7d8d040d64a7428ba25e991a6484303c" member_type: VOTER last_known_addr { host: "127.21.124.195" port: 38869 } }
I20260710 11:05:48.977468 23291 raft_consensus.cc:385] T 5830cb66996f40edb5557f0afa450cfa P 279efde2fd694c96b8155e07ff38430d [term 0 FOLLOWER]: Consensus starting up: Expiring failure detector timer to make a prompt election more likely
I20260710 11:05:48.977785 23291 raft_consensus.cc:740] T 5830cb66996f40edb5557f0afa450cfa P 279efde2fd694c96b8155e07ff38430d [term 0 FOLLOWER]: Becoming Follower/Learner. State: Replica: 279efde2fd694c96b8155e07ff38430d, State: Initialized, Role: FOLLOWER
I20260710 11:05:48.980254 23239 data_dirs.cc:400] Could only allocate 1 dirs of requested 3 for tablet 6922fadc0034434b8899fc6233fb6ece. 1 dirs total, 0 dirs full, 0 dirs failed
I20260710 11:05:48.981467 23291 consensus_queue.cc:260] T 5830cb66996f40edb5557f0afa450cfa P 279efde2fd694c96b8155e07ff38430d [NON_LEADER]: Queue going to NON_LEADER mode. State: All replicated index: 0, Majority replicated index: 0, Committed index: 0, Last appended: 0.0, Last appended by leader: 0, Current term: 0, Majority size: -1, State: 0, Mode: NON_LEADER, active raft config: opid_index: -1 OBSOLETE_local: false peers { permanent_uuid: "279efde2fd694c96b8155e07ff38430d" member_type: VOTER last_known_addr { host: "127.21.124.193" port: 43329 } } peers { permanent_uuid: "48ed23d9c6094ff7ba1d4aa750de6f61" member_type: VOTER last_known_addr { host: "127.21.124.194" port: 33061 } } peers { permanent_uuid: "7d8d040d64a7428ba25e991a6484303c" member_type: VOTER last_known_addr { host: "127.21.124.195" port: 38869 } }
I20260710 11:05:48.982261 23240 data_dirs.cc:400] Could only allocate 1 dirs of requested 3 for tablet a4594fdc22ef4669b8f3ed0a869c68c9. 1 dirs total, 0 dirs full, 0 dirs failed
I20260710 11:05:48.985697 23241 tablet_service.cc:1511] Processing CreateTablet for tablet b5f089e2558c4c68aacd59e6691e3ef0 (DEFAULT_TABLE table=test-workload [id=df494a1086f54696a584a48f76a90596]), partition=RANGE (key) PARTITION 2058005155 <= VALUES
I20260710 11:05:48.986882 23241 data_dirs.cc:400] Could only allocate 1 dirs of requested 3 for tablet b5f089e2558c4c68aacd59e6691e3ef0. 1 dirs total, 0 dirs full, 0 dirs failed
I20260710 11:05:49.008585 23291 ts_tablet_manager.cc:1434] T 5830cb66996f40edb5557f0afa450cfa P 279efde2fd694c96b8155e07ff38430d: Time spent starting tablet: real 0.034s	user 0.007s	sys 0.006s
I20260710 11:05:49.010035 23127 heartbeater.cc:499] Master 127.21.124.254:46005 was elected leader, sending a full tablet report...
I20260710 11:05:49.010262 23291 tablet_bootstrap.cc:492] T 1674ad174d2b489481e79afc5c66f5fb P 279efde2fd694c96b8155e07ff38430d: Bootstrap starting.
I20260710 11:05:49.013417 23167 tablet_service.cc:1511] Processing CreateTablet for tablet a4594fdc22ef4669b8f3ed0a869c68c9 (DEFAULT_TABLE table=test-workload [id=df494a1086f54696a584a48f76a90596]), partition=RANGE (key) PARTITION 1968526670 <= VALUES < 2058005155
I20260710 11:05:49.014598 23167 data_dirs.cc:400] Could only allocate 1 dirs of requested 3 for tablet a4594fdc22ef4669b8f3ed0a869c68c9. 1 dirs total, 0 dirs full, 0 dirs failed
I20260710 11:05:49.015950 23291 tablet_bootstrap.cc:654] T 1674ad174d2b489481e79afc5c66f5fb P 279efde2fd694c96b8155e07ff38430d: Neither blocks nor log segments found. Creating new log.
I20260710 11:05:49.022432 23160 tablet_service.cc:1511] Processing CreateTablet for tablet b5f089e2558c4c68aacd59e6691e3ef0 (DEFAULT_TABLE table=test-workload [id=df494a1086f54696a584a48f76a90596]), partition=RANGE (key) PARTITION 2058005155 <= VALUES
I20260710 11:05:49.026760 23160 data_dirs.cc:400] Could only allocate 1 dirs of requested 3 for tablet b5f089e2558c4c68aacd59e6691e3ef0. 1 dirs total, 0 dirs full, 0 dirs failed
I20260710 11:05:49.030566 23293 tablet_bootstrap.cc:492] T 9018730533a34f308ec5aab720a68eb1 P 7d8d040d64a7428ba25e991a6484303c: No bootstrap required, opened a new log
I20260710 11:05:49.031026 23293 ts_tablet_manager.cc:1403] T 9018730533a34f308ec5aab720a68eb1 P 7d8d040d64a7428ba25e991a6484303c: Time spent bootstrapping tablet: real 0.181s	user 0.007s	sys 0.016s
I20260710 11:05:49.034349 23293 raft_consensus.cc:359] T 9018730533a34f308ec5aab720a68eb1 P 7d8d040d64a7428ba25e991a6484303c [term 0 FOLLOWER]: Replica starting. Triggering 0 pending ops. Active config: opid_index: -1 OBSOLETE_local: false peers { permanent_uuid: "279efde2fd694c96b8155e07ff38430d" member_type: VOTER last_known_addr { host: "127.21.124.193" port: 43329 } } peers { permanent_uuid: "48ed23d9c6094ff7ba1d4aa750de6f61" member_type: VOTER last_known_addr { host: "127.21.124.194" port: 33061 } } peers { permanent_uuid: "7d8d040d64a7428ba25e991a6484303c" member_type: VOTER last_known_addr { host: "127.21.124.195" port: 38869 } }
I20260710 11:05:49.035109 23293 raft_consensus.cc:385] T 9018730533a34f308ec5aab720a68eb1 P 7d8d040d64a7428ba25e991a6484303c [term 0 FOLLOWER]: Consensus starting up: Expiring failure detector timer to make a prompt election more likely
I20260710 11:05:49.035472 23293 raft_consensus.cc:740] T 9018730533a34f308ec5aab720a68eb1 P 7d8d040d64a7428ba25e991a6484303c [term 0 FOLLOWER]: Becoming Follower/Learner. State: Replica: 7d8d040d64a7428ba25e991a6484303c, State: Initialized, Role: FOLLOWER
I20260710 11:05:49.036533 23293 consensus_queue.cc:260] T 9018730533a34f308ec5aab720a68eb1 P 7d8d040d64a7428ba25e991a6484303c [NON_LEADER]: Queue going to NON_LEADER mode. State: All replicated index: 0, Majority replicated index: 0, Committed index: 0, Last appended: 0.0, Last appended by leader: 0, Current term: 0, Majority size: -1, State: 0, Mode: NON_LEADER, active raft config: opid_index: -1 OBSOLETE_local: false peers { permanent_uuid: "279efde2fd694c96b8155e07ff38430d" member_type: VOTER last_known_addr { host: "127.21.124.193" port: 43329 } } peers { permanent_uuid: "48ed23d9c6094ff7ba1d4aa750de6f61" member_type: VOTER last_known_addr { host: "127.21.124.194" port: 33061 } } peers { permanent_uuid: "7d8d040d64a7428ba25e991a6484303c" member_type: VOTER last_known_addr { host: "127.21.124.195" port: 38869 } }
I20260710 11:05:49.064293 23291 tablet_bootstrap.cc:492] T 1674ad174d2b489481e79afc5c66f5fb P 279efde2fd694c96b8155e07ff38430d: No bootstrap required, opened a new log
I20260710 11:05:49.064793 23291 ts_tablet_manager.cc:1403] T 1674ad174d2b489481e79afc5c66f5fb P 279efde2fd694c96b8155e07ff38430d: Time spent bootstrapping tablet: real 0.055s	user 0.019s	sys 0.025s
I20260710 11:05:49.067469 23291 raft_consensus.cc:359] T 1674ad174d2b489481e79afc5c66f5fb P 279efde2fd694c96b8155e07ff38430d [term 0 FOLLOWER]: Replica starting. Triggering 0 pending ops. Active config: opid_index: -1 OBSOLETE_local: false peers { permanent_uuid: "279efde2fd694c96b8155e07ff38430d" member_type: VOTER last_known_addr { host: "127.21.124.193" port: 43329 } } peers { permanent_uuid: "48ed23d9c6094ff7ba1d4aa750de6f61" member_type: VOTER last_known_addr { host: "127.21.124.194" port: 33061 } } peers { permanent_uuid: "7d8d040d64a7428ba25e991a6484303c" member_type: VOTER last_known_addr { host: "127.21.124.195" port: 38869 } }
I20260710 11:05:49.068121 23291 raft_consensus.cc:385] T 1674ad174d2b489481e79afc5c66f5fb P 279efde2fd694c96b8155e07ff38430d [term 0 FOLLOWER]: Consensus starting up: Expiring failure detector timer to make a prompt election more likely
I20260710 11:05:49.068400 23291 raft_consensus.cc:740] T 1674ad174d2b489481e79afc5c66f5fb P 279efde2fd694c96b8155e07ff38430d [term 0 FOLLOWER]: Becoming Follower/Learner. State: Replica: 279efde2fd694c96b8155e07ff38430d, State: Initialized, Role: FOLLOWER
I20260710 11:05:49.069046 23291 consensus_queue.cc:260] T 1674ad174d2b489481e79afc5c66f5fb P 279efde2fd694c96b8155e07ff38430d [NON_LEADER]: Queue going to NON_LEADER mode. State: All replicated index: 0, Majority replicated index: 0, Committed index: 0, Last appended: 0.0, Last appended by leader: 0, Current term: 0, Majority size: -1, State: 0, Mode: NON_LEADER, active raft config: opid_index: -1 OBSOLETE_local: false peers { permanent_uuid: "279efde2fd694c96b8155e07ff38430d" member_type: VOTER last_known_addr { host: "127.21.124.193" port: 43329 } } peers { permanent_uuid: "48ed23d9c6094ff7ba1d4aa750de6f61" member_type: VOTER last_known_addr { host: "127.21.124.194" port: 33061 } } peers { permanent_uuid: "7d8d040d64a7428ba25e991a6484303c" member_type: VOTER last_known_addr { host: "127.21.124.195" port: 38869 } }
I20260710 11:05:49.071064 23291 ts_tablet_manager.cc:1434] T 1674ad174d2b489481e79afc5c66f5fb P 279efde2fd694c96b8155e07ff38430d: Time spent starting tablet: real 0.006s	user 0.007s	sys 0.000s
I20260710 11:05:49.071947 23291 tablet_bootstrap.cc:492] T 9018730533a34f308ec5aab720a68eb1 P 279efde2fd694c96b8155e07ff38430d: Bootstrap starting.
W20260710 11:05:49.082825 23048 auto_rebalancer.cc:288] Could not retrieve cluster info: Service unavailable: Tablet not running
I20260710 11:05:49.086640 23291 tablet_bootstrap.cc:654] T 9018730533a34f308ec5aab720a68eb1 P 279efde2fd694c96b8155e07ff38430d: Neither blocks nor log segments found. Creating new log.
I20260710 11:05:49.086985 23292 tablet_bootstrap.cc:492] T c0be6b7aee814bc4bd65248fb5728ca6 P 48ed23d9c6094ff7ba1d4aa750de6f61: No bootstrap required, opened a new log
I20260710 11:05:49.087481 23292 ts_tablet_manager.cc:1403] T c0be6b7aee814bc4bd65248fb5728ca6 P 48ed23d9c6094ff7ba1d4aa750de6f61: Time spent bootstrapping tablet: real 0.174s	user 0.010s	sys 0.012s
I20260710 11:05:49.092088 23296 raft_consensus.cc:493] T 5830cb66996f40edb5557f0afa450cfa P 279efde2fd694c96b8155e07ff38430d [term 0 FOLLOWER]: Starting pre-election (no leader contacted us within the election timeout)
I20260710 11:05:49.092612 23296 raft_consensus.cc:515] T 5830cb66996f40edb5557f0afa450cfa P 279efde2fd694c96b8155e07ff38430d [term 0 FOLLOWER]: Starting pre-election with config: opid_index: -1 OBSOLETE_local: false peers { permanent_uuid: "279efde2fd694c96b8155e07ff38430d" member_type: VOTER last_known_addr { host: "127.21.124.193" port: 43329 } } peers { permanent_uuid: "48ed23d9c6094ff7ba1d4aa750de6f61" member_type: VOTER last_known_addr { host: "127.21.124.194" port: 33061 } } peers { permanent_uuid: "7d8d040d64a7428ba25e991a6484303c" member_type: VOTER last_known_addr { host: "127.21.124.195" port: 38869 } }
I20260710 11:05:49.095188 23296 leader_election.cc:290] T 5830cb66996f40edb5557f0afa450cfa P 279efde2fd694c96b8155e07ff38430d [CANDIDATE]: Term 1 pre-election: Requested pre-vote from peers 48ed23d9c6094ff7ba1d4aa750de6f61 (127.21.124.194:33061), 7d8d040d64a7428ba25e991a6484303c (127.21.124.195:38869)
I20260710 11:05:49.092201 23276 heartbeater.cc:499] Master 127.21.124.254:46005 was elected leader, sending a full tablet report...
I20260710 11:05:49.095634 23293 ts_tablet_manager.cc:1434] T 9018730533a34f308ec5aab720a68eb1 P 7d8d040d64a7428ba25e991a6484303c: Time spent starting tablet: real 0.064s	user 0.015s	sys 0.010s
I20260710 11:05:49.102102 23293 tablet_bootstrap.cc:492] T 15386813e8f945409bec727bb1ad86f9 P 7d8d040d64a7428ba25e991a6484303c: Bootstrap starting.
I20260710 11:05:49.111017 23293 tablet_bootstrap.cc:654] T 15386813e8f945409bec727bb1ad86f9 P 7d8d040d64a7428ba25e991a6484303c: Neither blocks nor log segments found. Creating new log.
I20260710 11:05:49.121883 23291 tablet_bootstrap.cc:492] T 9018730533a34f308ec5aab720a68eb1 P 279efde2fd694c96b8155e07ff38430d: No bootstrap required, opened a new log
I20260710 11:05:49.122393 23291 ts_tablet_manager.cc:1403] T 9018730533a34f308ec5aab720a68eb1 P 279efde2fd694c96b8155e07ff38430d: Time spent bootstrapping tablet: real 0.051s	user 0.011s	sys 0.000s
I20260710 11:05:49.126364 23291 raft_consensus.cc:359] T 9018730533a34f308ec5aab720a68eb1 P 279efde2fd694c96b8155e07ff38430d [term 0 FOLLOWER]: Replica starting. Triggering 0 pending ops. Active config: opid_index: -1 OBSOLETE_local: false peers { permanent_uuid: "279efde2fd694c96b8155e07ff38430d" member_type: VOTER last_known_addr { host: "127.21.124.193" port: 43329 } } peers { permanent_uuid: "48ed23d9c6094ff7ba1d4aa750de6f61" member_type: VOTER last_known_addr { host: "127.21.124.194" port: 33061 } } peers { permanent_uuid: "7d8d040d64a7428ba25e991a6484303c" member_type: VOTER last_known_addr { host: "127.21.124.195" port: 38869 } }
I20260710 11:05:49.127091 23291 raft_consensus.cc:385] T 9018730533a34f308ec5aab720a68eb1 P 279efde2fd694c96b8155e07ff38430d [term 0 FOLLOWER]: Consensus starting up: Expiring failure detector timer to make a prompt election more likely
I20260710 11:05:49.127379 23291 raft_consensus.cc:740] T 9018730533a34f308ec5aab720a68eb1 P 279efde2fd694c96b8155e07ff38430d [term 0 FOLLOWER]: Becoming Follower/Learner. State: Replica: 279efde2fd694c96b8155e07ff38430d, State: Initialized, Role: FOLLOWER
I20260710 11:05:49.128168 23291 consensus_queue.cc:260] T 9018730533a34f308ec5aab720a68eb1 P 279efde2fd694c96b8155e07ff38430d [NON_LEADER]: Queue going to NON_LEADER mode. State: All replicated index: 0, Majority replicated index: 0, Committed index: 0, Last appended: 0.0, Last appended by leader: 0, Current term: 0, Majority size: -1, State: 0, Mode: NON_LEADER, active raft config: opid_index: -1 OBSOLETE_local: false peers { permanent_uuid: "279efde2fd694c96b8155e07ff38430d" member_type: VOTER last_known_addr { host: "127.21.124.193" port: 43329 } } peers { permanent_uuid: "48ed23d9c6094ff7ba1d4aa750de6f61" member_type: VOTER last_known_addr { host: "127.21.124.194" port: 33061 } } peers { permanent_uuid: "7d8d040d64a7428ba25e991a6484303c" member_type: VOTER last_known_addr { host: "127.21.124.195" port: 38869 } }
I20260710 11:05:49.125310 23292 raft_consensus.cc:359] T c0be6b7aee814bc4bd65248fb5728ca6 P 48ed23d9c6094ff7ba1d4aa750de6f61 [term 0 FOLLOWER]: Replica starting. Triggering 0 pending ops. Active config: opid_index: -1 OBSOLETE_local: false peers { permanent_uuid: "279efde2fd694c96b8155e07ff38430d" member_type: VOTER last_known_addr { host: "127.21.124.193" port: 43329 } } peers { permanent_uuid: "48ed23d9c6094ff7ba1d4aa750de6f61" member_type: VOTER last_known_addr { host: "127.21.124.194" port: 33061 } } peers { permanent_uuid: "7d8d040d64a7428ba25e991a6484303c" member_type: VOTER last_known_addr { host: "127.21.124.195" port: 38869 } }
I20260710 11:05:49.131417 23292 raft_consensus.cc:385] T c0be6b7aee814bc4bd65248fb5728ca6 P 48ed23d9c6094ff7ba1d4aa750de6f61 [term 0 FOLLOWER]: Consensus starting up: Expiring failure detector timer to make a prompt election more likely
I20260710 11:05:49.131703 23292 raft_consensus.cc:740] T c0be6b7aee814bc4bd65248fb5728ca6 P 48ed23d9c6094ff7ba1d4aa750de6f61 [term 0 FOLLOWER]: Becoming Follower/Learner. State: Replica: 48ed23d9c6094ff7ba1d4aa750de6f61, State: Initialized, Role: FOLLOWER
I20260710 11:05:49.134647 23293 tablet_bootstrap.cc:492] T 15386813e8f945409bec727bb1ad86f9 P 7d8d040d64a7428ba25e991a6484303c: No bootstrap required, opened a new log
I20260710 11:05:49.135176 23293 ts_tablet_manager.cc:1403] T 15386813e8f945409bec727bb1ad86f9 P 7d8d040d64a7428ba25e991a6484303c: Time spent bootstrapping tablet: real 0.033s	user 0.011s	sys 0.011s
I20260710 11:05:49.134922 23292 consensus_queue.cc:260] T c0be6b7aee814bc4bd65248fb5728ca6 P 48ed23d9c6094ff7ba1d4aa750de6f61 [NON_LEADER]: Queue going to NON_LEADER mode. State: All replicated index: 0, Majority replicated index: 0, Committed index: 0, Last appended: 0.0, Last appended by leader: 0, Current term: 0, Majority size: -1, State: 0, Mode: NON_LEADER, active raft config: opid_index: -1 OBSOLETE_local: false peers { permanent_uuid: "279efde2fd694c96b8155e07ff38430d" member_type: VOTER last_known_addr { host: "127.21.124.193" port: 43329 } } peers { permanent_uuid: "48ed23d9c6094ff7ba1d4aa750de6f61" member_type: VOTER last_known_addr { host: "127.21.124.194" port: 33061 } } peers { permanent_uuid: "7d8d040d64a7428ba25e991a6484303c" member_type: VOTER last_known_addr { host: "127.21.124.195" port: 38869 } }
I20260710 11:05:49.138289 23291 ts_tablet_manager.cc:1434] T 9018730533a34f308ec5aab720a68eb1 P 279efde2fd694c96b8155e07ff38430d: Time spent starting tablet: real 0.016s	user 0.006s	sys 0.002s
I20260710 11:05:49.139467 23291 tablet_bootstrap.cc:492] T 640cd3e3183f48308f5616dc138c45dc P 279efde2fd694c96b8155e07ff38430d: Bootstrap starting.
I20260710 11:05:49.140931 23251 tablet_service.cc:1917] Received RequestConsensusVote() RPC: tablet_id: "5830cb66996f40edb5557f0afa450cfa" candidate_uuid: "279efde2fd694c96b8155e07ff38430d" candidate_term: 1 candidate_status { last_received { term: 0 index: 0 } } ignore_live_leader: false dest_uuid: "7d8d040d64a7428ba25e991a6484303c" is_pre_election: true
I20260710 11:05:49.141683 23293 raft_consensus.cc:359] T 15386813e8f945409bec727bb1ad86f9 P 7d8d040d64a7428ba25e991a6484303c [term 0 FOLLOWER]: Replica starting. Triggering 0 pending ops. Active config: opid_index: -1 OBSOLETE_local: false peers { permanent_uuid: "279efde2fd694c96b8155e07ff38430d" member_type: VOTER last_known_addr { host: "127.21.124.193" port: 43329 } } peers { permanent_uuid: "48ed23d9c6094ff7ba1d4aa750de6f61" member_type: VOTER last_known_addr { host: "127.21.124.194" port: 33061 } } peers { permanent_uuid: "7d8d040d64a7428ba25e991a6484303c" member_type: VOTER last_known_addr { host: "127.21.124.195" port: 38869 } }
I20260710 11:05:49.142354 23293 raft_consensus.cc:385] T 15386813e8f945409bec727bb1ad86f9 P 7d8d040d64a7428ba25e991a6484303c [term 0 FOLLOWER]: Consensus starting up: Expiring failure detector timer to make a prompt election more likely
I20260710 11:05:49.142628 23293 raft_consensus.cc:740] T 15386813e8f945409bec727bb1ad86f9 P 7d8d040d64a7428ba25e991a6484303c [term 0 FOLLOWER]: Becoming Follower/Learner. State: Replica: 7d8d040d64a7428ba25e991a6484303c, State: Initialized, Role: FOLLOWER
W20260710 11:05:49.142737 23066 leader_election.cc:343] T 5830cb66996f40edb5557f0afa450cfa P 279efde2fd694c96b8155e07ff38430d [CANDIDATE]: Term 1 pre-election: Tablet error from VoteRequest() call to peer 7d8d040d64a7428ba25e991a6484303c (127.21.124.195:38869): Illegal state: must be running to vote when last-logged opid is not known
I20260710 11:05:49.143440 23293 consensus_queue.cc:260] T 15386813e8f945409bec727bb1ad86f9 P 7d8d040d64a7428ba25e991a6484303c [NON_LEADER]: Queue going to NON_LEADER mode. State: All replicated index: 0, Majority replicated index: 0, Committed index: 0, Last appended: 0.0, Last appended by leader: 0, Current term: 0, Majority size: -1, State: 0, Mode: NON_LEADER, active raft config: opid_index: -1 OBSOLETE_local: false peers { permanent_uuid: "279efde2fd694c96b8155e07ff38430d" member_type: VOTER last_known_addr { host: "127.21.124.193" port: 43329 } } peers { permanent_uuid: "48ed23d9c6094ff7ba1d4aa750de6f61" member_type: VOTER last_known_addr { host: "127.21.124.194" port: 33061 } } peers { permanent_uuid: "7d8d040d64a7428ba25e991a6484303c" member_type: VOTER last_known_addr { host: "127.21.124.195" port: 38869 } }
I20260710 11:05:49.144129 23177 tablet_service.cc:1917] Received RequestConsensusVote() RPC: tablet_id: "5830cb66996f40edb5557f0afa450cfa" candidate_uuid: "279efde2fd694c96b8155e07ff38430d" candidate_term: 1 candidate_status { last_received { term: 0 index: 0 } } ignore_live_leader: false dest_uuid: "48ed23d9c6094ff7ba1d4aa750de6f61" is_pre_election: true
I20260710 11:05:49.145486 23293 ts_tablet_manager.cc:1434] T 15386813e8f945409bec727bb1ad86f9 P 7d8d040d64a7428ba25e991a6484303c: Time spent starting tablet: real 0.008s	user 0.006s	sys 0.000s
W20260710 11:05:49.145604 23067 leader_election.cc:343] T 5830cb66996f40edb5557f0afa450cfa P 279efde2fd694c96b8155e07ff38430d [CANDIDATE]: Term 1 pre-election: Tablet error from VoteRequest() call to peer 48ed23d9c6094ff7ba1d4aa750de6f61 (127.21.124.194:33061): Illegal state: must be running to vote when last-logged opid is not known
I20260710 11:05:49.146065 23067 leader_election.cc:304] T 5830cb66996f40edb5557f0afa450cfa P 279efde2fd694c96b8155e07ff38430d [CANDIDATE]: Term 1 pre-election: Election decided. Result: candidate lost. Election summary: received 3 responses out of 3 voters: 1 yes votes; 2 no votes. yes voters: 279efde2fd694c96b8155e07ff38430d; no voters: 48ed23d9c6094ff7ba1d4aa750de6f61, 7d8d040d64a7428ba25e991a6484303c
I20260710 11:05:49.146422 23293 tablet_bootstrap.cc:492] T 1674ad174d2b489481e79afc5c66f5fb P 7d8d040d64a7428ba25e991a6484303c: Bootstrap starting.
I20260710 11:05:49.147125 23296 raft_consensus.cc:2749] T 5830cb66996f40edb5557f0afa450cfa P 279efde2fd694c96b8155e07ff38430d [term 0 FOLLOWER]: Leader pre-election lost for term 1. Reason: could not achieve majority
I20260710 11:05:49.151521 23291 tablet_bootstrap.cc:654] T 640cd3e3183f48308f5616dc138c45dc P 279efde2fd694c96b8155e07ff38430d: Neither blocks nor log segments found. Creating new log.
I20260710 11:05:49.153007 23293 tablet_bootstrap.cc:654] T 1674ad174d2b489481e79afc5c66f5fb P 7d8d040d64a7428ba25e991a6484303c: Neither blocks nor log segments found. Creating new log.
I20260710 11:05:49.159154 23291 tablet_bootstrap.cc:492] T 640cd3e3183f48308f5616dc138c45dc P 279efde2fd694c96b8155e07ff38430d: No bootstrap required, opened a new log
I20260710 11:05:49.159173 23293 tablet_bootstrap.cc:492] T 1674ad174d2b489481e79afc5c66f5fb P 7d8d040d64a7428ba25e991a6484303c: No bootstrap required, opened a new log
I20260710 11:05:49.161140 23293 ts_tablet_manager.cc:1403] T 1674ad174d2b489481e79afc5c66f5fb P 7d8d040d64a7428ba25e991a6484303c: Time spent bootstrapping tablet: real 0.015s	user 0.008s	sys 0.004s
I20260710 11:05:49.161152 23291 ts_tablet_manager.cc:1403] T 640cd3e3183f48308f5616dc138c45dc P 279efde2fd694c96b8155e07ff38430d: Time spent bootstrapping tablet: real 0.022s	user 0.006s	sys 0.005s
I20260710 11:05:49.163324 23202 heartbeater.cc:499] Master 127.21.124.254:46005 was elected leader, sending a full tablet report...
I20260710 11:05:49.164626 23292 ts_tablet_manager.cc:1434] T c0be6b7aee814bc4bd65248fb5728ca6 P 48ed23d9c6094ff7ba1d4aa750de6f61: Time spent starting tablet: real 0.077s	user 0.010s	sys 0.004s
I20260710 11:05:49.164273 23293 raft_consensus.cc:359] T 1674ad174d2b489481e79afc5c66f5fb P 7d8d040d64a7428ba25e991a6484303c [term 0 FOLLOWER]: Replica starting. Triggering 0 pending ops. Active config: opid_index: -1 OBSOLETE_local: false peers { permanent_uuid: "279efde2fd694c96b8155e07ff38430d" member_type: VOTER last_known_addr { host: "127.21.124.193" port: 43329 } } peers { permanent_uuid: "48ed23d9c6094ff7ba1d4aa750de6f61" member_type: VOTER last_known_addr { host: "127.21.124.194" port: 33061 } } peers { permanent_uuid: "7d8d040d64a7428ba25e991a6484303c" member_type: VOTER last_known_addr { host: "127.21.124.195" port: 38869 } }
I20260710 11:05:49.165000 23293 raft_consensus.cc:385] T 1674ad174d2b489481e79afc5c66f5fb P 7d8d040d64a7428ba25e991a6484303c [term 0 FOLLOWER]: Consensus starting up: Expiring failure detector timer to make a prompt election more likely
I20260710 11:05:49.165318 23293 raft_consensus.cc:740] T 1674ad174d2b489481e79afc5c66f5fb P 7d8d040d64a7428ba25e991a6484303c [term 0 FOLLOWER]: Becoming Follower/Learner. State: Replica: 7d8d040d64a7428ba25e991a6484303c, State: Initialized, Role: FOLLOWER
I20260710 11:05:49.165639 23292 tablet_bootstrap.cc:492] T 15386813e8f945409bec727bb1ad86f9 P 48ed23d9c6094ff7ba1d4aa750de6f61: Bootstrap starting.
I20260710 11:05:49.166164 23293 consensus_queue.cc:260] T 1674ad174d2b489481e79afc5c66f5fb P 7d8d040d64a7428ba25e991a6484303c [NON_LEADER]: Queue going to NON_LEADER mode. State: All replicated index: 0, Majority replicated index: 0, Committed index: 0, Last appended: 0.0, Last appended by leader: 0, Current term: 0, Majority size: -1, State: 0, Mode: NON_LEADER, active raft config: opid_index: -1 OBSOLETE_local: false peers { permanent_uuid: "279efde2fd694c96b8155e07ff38430d" member_type: VOTER last_known_addr { host: "127.21.124.193" port: 43329 } } peers { permanent_uuid: "48ed23d9c6094ff7ba1d4aa750de6f61" member_type: VOTER last_known_addr { host: "127.21.124.194" port: 33061 } } peers { permanent_uuid: "7d8d040d64a7428ba25e991a6484303c" member_type: VOTER last_known_addr { host: "127.21.124.195" port: 38869 } }
I20260710 11:05:49.168350 23293 ts_tablet_manager.cc:1434] T 1674ad174d2b489481e79afc5c66f5fb P 7d8d040d64a7428ba25e991a6484303c: Time spent starting tablet: real 0.007s	user 0.004s	sys 0.000s
I20260710 11:05:49.169224 23293 tablet_bootstrap.cc:492] T 779c272ac73c45339aa1290a1597f3b2 P 7d8d040d64a7428ba25e991a6484303c: Bootstrap starting.
I20260710 11:05:49.169787 23299 raft_consensus.cc:493] T 9018730533a34f308ec5aab720a68eb1 P 7d8d040d64a7428ba25e991a6484303c [term 0 FOLLOWER]: Starting pre-election (no leader contacted us within the election timeout)
I20260710 11:05:49.170228 23299 raft_consensus.cc:515] T 9018730533a34f308ec5aab720a68eb1 P 7d8d040d64a7428ba25e991a6484303c [term 0 FOLLOWER]: Starting pre-election with config: opid_index: -1 OBSOLETE_local: false peers { permanent_uuid: "279efde2fd694c96b8155e07ff38430d" member_type: VOTER last_known_addr { host: "127.21.124.193" port: 43329 } } peers { permanent_uuid: "48ed23d9c6094ff7ba1d4aa750de6f61" member_type: VOTER last_known_addr { host: "127.21.124.194" port: 33061 } } peers { permanent_uuid: "7d8d040d64a7428ba25e991a6484303c" member_type: VOTER last_known_addr { host: "127.21.124.195" port: 38869 } }
I20260710 11:05:49.173802 23292 tablet_bootstrap.cc:654] T 15386813e8f945409bec727bb1ad86f9 P 48ed23d9c6094ff7ba1d4aa750de6f61: Neither blocks nor log segments found. Creating new log.
I20260710 11:05:49.175887 23293 tablet_bootstrap.cc:654] T 779c272ac73c45339aa1290a1597f3b2 P 7d8d040d64a7428ba25e991a6484303c: Neither blocks nor log segments found. Creating new log.
I20260710 11:05:49.170921 23291 raft_consensus.cc:359] T 640cd3e3183f48308f5616dc138c45dc P 279efde2fd694c96b8155e07ff38430d [term 0 FOLLOWER]: Replica starting. Triggering 0 pending ops. Active config: opid_index: -1 OBSOLETE_local: false peers { permanent_uuid: "279efde2fd694c96b8155e07ff38430d" member_type: VOTER last_known_addr { host: "127.21.124.193" port: 43329 } } peers { permanent_uuid: "48ed23d9c6094ff7ba1d4aa750de6f61" member_type: VOTER last_known_addr { host: "127.21.124.194" port: 33061 } } peers { permanent_uuid: "7d8d040d64a7428ba25e991a6484303c" member_type: VOTER last_known_addr { host: "127.21.124.195" port: 38869 } }
I20260710 11:05:49.176249 23291 raft_consensus.cc:385] T 640cd3e3183f48308f5616dc138c45dc P 279efde2fd694c96b8155e07ff38430d [term 0 FOLLOWER]: Consensus starting up: Expiring failure detector timer to make a prompt election more likely
I20260710 11:05:49.176643 23291 raft_consensus.cc:740] T 640cd3e3183f48308f5616dc138c45dc P 279efde2fd694c96b8155e07ff38430d [term 0 FOLLOWER]: Becoming Follower/Learner. State: Replica: 279efde2fd694c96b8155e07ff38430d, State: Initialized, Role: FOLLOWER
I20260710 11:05:49.177524 23291 consensus_queue.cc:260] T 640cd3e3183f48308f5616dc138c45dc P 279efde2fd694c96b8155e07ff38430d [NON_LEADER]: Queue going to NON_LEADER mode. State: All replicated index: 0, Majority replicated index: 0, Committed index: 0, Last appended: 0.0, Last appended by leader: 0, Current term: 0, Majority size: -1, State: 0, Mode: NON_LEADER, active raft config: opid_index: -1 OBSOLETE_local: false peers { permanent_uuid: "279efde2fd694c96b8155e07ff38430d" member_type: VOTER last_known_addr { host: "127.21.124.193" port: 43329 } } peers { permanent_uuid: "48ed23d9c6094ff7ba1d4aa750de6f61" member_type: VOTER last_known_addr { host: "127.21.124.194" port: 33061 } } peers { permanent_uuid: "7d8d040d64a7428ba25e991a6484303c" member_type: VOTER last_known_addr { host: "127.21.124.195" port: 38869 } }
I20260710 11:05:49.178861 23299 leader_election.cc:290] T 9018730533a34f308ec5aab720a68eb1 P 7d8d040d64a7428ba25e991a6484303c [CANDIDATE]: Term 1 pre-election: Requested pre-vote from peers 279efde2fd694c96b8155e07ff38430d (127.21.124.193:43329), 48ed23d9c6094ff7ba1d4aa750de6f61 (127.21.124.194:33061)
I20260710 11:05:49.180151 23291 ts_tablet_manager.cc:1434] T 640cd3e3183f48308f5616dc138c45dc P 279efde2fd694c96b8155e07ff38430d: Time spent starting tablet: real 0.018s	user 0.005s	sys 0.001s
I20260710 11:05:49.182179 23291 tablet_bootstrap.cc:492] T 15386813e8f945409bec727bb1ad86f9 P 279efde2fd694c96b8155e07ff38430d: Bootstrap starting.
I20260710 11:05:49.186655 23177 tablet_service.cc:1917] Received RequestConsensusVote() RPC: tablet_id: "9018730533a34f308ec5aab720a68eb1" candidate_uuid: "7d8d040d64a7428ba25e991a6484303c" candidate_term: 1 candidate_status { last_received { term: 0 index: 0 } } ignore_live_leader: false dest_uuid: "48ed23d9c6094ff7ba1d4aa750de6f61" is_pre_election: true
W20260710 11:05:49.188051 23216 leader_election.cc:343] T 9018730533a34f308ec5aab720a68eb1 P 7d8d040d64a7428ba25e991a6484303c [CANDIDATE]: Term 1 pre-election: Tablet error from VoteRequest() call to peer 48ed23d9c6094ff7ba1d4aa750de6f61 (127.21.124.194:33061): Illegal state: must be running to vote when last-logged opid is not known
I20260710 11:05:49.193056 23293 tablet_bootstrap.cc:492] T 779c272ac73c45339aa1290a1597f3b2 P 7d8d040d64a7428ba25e991a6484303c: No bootstrap required, opened a new log
I20260710 11:05:49.193591 23293 ts_tablet_manager.cc:1403] T 779c272ac73c45339aa1290a1597f3b2 P 7d8d040d64a7428ba25e991a6484303c: Time spent bootstrapping tablet: real 0.025s	user 0.010s	sys 0.012s
I20260710 11:05:49.194574 23291 tablet_bootstrap.cc:654] T 15386813e8f945409bec727bb1ad86f9 P 279efde2fd694c96b8155e07ff38430d: Neither blocks nor log segments found. Creating new log.
I20260710 11:05:49.194834 23102 tablet_service.cc:1917] Received RequestConsensusVote() RPC: tablet_id: "9018730533a34f308ec5aab720a68eb1" candidate_uuid: "7d8d040d64a7428ba25e991a6484303c" candidate_term: 1 candidate_status { last_received { term: 0 index: 0 } } ignore_live_leader: false dest_uuid: "279efde2fd694c96b8155e07ff38430d" is_pre_election: true
I20260710 11:05:49.196619 23102 raft_consensus.cc:2468] T 9018730533a34f308ec5aab720a68eb1 P 279efde2fd694c96b8155e07ff38430d [term 0 FOLLOWER]: Leader pre-election vote request: Granting yes vote for candidate 7d8d040d64a7428ba25e991a6484303c in term 0.
I20260710 11:05:49.197749 23293 raft_consensus.cc:359] T 779c272ac73c45339aa1290a1597f3b2 P 7d8d040d64a7428ba25e991a6484303c [term 0 FOLLOWER]: Replica starting. Triggering 0 pending ops. Active config: opid_index: -1 OBSOLETE_local: false peers { permanent_uuid: "279efde2fd694c96b8155e07ff38430d" member_type: VOTER last_known_addr { host: "127.21.124.193" port: 43329 } } peers { permanent_uuid: "7d8d040d64a7428ba25e991a6484303c" member_type: VOTER last_known_addr { host: "127.21.124.195" port: 38869 } } peers { permanent_uuid: "48ed23d9c6094ff7ba1d4aa750de6f61" member_type: VOTER last_known_addr { host: "127.21.124.194" port: 33061 } }
I20260710 11:05:49.198439 23293 raft_consensus.cc:385] T 779c272ac73c45339aa1290a1597f3b2 P 7d8d040d64a7428ba25e991a6484303c [term 0 FOLLOWER]: Consensus starting up: Expiring failure detector timer to make a prompt election more likely
I20260710 11:05:49.198773 23293 raft_consensus.cc:740] T 779c272ac73c45339aa1290a1597f3b2 P 7d8d040d64a7428ba25e991a6484303c [term 0 FOLLOWER]: Becoming Follower/Learner. State: Replica: 7d8d040d64a7428ba25e991a6484303c, State: Initialized, Role: FOLLOWER
I20260710 11:05:49.199477 23293 consensus_queue.cc:260] T 779c272ac73c45339aa1290a1597f3b2 P 7d8d040d64a7428ba25e991a6484303c [NON_LEADER]: Queue going to NON_LEADER mode. State: All replicated index: 0, Majority replicated index: 0, Committed index: 0, Last appended: 0.0, Last appended by leader: 0, Current term: 0, Majority size: -1, State: 0, Mode: NON_LEADER, active raft config: opid_index: -1 OBSOLETE_local: false peers { permanent_uuid: "279efde2fd694c96b8155e07ff38430d" member_type: VOTER last_known_addr { host: "127.21.124.193" port: 43329 } } peers { permanent_uuid: "7d8d040d64a7428ba25e991a6484303c" member_type: VOTER last_known_addr { host: "127.21.124.195" port: 38869 } } peers { permanent_uuid: "48ed23d9c6094ff7ba1d4aa750de6f61" member_type: VOTER last_known_addr { host: "127.21.124.194" port: 33061 } }
I20260710 11:05:49.200399 23292 tablet_bootstrap.cc:492] T 15386813e8f945409bec727bb1ad86f9 P 48ed23d9c6094ff7ba1d4aa750de6f61: No bootstrap required, opened a new log
I20260710 11:05:49.200898 23292 ts_tablet_manager.cc:1403] T 15386813e8f945409bec727bb1ad86f9 P 48ed23d9c6094ff7ba1d4aa750de6f61: Time spent bootstrapping tablet: real 0.036s	user 0.010s	sys 0.004s
I20260710 11:05:49.201592 23293 ts_tablet_manager.cc:1434] T 779c272ac73c45339aa1290a1597f3b2 P 7d8d040d64a7428ba25e991a6484303c: Time spent starting tablet: real 0.008s	user 0.007s	sys 0.000s
I20260710 11:05:49.201833 23214 leader_election.cc:304] T 9018730533a34f308ec5aab720a68eb1 P 7d8d040d64a7428ba25e991a6484303c [CANDIDATE]: Term 1 pre-election: Election decided. Result: candidate won. Election summary: received 3 responses out of 3 voters: 2 yes votes; 1 no votes. yes voters: 279efde2fd694c96b8155e07ff38430d, 7d8d040d64a7428ba25e991a6484303c; no voters: 48ed23d9c6094ff7ba1d4aa750de6f61
I20260710 11:05:49.202546 23293 tablet_bootstrap.cc:492] T c0be6b7aee814bc4bd65248fb5728ca6 P 7d8d040d64a7428ba25e991a6484303c: Bootstrap starting.
I20260710 11:05:49.202611 23299 raft_consensus.cc:2804] T 9018730533a34f308ec5aab720a68eb1 P 7d8d040d64a7428ba25e991a6484303c [term 0 FOLLOWER]: Leader pre-election won for term 1
I20260710 11:05:49.203053 23299 raft_consensus.cc:493] T 9018730533a34f308ec5aab720a68eb1 P 7d8d040d64a7428ba25e991a6484303c [term 0 FOLLOWER]: Starting leader election (no leader contacted us within the election timeout)
I20260710 11:05:49.203388 23299 raft_consensus.cc:3060] T 9018730533a34f308ec5aab720a68eb1 P 7d8d040d64a7428ba25e991a6484303c [term 0 FOLLOWER]: Advancing to term 1
I20260710 11:05:49.204308 23292 raft_consensus.cc:359] T 15386813e8f945409bec727bb1ad86f9 P 48ed23d9c6094ff7ba1d4aa750de6f61 [term 0 FOLLOWER]: Replica starting. Triggering 0 pending ops. Active config: opid_index: -1 OBSOLETE_local: false peers { permanent_uuid: "279efde2fd694c96b8155e07ff38430d" member_type: VOTER last_known_addr { host: "127.21.124.193" port: 43329 } } peers { permanent_uuid: "48ed23d9c6094ff7ba1d4aa750de6f61" member_type: VOTER last_known_addr { host: "127.21.124.194" port: 33061 } } peers { permanent_uuid: "7d8d040d64a7428ba25e991a6484303c" member_type: VOTER last_known_addr { host: "127.21.124.195" port: 38869 } }
I20260710 11:05:49.206372 23292 raft_consensus.cc:385] T 15386813e8f945409bec727bb1ad86f9 P 48ed23d9c6094ff7ba1d4aa750de6f61 [term 0 FOLLOWER]: Consensus starting up: Expiring failure detector timer to make a prompt election more likely
I20260710 11:05:49.206714 23292 raft_consensus.cc:740] T 15386813e8f945409bec727bb1ad86f9 P 48ed23d9c6094ff7ba1d4aa750de6f61 [term 0 FOLLOWER]: Becoming Follower/Learner. State: Replica: 48ed23d9c6094ff7ba1d4aa750de6f61, State: Initialized, Role: FOLLOWER
I20260710 11:05:49.207509 23292 consensus_queue.cc:260] T 15386813e8f945409bec727bb1ad86f9 P 48ed23d9c6094ff7ba1d4aa750de6f61 [NON_LEADER]: Queue going to NON_LEADER mode. State: All replicated index: 0, Majority replicated index: 0, Committed index: 0, Last appended: 0.0, Last appended by leader: 0, Current term: 0, Majority size: -1, State: 0, Mode: NON_LEADER, active raft config: opid_index: -1 OBSOLETE_local: false peers { permanent_uuid: "279efde2fd694c96b8155e07ff38430d" member_type: VOTER last_known_addr { host: "127.21.124.193" port: 43329 } } peers { permanent_uuid: "48ed23d9c6094ff7ba1d4aa750de6f61" member_type: VOTER last_known_addr { host: "127.21.124.194" port: 33061 } } peers { permanent_uuid: "7d8d040d64a7428ba25e991a6484303c" member_type: VOTER last_known_addr { host: "127.21.124.195" port: 38869 } }
I20260710 11:05:49.208949 23293 tablet_bootstrap.cc:654] T c0be6b7aee814bc4bd65248fb5728ca6 P 7d8d040d64a7428ba25e991a6484303c: Neither blocks nor log segments found. Creating new log.
I20260710 11:05:49.209609 23292 ts_tablet_manager.cc:1434] T 15386813e8f945409bec727bb1ad86f9 P 48ed23d9c6094ff7ba1d4aa750de6f61: Time spent starting tablet: real 0.008s	user 0.005s	sys 0.001s
