Total live blocks: 0
Total live bytes: 0
Total live bytes (after alignment): 0
Total number of LBM containers: 0 (0 full)
Did not check for missing blocks
Did not check for orphaned blocks
Total full LBM containers with extra space: 0 (0 repaired)
Total full LBM container extra space in bytes: 0 (0 repaired)
Total incomplete LBM containers: 0 (0 repaired)
Total LBM partial records: 0 (0 repaired)
Total corrupted LBM metadata records in RocksDB: 0 (0 repaired)
I20260710 11:05:52.226857  8767 rpc_server.cc:225] running with OpenSSL 1.1.1  11 Sep 2018
I20260710 11:05:52.228160  8767 kserver.cc:163] Server-wide thread pool size limit: 3276
I20260710 11:05:52.230325  8767 txn_system_client.cc:432] TxnSystemClient initialization is disabled...
I20260710 11:05:52.232928  8767 ts_tablet_manager.cc:585] Loaded tablet metadata (0 total tablets, 0 live tablets)
I20260710 11:05:52.233146  8767 ts_tablet_manager.cc:531] Time spent load tablet metadata: real 0.000s	user 0.000s	sys 0.000s
I20260710 11:05:52.233434  8767 ts_tablet_manager.cc:616] Registered 0 tablets
I20260710 11:05:52.233618  8767 ts_tablet_manager.cc:595] Time spent register tablets: real 0.000s	user 0.000s	sys 0.000s
I20260710 11:05:52.275436  8767 rpc_server.cc:307] RPC server started. Bound to: 127.8.143.193:37189
I20260710 11:05:52.275532  9932 acceptor_pool.cc:272] collecting diagnostics on the listening RPC socket 127.8.143.193:37189 every 8 connection(s)
I20260710 11:05:52.280843  8767 file_cache.cc:504] Constructed file cache file cache with capacity 419430
W20260710 11:05:52.287825  9937 instance_detector.cc:116] could not retrieve AWS instance metadata: Network error: curl error: HTTP response code said error: The requested URL returned error: 404
W20260710 11:05:52.289618  9938 instance_detector.cc:116] could not retrieve Azure instance metadata: Network error: curl error: HTTP response code said error: The requested URL returned error: 404
I20260710 11:05:52.293401  8767 server_base.cc:1061] running on GCE node
W20260710 11:05:52.293918  9940 instance_detector.cc:116] could not retrieve OpenStack instance metadata: Network error: curl error: HTTP response code said error: The requested URL returned error: 404
I20260710 11:05:52.295023  8767 hybrid_clock.cc:584] initializing the hybrid clock with 'system_unsync' time source
W20260710 11:05:52.295274  8767 system_unsync_time.cc:38] NTP support is disabled. Clock error bounds will not be accurate. This configuration is not suitable for distributed clusters.
I20260710 11:05:52.295482  8767 hybrid_clock.cc:648] HybridClock initialized: now 1783681552295460 us; error 0 us; skew 500 ppm
I20260710 11:05:52.295507  9933 heartbeater.cc:344] Connected to a master server at 127.8.143.254:37771
I20260710 11:05:52.295931  9933 heartbeater.cc:461] Registering TS with master...
I20260710 11:05:52.296147  8767 server_base.cc:861] Flag tcmalloc_max_total_thread_cache_bytes is not working since tcmalloc is not enabled.
I20260710 11:05:52.296712  9933 heartbeater.cc:507] Master 127.8.143.254:37771 requested a full tablet report, sending...
I20260710 11:05:52.299100  8767 webserver.cc:533] Webserver started at http://127.8.143.194:38551/ using document root <none> and password file <none>
I20260710 11:05:52.299063  9806 ts_manager.cc:194] Registered new tserver with Master: 0febf521992447a398c2f6a994b864af (127.8.143.193:37189)
I20260710 11:05:52.299767  8767 fs_manager.cc:362] Metadata directory not provided
I20260710 11:05:52.299979  8767 fs_manager.cc:368] Using write-ahead log directory (fs_wal_dir) as metadata directory
I20260710 11:05:52.300235  8767 server_base.cc:909] This appears to be a new deployment of Kudu; creating new FS layout
I20260710 11:05:52.301231  9806 master_service.cc:502] Signed X509 certificate for tserver {username='slave'} at 127.0.0.1:50672
I20260710 11:05:52.301313  8767 fs_manager.cc:1068] Generated new instance metadata in path /tmp/dist-test-task62DR3U/test-tmp/auto_leader_rebalancer-test.0.LeaderRebalancerTest.AddTserver.1783681525424030-8767-0/minicluster-data/ts-1-root/instance:
uuid: "f2fd8ca8a8bb47d28d51889966975e59"
format_stamp: "Formatted at 2026-07-10 11:05:52 on dist-test-slave-n551"
I20260710 11:05:52.306115  8767 fs_manager.cc:696] Time spent creating directory manager: real 0.004s	user 0.004s	sys 0.002s
I20260710 11:05:52.309568  9945 log_block_manager.cc:4127] Time spent loading block containers with low live blocks: real 0.000s	user 0.000s	sys 0.000s
I20260710 11:05:52.310563  8767 fs_manager.cc:730] Time spent opening block manager: real 0.002s	user 0.002s	sys 0.000s
I20260710 11:05:52.310878  8767 fs_manager.cc:647] Opened local filesystem: /tmp/dist-test-task62DR3U/test-tmp/auto_leader_rebalancer-test.0.LeaderRebalancerTest.AddTserver.1783681525424030-8767-0/minicluster-data/ts-1-root
uuid: "f2fd8ca8a8bb47d28d51889966975e59"
format_stamp: "Formatted at 2026-07-10 11:05:52 on dist-test-slave-n551"
I20260710 11:05:52.311160  8767 fs_report.cc:389] FS layout report
--------------------
wal directory: /tmp/dist-test-task62DR3U/test-tmp/auto_leader_rebalancer-test.0.LeaderRebalancerTest.AddTserver.1783681525424030-8767-0/minicluster-data/ts-1-root
metadata directory: /tmp/dist-test-task62DR3U/test-tmp/auto_leader_rebalancer-test.0.LeaderRebalancerTest.AddTserver.1783681525424030-8767-0/minicluster-data/ts-1-root
1 data directories: /tmp/dist-test-task62DR3U/test-tmp/auto_leader_rebalancer-test.0.LeaderRebalancerTest.AddTserver.1783681525424030-8767-0/minicluster-data/ts-1-root/data
Total live blocks: 0
Total live bytes: 0
Total live bytes (after alignment): 0
Total number of LBM containers: 0 (0 full)
Did not check for missing blocks
Did not check for orphaned blocks
Total full LBM containers with extra space: 0 (0 repaired)
Total full LBM container extra space in bytes: 0 (0 repaired)
Total incomplete LBM containers: 0 (0 repaired)
Total LBM partial records: 0 (0 repaired)
Total corrupted LBM metadata records in RocksDB: 0 (0 repaired)
I20260710 11:05:52.324806  8767 rpc_server.cc:225] running with OpenSSL 1.1.1  11 Sep 2018
I20260710 11:05:52.326016  8767 kserver.cc:163] Server-wide thread pool size limit: 3276
I20260710 11:05:52.327494  8767 txn_system_client.cc:432] TxnSystemClient initialization is disabled...
I20260710 11:05:52.329741  8767 ts_tablet_manager.cc:585] Loaded tablet metadata (0 total tablets, 0 live tablets)
I20260710 11:05:52.329927  8767 ts_tablet_manager.cc:531] Time spent load tablet metadata: real 0.000s	user 0.000s	sys 0.000s
I20260710 11:05:52.330111  8767 ts_tablet_manager.cc:616] Registered 0 tablets
I20260710 11:05:52.330235  8767 ts_tablet_manager.cc:595] Time spent register tablets: real 0.000s	user 0.000s	sys 0.000s
I20260710 11:05:52.369921  8767 rpc_server.cc:307] RPC server started. Bound to: 127.8.143.194:38797
I20260710 11:05:52.370043 10007 acceptor_pool.cc:272] collecting diagnostics on the listening RPC socket 127.8.143.194:38797 every 8 connection(s)
I20260710 11:05:52.374917  8767 file_cache.cc:504] Constructed file cache file cache with capacity 419430
W20260710 11:05:52.381779 10011 instance_detector.cc:116] could not retrieve AWS instance metadata: Network error: curl error: HTTP response code said error: The requested URL returned error: 404
W20260710 11:05:52.382493 10012 instance_detector.cc:116] could not retrieve Azure instance metadata: Network error: curl error: HTTP response code said error: The requested URL returned error: 404
W20260710 11:05:52.385892 10014 instance_detector.cc:116] could not retrieve OpenStack instance metadata: Network error: curl error: HTTP response code said error: The requested URL returned error: 404
I20260710 11:05:52.386646 10008 heartbeater.cc:344] Connected to a master server at 127.8.143.254:37771
I20260710 11:05:52.387133 10008 heartbeater.cc:461] Registering TS with master...
I20260710 11:05:52.387598  8767 server_base.cc:1061] running on GCE node
I20260710 11:05:52.388180 10008 heartbeater.cc:507] Master 127.8.143.254:37771 requested a full tablet report, sending...
I20260710 11:05:52.388636  8767 hybrid_clock.cc:584] initializing the hybrid clock with 'system_unsync' time source
W20260710 11:05:52.388918  8767 system_unsync_time.cc:38] NTP support is disabled. Clock error bounds will not be accurate. This configuration is not suitable for distributed clusters.
I20260710 11:05:52.389132  8767 hybrid_clock.cc:648] HybridClock initialized: now 1783681552389108 us; error 0 us; skew 500 ppm
I20260710 11:05:52.389757  8767 server_base.cc:861] Flag tcmalloc_max_total_thread_cache_bytes is not working since tcmalloc is not enabled.
I20260710 11:05:52.390538  9806 ts_manager.cc:194] Registered new tserver with Master: f2fd8ca8a8bb47d28d51889966975e59 (127.8.143.194:38797)
I20260710 11:05:52.392488  9806 master_service.cc:502] Signed X509 certificate for tserver {username='slave'} at 127.0.0.1:50674
I20260710 11:05:52.392613  8767 webserver.cc:533] Webserver started at http://127.8.143.195:42699/ using document root <none> and password file <none>
I20260710 11:05:52.393270  8767 fs_manager.cc:362] Metadata directory not provided
I20260710 11:05:52.393512  8767 fs_manager.cc:368] Using write-ahead log directory (fs_wal_dir) as metadata directory
I20260710 11:05:52.393817  8767 server_base.cc:909] This appears to be a new deployment of Kudu; creating new FS layout
I20260710 11:05:52.395366  8767 fs_manager.cc:1068] Generated new instance metadata in path /tmp/dist-test-task62DR3U/test-tmp/auto_leader_rebalancer-test.0.LeaderRebalancerTest.AddTserver.1783681525424030-8767-0/minicluster-data/ts-2-root/instance:
uuid: "9121fe43010f4dfe96a8d59722a9151b"
format_stamp: "Formatted at 2026-07-10 11:05:52 on dist-test-slave-n551"
I20260710 11:05:52.399819  8767 fs_manager.cc:696] Time spent creating directory manager: real 0.004s	user 0.001s	sys 0.003s
I20260710 11:05:52.403330 10019 log_block_manager.cc:4127] Time spent loading block containers with low live blocks: real 0.000s	user 0.000s	sys 0.000s
I20260710 11:05:52.404186  8767 fs_manager.cc:730] Time spent opening block manager: real 0.003s	user 0.003s	sys 0.001s
I20260710 11:05:52.404487  8767 fs_manager.cc:647] Opened local filesystem: /tmp/dist-test-task62DR3U/test-tmp/auto_leader_rebalancer-test.0.LeaderRebalancerTest.AddTserver.1783681525424030-8767-0/minicluster-data/ts-2-root
uuid: "9121fe43010f4dfe96a8d59722a9151b"
format_stamp: "Formatted at 2026-07-10 11:05:52 on dist-test-slave-n551"
I20260710 11:05:52.404800  8767 fs_report.cc:389] FS layout report
--------------------
wal directory: /tmp/dist-test-task62DR3U/test-tmp/auto_leader_rebalancer-test.0.LeaderRebalancerTest.AddTserver.1783681525424030-8767-0/minicluster-data/ts-2-root
metadata directory: /tmp/dist-test-task62DR3U/test-tmp/auto_leader_rebalancer-test.0.LeaderRebalancerTest.AddTserver.1783681525424030-8767-0/minicluster-data/ts-2-root
1 data directories: /tmp/dist-test-task62DR3U/test-tmp/auto_leader_rebalancer-test.0.LeaderRebalancerTest.AddTserver.1783681525424030-8767-0/minicluster-data/ts-2-root/data
Total live blocks: 0
Total live bytes: 0
Total live bytes (after alignment): 0
Total number of LBM containers: 0 (0 full)
Did not check for missing blocks
Did not check for orphaned blocks
Total full LBM containers with extra space: 0 (0 repaired)
Total full LBM container extra space in bytes: 0 (0 repaired)
Total incomplete LBM containers: 0 (0 repaired)
Total LBM partial records: 0 (0 repaired)
Total corrupted LBM metadata records in RocksDB: 0 (0 repaired)
I20260710 11:05:52.414400  8767 rpc_server.cc:225] running with OpenSSL 1.1.1  11 Sep 2018
I20260710 11:05:52.415673  8767 kserver.cc:163] Server-wide thread pool size limit: 3276
I20260710 11:05:52.417222  8767 txn_system_client.cc:432] TxnSystemClient initialization is disabled...
I20260710 11:05:52.419453  8767 ts_tablet_manager.cc:585] Loaded tablet metadata (0 total tablets, 0 live tablets)
I20260710 11:05:52.419661  8767 ts_tablet_manager.cc:531] Time spent load tablet metadata: real 0.000s	user 0.000s	sys 0.000s
I20260710 11:05:52.419903  8767 ts_tablet_manager.cc:616] Registered 0 tablets
I20260710 11:05:52.420068  8767 ts_tablet_manager.cc:595] Time spent register tablets: real 0.000s	user 0.000s	sys 0.000s
I20260710 11:05:52.459301  8767 rpc_server.cc:307] RPC server started. Bound to: 127.8.143.195:46335
I20260710 11:05:52.459391 10081 acceptor_pool.cc:272] collecting diagnostics on the listening RPC socket 127.8.143.195:46335 every 8 connection(s)
I20260710 11:05:52.473402 10082 heartbeater.cc:344] Connected to a master server at 127.8.143.254:37771
I20260710 11:05:52.473824 10082 heartbeater.cc:461] Registering TS with master...
I20260710 11:05:52.474573 10082 heartbeater.cc:507] Master 127.8.143.254:37771 requested a full tablet report, sending...
I20260710 11:05:52.476513  9806 ts_manager.cc:194] Registered new tserver with Master: 9121fe43010f4dfe96a8d59722a9151b (127.8.143.195:46335)
I20260710 11:05:52.477300  8767 internal_mini_cluster.cc:371] 3 TS(s) registered with all masters after 0.014705676s
I20260710 11:05:52.477882  9806 master_service.cc:502] Signed X509 certificate for tserver {username='slave'} at 127.0.0.1:50678
I20260710 11:05:52.504288  9806 catalog_manager.cc:2283] Servicing CreateTable request from {username='slave'} at 127.0.0.1:50690:
name: "test-workload"
schema {
  columns {
    name: "key"
    type: INT32
    is_key: true
    is_nullable: false
    encoding: AUTO_ENCODING
    compression: DEFAULT_COMPRESSION
    cfile_block_size: 0
    immutable: false
  }
  columns {
    name: "int_val"
    type: INT32
    is_key: false
    is_nullable: false
    encoding: AUTO_ENCODING
    compression: DEFAULT_COMPRESSION
    cfile_block_size: 0
    immutable: false
  }
  columns {
    name: "string_val"
    type: STRING
    is_key: false
    is_nullable: true
    encoding: AUTO_ENCODING
    compression: DEFAULT_COMPRESSION
    cfile_block_size: 0
    immutable: false
  }
}
num_replicas: 3
split_rows_range_bounds {
  rows: "\004\001\000UUU\005\004\001\000\252\252\252\n\004\001\000\377\377\377\017\004\001\000TUU\025\004\001\000\251\252\252\032\004\001\000\376\377\377\037\004\001\000SUU%\004\001\000\250\252\252*\004\001\000\375\377\377/\004\001\000RUU5\004\001\000\247\252\252:\004\001\000\374\377\377?\004\001\000QUUE\004\001\000\246\252\252J\004\001\000\373\377\377O\004\001\000PUUU\004\001\000\245\252\252Z\004\001\000\372\377\377_\004\001\000OUUe\004\001\000\244\252\252j\004\001\000\371\377\377o\004\001\000NUUu\004\001\000\243\252\252z""\004\001\000UUU\005\004\001\000\252\252\252\n\004\001\000\377\377\377\017\004\001\000TUU\025\004\001\000\251\252\252\032\004\001\000\376\377\377\037\004\001\000SUU%\004\001\000\250\252\252*\004\001\000\375\377\377/\004\001\000RUU5\004\001\000\247\252\252:\004\001\000\374\377\377?\004\001\000QUUE\004\001\000\246\252\252J\004\001\000\373\377\377O\004\001\000PUUU\004\001\000\245\252\252Z\004\001\000\372\377\377_\004\001\000OUUe\004\001\000\244\252\252j\004\001\000\371\377\377o\004\001\000NUUu\004\001\000\243\252\252z"
  indirect_data: """"
}
partition_schema {
  range_schema {
    columns {
      name: "key"
    }
  }
}
W20260710 11:05:52.508654  9806 catalog_manager.cc:7077] The number of live tablet servers is not enough to re-replicate a tablet replica of the newly created table test-workload in case of a server failure: 4 tablet servers would be needed, 3 are available. Consider bringing up more tablet servers.
I20260710 11:05:52.625061  9972 tablet_service.cc:1511] Processing CreateTablet for tablet d93fbfea1a864c9db396f02176276839 (DEFAULT_TABLE table=test-workload [id=f24d79bc903d4fdaac50ee8f4c6be81a]), partition=RANGE (key) PARTITION 89478485 <= VALUES < 178956970
I20260710 11:05:52.626611  9972 data_dirs.cc:400] Could only allocate 1 dirs of requested 3 for tablet d93fbfea1a864c9db396f02176276839. 1 dirs total, 0 dirs full, 0 dirs failed
I20260710 11:05:52.630038  9970 tablet_service.cc:1511] Processing CreateTablet for tablet d2796bcfd34a4603b4c46b8e23174606 (DEFAULT_TABLE table=test-workload [id=f24d79bc903d4fdaac50ee8f4c6be81a]), partition=RANGE (key) PARTITION 268435455 <= VALUES < 357913940
I20260710 11:05:52.638015  9968 tablet_service.cc:1511] Processing CreateTablet for tablet a75c8d6664d44e408369418bd154d6f0 (DEFAULT_TABLE table=test-workload [id=f24d79bc903d4fdaac50ee8f4c6be81a]), partition=RANGE (key) PARTITION 447392425 <= VALUES < 536870910
I20260710 11:05:52.639497  9970 data_dirs.cc:400] Could only allocate 1 dirs of requested 3 for tablet d2796bcfd34a4603b4c46b8e23174606. 1 dirs total, 0 dirs full, 0 dirs failed
I20260710 11:05:52.640844  9966 tablet_service.cc:1511] Processing CreateTablet for tablet de8173be14da4ff78e676218e99f358e (DEFAULT_TABLE table=test-workload [id=f24d79bc903d4fdaac50ee8f4c6be81a]), partition=RANGE (key) PARTITION 626349395 <= VALUES < 715827880
I20260710 11:05:52.642197  9966 data_dirs.cc:400] Could only allocate 1 dirs of requested 3 for tablet de8173be14da4ff78e676218e99f358e. 1 dirs total, 0 dirs full, 0 dirs failed
I20260710 11:05:52.631256  9971 tablet_service.cc:1511] Processing CreateTablet for tablet 6c2e322ea1c4455c85829884d060f7be (DEFAULT_TABLE table=test-workload [id=f24d79bc903d4fdaac50ee8f4c6be81a]), partition=RANGE (key) PARTITION 178956970 <= VALUES < 268435455
I20260710 11:05:52.643700  9971 data_dirs.cc:400] Could only allocate 1 dirs of requested 3 for tablet 6c2e322ea1c4455c85829884d060f7be. 1 dirs total, 0 dirs full, 0 dirs failed
I20260710 11:05:52.643961  9890 tablet_service.cc:1511] Processing CreateTablet for tablet 86baa7a45eae48d9922db2e355dc3601 (DEFAULT_TABLE table=test-workload [id=f24d79bc903d4fdaac50ee8f4c6be81a]), partition=RANGE (key) PARTITION 715827880 <= VALUES < 805306365
I20260710 11:05:52.645315  9890 data_dirs.cc:400] Could only allocate 1 dirs of requested 3 for tablet 86baa7a45eae48d9922db2e355dc3601. 1 dirs total, 0 dirs full, 0 dirs failed
I20260710 11:05:52.632436  9969 tablet_service.cc:1511] Processing CreateTablet for tablet 30f0698761b14216bcc080f3f2cfc4f6 (DEFAULT_TABLE table=test-workload [id=f24d79bc903d4fdaac50ee8f4c6be81a]), partition=RANGE (key) PARTITION 357913940 <= VALUES < 447392425
I20260710 11:05:52.646683  9969 data_dirs.cc:400] Could only allocate 1 dirs of requested 3 for tablet 30f0698761b14216bcc080f3f2cfc4f6. 1 dirs total, 0 dirs full, 0 dirs failed
I20260710 11:05:52.647204 10045 tablet_service.cc:1511] Processing CreateTablet for tablet 6c2e322ea1c4455c85829884d060f7be (DEFAULT_TABLE table=test-workload [id=f24d79bc903d4fdaac50ee8f4c6be81a]), partition=RANGE (key) PARTITION 178956970 <= VALUES < 268435455
I20260710 11:05:52.648550 10045 data_dirs.cc:400] Could only allocate 1 dirs of requested 3 for tablet 6c2e322ea1c4455c85829884d060f7be. 1 dirs total, 0 dirs full, 0 dirs failed
I20260710 11:05:52.650440  9898 tablet_service.cc:1511] Processing CreateTablet for tablet 77bbb047a03143a1be8623a20ee4ef66 (DEFAULT_TABLE table=test-workload [id=f24d79bc903d4fdaac50ee8f4c6be81a]), partition=RANGE (key) PARTITION VALUES < 89478485
I20260710 11:05:52.651715  9898 data_dirs.cc:400] Could only allocate 1 dirs of requested 3 for tablet 77bbb047a03143a1be8623a20ee4ef66. 1 dirs total, 0 dirs full, 0 dirs failed
I20260710 11:05:52.656055  9897 tablet_service.cc:1511] Processing CreateTablet for tablet d93fbfea1a864c9db396f02176276839 (DEFAULT_TABLE table=test-workload [id=f24d79bc903d4fdaac50ee8f4c6be81a]), partition=RANGE (key) PARTITION 89478485 <= VALUES < 178956970
I20260710 11:05:52.657478  9897 data_dirs.cc:400] Could only allocate 1 dirs of requested 3 for tablet d93fbfea1a864c9db396f02176276839. 1 dirs total, 0 dirs full, 0 dirs failed
I20260710 11:05:52.660398  9895 tablet_service.cc:1511] Processing CreateTablet for tablet d2796bcfd34a4603b4c46b8e23174606 (DEFAULT_TABLE table=test-workload [id=f24d79bc903d4fdaac50ee8f4c6be81a]), partition=RANGE (key) PARTITION 268435455 <= VALUES < 357913940
I20260710 11:05:52.661731  9895 data_dirs.cc:400] Could only allocate 1 dirs of requested 3 for tablet d2796bcfd34a4603b4c46b8e23174606. 1 dirs total, 0 dirs full, 0 dirs failed
I20260710 11:05:52.664160  9894 tablet_service.cc:1511] Processing CreateTablet for tablet 30f0698761b14216bcc080f3f2cfc4f6 (DEFAULT_TABLE table=test-workload [id=f24d79bc903d4fdaac50ee8f4c6be81a]), partition=RANGE (key) PARTITION 357913940 <= VALUES < 447392425
I20260710 11:05:52.665628  9894 data_dirs.cc:400] Could only allocate 1 dirs of requested 3 for tablet 30f0698761b14216bcc080f3f2cfc4f6. 1 dirs total, 0 dirs full, 0 dirs failed
I20260710 11:05:52.667482 10038 tablet_service.cc:1511] Processing CreateTablet for tablet b4056848f49c4470af2ec1d32920185a (DEFAULT_TABLE table=test-workload [id=f24d79bc903d4fdaac50ee8f4c6be81a]), partition=RANGE (key) PARTITION 805306365 <= VALUES < 894784850
I20260710 11:05:52.668818 10038 data_dirs.cc:400] Could only allocate 1 dirs of requested 3 for tablet b4056848f49c4470af2ec1d32920185a. 1 dirs total, 0 dirs full, 0 dirs failed
I20260710 11:05:52.672189  9893 tablet_service.cc:1511] Processing CreateTablet for tablet a75c8d6664d44e408369418bd154d6f0 (DEFAULT_TABLE table=test-workload [id=f24d79bc903d4fdaac50ee8f4c6be81a]), partition=RANGE (key) PARTITION 447392425 <= VALUES < 536870910
I20260710 11:05:52.673743  9893 data_dirs.cc:400] Could only allocate 1 dirs of requested 3 for tablet a75c8d6664d44e408369418bd154d6f0. 1 dirs total, 0 dirs full, 0 dirs failed
I20260710 11:05:52.674503  9889 tablet_service.cc:1511] Processing CreateTablet for tablet b4056848f49c4470af2ec1d32920185a (DEFAULT_TABLE table=test-workload [id=f24d79bc903d4fdaac50ee8f4c6be81a]), partition=RANGE (key) PARTITION 805306365 <= VALUES < 894784850
I20260710 11:05:52.675871  9889 data_dirs.cc:400] Could only allocate 1 dirs of requested 3 for tablet b4056848f49c4470af2ec1d32920185a. 1 dirs total, 0 dirs full, 0 dirs failed
I20260710 11:05:52.680063 10042 tablet_service.cc:1511] Processing CreateTablet for tablet a75c8d6664d44e408369418bd154d6f0 (DEFAULT_TABLE table=test-workload [id=f24d79bc903d4fdaac50ee8f4c6be81a]), partition=RANGE (key) PARTITION 447392425 <= VALUES < 536870910
I20260710 11:05:52.681391 10042 data_dirs.cc:400] Could only allocate 1 dirs of requested 3 for tablet a75c8d6664d44e408369418bd154d6f0. 1 dirs total, 0 dirs full, 0 dirs failed
I20260710 11:05:52.683878 10043 tablet_service.cc:1511] Processing CreateTablet for tablet 30f0698761b14216bcc080f3f2cfc4f6 (DEFAULT_TABLE table=test-workload [id=f24d79bc903d4fdaac50ee8f4c6be81a]), partition=RANGE (key) PARTITION 357913940 <= VALUES < 447392425
I20260710 11:05:52.685250 10043 data_dirs.cc:400] Could only allocate 1 dirs of requested 3 for tablet 30f0698761b14216bcc080f3f2cfc4f6. 1 dirs total, 0 dirs full, 0 dirs failed
I20260710 11:05:52.687949 10044 tablet_service.cc:1511] Processing CreateTablet for tablet d2796bcfd34a4603b4c46b8e23174606 (DEFAULT_TABLE table=test-workload [id=f24d79bc903d4fdaac50ee8f4c6be81a]), partition=RANGE (key) PARTITION 268435455 <= VALUES < 357913940
I20260710 11:05:52.689282 10044 data_dirs.cc:400] Could only allocate 1 dirs of requested 3 for tablet d2796bcfd34a4603b4c46b8e23174606. 1 dirs total, 0 dirs full, 0 dirs failed
I20260710 11:05:52.691275 10046 tablet_service.cc:1511] Processing CreateTablet for tablet d93fbfea1a864c9db396f02176276839 (DEFAULT_TABLE table=test-workload [id=f24d79bc903d4fdaac50ee8f4c6be81a]), partition=RANGE (key) PARTITION 89478485 <= VALUES < 178956970
I20260710 11:05:52.692655 10046 data_dirs.cc:400] Could only allocate 1 dirs of requested 3 for tablet d93fbfea1a864c9db396f02176276839. 1 dirs total, 0 dirs full, 0 dirs failed
I20260710 11:05:52.695977 10047 tablet_service.cc:1511] Processing CreateTablet for tablet 77bbb047a03143a1be8623a20ee4ef66 (DEFAULT_TABLE table=test-workload [id=f24d79bc903d4fdaac50ee8f4c6be81a]), partition=RANGE (key) PARTITION VALUES < 89478485
I20260710 11:05:52.697276 10047 data_dirs.cc:400] Could only allocate 1 dirs of requested 3 for tablet 77bbb047a03143a1be8623a20ee4ef66. 1 dirs total, 0 dirs full, 0 dirs failed
I20260710 11:05:52.699882  9891 tablet_service.cc:1511] Processing CreateTablet for tablet de8173be14da4ff78e676218e99f358e (DEFAULT_TABLE table=test-workload [id=f24d79bc903d4fdaac50ee8f4c6be81a]), partition=RANGE (key) PARTITION 626349395 <= VALUES < 715827880
I20260710 11:05:52.701217  9891 data_dirs.cc:400] Could only allocate 1 dirs of requested 3 for tablet de8173be14da4ff78e676218e99f358e. 1 dirs total, 0 dirs full, 0 dirs failed
I20260710 11:05:52.704020  9892 tablet_service.cc:1511] Processing CreateTablet for tablet 96367ee1cd8442e8b3fed33bb8fc154f (DEFAULT_TABLE table=test-workload [id=f24d79bc903d4fdaac50ee8f4c6be81a]), partition=RANGE (key) PARTITION 536870910 <= VALUES < 626349395
I20260710 11:05:52.705338  9892 data_dirs.cc:400] Could only allocate 1 dirs of requested 3 for tablet 96367ee1cd8442e8b3fed33bb8fc154f. 1 dirs total, 0 dirs full, 0 dirs failed
I20260710 11:05:52.621590  9973 tablet_service.cc:1511] Processing CreateTablet for tablet 77bbb047a03143a1be8623a20ee4ef66 (DEFAULT_TABLE table=test-workload [id=f24d79bc903d4fdaac50ee8f4c6be81a]), partition=RANGE (key) PARTITION VALUES < 89478485
I20260710 11:05:52.636273  9967 tablet_service.cc:1511] Processing CreateTablet for tablet 96367ee1cd8442e8b3fed33bb8fc154f (DEFAULT_TABLE table=test-workload [id=f24d79bc903d4fdaac50ee8f4c6be81a]), partition=RANGE (key) PARTITION 536870910 <= VALUES < 626349395
I20260710 11:05:52.709968  9973 data_dirs.cc:400] Could only allocate 1 dirs of requested 3 for tablet 77bbb047a03143a1be8623a20ee4ef66. 1 dirs total, 0 dirs full, 0 dirs failed
I20260710 11:05:52.710274  9896 tablet_service.cc:1511] Processing CreateTablet for tablet 6c2e322ea1c4455c85829884d060f7be (DEFAULT_TABLE table=test-workload [id=f24d79bc903d4fdaac50ee8f4c6be81a]), partition=RANGE (key) PARTITION 178956970 <= VALUES < 268435455
I20260710 11:05:52.713435  9896 data_dirs.cc:400] Could only allocate 1 dirs of requested 3 for tablet 6c2e322ea1c4455c85829884d060f7be. 1 dirs total, 0 dirs full, 0 dirs failed
I20260710 11:05:52.715389 10041 tablet_service.cc:1511] Processing CreateTablet for tablet 96367ee1cd8442e8b3fed33bb8fc154f (DEFAULT_TABLE table=test-workload [id=f24d79bc903d4fdaac50ee8f4c6be81a]), partition=RANGE (key) PARTITION 536870910 <= VALUES < 626349395
I20260710 11:05:52.716734 10041 data_dirs.cc:400] Could only allocate 1 dirs of requested 3 for tablet 96367ee1cd8442e8b3fed33bb8fc154f. 1 dirs total, 0 dirs full, 0 dirs failed
I20260710 11:05:52.717794  9968 data_dirs.cc:400] Could only allocate 1 dirs of requested 3 for tablet a75c8d6664d44e408369418bd154d6f0. 1 dirs total, 0 dirs full, 0 dirs failed
I20260710 11:05:52.718329  9965 tablet_service.cc:1511] Processing CreateTablet for tablet e2ad7160c6954cefb1e47d88aac85b0b (DEFAULT_TABLE table=test-workload [id=f24d79bc903d4fdaac50ee8f4c6be81a]), partition=RANGE (key) PARTITION 984263335 <= VALUES < 1073741820
I20260710 11:05:52.719746  9965 data_dirs.cc:400] Could only allocate 1 dirs of requested 3 for tablet e2ad7160c6954cefb1e47d88aac85b0b. 1 dirs total, 0 dirs full, 0 dirs failed
I20260710 11:05:52.719835 10040 tablet_service.cc:1511] Processing CreateTablet for tablet de8173be14da4ff78e676218e99f358e (DEFAULT_TABLE table=test-workload [id=f24d79bc903d4fdaac50ee8f4c6be81a]), partition=RANGE (key) PARTITION 626349395 <= VALUES < 715827880
I20260710 11:05:52.721944 10040 data_dirs.cc:400] Could only allocate 1 dirs of requested 3 for tablet de8173be14da4ff78e676218e99f358e. 1 dirs total, 0 dirs full, 0 dirs failed
I20260710 11:05:52.723145  9967 data_dirs.cc:400] Could only allocate 1 dirs of requested 3 for tablet 96367ee1cd8442e8b3fed33bb8fc154f. 1 dirs total, 0 dirs full, 0 dirs failed
I20260710 11:05:52.723007  9970 tablet_service.cc:1511] Processing CreateTablet for tablet 3c7ba6c9499e4e6e940840f6f0cbaa1c (DEFAULT_TABLE table=test-workload [id=f24d79bc903d4fdaac50ee8f4c6be81a]), partition=RANGE (key) PARTITION 894784850 <= VALUES < 984263335
I20260710 11:05:52.726432 10039 tablet_service.cc:1511] Processing CreateTablet for tablet 86baa7a45eae48d9922db2e355dc3601 (DEFAULT_TABLE table=test-workload [id=f24d79bc903d4fdaac50ee8f4c6be81a]), partition=RANGE (key) PARTITION 715827880 <= VALUES < 805306365
I20260710 11:05:52.728369 10039 data_dirs.cc:400] Could only allocate 1 dirs of requested 3 for tablet 86baa7a45eae48d9922db2e355dc3601. 1 dirs total, 0 dirs full, 0 dirs failed
I20260710 11:05:52.734004  9969 tablet_service.cc:1511] Processing CreateTablet for tablet b4056848f49c4470af2ec1d32920185a (DEFAULT_TABLE table=test-workload [id=f24d79bc903d4fdaac50ee8f4c6be81a]), partition=RANGE (key) PARTITION 805306365 <= VALUES < 894784850
I20260710 11:05:52.735450  9969 data_dirs.cc:400] Could only allocate 1 dirs of requested 3 for tablet b4056848f49c4470af2ec1d32920185a. 1 dirs total, 0 dirs full, 0 dirs failed
I20260710 11:05:52.742444  9971 tablet_service.cc:1511] Processing CreateTablet for tablet 86baa7a45eae48d9922db2e355dc3601 (DEFAULT_TABLE table=test-workload [id=f24d79bc903d4fdaac50ee8f4c6be81a]), partition=RANGE (key) PARTITION 715827880 <= VALUES < 805306365
I20260710 11:05:52.744074  9971 data_dirs.cc:400] Could only allocate 1 dirs of requested 3 for tablet 86baa7a45eae48d9922db2e355dc3601. 1 dirs total, 0 dirs full, 0 dirs failed
I20260710 11:05:52.756618  9964 tablet_service.cc:1511] Processing CreateTablet for tablet ccbcb9d6a6d343c89ef0c913ad3e8229 (DEFAULT_TABLE table=test-workload [id=f24d79bc903d4fdaac50ee8f4c6be81a]), partition=RANGE (key) PARTITION 1073741820 <= VALUES < 1163220305
I20260710 11:05:52.758128  9964 data_dirs.cc:400] Could only allocate 1 dirs of requested 3 for tablet ccbcb9d6a6d343c89ef0c913ad3e8229. 1 dirs total, 0 dirs full, 0 dirs failed
I20260710 11:05:52.758737  9970 data_dirs.cc:400] Could only allocate 1 dirs of requested 3 for tablet 3c7ba6c9499e4e6e940840f6f0cbaa1c. 1 dirs total, 0 dirs full, 0 dirs failed
I20260710 11:05:52.807204 10098 tablet_bootstrap.cc:492] T a75c8d6664d44e408369418bd154d6f0 P 0febf521992447a398c2f6a994b864af: Bootstrap starting.
I20260710 11:05:52.814589  9893 tablet_service.cc:1511] Processing CreateTablet for tablet 3c7ba6c9499e4e6e940840f6f0cbaa1c (DEFAULT_TABLE table=test-workload [id=f24d79bc903d4fdaac50ee8f4c6be81a]), partition=RANGE (key) PARTITION 894784850 <= VALUES < 984263335
I20260710 11:05:52.815928  9893 data_dirs.cc:400] Could only allocate 1 dirs of requested 3 for tablet 3c7ba6c9499e4e6e940840f6f0cbaa1c. 1 dirs total, 0 dirs full, 0 dirs failed
I20260710 11:05:52.821065 10038 tablet_service.cc:1511] Processing CreateTablet for tablet e2ad7160c6954cefb1e47d88aac85b0b (DEFAULT_TABLE table=test-workload [id=f24d79bc903d4fdaac50ee8f4c6be81a]), partition=RANGE (key) PARTITION 984263335 <= VALUES < 1073741820
I20260710 11:05:52.822381 10038 data_dirs.cc:400] Could only allocate 1 dirs of requested 3 for tablet e2ad7160c6954cefb1e47d88aac85b0b. 1 dirs total, 0 dirs full, 0 dirs failed
I20260710 11:05:52.826380 10040 tablet_service.cc:1511] Processing CreateTablet for tablet ccbcb9d6a6d343c89ef0c913ad3e8229 (DEFAULT_TABLE table=test-workload [id=f24d79bc903d4fdaac50ee8f4c6be81a]), partition=RANGE (key) PARTITION 1073741820 <= VALUES < 1163220305
I20260710 11:05:52.827822 10040 data_dirs.cc:400] Could only allocate 1 dirs of requested 3 for tablet ccbcb9d6a6d343c89ef0c913ad3e8229. 1 dirs total, 0 dirs full, 0 dirs failed
I20260710 11:05:52.843164  9964 tablet_service.cc:1511] Processing CreateTablet for tablet 2c6e188874e246c4a19cbb58295fab35 (DEFAULT_TABLE table=test-workload [id=f24d79bc903d4fdaac50ee8f4c6be81a]), partition=RANGE (key) PARTITION 1163220305 <= VALUES < 1252698790
I20260710 11:05:52.852900  9897 tablet_service.cc:1511] Processing CreateTablet for tablet e2ad7160c6954cefb1e47d88aac85b0b (DEFAULT_TABLE table=test-workload [id=f24d79bc903d4fdaac50ee8f4c6be81a]), partition=RANGE (key) PARTITION 984263335 <= VALUES < 1073741820
I20260710 11:05:52.854276  9897 data_dirs.cc:400] Could only allocate 1 dirs of requested 3 for tablet e2ad7160c6954cefb1e47d88aac85b0b. 1 dirs total, 0 dirs full, 0 dirs failed
I20260710 11:05:52.858283 10046 tablet_service.cc:1511] Processing CreateTablet for tablet f89a6e077cef49eebf82cf4bd6028c9d (DEFAULT_TABLE table=test-workload [id=f24d79bc903d4fdaac50ee8f4c6be81a]), partition=RANGE (key) PARTITION 1252698790 <= VALUES < 1342177275
I20260710 11:05:52.860347 10045 tablet_service.cc:1511] Processing CreateTablet for tablet edbb288d16f54a87b1a52929f3959fa9 (DEFAULT_TABLE table=test-workload [id=f24d79bc903d4fdaac50ee8f4c6be81a]), partition=RANGE (key) PARTITION 1342177275 <= VALUES < 1431655760
I20260710 11:05:52.854588 10042 tablet_service.cc:1511] Processing CreateTablet for tablet 2c6e188874e246c4a19cbb58295fab35 (DEFAULT_TABLE table=test-workload [id=f24d79bc903d4fdaac50ee8f4c6be81a]), partition=RANGE (key) PARTITION 1163220305 <= VALUES < 1252698790
I20260710 11:05:52.869972 10041 tablet_service.cc:1511] Processing CreateTablet for tablet 5f0685e3269b415aa6d6af7b289d1517 (DEFAULT_TABLE table=test-workload [id=f24d79bc903d4fdaac50ee8f4c6be81a]), partition=RANGE (key) PARTITION 1431655760 <= VALUES < 1521134245
I20260710 11:05:52.859666 10046 data_dirs.cc:400] Could only allocate 1 dirs of requested 3 for tablet f89a6e077cef49eebf82cf4bd6028c9d. 1 dirs total, 0 dirs full, 0 dirs failed
I20260710 11:05:52.871316 10042 data_dirs.cc:400] Could only allocate 1 dirs of requested 3 for tablet 2c6e188874e246c4a19cbb58295fab35. 1 dirs total, 0 dirs full, 0 dirs failed
I20260710 11:05:52.878201  9895 tablet_service.cc:1511] Processing CreateTablet for tablet ccbcb9d6a6d343c89ef0c913ad3e8229 (DEFAULT_TABLE table=test-workload [id=f24d79bc903d4fdaac50ee8f4c6be81a]), partition=RANGE (key) PARTITION 1073741820 <= VALUES < 1163220305
I20260710 11:05:52.879678  9895 data_dirs.cc:400] Could only allocate 1 dirs of requested 3 for tablet ccbcb9d6a6d343c89ef0c913ad3e8229. 1 dirs total, 0 dirs full, 0 dirs failed
I20260710 11:05:52.880800 10039 tablet_service.cc:1511] Processing CreateTablet for tablet 62d09472ca814b88a60cf5ac1fc0b415 (DEFAULT_TABLE table=test-workload [id=f24d79bc903d4fdaac50ee8f4c6be81a]), partition=RANGE (key) PARTITION 1521134245 <= VALUES < 1610612730
I20260710 11:05:52.855661 10097 tablet_bootstrap.cc:492] T b4056848f49c4470af2ec1d32920185a P 9121fe43010f4dfe96a8d59722a9151b: Bootstrap starting.
I20260710 11:05:52.884701  9893 tablet_service.cc:1511] Processing CreateTablet for tablet 2c6e188874e246c4a19cbb58295fab35 (DEFAULT_TABLE table=test-workload [id=f24d79bc903d4fdaac50ee8f4c6be81a]), partition=RANGE (key) PARTITION 1163220305 <= VALUES < 1252698790
I20260710 11:05:52.888749  9893 data_dirs.cc:400] Could only allocate 1 dirs of requested 3 for tablet 2c6e188874e246c4a19cbb58295fab35. 1 dirs total, 0 dirs full, 0 dirs failed
I20260710 11:05:52.888914  9894 tablet_service.cc:1511] Processing CreateTablet for tablet edbb288d16f54a87b1a52929f3959fa9 (DEFAULT_TABLE table=test-workload [id=f24d79bc903d4fdaac50ee8f4c6be81a]), partition=RANGE (key) PARTITION 1342177275 <= VALUES < 1431655760
I20260710 11:05:52.890158  9894 data_dirs.cc:400] Could only allocate 1 dirs of requested 3 for tablet edbb288d16f54a87b1a52929f3959fa9. 1 dirs total, 0 dirs full, 0 dirs failed
I20260710 11:05:52.891430  9964 data_dirs.cc:400] Could only allocate 1 dirs of requested 3 for tablet 2c6e188874e246c4a19cbb58295fab35. 1 dirs total, 0 dirs full, 0 dirs failed
I20260710 11:05:52.891589 10039 data_dirs.cc:400] Could only allocate 1 dirs of requested 3 for tablet 62d09472ca814b88a60cf5ac1fc0b415. 1 dirs total, 0 dirs full, 0 dirs failed
I20260710 11:05:52.892844  9896 tablet_service.cc:1511] Processing CreateTablet for tablet 5f0685e3269b415aa6d6af7b289d1517 (DEFAULT_TABLE table=test-workload [id=f24d79bc903d4fdaac50ee8f4c6be81a]), partition=RANGE (key) PARTITION 1431655760 <= VALUES < 1521134245
I20260710 11:05:52.894109  9896 data_dirs.cc:400] Could only allocate 1 dirs of requested 3 for tablet 5f0685e3269b415aa6d6af7b289d1517. 1 dirs total, 0 dirs full, 0 dirs failed
I20260710 11:05:52.895157 10041 data_dirs.cc:400] Could only allocate 1 dirs of requested 3 for tablet 5f0685e3269b415aa6d6af7b289d1517. 1 dirs total, 0 dirs full, 0 dirs failed
I20260710 11:05:52.884706  9890 tablet_service.cc:1511] Processing CreateTablet for tablet f89a6e077cef49eebf82cf4bd6028c9d (DEFAULT_TABLE table=test-workload [id=f24d79bc903d4fdaac50ee8f4c6be81a]), partition=RANGE (key) PARTITION 1252698790 <= VALUES < 1342177275
I20260710 11:05:52.897168 10045 data_dirs.cc:400] Could only allocate 1 dirs of requested 3 for tablet edbb288d16f54a87b1a52929f3959fa9. 1 dirs total, 0 dirs full, 0 dirs failed
I20260710 11:05:52.897441  9890 data_dirs.cc:400] Could only allocate 1 dirs of requested 3 for tablet f89a6e077cef49eebf82cf4bd6028c9d. 1 dirs total, 0 dirs full, 0 dirs failed
I20260710 11:05:52.885651 10098 tablet_bootstrap.cc:654] T a75c8d6664d44e408369418bd154d6f0 P 0febf521992447a398c2f6a994b864af: Neither blocks nor log segments found. Creating new log.
I20260710 11:05:52.905870 10097 tablet_bootstrap.cc:654] T b4056848f49c4470af2ec1d32920185a P 9121fe43010f4dfe96a8d59722a9151b: Neither blocks nor log segments found. Creating new log.
I20260710 11:05:52.923189  9967 tablet_service.cc:1511] Processing CreateTablet for tablet 4f1a0286b5774273b92e5e6f88b42230 (DEFAULT_TABLE table=test-workload [id=f24d79bc903d4fdaac50ee8f4c6be81a]), partition=RANGE (key) PARTITION 1789569700 <= VALUES < 1879048185
I20260710 11:05:52.924552  9967 data_dirs.cc:400] Could only allocate 1 dirs of requested 3 for tablet 4f1a0286b5774273b92e5e6f88b42230. 1 dirs total, 0 dirs full, 0 dirs failed
I20260710 11:05:52.928550  9970 tablet_service.cc:1511] Processing CreateTablet for tablet f89a6e077cef49eebf82cf4bd6028c9d (DEFAULT_TABLE table=test-workload [id=f24d79bc903d4fdaac50ee8f4c6be81a]), partition=RANGE (key) PARTITION 1252698790 <= VALUES < 1342177275
I20260710 11:05:52.929859  9970 data_dirs.cc:400] Could only allocate 1 dirs of requested 3 for tablet f89a6e077cef49eebf82cf4bd6028c9d. 1 dirs total, 0 dirs full, 0 dirs failed
I20260710 11:05:52.932050 10040 tablet_service.cc:1511] Processing CreateTablet for tablet d27c05fe21c844719bc45c72a0e29531 (DEFAULT_TABLE table=test-workload [id=f24d79bc903d4fdaac50ee8f4c6be81a]), partition=RANGE (key) PARTITION 1610612730 <= VALUES < 1700091215
I20260710 11:05:52.933349 10040 data_dirs.cc:400] Could only allocate 1 dirs of requested 3 for tablet d27c05fe21c844719bc45c72a0e29531. 1 dirs total, 0 dirs full, 0 dirs failed
I20260710 11:05:52.936070  9969 tablet_service.cc:1511] Processing CreateTablet for tablet edbb288d16f54a87b1a52929f3959fa9 (DEFAULT_TABLE table=test-workload [id=f24d79bc903d4fdaac50ee8f4c6be81a]), partition=RANGE (key) PARTITION 1342177275 <= VALUES < 1431655760
I20260710 11:05:52.937567  9969 data_dirs.cc:400] Could only allocate 1 dirs of requested 3 for tablet edbb288d16f54a87b1a52929f3959fa9. 1 dirs total, 0 dirs full, 0 dirs failed
I20260710 11:05:52.939555 10096 tablet_bootstrap.cc:492] T d93fbfea1a864c9db396f02176276839 P f2fd8ca8a8bb47d28d51889966975e59: Bootstrap starting.
I20260710 11:05:52.948184 10043 tablet_service.cc:1511] Processing CreateTablet for tablet 3c7ba6c9499e4e6e940840f6f0cbaa1c (DEFAULT_TABLE table=test-workload [id=f24d79bc903d4fdaac50ee8f4c6be81a]), partition=RANGE (key) PARTITION 894784850 <= VALUES < 984263335
I20260710 11:05:52.949540 10043 data_dirs.cc:400] Could only allocate 1 dirs of requested 3 for tablet 3c7ba6c9499e4e6e940840f6f0cbaa1c. 1 dirs total, 0 dirs full, 0 dirs failed
I20260710 11:05:52.949637  9898 tablet_service.cc:1511] Processing CreateTablet for tablet d27c05fe21c844719bc45c72a0e29531 (DEFAULT_TABLE table=test-workload [id=f24d79bc903d4fdaac50ee8f4c6be81a]), partition=RANGE (key) PARTITION 1610612730 <= VALUES < 1700091215
I20260710 11:05:52.951009  9898 data_dirs.cc:400] Could only allocate 1 dirs of requested 3 for tablet d27c05fe21c844719bc45c72a0e29531. 1 dirs total, 0 dirs full, 0 dirs failed
I20260710 11:05:52.969484 10038 tablet_service.cc:1511] Processing CreateTablet for tablet 4f1a0286b5774273b92e5e6f88b42230 (DEFAULT_TABLE table=test-workload [id=f24d79bc903d4fdaac50ee8f4c6be81a]), partition=RANGE (key) PARTITION 1789569700 <= VALUES < 1879048185
I20260710 11:05:52.971067 10038 data_dirs.cc:400] Could only allocate 1 dirs of requested 3 for tablet 4f1a0286b5774273b92e5e6f88b42230. 1 dirs total, 0 dirs full, 0 dirs failed
I20260710 11:05:52.971206  9972 tablet_service.cc:1511] Processing CreateTablet for tablet 62d09472ca814b88a60cf5ac1fc0b415 (DEFAULT_TABLE table=test-workload [id=f24d79bc903d4fdaac50ee8f4c6be81a]), partition=RANGE (key) PARTITION 1521134245 <= VALUES < 1610612730
I20260710 11:05:52.972599  9972 data_dirs.cc:400] Could only allocate 1 dirs of requested 3 for tablet 62d09472ca814b88a60cf5ac1fc0b415. 1 dirs total, 0 dirs full, 0 dirs failed
I20260710 11:05:52.978233  9894 tablet_service.cc:1511] Processing CreateTablet for tablet 7467bab77306408992108599af6e24f0 (DEFAULT_TABLE table=test-workload [id=f24d79bc903d4fdaac50ee8f4c6be81a]), partition=RANGE (key) PARTITION 1700091215 <= VALUES < 1789569700
I20260710 11:05:52.966444  9897 tablet_service.cc:1511] Processing CreateTablet for tablet 62d09472ca814b88a60cf5ac1fc0b415 (DEFAULT_TABLE table=test-workload [id=f24d79bc903d4fdaac50ee8f4c6be81a]), partition=RANGE (key) PARTITION 1521134245 <= VALUES < 1610612730
I20260710 11:05:52.969369 10041 tablet_service.cc:1511] Processing CreateTablet for tablet 7467bab77306408992108599af6e24f0 (DEFAULT_TABLE table=test-workload [id=f24d79bc903d4fdaac50ee8f4c6be81a]), partition=RANGE (key) PARTITION 1700091215 <= VALUES < 1789569700
I20260710 11:05:53.004308 10041 data_dirs.cc:400] Could only allocate 1 dirs of requested 3 for tablet 7467bab77306408992108599af6e24f0. 1 dirs total, 0 dirs full, 0 dirs failed
I20260710 11:05:52.962210  9968 tablet_service.cc:1511] Processing CreateTablet for tablet 5f0685e3269b415aa6d6af7b289d1517 (DEFAULT_TABLE table=test-workload [id=f24d79bc903d4fdaac50ee8f4c6be81a]), partition=RANGE (key) PARTITION 1431655760 <= VALUES < 1521134245
I20260710 11:05:53.010943  9968 data_dirs.cc:400] Could only allocate 1 dirs of requested 3 for tablet 5f0685e3269b415aa6d6af7b289d1517. 1 dirs total, 0 dirs full, 0 dirs failed
I20260710 11:05:53.022055  9894 data_dirs.cc:400] Could only allocate 1 dirs of requested 3 for tablet 7467bab77306408992108599af6e24f0. 1 dirs total, 0 dirs full, 0 dirs failed
I20260710 11:05:53.023026  9897 data_dirs.cc:400] Could only allocate 1 dirs of requested 3 for tablet 62d09472ca814b88a60cf5ac1fc0b415. 1 dirs total, 0 dirs full, 0 dirs failed
W20260710 11:05:53.086510  9793 outbound_call.cc:321] RPC callback for RPC call kudu.tserver.TabletServerAdminService.CreateTablet -> {remote=127.8.143.194:38797, user_credentials={real_user=slave}} blocked reactor thread for 132042us
W20260710 11:05:53.087462  9790 outbound_call.cc:321] RPC callback for RPC call kudu.tserver.TabletServerAdminService.CreateTablet -> {remote=127.8.143.195:46335, user_credentials={real_user=slave}} blocked reactor thread for 118544us
I20260710 11:05:53.089000 10039 tablet_service.cc:1511] Processing CreateTablet for tablet 44a7fdb9011547d1a0d4eaaf9e74d6fa (DEFAULT_TABLE table=test-workload [id=f24d79bc903d4fdaac50ee8f4c6be81a]), partition=RANGE (key) PARTITION 1879048185 <= VALUES < 1968526670
I20260710 11:05:53.088351 10097 tablet_bootstrap.cc:492] T b4056848f49c4470af2ec1d32920185a P 9121fe43010f4dfe96a8d59722a9151b: No bootstrap required, opened a new log
I20260710 11:05:53.090350 10039 data_dirs.cc:400] Could only allocate 1 dirs of requested 3 for tablet 44a7fdb9011547d1a0d4eaaf9e74d6fa. 1 dirs total, 0 dirs full, 0 dirs failed
I20260710 11:05:53.091512 10097 ts_tablet_manager.cc:1403] T b4056848f49c4470af2ec1d32920185a P 9121fe43010f4dfe96a8d59722a9151b: Time spent bootstrapping tablet: real 0.236s	user 0.021s	sys 0.045s
I20260710 11:05:53.096647 10097 raft_consensus.cc:359] T b4056848f49c4470af2ec1d32920185a P 9121fe43010f4dfe96a8d59722a9151b [term 0 FOLLOWER]: Replica starting. Triggering 0 pending ops. Active config: opid_index: -1 OBSOLETE_local: false peers { permanent_uuid: "0febf521992447a398c2f6a994b864af" member_type: VOTER last_known_addr { host: "127.8.143.193" port: 37189 } } peers { permanent_uuid: "f2fd8ca8a8bb47d28d51889966975e59" member_type: VOTER last_known_addr { host: "127.8.143.194" port: 38797 } } peers { permanent_uuid: "9121fe43010f4dfe96a8d59722a9151b" member_type: VOTER last_known_addr { host: "127.8.143.195" port: 46335 } }
I20260710 11:05:53.104207 10097 raft_consensus.cc:385] T b4056848f49c4470af2ec1d32920185a P 9121fe43010f4dfe96a8d59722a9151b [term 0 FOLLOWER]: Consensus starting up: Expiring failure detector timer to make a prompt election more likely
I20260710 11:05:53.104611 10097 raft_consensus.cc:740] T b4056848f49c4470af2ec1d32920185a P 9121fe43010f4dfe96a8d59722a9151b [term 0 FOLLOWER]: Becoming Follower/Learner. State: Replica: 9121fe43010f4dfe96a8d59722a9151b, State: Initialized, Role: FOLLOWER
I20260710 11:05:53.105579 10097 consensus_queue.cc:260] T b4056848f49c4470af2ec1d32920185a P 9121fe43010f4dfe96a8d59722a9151b [NON_LEADER]: Queue going to NON_LEADER mode. State: All replicated index: 0, Majority replicated index: 0, Committed index: 0, Last appended: 0.0, Last appended by leader: 0, Current term: 0, Majority size: -1, State: 0, Mode: NON_LEADER, active raft config: opid_index: -1 OBSOLETE_local: false peers { permanent_uuid: "0febf521992447a398c2f6a994b864af" member_type: VOTER last_known_addr { host: "127.8.143.193" port: 37189 } } peers { permanent_uuid: "f2fd8ca8a8bb47d28d51889966975e59" member_type: VOTER last_known_addr { host: "127.8.143.194" port: 38797 } } peers { permanent_uuid: "9121fe43010f4dfe96a8d59722a9151b" member_type: VOTER last_known_addr { host: "127.8.143.195" port: 46335 } }
I20260710 11:05:53.101884  9966 tablet_service.cc:1511] Processing CreateTablet for tablet d27c05fe21c844719bc45c72a0e29531 (DEFAULT_TABLE table=test-workload [id=f24d79bc903d4fdaac50ee8f4c6be81a]), partition=RANGE (key) PARTITION 1610612730 <= VALUES < 1700091215
I20260710 11:05:53.105836  9891 tablet_service.cc:1511] Processing CreateTablet for tablet 44a7fdb9011547d1a0d4eaaf9e74d6fa (DEFAULT_TABLE table=test-workload [id=f24d79bc903d4fdaac50ee8f4c6be81a]), partition=RANGE (key) PARTITION 1879048185 <= VALUES < 1968526670
I20260710 11:05:53.100951  9889 tablet_service.cc:1511] Processing CreateTablet for tablet 4f1a0286b5774273b92e5e6f88b42230 (DEFAULT_TABLE table=test-workload [id=f24d79bc903d4fdaac50ee8f4c6be81a]), partition=RANGE (key) PARTITION 1789569700 <= VALUES < 1879048185
W20260710 11:05:53.113319  9854 auto_rebalancer.cc:288] Could not retrieve cluster info: Service unavailable: Tablet not running
I20260710 11:05:53.098476 10047 tablet_service.cc:1511] Processing CreateTablet for tablet d9e88b210b0b49be98539f3681fe4c9f (DEFAULT_TABLE table=test-workload [id=f24d79bc903d4fdaac50ee8f4c6be81a]), partition=RANGE (key) PARTITION 1968526670 <= VALUES < 2058005155
I20260710 11:05:53.130002  9966 data_dirs.cc:400] Could only allocate 1 dirs of requested 3 for tablet d27c05fe21c844719bc45c72a0e29531. 1 dirs total, 0 dirs full, 0 dirs failed
I20260710 11:05:53.137008 10096 tablet_bootstrap.cc:654] T d93fbfea1a864c9db396f02176276839 P f2fd8ca8a8bb47d28d51889966975e59: Neither blocks nor log segments found. Creating new log.
I20260710 11:05:53.140949  9973 tablet_service.cc:1511] Processing CreateTablet for tablet 44a7fdb9011547d1a0d4eaaf9e74d6fa (DEFAULT_TABLE table=test-workload [id=f24d79bc903d4fdaac50ee8f4c6be81a]), partition=RANGE (key) PARTITION 1879048185 <= VALUES < 1968526670
I20260710 11:05:53.150137 10098 tablet_bootstrap.cc:492] T a75c8d6664d44e408369418bd154d6f0 P 0febf521992447a398c2f6a994b864af: No bootstrap required, opened a new log
I20260710 11:05:53.143782  9891 data_dirs.cc:400] Could only allocate 1 dirs of requested 3 for tablet 44a7fdb9011547d1a0d4eaaf9e74d6fa. 1 dirs total, 0 dirs full, 0 dirs failed
I20260710 11:05:53.160444 10047 data_dirs.cc:400] Could only allocate 1 dirs of requested 3 for tablet d9e88b210b0b49be98539f3681fe4c9f. 1 dirs total, 0 dirs full, 0 dirs failed
I20260710 11:05:53.164134 10044 tablet_service.cc:1511] Processing CreateTablet for tablet f488dca47f2047948f34b8006fb049bf (DEFAULT_TABLE table=test-workload [id=f24d79bc903d4fdaac50ee8f4c6be81a]), partition=RANGE (key) PARTITION 2058005155 <= VALUES
I20260710 11:05:53.165709 10044 data_dirs.cc:400] Could only allocate 1 dirs of requested 3 for tablet f488dca47f2047948f34b8006fb049bf. 1 dirs total, 0 dirs full, 0 dirs failed
I20260710 11:05:53.198212  9967 tablet_service.cc:1511] Processing CreateTablet for tablet 7467bab77306408992108599af6e24f0 (DEFAULT_TABLE table=test-workload [id=f24d79bc903d4fdaac50ee8f4c6be81a]), partition=RANGE (key) PARTITION 1700091215 <= VALUES < 1789569700
I20260710 11:05:53.202091  9898 tablet_service.cc:1511] Processing CreateTablet for tablet f488dca47f2047948f34b8006fb049bf (DEFAULT_TABLE table=test-workload [id=f24d79bc903d4fdaac50ee8f4c6be81a]), partition=RANGE (key) PARTITION 2058005155 <= VALUES
I20260710 11:05:53.150749 10098 ts_tablet_manager.cc:1403] T a75c8d6664d44e408369418bd154d6f0 P 0febf521992447a398c2f6a994b864af: Time spent bootstrapping tablet: real 0.344s	user 0.008s	sys 0.012s
I20260710 11:05:53.213572  9965 tablet_service.cc:1511] Processing CreateTablet for tablet f488dca47f2047948f34b8006fb049bf (DEFAULT_TABLE table=test-workload [id=f24d79bc903d4fdaac50ee8f4c6be81a]), partition=RANGE (key) PARTITION 2058005155 <= VALUES
I20260710 11:05:53.203064  9889 data_dirs.cc:400] Could only allocate 1 dirs of requested 3 for tablet 4f1a0286b5774273b92e5e6f88b42230. 1 dirs total, 0 dirs full, 0 dirs failed
