I20260710 11:05:27.856434 22563 raft_consensus.cc:740] T 0878c21df3974f658852d16dafa795e0 P 630c9d16120946ff91f0e525101dbefa [term 0 FOLLOWER]: Becoming Follower/Learner. State: Replica: 630c9d16120946ff91f0e525101dbefa, State: Initialized, Role: FOLLOWER
I20260710 11:05:27.857014 22563 consensus_queue.cc:260] T 0878c21df3974f658852d16dafa795e0 P 630c9d16120946ff91f0e525101dbefa [NON_LEADER]: Queue going to NON_LEADER mode. State: All replicated index: 0, Majority replicated index: 0, Committed index: 0, Last appended: 0.0, Last appended by leader: 0, Current term: 0, Majority size: -1, State: 0, Mode: NON_LEADER, active raft config: opid_index: -1 OBSOLETE_local: false peers { permanent_uuid: "b95ece3edd7d43c2b2905af335d54927" member_type: VOTER last_known_addr { host: "127.21.183.65" port: 35077 } } peers { permanent_uuid: "dc32a1f85cac4da4ae3504018ecf1942" member_type: VOTER last_known_addr { host: "127.21.183.66" port: 44389 } } peers { permanent_uuid: "630c9d16120946ff91f0e525101dbefa" member_type: VOTER last_known_addr { host: "127.21.183.67" port: 39493 } }
I20260710 11:05:27.859046 22563 ts_tablet_manager.cc:1434] T 0878c21df3974f658852d16dafa795e0 P 630c9d16120946ff91f0e525101dbefa: Time spent starting tablet: real 0.010s	user 0.007s	sys 0.000s
I20260710 11:05:27.861555 22564 tablet_bootstrap.cc:654] T 0878c21df3974f658852d16dafa795e0 P b95ece3edd7d43c2b2905af335d54927: Neither blocks nor log segments found. Creating new log.
I20260710 11:05:27.864496 22568 raft_consensus.cc:359] T f157eaf2b79a4c678ff8b3efb9ff1500 P dc32a1f85cac4da4ae3504018ecf1942 [term 0 FOLLOWER]: Replica starting. Triggering 0 pending ops. Active config: opid_index: -1 OBSOLETE_local: false peers { permanent_uuid: "b95ece3edd7d43c2b2905af335d54927" member_type: VOTER last_known_addr { host: "127.21.183.65" port: 35077 } } peers { permanent_uuid: "dc32a1f85cac4da4ae3504018ecf1942" member_type: VOTER last_known_addr { host: "127.21.183.66" port: 44389 } } peers { permanent_uuid: "630c9d16120946ff91f0e525101dbefa" member_type: VOTER last_known_addr { host: "127.21.183.67" port: 39493 } }
I20260710 11:05:27.865142 22568 raft_consensus.cc:385] T f157eaf2b79a4c678ff8b3efb9ff1500 P dc32a1f85cac4da4ae3504018ecf1942 [term 0 FOLLOWER]: Consensus starting up: Expiring failure detector timer to make a prompt election more likely
I20260710 11:05:27.865406 22568 raft_consensus.cc:740] T f157eaf2b79a4c678ff8b3efb9ff1500 P dc32a1f85cac4da4ae3504018ecf1942 [term 0 FOLLOWER]: Becoming Follower/Learner. State: Replica: dc32a1f85cac4da4ae3504018ecf1942, State: Initialized, Role: FOLLOWER
I20260710 11:05:27.866124 22568 consensus_queue.cc:260] T f157eaf2b79a4c678ff8b3efb9ff1500 P dc32a1f85cac4da4ae3504018ecf1942 [NON_LEADER]: Queue going to NON_LEADER mode. State: All replicated index: 0, Majority replicated index: 0, Committed index: 0, Last appended: 0.0, Last appended by leader: 0, Current term: 0, Majority size: -1, State: 0, Mode: NON_LEADER, active raft config: opid_index: -1 OBSOLETE_local: false peers { permanent_uuid: "b95ece3edd7d43c2b2905af335d54927" member_type: VOTER last_known_addr { host: "127.21.183.65" port: 35077 } } peers { permanent_uuid: "dc32a1f85cac4da4ae3504018ecf1942" member_type: VOTER last_known_addr { host: "127.21.183.66" port: 44389 } } peers { permanent_uuid: "630c9d16120946ff91f0e525101dbefa" member_type: VOTER last_known_addr { host: "127.21.183.67" port: 39493 } }
I20260710 11:05:27.868178 22568 ts_tablet_manager.cc:1434] T f157eaf2b79a4c678ff8b3efb9ff1500 P dc32a1f85cac4da4ae3504018ecf1942: Time spent starting tablet: real 0.015s	user 0.004s	sys 0.000s
I20260710 11:05:27.869009 22568 tablet_bootstrap.cc:492] T d2dfc7cd0e814d2abbe319e7f4998b54 P dc32a1f85cac4da4ae3504018ecf1942: Bootstrap starting.
I20260710 11:05:27.874364 22568 tablet_bootstrap.cc:654] T d2dfc7cd0e814d2abbe319e7f4998b54 P dc32a1f85cac4da4ae3504018ecf1942: Neither blocks nor log segments found. Creating new log.
I20260710 11:05:27.884922 22564 tablet_bootstrap.cc:492] T 0878c21df3974f658852d16dafa795e0 P b95ece3edd7d43c2b2905af335d54927: No bootstrap required, opened a new log
I20260710 11:05:27.885303 22564 ts_tablet_manager.cc:1403] T 0878c21df3974f658852d16dafa795e0 P b95ece3edd7d43c2b2905af335d54927: Time spent bootstrapping tablet: real 0.030s	user 0.008s	sys 0.004s
I20260710 11:05:27.886132 22568 tablet_bootstrap.cc:492] T d2dfc7cd0e814d2abbe319e7f4998b54 P dc32a1f85cac4da4ae3504018ecf1942: No bootstrap required, opened a new log
I20260710 11:05:27.886479 22568 ts_tablet_manager.cc:1403] T d2dfc7cd0e814d2abbe319e7f4998b54 P dc32a1f85cac4da4ae3504018ecf1942: Time spent bootstrapping tablet: real 0.018s	user 0.002s	sys 0.010s
I20260710 11:05:27.887717 22564 raft_consensus.cc:359] T 0878c21df3974f658852d16dafa795e0 P b95ece3edd7d43c2b2905af335d54927 [term 0 FOLLOWER]: Replica starting. Triggering 0 pending ops. Active config: opid_index: -1 OBSOLETE_local: false peers { permanent_uuid: "b95ece3edd7d43c2b2905af335d54927" member_type: VOTER last_known_addr { host: "127.21.183.65" port: 35077 } } peers { permanent_uuid: "dc32a1f85cac4da4ae3504018ecf1942" member_type: VOTER last_known_addr { host: "127.21.183.66" port: 44389 } } peers { permanent_uuid: "630c9d16120946ff91f0e525101dbefa" member_type: VOTER last_known_addr { host: "127.21.183.67" port: 39493 } }
I20260710 11:05:27.888470 22564 raft_consensus.cc:385] T 0878c21df3974f658852d16dafa795e0 P b95ece3edd7d43c2b2905af335d54927 [term 0 FOLLOWER]: Consensus starting up: Expiring failure detector timer to make a prompt election more likely
I20260710 11:05:27.888748 22564 raft_consensus.cc:740] T 0878c21df3974f658852d16dafa795e0 P b95ece3edd7d43c2b2905af335d54927 [term 0 FOLLOWER]: Becoming Follower/Learner. State: Replica: b95ece3edd7d43c2b2905af335d54927, State: Initialized, Role: FOLLOWER
I20260710 11:05:27.888752 22568 raft_consensus.cc:359] T d2dfc7cd0e814d2abbe319e7f4998b54 P dc32a1f85cac4da4ae3504018ecf1942 [term 0 FOLLOWER]: Replica starting. Triggering 0 pending ops. Active config: opid_index: -1 OBSOLETE_local: false peers { permanent_uuid: "b95ece3edd7d43c2b2905af335d54927" member_type: VOTER last_known_addr { host: "127.21.183.65" port: 35077 } } peers { permanent_uuid: "dc32a1f85cac4da4ae3504018ecf1942" member_type: VOTER last_known_addr { host: "127.21.183.66" port: 44389 } } peers { permanent_uuid: "630c9d16120946ff91f0e525101dbefa" member_type: VOTER last_known_addr { host: "127.21.183.67" port: 39493 } }
I20260710 11:05:27.889381 22568 raft_consensus.cc:385] T d2dfc7cd0e814d2abbe319e7f4998b54 P dc32a1f85cac4da4ae3504018ecf1942 [term 0 FOLLOWER]: Consensus starting up: Expiring failure detector timer to make a prompt election more likely
I20260710 11:05:27.889599 22568 raft_consensus.cc:740] T d2dfc7cd0e814d2abbe319e7f4998b54 P dc32a1f85cac4da4ae3504018ecf1942 [term 0 FOLLOWER]: Becoming Follower/Learner. State: Replica: dc32a1f85cac4da4ae3504018ecf1942, State: Initialized, Role: FOLLOWER
I20260710 11:05:27.889596 22564 consensus_queue.cc:260] T 0878c21df3974f658852d16dafa795e0 P b95ece3edd7d43c2b2905af335d54927 [NON_LEADER]: Queue going to NON_LEADER mode. State: All replicated index: 0, Majority replicated index: 0, Committed index: 0, Last appended: 0.0, Last appended by leader: 0, Current term: 0, Majority size: -1, State: 0, Mode: NON_LEADER, active raft config: opid_index: -1 OBSOLETE_local: false peers { permanent_uuid: "b95ece3edd7d43c2b2905af335d54927" member_type: VOTER last_known_addr { host: "127.21.183.65" port: 35077 } } peers { permanent_uuid: "dc32a1f85cac4da4ae3504018ecf1942" member_type: VOTER last_known_addr { host: "127.21.183.66" port: 44389 } } peers { permanent_uuid: "630c9d16120946ff91f0e525101dbefa" member_type: VOTER last_known_addr { host: "127.21.183.67" port: 39493 } }
I20260710 11:05:27.890337 22568 consensus_queue.cc:260] T d2dfc7cd0e814d2abbe319e7f4998b54 P dc32a1f85cac4da4ae3504018ecf1942 [NON_LEADER]: Queue going to NON_LEADER mode. State: All replicated index: 0, Majority replicated index: 0, Committed index: 0, Last appended: 0.0, Last appended by leader: 0, Current term: 0, Majority size: -1, State: 0, Mode: NON_LEADER, active raft config: opid_index: -1 OBSOLETE_local: false peers { permanent_uuid: "b95ece3edd7d43c2b2905af335d54927" member_type: VOTER last_known_addr { host: "127.21.183.65" port: 35077 } } peers { permanent_uuid: "dc32a1f85cac4da4ae3504018ecf1942" member_type: VOTER last_known_addr { host: "127.21.183.66" port: 44389 } } peers { permanent_uuid: "630c9d16120946ff91f0e525101dbefa" member_type: VOTER last_known_addr { host: "127.21.183.67" port: 39493 } }
I20260710 11:05:27.891764 22564 ts_tablet_manager.cc:1434] T 0878c21df3974f658852d16dafa795e0 P b95ece3edd7d43c2b2905af335d54927: Time spent starting tablet: real 0.006s	user 0.005s	sys 0.000s
I20260710 11:05:27.892524 22564 tablet_bootstrap.cc:492] T d4b44dc4cc6f41caa24a18f39eac19b0 P b95ece3edd7d43c2b2905af335d54927: Bootstrap starting.
I20260710 11:05:27.894117 22568 ts_tablet_manager.cc:1434] T d2dfc7cd0e814d2abbe319e7f4998b54 P dc32a1f85cac4da4ae3504018ecf1942: Time spent starting tablet: real 0.007s	user 0.002s	sys 0.003s
I20260710 11:05:27.894991 22568 tablet_bootstrap.cc:492] T 810f3f4256614ff78f1ad32a564230b8 P dc32a1f85cac4da4ae3504018ecf1942: Bootstrap starting.
I20260710 11:05:27.897693 22564 tablet_bootstrap.cc:654] T d4b44dc4cc6f41caa24a18f39eac19b0 P b95ece3edd7d43c2b2905af335d54927: Neither blocks nor log segments found. Creating new log.
I20260710 11:05:27.900739 22568 tablet_bootstrap.cc:654] T 810f3f4256614ff78f1ad32a564230b8 P dc32a1f85cac4da4ae3504018ecf1942: Neither blocks nor log segments found. Creating new log.
I20260710 11:05:27.912011 22564 tablet_bootstrap.cc:492] T d4b44dc4cc6f41caa24a18f39eac19b0 P b95ece3edd7d43c2b2905af335d54927: No bootstrap required, opened a new log
I20260710 11:05:27.912719 22568 tablet_bootstrap.cc:492] T 810f3f4256614ff78f1ad32a564230b8 P dc32a1f85cac4da4ae3504018ecf1942: No bootstrap required, opened a new log
I20260710 11:05:27.912802 22564 ts_tablet_manager.cc:1403] T d4b44dc4cc6f41caa24a18f39eac19b0 P b95ece3edd7d43c2b2905af335d54927: Time spent bootstrapping tablet: real 0.020s	user 0.008s	sys 0.000s
I20260710 11:05:27.913054 22568 ts_tablet_manager.cc:1403] T 810f3f4256614ff78f1ad32a564230b8 P dc32a1f85cac4da4ae3504018ecf1942: Time spent bootstrapping tablet: real 0.018s	user 0.009s	sys 0.007s
I20260710 11:05:27.914767 22568 raft_consensus.cc:359] T 810f3f4256614ff78f1ad32a564230b8 P dc32a1f85cac4da4ae3504018ecf1942 [term 0 FOLLOWER]: Replica starting. Triggering 0 pending ops. Active config: opid_index: -1 OBSOLETE_local: false peers { permanent_uuid: "b95ece3edd7d43c2b2905af335d54927" member_type: VOTER last_known_addr { host: "127.21.183.65" port: 35077 } } peers { permanent_uuid: "dc32a1f85cac4da4ae3504018ecf1942" member_type: VOTER last_known_addr { host: "127.21.183.66" port: 44389 } } peers { permanent_uuid: "630c9d16120946ff91f0e525101dbefa" member_type: VOTER last_known_addr { host: "127.21.183.67" port: 39493 } }
I20260710 11:05:27.915184 22568 raft_consensus.cc:385] T 810f3f4256614ff78f1ad32a564230b8 P dc32a1f85cac4da4ae3504018ecf1942 [term 0 FOLLOWER]: Consensus starting up: Expiring failure detector timer to make a prompt election more likely
I20260710 11:05:27.915400 22568 raft_consensus.cc:740] T 810f3f4256614ff78f1ad32a564230b8 P dc32a1f85cac4da4ae3504018ecf1942 [term 0 FOLLOWER]: Becoming Follower/Learner. State: Replica: dc32a1f85cac4da4ae3504018ecf1942, State: Initialized, Role: FOLLOWER
I20260710 11:05:27.915241 22564 raft_consensus.cc:359] T d4b44dc4cc6f41caa24a18f39eac19b0 P b95ece3edd7d43c2b2905af335d54927 [term 0 FOLLOWER]: Replica starting. Triggering 0 pending ops. Active config: opid_index: -1 OBSOLETE_local: false peers { permanent_uuid: "630c9d16120946ff91f0e525101dbefa" member_type: VOTER last_known_addr { host: "127.21.183.67" port: 39493 } } peers { permanent_uuid: "dc32a1f85cac4da4ae3504018ecf1942" member_type: VOTER last_known_addr { host: "127.21.183.66" port: 44389 } } peers { permanent_uuid: "b95ece3edd7d43c2b2905af335d54927" member_type: VOTER last_known_addr { host: "127.21.183.65" port: 35077 } }
I20260710 11:05:27.915903 22564 raft_consensus.cc:385] T d4b44dc4cc6f41caa24a18f39eac19b0 P b95ece3edd7d43c2b2905af335d54927 [term 0 FOLLOWER]: Consensus starting up: Expiring failure detector timer to make a prompt election more likely
I20260710 11:05:27.915939 22568 consensus_queue.cc:260] T 810f3f4256614ff78f1ad32a564230b8 P dc32a1f85cac4da4ae3504018ecf1942 [NON_LEADER]: Queue going to NON_LEADER mode. State: All replicated index: 0, Majority replicated index: 0, Committed index: 0, Last appended: 0.0, Last appended by leader: 0, Current term: 0, Majority size: -1, State: 0, Mode: NON_LEADER, active raft config: opid_index: -1 OBSOLETE_local: false peers { permanent_uuid: "b95ece3edd7d43c2b2905af335d54927" member_type: VOTER last_known_addr { host: "127.21.183.65" port: 35077 } } peers { permanent_uuid: "dc32a1f85cac4da4ae3504018ecf1942" member_type: VOTER last_known_addr { host: "127.21.183.66" port: 44389 } } peers { permanent_uuid: "630c9d16120946ff91f0e525101dbefa" member_type: VOTER last_known_addr { host: "127.21.183.67" port: 39493 } }
I20260710 11:05:27.916263 22564 raft_consensus.cc:740] T d4b44dc4cc6f41caa24a18f39eac19b0 P b95ece3edd7d43c2b2905af335d54927 [term 0 FOLLOWER]: Becoming Follower/Learner. State: Replica: b95ece3edd7d43c2b2905af335d54927, State: Initialized, Role: FOLLOWER
I20260710 11:05:27.916994 22564 consensus_queue.cc:260] T d4b44dc4cc6f41caa24a18f39eac19b0 P b95ece3edd7d43c2b2905af335d54927 [NON_LEADER]: Queue going to NON_LEADER mode. State: All replicated index: 0, Majority replicated index: 0, Committed index: 0, Last appended: 0.0, Last appended by leader: 0, Current term: 0, Majority size: -1, State: 0, Mode: NON_LEADER, active raft config: opid_index: -1 OBSOLETE_local: false peers { permanent_uuid: "630c9d16120946ff91f0e525101dbefa" member_type: VOTER last_known_addr { host: "127.21.183.67" port: 39493 } } peers { permanent_uuid: "dc32a1f85cac4da4ae3504018ecf1942" member_type: VOTER last_known_addr { host: "127.21.183.66" port: 44389 } } peers { permanent_uuid: "b95ece3edd7d43c2b2905af335d54927" member_type: VOTER last_known_addr { host: "127.21.183.65" port: 35077 } }
I20260710 11:05:27.917982 22568 ts_tablet_manager.cc:1434] T 810f3f4256614ff78f1ad32a564230b8 P dc32a1f85cac4da4ae3504018ecf1942: Time spent starting tablet: real 0.005s	user 0.004s	sys 0.000s
I20260710 11:05:27.918814 22568 tablet_bootstrap.cc:492] T fb8ef9ea7a834a72b24e117b1c76b838 P dc32a1f85cac4da4ae3504018ecf1942: Bootstrap starting.
I20260710 11:05:27.919024 22564 ts_tablet_manager.cc:1434] T d4b44dc4cc6f41caa24a18f39eac19b0 P b95ece3edd7d43c2b2905af335d54927: Time spent starting tablet: real 0.006s	user 0.007s	sys 0.000s
I20260710 11:05:27.923847 22568 tablet_bootstrap.cc:654] T fb8ef9ea7a834a72b24e117b1c76b838 P dc32a1f85cac4da4ae3504018ecf1942: Neither blocks nor log segments found. Creating new log.
I20260710 11:05:27.929905 22569 raft_consensus.cc:493] T 0878c21df3974f658852d16dafa795e0 P b95ece3edd7d43c2b2905af335d54927 [term 0 FOLLOWER]: Starting pre-election (no leader contacted us within the election timeout)
I20260710 11:05:27.930341 22569 raft_consensus.cc:515] T 0878c21df3974f658852d16dafa795e0 P b95ece3edd7d43c2b2905af335d54927 [term 0 FOLLOWER]: Starting pre-election with config: opid_index: -1 OBSOLETE_local: false peers { permanent_uuid: "b95ece3edd7d43c2b2905af335d54927" member_type: VOTER last_known_addr { host: "127.21.183.65" port: 35077 } } peers { permanent_uuid: "dc32a1f85cac4da4ae3504018ecf1942" member_type: VOTER last_known_addr { host: "127.21.183.66" port: 44389 } } peers { permanent_uuid: "630c9d16120946ff91f0e525101dbefa" member_type: VOTER last_known_addr { host: "127.21.183.67" port: 39493 } }
I20260710 11:05:27.932143 22569 leader_election.cc:290] T 0878c21df3974f658852d16dafa795e0 P b95ece3edd7d43c2b2905af335d54927 [CANDIDATE]: Term 1 pre-election: Requested pre-vote from peers dc32a1f85cac4da4ae3504018ecf1942 (127.21.183.66:44389), 630c9d16120946ff91f0e525101dbefa (127.21.183.67:39493)
I20260710 11:05:27.933457 22521 tablet_service.cc:1917] Received RequestConsensusVote() RPC: tablet_id: "0878c21df3974f658852d16dafa795e0" candidate_uuid: "b95ece3edd7d43c2b2905af335d54927" candidate_term: 1 candidate_status { last_received { term: 0 index: 0 } } ignore_live_leader: false dest_uuid: "630c9d16120946ff91f0e525101dbefa" is_pre_election: true
I20260710 11:05:27.933812 22568 tablet_bootstrap.cc:492] T fb8ef9ea7a834a72b24e117b1c76b838 P dc32a1f85cac4da4ae3504018ecf1942: No bootstrap required, opened a new log
I20260710 11:05:27.933768 22446 tablet_service.cc:1917] Received RequestConsensusVote() RPC: tablet_id: "0878c21df3974f658852d16dafa795e0" candidate_uuid: "b95ece3edd7d43c2b2905af335d54927" candidate_term: 1 candidate_status { last_received { term: 0 index: 0 } } ignore_live_leader: false dest_uuid: "dc32a1f85cac4da4ae3504018ecf1942" is_pre_election: true
I20260710 11:05:27.934036 22521 raft_consensus.cc:2468] T 0878c21df3974f658852d16dafa795e0 P 630c9d16120946ff91f0e525101dbefa [term 0 FOLLOWER]: Leader pre-election vote request: Granting yes vote for candidate b95ece3edd7d43c2b2905af335d54927 in term 0.
I20260710 11:05:27.934270 22568 ts_tablet_manager.cc:1403] T fb8ef9ea7a834a72b24e117b1c76b838 P dc32a1f85cac4da4ae3504018ecf1942: Time spent bootstrapping tablet: real 0.016s	user 0.006s	sys 0.007s
I20260710 11:05:27.934430 22446 raft_consensus.cc:2468] T 0878c21df3974f658852d16dafa795e0 P dc32a1f85cac4da4ae3504018ecf1942 [term 0 FOLLOWER]: Leader pre-election vote request: Granting yes vote for candidate b95ece3edd7d43c2b2905af335d54927 in term 0.
I20260710 11:05:27.935595 22335 leader_election.cc:304] T 0878c21df3974f658852d16dafa795e0 P b95ece3edd7d43c2b2905af335d54927 [CANDIDATE]: Term 1 pre-election: Election decided. Result: candidate won. Election summary: received 2 responses out of 3 voters: 2 yes votes; 0 no votes. yes voters: b95ece3edd7d43c2b2905af335d54927, dc32a1f85cac4da4ae3504018ecf1942; no voters: 
I20260710 11:05:27.936527 22569 raft_consensus.cc:2804] T 0878c21df3974f658852d16dafa795e0 P b95ece3edd7d43c2b2905af335d54927 [term 0 FOLLOWER]: Leader pre-election won for term 1
I20260710 11:05:27.936523 22568 raft_consensus.cc:359] T fb8ef9ea7a834a72b24e117b1c76b838 P dc32a1f85cac4da4ae3504018ecf1942 [term 0 FOLLOWER]: Replica starting. Triggering 0 pending ops. Active config: opid_index: -1 OBSOLETE_local: false peers { permanent_uuid: "b95ece3edd7d43c2b2905af335d54927" member_type: VOTER last_known_addr { host: "127.21.183.65" port: 35077 } } peers { permanent_uuid: "dc32a1f85cac4da4ae3504018ecf1942" member_type: VOTER last_known_addr { host: "127.21.183.66" port: 44389 } } peers { permanent_uuid: "630c9d16120946ff91f0e525101dbefa" member_type: VOTER last_known_addr { host: "127.21.183.67" port: 39493 } }
I20260710 11:05:27.937086 22569 raft_consensus.cc:493] T 0878c21df3974f658852d16dafa795e0 P b95ece3edd7d43c2b2905af335d54927 [term 0 FOLLOWER]: Starting leader election (no leader contacted us within the election timeout)
I20260710 11:05:27.937179 22568 raft_consensus.cc:385] T fb8ef9ea7a834a72b24e117b1c76b838 P dc32a1f85cac4da4ae3504018ecf1942 [term 0 FOLLOWER]: Consensus starting up: Expiring failure detector timer to make a prompt election more likely
I20260710 11:05:27.937486 22569 raft_consensus.cc:3060] T 0878c21df3974f658852d16dafa795e0 P b95ece3edd7d43c2b2905af335d54927 [term 0 FOLLOWER]: Advancing to term 1
I20260710 11:05:27.937516 22568 raft_consensus.cc:740] T fb8ef9ea7a834a72b24e117b1c76b838 P dc32a1f85cac4da4ae3504018ecf1942 [term 0 FOLLOWER]: Becoming Follower/Learner. State: Replica: dc32a1f85cac4da4ae3504018ecf1942, State: Initialized, Role: FOLLOWER
I20260710 11:05:27.938206 22568 consensus_queue.cc:260] T fb8ef9ea7a834a72b24e117b1c76b838 P dc32a1f85cac4da4ae3504018ecf1942 [NON_LEADER]: Queue going to NON_LEADER mode. State: All replicated index: 0, Majority replicated index: 0, Committed index: 0, Last appended: 0.0, Last appended by leader: 0, Current term: 0, Majority size: -1, State: 0, Mode: NON_LEADER, active raft config: opid_index: -1 OBSOLETE_local: false peers { permanent_uuid: "b95ece3edd7d43c2b2905af335d54927" member_type: VOTER last_known_addr { host: "127.21.183.65" port: 35077 } } peers { permanent_uuid: "dc32a1f85cac4da4ae3504018ecf1942" member_type: VOTER last_known_addr { host: "127.21.183.66" port: 44389 } } peers { permanent_uuid: "630c9d16120946ff91f0e525101dbefa" member_type: VOTER last_known_addr { host: "127.21.183.67" port: 39493 } }
I20260710 11:05:27.941164 22568 ts_tablet_manager.cc:1434] T fb8ef9ea7a834a72b24e117b1c76b838 P dc32a1f85cac4da4ae3504018ecf1942: Time spent starting tablet: real 0.007s	user 0.004s	sys 0.000s
I20260710 11:05:27.941766 22599 raft_consensus.cc:493] T d4b44dc4cc6f41caa24a18f39eac19b0 P 630c9d16120946ff91f0e525101dbefa [term 0 FOLLOWER]: Starting pre-election (no leader contacted us within the election timeout)
I20260710 11:05:27.942096 22599 raft_consensus.cc:515] T d4b44dc4cc6f41caa24a18f39eac19b0 P 630c9d16120946ff91f0e525101dbefa [term 0 FOLLOWER]: Starting pre-election with config: opid_index: -1 OBSOLETE_local: false peers { permanent_uuid: "630c9d16120946ff91f0e525101dbefa" member_type: VOTER last_known_addr { host: "127.21.183.67" port: 39493 } } peers { permanent_uuid: "dc32a1f85cac4da4ae3504018ecf1942" member_type: VOTER last_known_addr { host: "127.21.183.66" port: 44389 } } peers { permanent_uuid: "b95ece3edd7d43c2b2905af335d54927" member_type: VOTER last_known_addr { host: "127.21.183.65" port: 35077 } }
I20260710 11:05:27.943714 22599 leader_election.cc:290] T d4b44dc4cc6f41caa24a18f39eac19b0 P 630c9d16120946ff91f0e525101dbefa [CANDIDATE]: Term 1 pre-election: Requested pre-vote from peers dc32a1f85cac4da4ae3504018ecf1942 (127.21.183.66:44389), b95ece3edd7d43c2b2905af335d54927 (127.21.183.65:35077)
I20260710 11:05:27.943557 22569 raft_consensus.cc:515] T 0878c21df3974f658852d16dafa795e0 P b95ece3edd7d43c2b2905af335d54927 [term 1 FOLLOWER]: Starting leader election with config: opid_index: -1 OBSOLETE_local: false peers { permanent_uuid: "b95ece3edd7d43c2b2905af335d54927" member_type: VOTER last_known_addr { host: "127.21.183.65" port: 35077 } } peers { permanent_uuid: "dc32a1f85cac4da4ae3504018ecf1942" member_type: VOTER last_known_addr { host: "127.21.183.66" port: 44389 } } peers { permanent_uuid: "630c9d16120946ff91f0e525101dbefa" member_type: VOTER last_known_addr { host: "127.21.183.67" port: 39493 } }
I20260710 11:05:27.944617 22446 tablet_service.cc:1917] Received RequestConsensusVote() RPC: tablet_id: "d4b44dc4cc6f41caa24a18f39eac19b0" candidate_uuid: "630c9d16120946ff91f0e525101dbefa" candidate_term: 1 candidate_status { last_received { term: 0 index: 0 } } ignore_live_leader: false dest_uuid: "dc32a1f85cac4da4ae3504018ecf1942" is_pre_election: true
I20260710 11:05:27.945060 22371 tablet_service.cc:1917] Received RequestConsensusVote() RPC: tablet_id: "d4b44dc4cc6f41caa24a18f39eac19b0" candidate_uuid: "630c9d16120946ff91f0e525101dbefa" candidate_term: 1 candidate_status { last_received { term: 0 index: 0 } } ignore_live_leader: false dest_uuid: "b95ece3edd7d43c2b2905af335d54927" is_pre_election: true
I20260710 11:05:27.945405 22446 raft_consensus.cc:2468] T d4b44dc4cc6f41caa24a18f39eac19b0 P dc32a1f85cac4da4ae3504018ecf1942 [term 0 FOLLOWER]: Leader pre-election vote request: Granting yes vote for candidate 630c9d16120946ff91f0e525101dbefa in term 0.
I20260710 11:05:27.945761 22371 raft_consensus.cc:2468] T d4b44dc4cc6f41caa24a18f39eac19b0 P b95ece3edd7d43c2b2905af335d54927 [term 0 FOLLOWER]: Leader pre-election vote request: Granting yes vote for candidate 630c9d16120946ff91f0e525101dbefa in term 0.
I20260710 11:05:27.947314 22484 leader_election.cc:304] T d4b44dc4cc6f41caa24a18f39eac19b0 P 630c9d16120946ff91f0e525101dbefa [CANDIDATE]: Term 1 pre-election: Election decided. Result: candidate won. Election summary: received 2 responses out of 3 voters: 2 yes votes; 0 no votes. yes voters: 630c9d16120946ff91f0e525101dbefa, b95ece3edd7d43c2b2905af335d54927; no voters: 
I20260710 11:05:27.948673 22599 raft_consensus.cc:2804] T d4b44dc4cc6f41caa24a18f39eac19b0 P 630c9d16120946ff91f0e525101dbefa [term 0 FOLLOWER]: Leader pre-election won for term 1
I20260710 11:05:27.949051 22599 raft_consensus.cc:493] T d4b44dc4cc6f41caa24a18f39eac19b0 P 630c9d16120946ff91f0e525101dbefa [term 0 FOLLOWER]: Starting leader election (no leader contacted us within the election timeout)
I20260710 11:05:27.949417 22599 raft_consensus.cc:3060] T d4b44dc4cc6f41caa24a18f39eac19b0 P 630c9d16120946ff91f0e525101dbefa [term 0 FOLLOWER]: Advancing to term 1
I20260710 11:05:27.954653 22446 tablet_service.cc:1917] Received RequestConsensusVote() RPC: tablet_id: "0878c21df3974f658852d16dafa795e0" candidate_uuid: "b95ece3edd7d43c2b2905af335d54927" candidate_term: 1 candidate_status { last_received { term: 0 index: 0 } } ignore_live_leader: false dest_uuid: "dc32a1f85cac4da4ae3504018ecf1942"
I20260710 11:05:27.954931 22521 tablet_service.cc:1917] Received RequestConsensusVote() RPC: tablet_id: "0878c21df3974f658852d16dafa795e0" candidate_uuid: "b95ece3edd7d43c2b2905af335d54927" candidate_term: 1 candidate_status { last_received { term: 0 index: 0 } } ignore_live_leader: false dest_uuid: "630c9d16120946ff91f0e525101dbefa"
I20260710 11:05:27.955214 22446 raft_consensus.cc:3060] T 0878c21df3974f658852d16dafa795e0 P dc32a1f85cac4da4ae3504018ecf1942 [term 0 FOLLOWER]: Advancing to term 1
I20260710 11:05:27.955499 22521 raft_consensus.cc:3060] T 0878c21df3974f658852d16dafa795e0 P 630c9d16120946ff91f0e525101dbefa [term 0 FOLLOWER]: Advancing to term 1
I20260710 11:05:27.957489 22599 raft_consensus.cc:515] T d4b44dc4cc6f41caa24a18f39eac19b0 P 630c9d16120946ff91f0e525101dbefa [term 1 FOLLOWER]: Starting leader election with config: opid_index: -1 OBSOLETE_local: false peers { permanent_uuid: "630c9d16120946ff91f0e525101dbefa" member_type: VOTER last_known_addr { host: "127.21.183.67" port: 39493 } } peers { permanent_uuid: "dc32a1f85cac4da4ae3504018ecf1942" member_type: VOTER last_known_addr { host: "127.21.183.66" port: 44389 } } peers { permanent_uuid: "b95ece3edd7d43c2b2905af335d54927" member_type: VOTER last_known_addr { host: "127.21.183.65" port: 35077 } }
I20260710 11:05:27.954738 22569 leader_election.cc:290] T 0878c21df3974f658852d16dafa795e0 P b95ece3edd7d43c2b2905af335d54927 [CANDIDATE]: Term 1 election: Requested vote from peers dc32a1f85cac4da4ae3504018ecf1942 (127.21.183.66:44389), 630c9d16120946ff91f0e525101dbefa (127.21.183.67:39493)
I20260710 11:05:27.959944 22581 raft_consensus.cc:493] T b0f43d58e06944d89e437244c7abec1f P b95ece3edd7d43c2b2905af335d54927 [term 0 FOLLOWER]: Starting pre-election (no leader contacted us within the election timeout)
I20260710 11:05:27.960371 22581 raft_consensus.cc:515] T b0f43d58e06944d89e437244c7abec1f P b95ece3edd7d43c2b2905af335d54927 [term 0 FOLLOWER]: Starting pre-election with config: opid_index: -1 OBSOLETE_local: false peers { permanent_uuid: "b95ece3edd7d43c2b2905af335d54927" member_type: VOTER last_known_addr { host: "127.21.183.65" port: 35077 } } peers { permanent_uuid: "dc32a1f85cac4da4ae3504018ecf1942" member_type: VOTER last_known_addr { host: "127.21.183.66" port: 44389 } } peers { permanent_uuid: "630c9d16120946ff91f0e525101dbefa" member_type: VOTER last_known_addr { host: "127.21.183.67" port: 39493 } }
I20260710 11:05:27.960856 22447 tablet_service.cc:1917] Received RequestConsensusVote() RPC: tablet_id: "d4b44dc4cc6f41caa24a18f39eac19b0" candidate_uuid: "630c9d16120946ff91f0e525101dbefa" candidate_term: 1 candidate_status { last_received { term: 0 index: 0 } } ignore_live_leader: false dest_uuid: "dc32a1f85cac4da4ae3504018ecf1942"
I20260710 11:05:27.961305 22447 raft_consensus.cc:3060] T d4b44dc4cc6f41caa24a18f39eac19b0 P dc32a1f85cac4da4ae3504018ecf1942 [term 0 FOLLOWER]: Advancing to term 1
I20260710 11:05:27.962167 22581 leader_election.cc:290] T b0f43d58e06944d89e437244c7abec1f P b95ece3edd7d43c2b2905af335d54927 [CANDIDATE]: Term 1 pre-election: Requested pre-vote from peers dc32a1f85cac4da4ae3504018ecf1942 (127.21.183.66:44389), 630c9d16120946ff91f0e525101dbefa (127.21.183.67:39493)
I20260710 11:05:27.962661 22581 consensus_queue.cc:1048] T f157eaf2b79a4c678ff8b3efb9ff1500 P b95ece3edd7d43c2b2905af335d54927 [LEADER]: Connected to new peer: Peer: permanent_uuid: "630c9d16120946ff91f0e525101dbefa" member_type: VOTER last_known_addr { host: "127.21.183.67" port: 39493 }, Status: LMP_MISMATCH, Last received: 0.0, Next index: 1, Last known committed idx: 0, Time since last communication: 0.000s
I20260710 11:05:27.965124 22447 raft_consensus.cc:2468] T d4b44dc4cc6f41caa24a18f39eac19b0 P dc32a1f85cac4da4ae3504018ecf1942 [term 1 FOLLOWER]: Leader election vote request: Granting yes vote for candidate 630c9d16120946ff91f0e525101dbefa in term 1.
I20260710 11:05:27.965361 22520 tablet_service.cc:1917] Received RequestConsensusVote() RPC: tablet_id: "b0f43d58e06944d89e437244c7abec1f" candidate_uuid: "b95ece3edd7d43c2b2905af335d54927" candidate_term: 1 candidate_status { last_received { term: 0 index: 0 } } ignore_live_leader: false dest_uuid: "630c9d16120946ff91f0e525101dbefa" is_pre_election: true
I20260710 11:05:27.965974 22520 raft_consensus.cc:2468] T b0f43d58e06944d89e437244c7abec1f P 630c9d16120946ff91f0e525101dbefa [term 0 FOLLOWER]: Leader pre-election vote request: Granting yes vote for candidate b95ece3edd7d43c2b2905af335d54927 in term 0.
I20260710 11:05:27.967268 22338 leader_election.cc:304] T b0f43d58e06944d89e437244c7abec1f P b95ece3edd7d43c2b2905af335d54927 [CANDIDATE]: Term 1 pre-election: Election decided. Result: candidate won. Election summary: received 2 responses out of 3 voters: 2 yes votes; 0 no votes. yes voters: 630c9d16120946ff91f0e525101dbefa, b95ece3edd7d43c2b2905af335d54927; no voters: 
I20260710 11:05:27.967386 22484 leader_election.cc:304] T d4b44dc4cc6f41caa24a18f39eac19b0 P 630c9d16120946ff91f0e525101dbefa [CANDIDATE]: Term 1 election: Election decided. Result: candidate won. Election summary: received 2 responses out of 3 voters: 2 yes votes; 0 no votes. yes voters: 630c9d16120946ff91f0e525101dbefa, dc32a1f85cac4da4ae3504018ecf1942; no voters: 
I20260710 11:05:27.968091 22567 raft_consensus.cc:2804] T d4b44dc4cc6f41caa24a18f39eac19b0 P 630c9d16120946ff91f0e525101dbefa [term 1 FOLLOWER]: Leader election won for term 1
I20260710 11:05:27.970161 22447 tablet_service.cc:1917] Received RequestConsensusVote() RPC: tablet_id: "b0f43d58e06944d89e437244c7abec1f" candidate_uuid: "b95ece3edd7d43c2b2905af335d54927" candidate_term: 1 candidate_status { last_received { term: 0 index: 0 } } ignore_live_leader: false dest_uuid: "dc32a1f85cac4da4ae3504018ecf1942" is_pre_election: true
I20260710 11:05:27.971481 22447 raft_consensus.cc:2468] T b0f43d58e06944d89e437244c7abec1f P dc32a1f85cac4da4ae3504018ecf1942 [term 0 FOLLOWER]: Leader pre-election vote request: Granting yes vote for candidate b95ece3edd7d43c2b2905af335d54927 in term 0.
I20260710 11:05:27.973304 22446 raft_consensus.cc:2468] T 0878c21df3974f658852d16dafa795e0 P dc32a1f85cac4da4ae3504018ecf1942 [term 1 FOLLOWER]: Leader election vote request: Granting yes vote for candidate b95ece3edd7d43c2b2905af335d54927 in term 1.
I20260710 11:05:27.974349 22335 leader_election.cc:304] T 0878c21df3974f658852d16dafa795e0 P b95ece3edd7d43c2b2905af335d54927 [CANDIDATE]: Term 1 election: Election decided. Result: candidate won. Election summary: received 2 responses out of 3 voters: 2 yes votes; 0 no votes. yes voters: b95ece3edd7d43c2b2905af335d54927, dc32a1f85cac4da4ae3504018ecf1942; no voters: 
I20260710 11:05:27.974498 22521 raft_consensus.cc:2468] T 0878c21df3974f658852d16dafa795e0 P 630c9d16120946ff91f0e525101dbefa [term 1 FOLLOWER]: Leader election vote request: Granting yes vote for candidate b95ece3edd7d43c2b2905af335d54927 in term 1.
I20260710 11:05:27.975589 22569 raft_consensus.cc:2804] T 0878c21df3974f658852d16dafa795e0 P b95ece3edd7d43c2b2905af335d54927 [term 1 FOLLOWER]: Leader election won for term 1
I20260710 11:05:27.975180 22581 raft_consensus.cc:2804] T b0f43d58e06944d89e437244c7abec1f P b95ece3edd7d43c2b2905af335d54927 [term 0 FOLLOWER]: Leader pre-election won for term 1
I20260710 11:05:27.976063 22569 raft_consensus.cc:697] T 0878c21df3974f658852d16dafa795e0 P b95ece3edd7d43c2b2905af335d54927 [term 1 LEADER]: Becoming Leader. State: Replica: b95ece3edd7d43c2b2905af335d54927, State: Running, Role: LEADER
I20260710 11:05:27.977021 22569 consensus_queue.cc:237] T 0878c21df3974f658852d16dafa795e0 P b95ece3edd7d43c2b2905af335d54927 [LEADER]: Queue going to LEADER mode. State: All replicated index: 0, Majority replicated index: 0, Committed index: 0, Last appended: 0.0, Last appended by leader: 0, Current term: 1, Majority size: 2, State: 0, Mode: LEADER, active raft config: opid_index: -1 OBSOLETE_local: false peers { permanent_uuid: "b95ece3edd7d43c2b2905af335d54927" member_type: VOTER last_known_addr { host: "127.21.183.65" port: 35077 } } peers { permanent_uuid: "dc32a1f85cac4da4ae3504018ecf1942" member_type: VOTER last_known_addr { host: "127.21.183.66" port: 44389 } } peers { permanent_uuid: "630c9d16120946ff91f0e525101dbefa" member_type: VOTER last_known_addr { host: "127.21.183.67" port: 39493 } }
I20260710 11:05:27.976073 22581 raft_consensus.cc:493] T b0f43d58e06944d89e437244c7abec1f P b95ece3edd7d43c2b2905af335d54927 [term 0 FOLLOWER]: Starting leader election (no leader contacted us within the election timeout)
I20260710 11:05:27.978698 22581 raft_consensus.cc:3060] T b0f43d58e06944d89e437244c7abec1f P b95ece3edd7d43c2b2905af335d54927 [term 0 FOLLOWER]: Advancing to term 1
I20260710 11:05:27.980130 22599 leader_election.cc:290] T d4b44dc4cc6f41caa24a18f39eac19b0 P 630c9d16120946ff91f0e525101dbefa [CANDIDATE]: Term 1 election: Requested vote from peers dc32a1f85cac4da4ae3504018ecf1942 (127.21.183.66:44389), b95ece3edd7d43c2b2905af335d54927 (127.21.183.65:35077)
I20260710 11:05:27.980331 22371 tablet_service.cc:1917] Received RequestConsensusVote() RPC: tablet_id: "d4b44dc4cc6f41caa24a18f39eac19b0" candidate_uuid: "630c9d16120946ff91f0e525101dbefa" candidate_term: 1 candidate_status { last_received { term: 0 index: 0 } } ignore_live_leader: false dest_uuid: "b95ece3edd7d43c2b2905af335d54927"
I20260710 11:05:27.981060 22371 raft_consensus.cc:3060] T d4b44dc4cc6f41caa24a18f39eac19b0 P b95ece3edd7d43c2b2905af335d54927 [term 0 FOLLOWER]: Advancing to term 1
I20260710 11:05:27.984962 22567 raft_consensus.cc:697] T d4b44dc4cc6f41caa24a18f39eac19b0 P 630c9d16120946ff91f0e525101dbefa [term 1 LEADER]: Becoming Leader. State: Replica: 630c9d16120946ff91f0e525101dbefa, State: Running, Role: LEADER
I20260710 11:05:27.985831 22567 consensus_queue.cc:237] T d4b44dc4cc6f41caa24a18f39eac19b0 P 630c9d16120946ff91f0e525101dbefa [LEADER]: Queue going to LEADER mode. State: All replicated index: 0, Majority replicated index: 0, Committed index: 0, Last appended: 0.0, Last appended by leader: 0, Current term: 1, Majority size: 2, State: 0, Mode: LEADER, active raft config: opid_index: -1 OBSOLETE_local: false peers { permanent_uuid: "630c9d16120946ff91f0e525101dbefa" member_type: VOTER last_known_addr { host: "127.21.183.67" port: 39493 } } peers { permanent_uuid: "dc32a1f85cac4da4ae3504018ecf1942" member_type: VOTER last_known_addr { host: "127.21.183.66" port: 44389 } } peers { permanent_uuid: "b95ece3edd7d43c2b2905af335d54927" member_type: VOTER last_known_addr { host: "127.21.183.65" port: 35077 } }
I20260710 11:05:27.987133 22371 raft_consensus.cc:2468] T d4b44dc4cc6f41caa24a18f39eac19b0 P b95ece3edd7d43c2b2905af335d54927 [term 1 FOLLOWER]: Leader election vote request: Granting yes vote for candidate 630c9d16120946ff91f0e525101dbefa in term 1.
I20260710 11:05:27.995553 22581 raft_consensus.cc:515] T b0f43d58e06944d89e437244c7abec1f P b95ece3edd7d43c2b2905af335d54927 [term 1 FOLLOWER]: Starting leader election with config: opid_index: -1 OBSOLETE_local: false peers { permanent_uuid: "b95ece3edd7d43c2b2905af335d54927" member_type: VOTER last_known_addr { host: "127.21.183.65" port: 35077 } } peers { permanent_uuid: "dc32a1f85cac4da4ae3504018ecf1942" member_type: VOTER last_known_addr { host: "127.21.183.66" port: 44389 } } peers { permanent_uuid: "630c9d16120946ff91f0e525101dbefa" member_type: VOTER last_known_addr { host: "127.21.183.67" port: 39493 } }
I20260710 11:05:27.998544 22521 tablet_service.cc:1917] Received RequestConsensusVote() RPC: tablet_id: "b0f43d58e06944d89e437244c7abec1f" candidate_uuid: "b95ece3edd7d43c2b2905af335d54927" candidate_term: 1 candidate_status { last_received { term: 0 index: 0 } } ignore_live_leader: false dest_uuid: "630c9d16120946ff91f0e525101dbefa"
I20260710 11:05:27.999065 22521 raft_consensus.cc:3060] T b0f43d58e06944d89e437244c7abec1f P 630c9d16120946ff91f0e525101dbefa [term 0 FOLLOWER]: Advancing to term 1
I20260710 11:05:27.999208 22445 raft_consensus.cc:3060] T f157eaf2b79a4c678ff8b3efb9ff1500 P dc32a1f85cac4da4ae3504018ecf1942 [term 0 FOLLOWER]: Advancing to term 1
I20260710 11:05:27.999065 22447 tablet_service.cc:1917] Received RequestConsensusVote() RPC: tablet_id: "b0f43d58e06944d89e437244c7abec1f" candidate_uuid: "b95ece3edd7d43c2b2905af335d54927" candidate_term: 1 candidate_status { last_received { term: 0 index: 0 } } ignore_live_leader: false dest_uuid: "dc32a1f85cac4da4ae3504018ecf1942"
I20260710 11:05:28.002844 22447 raft_consensus.cc:3060] T b0f43d58e06944d89e437244c7abec1f P dc32a1f85cac4da4ae3504018ecf1942 [term 0 FOLLOWER]: Advancing to term 1
I20260710 11:05:28.003221 22581 leader_election.cc:290] T b0f43d58e06944d89e437244c7abec1f P b95ece3edd7d43c2b2905af335d54927 [CANDIDATE]: Term 1 election: Requested vote from peers dc32a1f85cac4da4ae3504018ecf1942 (127.21.183.66:44389), 630c9d16120946ff91f0e525101dbefa (127.21.183.67:39493)
I20260710 11:05:28.006832 22597 consensus_queue.cc:1048] T f157eaf2b79a4c678ff8b3efb9ff1500 P b95ece3edd7d43c2b2905af335d54927 [LEADER]: Connected to new peer: Peer: permanent_uuid: "dc32a1f85cac4da4ae3504018ecf1942" member_type: VOTER last_known_addr { host: "127.21.183.66" port: 44389 }, Status: LMP_MISMATCH, Last received: 0.0, Next index: 1, Last known committed idx: 0, Time since last communication: 0.001s
I20260710 11:05:28.008577 22447 raft_consensus.cc:2468] T b0f43d58e06944d89e437244c7abec1f P dc32a1f85cac4da4ae3504018ecf1942 [term 1 FOLLOWER]: Leader election vote request: Granting yes vote for candidate b95ece3edd7d43c2b2905af335d54927 in term 1.
I20260710 11:05:28.020349 22335 leader_election.cc:304] T b0f43d58e06944d89e437244c7abec1f P b95ece3edd7d43c2b2905af335d54927 [CANDIDATE]: Term 1 election: Election decided. Result: candidate won. Election summary: received 2 responses out of 3 voters: 2 yes votes; 0 no votes. yes voters: b95ece3edd7d43c2b2905af335d54927, dc32a1f85cac4da4ae3504018ecf1942; no voters: 
I20260710 11:05:28.021103 22569 raft_consensus.cc:2804] T b0f43d58e06944d89e437244c7abec1f P b95ece3edd7d43c2b2905af335d54927 [term 1 FOLLOWER]: Leader election won for term 1
I20260710 11:05:28.021544 22569 raft_consensus.cc:697] T b0f43d58e06944d89e437244c7abec1f P b95ece3edd7d43c2b2905af335d54927 [term 1 LEADER]: Becoming Leader. State: Replica: b95ece3edd7d43c2b2905af335d54927, State: Running, Role: LEADER
I20260710 11:05:28.010918 22266 catalog_manager.cc:5697] T 0878c21df3974f658852d16dafa795e0 P b95ece3edd7d43c2b2905af335d54927 reported cstate change: term changed from 0 to 1, leader changed from <none> to b95ece3edd7d43c2b2905af335d54927 (127.21.183.65). New cstate: current_term: 1 leader_uuid: "b95ece3edd7d43c2b2905af335d54927" committed_config { opid_index: -1 OBSOLETE_local: false peers { permanent_uuid: "b95ece3edd7d43c2b2905af335d54927" member_type: VOTER last_known_addr { host: "127.21.183.65" port: 35077 } health_report { overall_health: HEALTHY } } peers { permanent_uuid: "dc32a1f85cac4da4ae3504018ecf1942" member_type: VOTER last_known_addr { host: "127.21.183.66" port: 44389 } health_report { overall_health: UNKNOWN } } peers { permanent_uuid: "630c9d16120946ff91f0e525101dbefa" member_type: VOTER last_known_addr { host: "127.21.183.67" port: 39493 } health_report { overall_health: UNKNOWN } } }
I20260710 11:05:28.022732 22569 consensus_queue.cc:237] T b0f43d58e06944d89e437244c7abec1f P b95ece3edd7d43c2b2905af335d54927 [LEADER]: Queue going to LEADER mode. State: All replicated index: 0, Majority replicated index: 0, Committed index: 0, Last appended: 0.0, Last appended by leader: 0, Current term: 1, Majority size: 2, State: 0, Mode: LEADER, active raft config: opid_index: -1 OBSOLETE_local: false peers { permanent_uuid: "b95ece3edd7d43c2b2905af335d54927" member_type: VOTER last_known_addr { host: "127.21.183.65" port: 35077 } } peers { permanent_uuid: "dc32a1f85cac4da4ae3504018ecf1942" member_type: VOTER last_known_addr { host: "127.21.183.66" port: 44389 } } peers { permanent_uuid: "630c9d16120946ff91f0e525101dbefa" member_type: VOTER last_known_addr { host: "127.21.183.67" port: 39493 } }
I20260710 11:05:28.024890 22267 catalog_manager.cc:5697] T d4b44dc4cc6f41caa24a18f39eac19b0 P 630c9d16120946ff91f0e525101dbefa reported cstate change: term changed from 0 to 1, leader changed from <none> to 630c9d16120946ff91f0e525101dbefa (127.21.183.67). New cstate: current_term: 1 leader_uuid: "630c9d16120946ff91f0e525101dbefa" committed_config { opid_index: -1 OBSOLETE_local: false peers { permanent_uuid: "630c9d16120946ff91f0e525101dbefa" member_type: VOTER last_known_addr { host: "127.21.183.67" port: 39493 } health_report { overall_health: HEALTHY } } peers { permanent_uuid: "dc32a1f85cac4da4ae3504018ecf1942" member_type: VOTER last_known_addr { host: "127.21.183.66" port: 44389 } health_report { overall_health: UNKNOWN } } peers { permanent_uuid: "b95ece3edd7d43c2b2905af335d54927" member_type: VOTER last_known_addr { host: "127.21.183.65" port: 35077 } health_report { overall_health: UNKNOWN } } }
I20260710 11:05:28.043820 22521 raft_consensus.cc:2468] T b0f43d58e06944d89e437244c7abec1f P 630c9d16120946ff91f0e525101dbefa [term 1 FOLLOWER]: Leader election vote request: Granting yes vote for candidate b95ece3edd7d43c2b2905af335d54927 in term 1.
I20260710 11:05:28.048820 22575 raft_consensus.cc:493] T fb8ef9ea7a834a72b24e117b1c76b838 P dc32a1f85cac4da4ae3504018ecf1942 [term 0 FOLLOWER]: Starting pre-election (no leader contacted us within the election timeout)
I20260710 11:05:28.049258 22575 raft_consensus.cc:515] T fb8ef9ea7a834a72b24e117b1c76b838 P dc32a1f85cac4da4ae3504018ecf1942 [term 0 FOLLOWER]: Starting pre-election with config: opid_index: -1 OBSOLETE_local: false peers { permanent_uuid: "b95ece3edd7d43c2b2905af335d54927" member_type: VOTER last_known_addr { host: "127.21.183.65" port: 35077 } } peers { permanent_uuid: "dc32a1f85cac4da4ae3504018ecf1942" member_type: VOTER last_known_addr { host: "127.21.183.66" port: 44389 } } peers { permanent_uuid: "630c9d16120946ff91f0e525101dbefa" member_type: VOTER last_known_addr { host: "127.21.183.67" port: 39493 } }
I20260710 11:05:28.051744 22575 leader_election.cc:290] T fb8ef9ea7a834a72b24e117b1c76b838 P dc32a1f85cac4da4ae3504018ecf1942 [CANDIDATE]: Term 1 pre-election: Requested pre-vote from peers b95ece3edd7d43c2b2905af335d54927 (127.21.183.65:35077), 630c9d16120946ff91f0e525101dbefa (127.21.183.67:39493)
I20260710 11:05:28.052472 22371 tablet_service.cc:1917] Received RequestConsensusVote() RPC: tablet_id: "fb8ef9ea7a834a72b24e117b1c76b838" candidate_uuid: "dc32a1f85cac4da4ae3504018ecf1942" candidate_term: 1 candidate_status { last_received { term: 0 index: 0 } } ignore_live_leader: false dest_uuid: "b95ece3edd7d43c2b2905af335d54927" is_pre_election: true
I20260710 11:05:28.052858 22521 tablet_service.cc:1917] Received RequestConsensusVote() RPC: tablet_id: "fb8ef9ea7a834a72b24e117b1c76b838" candidate_uuid: "dc32a1f85cac4da4ae3504018ecf1942" candidate_term: 1 candidate_status { last_received { term: 0 index: 0 } } ignore_live_leader: false dest_uuid: "630c9d16120946ff91f0e525101dbefa" is_pre_election: true
I20260710 11:05:28.053457 22371 raft_consensus.cc:2393] T fb8ef9ea7a834a72b24e117b1c76b838 P b95ece3edd7d43c2b2905af335d54927 [term 1 FOLLOWER]: Leader pre-election vote request: Denying vote to candidate dc32a1f85cac4da4ae3504018ecf1942 in current term 1: Already voted for candidate b95ece3edd7d43c2b2905af335d54927 in this term.
I20260710 11:05:28.053622 22521 raft_consensus.cc:2393] T fb8ef9ea7a834a72b24e117b1c76b838 P 630c9d16120946ff91f0e525101dbefa [term 1 FOLLOWER]: Leader pre-election vote request: Denying vote to candidate dc32a1f85cac4da4ae3504018ecf1942 in current term 1: Already voted for candidate 630c9d16120946ff91f0e525101dbefa in this term.
I20260710 11:05:28.054731 22413 leader_election.cc:304] T fb8ef9ea7a834a72b24e117b1c76b838 P dc32a1f85cac4da4ae3504018ecf1942 [CANDIDATE]: Term 1 pre-election: Election decided. Result: candidate lost. Election summary: received 3 responses out of 3 voters: 1 yes votes; 2 no votes. yes voters: dc32a1f85cac4da4ae3504018ecf1942; no voters: 630c9d16120946ff91f0e525101dbefa, b95ece3edd7d43c2b2905af335d54927
I20260710 11:05:28.055725 22575 raft_consensus.cc:3060] T fb8ef9ea7a834a72b24e117b1c76b838 P dc32a1f85cac4da4ae3504018ecf1942 [term 0 FOLLOWER]: Advancing to term 1
I20260710 11:05:28.059782 22267 catalog_manager.cc:5697] T b0f43d58e06944d89e437244c7abec1f P b95ece3edd7d43c2b2905af335d54927 reported cstate change: term changed from 0 to 1, leader changed from <none> to b95ece3edd7d43c2b2905af335d54927 (127.21.183.65). New cstate: current_term: 1 leader_uuid: "b95ece3edd7d43c2b2905af335d54927" committed_config { opid_index: -1 OBSOLETE_local: false peers { permanent_uuid: "b95ece3edd7d43c2b2905af335d54927" member_type: VOTER last_known_addr { host: "127.21.183.65" port: 35077 } health_report { overall_health: HEALTHY } } peers { permanent_uuid: "dc32a1f85cac4da4ae3504018ecf1942" member_type: VOTER last_known_addr { host: "127.21.183.66" port: 44389 } health_report { overall_health: UNKNOWN } } peers { permanent_uuid: "630c9d16120946ff91f0e525101dbefa" member_type: VOTER last_known_addr { host: "127.21.183.67" port: 39493 } health_report { overall_health: UNKNOWN } } }
I20260710 11:05:28.061939 22575 raft_consensus.cc:2749] T fb8ef9ea7a834a72b24e117b1c76b838 P dc32a1f85cac4da4ae3504018ecf1942 [term 1 FOLLOWER]: Leader pre-election lost for term 1. Reason: could not achieve majority
I20260710 11:05:28.087272 22575 raft_consensus.cc:493] T 810f3f4256614ff78f1ad32a564230b8 P dc32a1f85cac4da4ae3504018ecf1942 [term 0 FOLLOWER]: Starting pre-election (no leader contacted us within the election timeout)
I20260710 11:05:28.087687 22575 raft_consensus.cc:515] T 810f3f4256614ff78f1ad32a564230b8 P dc32a1f85cac4da4ae3504018ecf1942 [term 0 FOLLOWER]: Starting pre-election with config: opid_index: -1 OBSOLETE_local: false peers { permanent_uuid: "b95ece3edd7d43c2b2905af335d54927" member_type: VOTER last_known_addr { host: "127.21.183.65" port: 35077 } } peers { permanent_uuid: "dc32a1f85cac4da4ae3504018ecf1942" member_type: VOTER last_known_addr { host: "127.21.183.66" port: 44389 } } peers { permanent_uuid: "630c9d16120946ff91f0e525101dbefa" member_type: VOTER last_known_addr { host: "127.21.183.67" port: 39493 } }
I20260710 11:05:28.089619 22575 leader_election.cc:290] T 810f3f4256614ff78f1ad32a564230b8 P dc32a1f85cac4da4ae3504018ecf1942 [CANDIDATE]: Term 1 pre-election: Requested pre-vote from peers b95ece3edd7d43c2b2905af335d54927 (127.21.183.65:35077), 630c9d16120946ff91f0e525101dbefa (127.21.183.67:39493)
I20260710 11:05:28.091135 22519 tablet_service.cc:1917] Received RequestConsensusVote() RPC: tablet_id: "810f3f4256614ff78f1ad32a564230b8" candidate_uuid: "dc32a1f85cac4da4ae3504018ecf1942" candidate_term: 1 candidate_status { last_received { term: 0 index: 0 } } ignore_live_leader: false dest_uuid: "630c9d16120946ff91f0e525101dbefa" is_pre_election: true
I20260710 11:05:28.091706 22519 raft_consensus.cc:2468] T 810f3f4256614ff78f1ad32a564230b8 P 630c9d16120946ff91f0e525101dbefa [term 0 FOLLOWER]: Leader pre-election vote request: Granting yes vote for candidate dc32a1f85cac4da4ae3504018ecf1942 in term 0.
I20260710 11:05:28.092597 22413 leader_election.cc:304] T 810f3f4256614ff78f1ad32a564230b8 P dc32a1f85cac4da4ae3504018ecf1942 [CANDIDATE]: Term 1 pre-election: Election decided. Result: candidate won. Election summary: received 2 responses out of 3 voters: 2 yes votes; 0 no votes. yes voters: 630c9d16120946ff91f0e525101dbefa, dc32a1f85cac4da4ae3504018ecf1942; no voters: 
I20260710 11:05:28.092782 22371 tablet_service.cc:1917] Received RequestConsensusVote() RPC: tablet_id: "810f3f4256614ff78f1ad32a564230b8" candidate_uuid: "dc32a1f85cac4da4ae3504018ecf1942" candidate_term: 1 candidate_status { last_received { term: 0 index: 0 } } ignore_live_leader: false dest_uuid: "b95ece3edd7d43c2b2905af335d54927" is_pre_election: true
I20260710 11:05:28.093353 22371 raft_consensus.cc:2468] T 810f3f4256614ff78f1ad32a564230b8 P b95ece3edd7d43c2b2905af335d54927 [term 0 FOLLOWER]: Leader pre-election vote request: Granting yes vote for candidate dc32a1f85cac4da4ae3504018ecf1942 in term 0.
I20260710 11:05:28.093608 22575 raft_consensus.cc:2804] T 810f3f4256614ff78f1ad32a564230b8 P dc32a1f85cac4da4ae3504018ecf1942 [term 0 FOLLOWER]: Leader pre-election won for term 1
I20260710 11:05:28.093951 22575 raft_consensus.cc:493] T 810f3f4256614ff78f1ad32a564230b8 P dc32a1f85cac4da4ae3504018ecf1942 [term 0 FOLLOWER]: Starting leader election (no leader contacted us within the election timeout)
I20260710 11:05:28.094264 22575 raft_consensus.cc:3060] T 810f3f4256614ff78f1ad32a564230b8 P dc32a1f85cac4da4ae3504018ecf1942 [term 0 FOLLOWER]: Advancing to term 1
