I20260710 11:05:50.294024 28458 catalog_manager.cc:5697] T f17ce607e1c040aba391aecb7f9fe1c0 P 59dd58cc03d04df88a3562502f95398c reported cstate change: term changed from 0 to 1, leader changed from <none> to 59dd58cc03d04df88a3562502f95398c (127.26.208.194). New cstate: current_term: 1 leader_uuid: "59dd58cc03d04df88a3562502f95398c" committed_config { opid_index: -1 OBSOLETE_local: false peers { permanent_uuid: "e38332d4e60d4cc296eeea063acd7dc6" member_type: VOTER last_known_addr { host: "127.26.208.193" port: 44165 } health_report { overall_health: UNKNOWN } } peers { permanent_uuid: "59dd58cc03d04df88a3562502f95398c" member_type: VOTER last_known_addr { host: "127.26.208.194" port: 45187 } health_report { overall_health: HEALTHY } } peers { permanent_uuid: "79d905bcbc974c2594c780050e70dc32" member_type: VOTER last_known_addr { host: "127.26.208.195" port: 34227 } health_report { overall_health: UNKNOWN } } }
I20260710 11:05:50.295583 28750 ts_tablet_manager.cc:1434] T 1a276ef4124d4f339b8c93431faa3895 P 59dd58cc03d04df88a3562502f95398c: Time spent starting tablet: real 0.008s	user 0.005s	sys 0.001s
I20260710 11:05:50.296191 28751 tablet_bootstrap.cc:492] T 8a18f780b4174391b42de372a15c7690 P e38332d4e60d4cc296eeea063acd7dc6: Bootstrap starting.
I20260710 11:05:50.296391 28750 tablet_bootstrap.cc:492] T 8a18f780b4174391b42de372a15c7690 P 59dd58cc03d04df88a3562502f95398c: Bootstrap starting.
I20260710 11:05:50.300436 28752 tablet_bootstrap.cc:492] T 92d3b5f23bca436986ff9afa0b278040 P 79d905bcbc974c2594c780050e70dc32: No bootstrap required, opened a new log
I20260710 11:05:50.300904 28752 ts_tablet_manager.cc:1403] T 92d3b5f23bca436986ff9afa0b278040 P 79d905bcbc974c2594c780050e70dc32: Time spent bootstrapping tablet: real 0.046s	user 0.018s	sys 0.019s
I20260710 11:05:50.301959 28750 tablet_bootstrap.cc:654] T 8a18f780b4174391b42de372a15c7690 P 59dd58cc03d04df88a3562502f95398c: Neither blocks nor log segments found. Creating new log.
I20260710 11:05:50.301959 28751 tablet_bootstrap.cc:654] T 8a18f780b4174391b42de372a15c7690 P e38332d4e60d4cc296eeea063acd7dc6: Neither blocks nor log segments found. Creating new log.
I20260710 11:05:50.294056 28561 raft_consensus.cc:3060] T 833094f549354dd48276ec8f36970078 P e38332d4e60d4cc296eeea063acd7dc6 [term 0 FOLLOWER]: Advancing to term 1
I20260710 11:05:50.303607 28752 raft_consensus.cc:359] T 92d3b5f23bca436986ff9afa0b278040 P 79d905bcbc974c2594c780050e70dc32 [term 0 FOLLOWER]: Replica starting. Triggering 0 pending ops. Active config: opid_index: -1 OBSOLETE_local: false peers { permanent_uuid: "e38332d4e60d4cc296eeea063acd7dc6" member_type: VOTER last_known_addr { host: "127.26.208.193" port: 44165 } } peers { permanent_uuid: "59dd58cc03d04df88a3562502f95398c" member_type: VOTER last_known_addr { host: "127.26.208.194" port: 45187 } } peers { permanent_uuid: "79d905bcbc974c2594c780050e70dc32" member_type: VOTER last_known_addr { host: "127.26.208.195" port: 34227 } }
I20260710 11:05:50.304294 28752 raft_consensus.cc:385] T 92d3b5f23bca436986ff9afa0b278040 P 79d905bcbc974c2594c780050e70dc32 [term 0 FOLLOWER]: Consensus starting up: Expiring failure detector timer to make a prompt election more likely
I20260710 11:05:50.304572 28752 raft_consensus.cc:740] T 92d3b5f23bca436986ff9afa0b278040 P 79d905bcbc974c2594c780050e70dc32 [term 0 FOLLOWER]: Becoming Follower/Learner. State: Replica: 79d905bcbc974c2594c780050e70dc32, State: Initialized, Role: FOLLOWER
I20260710 11:05:50.305349 28752 consensus_queue.cc:260] T 92d3b5f23bca436986ff9afa0b278040 P 79d905bcbc974c2594c780050e70dc32 [NON_LEADER]: Queue going to NON_LEADER mode. State: All replicated index: 0, Majority replicated index: 0, Committed index: 0, Last appended: 0.0, Last appended by leader: 0, Current term: 0, Majority size: -1, State: 0, Mode: NON_LEADER, active raft config: opid_index: -1 OBSOLETE_local: false peers { permanent_uuid: "e38332d4e60d4cc296eeea063acd7dc6" member_type: VOTER last_known_addr { host: "127.26.208.193" port: 44165 } } peers { permanent_uuid: "59dd58cc03d04df88a3562502f95398c" member_type: VOTER last_known_addr { host: "127.26.208.194" port: 45187 } } peers { permanent_uuid: "79d905bcbc974c2594c780050e70dc32" member_type: VOTER last_known_addr { host: "127.26.208.195" port: 34227 } }
I20260710 11:05:50.308544 28560 tablet_service.cc:1917] Received RequestConsensusVote() RPC: tablet_id: "6cb4a61968bd468c82789e546f4c7f96" candidate_uuid: "59dd58cc03d04df88a3562502f95398c" candidate_term: 1 candidate_status { last_received { term: 0 index: 0 } } ignore_live_leader: false dest_uuid: "e38332d4e60d4cc296eeea063acd7dc6" is_pre_election: true
I20260710 11:05:50.309181 28560 raft_consensus.cc:2468] T 6cb4a61968bd468c82789e546f4c7f96 P e38332d4e60d4cc296eeea063acd7dc6 [term 0 FOLLOWER]: Leader pre-election vote request: Granting yes vote for candidate 59dd58cc03d04df88a3562502f95398c in term 0.
I20260710 11:05:50.310470 28599 leader_election.cc:304] T 6cb4a61968bd468c82789e546f4c7f96 P 59dd58cc03d04df88a3562502f95398c [CANDIDATE]: Term 1 pre-election: Election decided. Result: candidate won. Election summary: received 3 responses out of 3 voters: 2 yes votes; 1 no votes. yes voters: 59dd58cc03d04df88a3562502f95398c, e38332d4e60d4cc296eeea063acd7dc6; no voters: 79d905bcbc974c2594c780050e70dc32
I20260710 11:05:50.311725 28790 raft_consensus.cc:2804] T 6cb4a61968bd468c82789e546f4c7f96 P 59dd58cc03d04df88a3562502f95398c [term 0 FOLLOWER]: Leader pre-election won for term 1
I20260710 11:05:50.312116 28790 raft_consensus.cc:493] T 6cb4a61968bd468c82789e546f4c7f96 P 59dd58cc03d04df88a3562502f95398c [term 0 FOLLOWER]: Starting leader election (no leader contacted us within the election timeout)
I20260710 11:05:50.312460 28790 raft_consensus.cc:3060] T 6cb4a61968bd468c82789e546f4c7f96 P 59dd58cc03d04df88a3562502f95398c [term 0 FOLLOWER]: Advancing to term 1
I20260710 11:05:50.325872 28798 raft_consensus.cc:493] T 75dfa829e2ba4874afc91f96b0b58864 P 79d905bcbc974c2594c780050e70dc32 [term 0 FOLLOWER]: Starting pre-election (no leader contacted us within the election timeout)
I20260710 11:05:50.326339 28798 raft_consensus.cc:515] T 75dfa829e2ba4874afc91f96b0b58864 P 79d905bcbc974c2594c780050e70dc32 [term 0 FOLLOWER]: Starting pre-election with config: opid_index: -1 OBSOLETE_local: false peers { permanent_uuid: "e38332d4e60d4cc296eeea063acd7dc6" member_type: VOTER last_known_addr { host: "127.26.208.193" port: 44165 } } peers { permanent_uuid: "59dd58cc03d04df88a3562502f95398c" member_type: VOTER last_known_addr { host: "127.26.208.194" port: 45187 } } peers { permanent_uuid: "79d905bcbc974c2594c780050e70dc32" member_type: VOTER last_known_addr { host: "127.26.208.195" port: 34227 } }
I20260710 11:05:50.293385 28760 raft_consensus.cc:493] T 3d5c09e5c87e461a90b4db1a9af25358 P e38332d4e60d4cc296eeea063acd7dc6 [term 0 FOLLOWER]: Starting leader election (no leader contacted us within the election timeout)
I20260710 11:05:50.329721 28760 raft_consensus.cc:3060] T 3d5c09e5c87e461a90b4db1a9af25358 P e38332d4e60d4cc296eeea063acd7dc6 [term 0 FOLLOWER]: Advancing to term 1
I20260710 11:05:50.330238 28636 tablet_service.cc:1917] Received RequestConsensusVote() RPC: tablet_id: "75dfa829e2ba4874afc91f96b0b58864" candidate_uuid: "79d905bcbc974c2594c780050e70dc32" candidate_term: 1 candidate_status { last_received { term: 0 index: 0 } } ignore_live_leader: false dest_uuid: "59dd58cc03d04df88a3562502f95398c" is_pre_election: true
I20260710 11:05:50.330828 28636 raft_consensus.cc:2468] T 75dfa829e2ba4874afc91f96b0b58864 P 59dd58cc03d04df88a3562502f95398c [term 0 FOLLOWER]: Leader pre-election vote request: Granting yes vote for candidate 79d905bcbc974c2594c780050e70dc32 in term 0.
I20260710 11:05:50.331964 28676 leader_election.cc:304] T 75dfa829e2ba4874afc91f96b0b58864 P 79d905bcbc974c2594c780050e70dc32 [CANDIDATE]: Term 1 pre-election: Election decided. Result: candidate won. Election summary: received 2 responses out of 3 voters: 2 yes votes; 0 no votes. yes voters: 59dd58cc03d04df88a3562502f95398c, 79d905bcbc974c2594c780050e70dc32; no voters: 
I20260710 11:05:50.333061 28798 leader_election.cc:290] T 75dfa829e2ba4874afc91f96b0b58864 P 79d905bcbc974c2594c780050e70dc32 [CANDIDATE]: Term 1 pre-election: Requested pre-vote from peers e38332d4e60d4cc296eeea063acd7dc6 (127.26.208.193:44165), 59dd58cc03d04df88a3562502f95398c (127.26.208.194:45187)
I20260710 11:05:50.333531 28798 raft_consensus.cc:2804] T 75dfa829e2ba4874afc91f96b0b58864 P 79d905bcbc974c2594c780050e70dc32 [term 0 FOLLOWER]: Leader pre-election won for term 1
I20260710 11:05:50.333832 28798 raft_consensus.cc:493] T 75dfa829e2ba4874afc91f96b0b58864 P 79d905bcbc974c2594c780050e70dc32 [term 0 FOLLOWER]: Starting leader election (no leader contacted us within the election timeout)
I20260710 11:05:50.334153 28798 raft_consensus.cc:3060] T 75dfa829e2ba4874afc91f96b0b58864 P 79d905bcbc974c2594c780050e70dc32 [term 0 FOLLOWER]: Advancing to term 1
I20260710 11:05:50.289259 28756 raft_consensus.cc:493] T 1a276ef4124d4f339b8c93431faa3895 P 79d905bcbc974c2594c780050e70dc32 [term 0 FOLLOWER]: Starting leader election (no leader contacted us within the election timeout)
I20260710 11:05:50.338164 28752 ts_tablet_manager.cc:1434] T 92d3b5f23bca436986ff9afa0b278040 P 79d905bcbc974c2594c780050e70dc32: Time spent starting tablet: real 0.037s	user 0.010s	sys 0.002s
I20260710 11:05:50.348742 28752 tablet_bootstrap.cc:492] T 833094f549354dd48276ec8f36970078 P 79d905bcbc974c2594c780050e70dc32: Bootstrap starting.
I20260710 11:05:50.336143 28760 raft_consensus.cc:515] T 3d5c09e5c87e461a90b4db1a9af25358 P e38332d4e60d4cc296eeea063acd7dc6 [term 1 FOLLOWER]: Starting leader election with config: opid_index: -1 OBSOLETE_local: false peers { permanent_uuid: "e38332d4e60d4cc296eeea063acd7dc6" member_type: VOTER last_known_addr { host: "127.26.208.193" port: 44165 } } peers { permanent_uuid: "59dd58cc03d04df88a3562502f95398c" member_type: VOTER last_known_addr { host: "127.26.208.194" port: 45187 } } peers { permanent_uuid: "79d905bcbc974c2594c780050e70dc32" member_type: VOTER last_known_addr { host: "127.26.208.195" port: 34227 } }
I20260710 11:05:50.351697 28636 tablet_service.cc:1917] Received RequestConsensusVote() RPC: tablet_id: "3d5c09e5c87e461a90b4db1a9af25358" candidate_uuid: "e38332d4e60d4cc296eeea063acd7dc6" candidate_term: 1 candidate_status { last_received { term: 0 index: 0 } } ignore_live_leader: false dest_uuid: "59dd58cc03d04df88a3562502f95398c"
I20260710 11:05:50.352268 28636 raft_consensus.cc:3060] T 3d5c09e5c87e461a90b4db1a9af25358 P 59dd58cc03d04df88a3562502f95398c [term 0 FOLLOWER]: Advancing to term 1
I20260710 11:05:50.357869 28752 tablet_bootstrap.cc:654] T 833094f549354dd48276ec8f36970078 P 79d905bcbc974c2594c780050e70dc32: Neither blocks nor log segments found. Creating new log.
I20260710 11:05:50.340502 28560 tablet_service.cc:1917] Received RequestConsensusVote() RPC: tablet_id: "75dfa829e2ba4874afc91f96b0b58864" candidate_uuid: "79d905bcbc974c2594c780050e70dc32" candidate_term: 1 candidate_status { last_received { term: 0 index: 0 } } ignore_live_leader: false dest_uuid: "e38332d4e60d4cc296eeea063acd7dc6" is_pre_election: true
W20260710 11:05:50.361685 28673 leader_election.cc:343] T 75dfa829e2ba4874afc91f96b0b58864 P 79d905bcbc974c2594c780050e70dc32 [CANDIDATE]: Term 1 pre-election: Tablet error from VoteRequest() call to peer e38332d4e60d4cc296eeea063acd7dc6 (127.26.208.193:44165): Illegal state: must be running to vote when last-logged opid is not known
I20260710 11:05:50.342440 28798 raft_consensus.cc:515] T 75dfa829e2ba4874afc91f96b0b58864 P 79d905bcbc974c2594c780050e70dc32 [term 1 FOLLOWER]: Starting leader election with config: opid_index: -1 OBSOLETE_local: false peers { permanent_uuid: "e38332d4e60d4cc296eeea063acd7dc6" member_type: VOTER last_known_addr { host: "127.26.208.193" port: 44165 } } peers { permanent_uuid: "59dd58cc03d04df88a3562502f95398c" member_type: VOTER last_known_addr { host: "127.26.208.194" port: 45187 } } peers { permanent_uuid: "79d905bcbc974c2594c780050e70dc32" member_type: VOTER last_known_addr { host: "127.26.208.195" port: 34227 } }
I20260710 11:05:50.342968 28756 raft_consensus.cc:3060] T 1a276ef4124d4f339b8c93431faa3895 P 79d905bcbc974c2594c780050e70dc32 [term 0 FOLLOWER]: Advancing to term 1
I20260710 11:05:50.364014 28560 tablet_service.cc:1917] Received RequestConsensusVote() RPC: tablet_id: "75dfa829e2ba4874afc91f96b0b58864" candidate_uuid: "79d905bcbc974c2594c780050e70dc32" candidate_term: 1 candidate_status { last_received { term: 0 index: 0 } } ignore_live_leader: false dest_uuid: "e38332d4e60d4cc296eeea063acd7dc6"
I20260710 11:05:50.364796 28636 raft_consensus.cc:2468] T 3d5c09e5c87e461a90b4db1a9af25358 P 59dd58cc03d04df88a3562502f95398c [term 1 FOLLOWER]: Leader election vote request: Granting yes vote for candidate e38332d4e60d4cc296eeea063acd7dc6 in term 1.
W20260710 11:05:50.365435 28673 leader_election.cc:343] T 75dfa829e2ba4874afc91f96b0b58864 P 79d905bcbc974c2594c780050e70dc32 [CANDIDATE]: Term 1 election: Tablet error from VoteRequest() call to peer e38332d4e60d4cc296eeea063acd7dc6 (127.26.208.193:44165): Illegal state: must be running to vote when last-logged opid is not known
I20260710 11:05:50.365833 28527 leader_election.cc:304] T 3d5c09e5c87e461a90b4db1a9af25358 P e38332d4e60d4cc296eeea063acd7dc6 [CANDIDATE]: Term 1 election: Election decided. Result: candidate won. Election summary: received 2 responses out of 3 voters: 2 yes votes; 0 no votes. yes voters: 59dd58cc03d04df88a3562502f95398c, e38332d4e60d4cc296eeea063acd7dc6; no voters: 
I20260710 11:05:50.366732 28769 raft_consensus.cc:2804] T 3d5c09e5c87e461a90b4db1a9af25358 P e38332d4e60d4cc296eeea063acd7dc6 [term 1 FOLLOWER]: Leader election won for term 1
I20260710 11:05:50.367089 28798 leader_election.cc:290] T 75dfa829e2ba4874afc91f96b0b58864 P 79d905bcbc974c2594c780050e70dc32 [CANDIDATE]: Term 1 election: Requested vote from peers e38332d4e60d4cc296eeea063acd7dc6 (127.26.208.193:44165), 59dd58cc03d04df88a3562502f95398c (127.26.208.194:45187)
I20260710 11:05:50.367758 28635 tablet_service.cc:1917] Received RequestConsensusVote() RPC: tablet_id: "75dfa829e2ba4874afc91f96b0b58864" candidate_uuid: "79d905bcbc974c2594c780050e70dc32" candidate_term: 1 candidate_status { last_received { term: 0 index: 0 } } ignore_live_leader: false dest_uuid: "59dd58cc03d04df88a3562502f95398c"
I20260710 11:05:50.368405 28635 raft_consensus.cc:3060] T 75dfa829e2ba4874afc91f96b0b58864 P 59dd58cc03d04df88a3562502f95398c [term 0 FOLLOWER]: Advancing to term 1
I20260710 11:05:50.372278 28752 tablet_bootstrap.cc:492] T 833094f549354dd48276ec8f36970078 P 79d905bcbc974c2594c780050e70dc32: No bootstrap required, opened a new log
I20260710 11:05:50.372828 28752 ts_tablet_manager.cc:1403] T 833094f549354dd48276ec8f36970078 P 79d905bcbc974c2594c780050e70dc32: Time spent bootstrapping tablet: real 0.024s	user 0.006s	sys 0.006s
I20260710 11:05:50.375335 28635 raft_consensus.cc:2468] T 75dfa829e2ba4874afc91f96b0b58864 P 59dd58cc03d04df88a3562502f95398c [term 1 FOLLOWER]: Leader election vote request: Granting yes vote for candidate 79d905bcbc974c2594c780050e70dc32 in term 1.
I20260710 11:05:50.376555 28676 leader_election.cc:304] T 75dfa829e2ba4874afc91f96b0b58864 P 79d905bcbc974c2594c780050e70dc32 [CANDIDATE]: Term 1 election: Election decided. Result: candidate won. Election summary: received 3 responses out of 3 voters: 2 yes votes; 1 no votes. yes voters: 59dd58cc03d04df88a3562502f95398c, 79d905bcbc974c2594c780050e70dc32; no voters: e38332d4e60d4cc296eeea063acd7dc6
I20260710 11:05:50.375494 28752 raft_consensus.cc:359] T 833094f549354dd48276ec8f36970078 P 79d905bcbc974c2594c780050e70dc32 [term 0 FOLLOWER]: Replica starting. Triggering 0 pending ops. Active config: opid_index: -1 OBSOLETE_local: false peers { permanent_uuid: "79d905bcbc974c2594c780050e70dc32" member_type: VOTER last_known_addr { host: "127.26.208.195" port: 34227 } } peers { permanent_uuid: "59dd58cc03d04df88a3562502f95398c" member_type: VOTER last_known_addr { host: "127.26.208.194" port: 45187 } } peers { permanent_uuid: "e38332d4e60d4cc296eeea063acd7dc6" member_type: VOTER last_known_addr { host: "127.26.208.193" port: 44165 } }
I20260710 11:05:50.377919 28752 raft_consensus.cc:385] T 833094f549354dd48276ec8f36970078 P 79d905bcbc974c2594c780050e70dc32 [term 0 FOLLOWER]: Consensus starting up: Expiring failure detector timer to make a prompt election more likely
I20260710 11:05:50.378636 28752 raft_consensus.cc:740] T 833094f549354dd48276ec8f36970078 P 79d905bcbc974c2594c780050e70dc32 [term 0 FOLLOWER]: Becoming Follower/Learner. State: Replica: 79d905bcbc974c2594c780050e70dc32, State: Initialized, Role: FOLLOWER
I20260710 11:05:50.380661 28752 consensus_queue.cc:260] T 833094f549354dd48276ec8f36970078 P 79d905bcbc974c2594c780050e70dc32 [NON_LEADER]: Queue going to NON_LEADER mode. State: All replicated index: 0, Majority replicated index: 0, Committed index: 0, Last appended: 0.0, Last appended by leader: 0, Current term: 0, Majority size: -1, State: 0, Mode: NON_LEADER, active raft config: opid_index: -1 OBSOLETE_local: false peers { permanent_uuid: "79d905bcbc974c2594c780050e70dc32" member_type: VOTER last_known_addr { host: "127.26.208.195" port: 34227 } } peers { permanent_uuid: "59dd58cc03d04df88a3562502f95398c" member_type: VOTER last_known_addr { host: "127.26.208.194" port: 45187 } } peers { permanent_uuid: "e38332d4e60d4cc296eeea063acd7dc6" member_type: VOTER last_known_addr { host: "127.26.208.193" port: 44165 } }
I20260710 11:05:50.382614 28797 raft_consensus.cc:2804] T 75dfa829e2ba4874afc91f96b0b58864 P 79d905bcbc974c2594c780050e70dc32 [term 1 FOLLOWER]: Leader election won for term 1
I20260710 11:05:50.347463 28561 raft_consensus.cc:2468] T 833094f549354dd48276ec8f36970078 P e38332d4e60d4cc296eeea063acd7dc6 [term 1 FOLLOWER]: Leader election vote request: Granting yes vote for candidate 59dd58cc03d04df88a3562502f95398c in term 1.
I20260710 11:05:50.384199 28599 leader_election.cc:304] T 833094f549354dd48276ec8f36970078 P 59dd58cc03d04df88a3562502f95398c [CANDIDATE]: Term 1 election: Election decided. Result: candidate won. Election summary: received 3 responses out of 3 voters: 2 yes votes; 1 no votes. yes voters: 59dd58cc03d04df88a3562502f95398c, e38332d4e60d4cc296eeea063acd7dc6; no voters: 79d905bcbc974c2594c780050e70dc32
I20260710 11:05:50.384912 28783 raft_consensus.cc:2804] T 833094f549354dd48276ec8f36970078 P 59dd58cc03d04df88a3562502f95398c [term 1 FOLLOWER]: Leader election won for term 1
I20260710 11:05:50.384403 28752 ts_tablet_manager.cc:1434] T 833094f549354dd48276ec8f36970078 P 79d905bcbc974c2594c780050e70dc32: Time spent starting tablet: real 0.011s	user 0.005s	sys 0.002s
I20260710 11:05:50.385344 28783 raft_consensus.cc:697] T 833094f549354dd48276ec8f36970078 P 59dd58cc03d04df88a3562502f95398c [term 1 LEADER]: Becoming Leader. State: Replica: 59dd58cc03d04df88a3562502f95398c, State: Running, Role: LEADER
I20260710 11:05:50.386631 28783 consensus_queue.cc:237] T 833094f549354dd48276ec8f36970078 P 59dd58cc03d04df88a3562502f95398c [LEADER]: Queue going to LEADER mode. State: All replicated index: 0, Majority replicated index: 0, Committed index: 0, Last appended: 0.0, Last appended by leader: 0, Current term: 1, Majority size: 2, State: 0, Mode: LEADER, active raft config: opid_index: -1 OBSOLETE_local: false peers { permanent_uuid: "79d905bcbc974c2594c780050e70dc32" member_type: VOTER last_known_addr { host: "127.26.208.195" port: 34227 } } peers { permanent_uuid: "59dd58cc03d04df88a3562502f95398c" member_type: VOTER last_known_addr { host: "127.26.208.194" port: 45187 } } peers { permanent_uuid: "e38332d4e60d4cc296eeea063acd7dc6" member_type: VOTER last_known_addr { host: "127.26.208.193" port: 44165 } }
I20260710 11:05:50.399087 28783 raft_consensus.cc:493] T 1a276ef4124d4f339b8c93431faa3895 P 59dd58cc03d04df88a3562502f95398c [term 0 FOLLOWER]: Starting pre-election (no leader contacted us within the election timeout)
I20260710 11:05:50.398468 28457 catalog_manager.cc:5697] T 833094f549354dd48276ec8f36970078 P 59dd58cc03d04df88a3562502f95398c reported cstate change: term changed from 0 to 1, leader changed from <none> to 59dd58cc03d04df88a3562502f95398c (127.26.208.194). New cstate: current_term: 1 leader_uuid: "59dd58cc03d04df88a3562502f95398c" committed_config { opid_index: -1 OBSOLETE_local: false peers { permanent_uuid: "79d905bcbc974c2594c780050e70dc32" member_type: VOTER last_known_addr { host: "127.26.208.195" port: 34227 } health_report { overall_health: UNKNOWN } } peers { permanent_uuid: "59dd58cc03d04df88a3562502f95398c" member_type: VOTER last_known_addr { host: "127.26.208.194" port: 45187 } health_report { overall_health: HEALTHY } } peers { permanent_uuid: "e38332d4e60d4cc296eeea063acd7dc6" member_type: VOTER last_known_addr { host: "127.26.208.193" port: 44165 } health_report { overall_health: UNKNOWN } } }
I20260710 11:05:50.399566 28783 raft_consensus.cc:515] T 1a276ef4124d4f339b8c93431faa3895 P 59dd58cc03d04df88a3562502f95398c [term 0 FOLLOWER]: Starting pre-election with config: opid_index: -1 OBSOLETE_local: false peers { permanent_uuid: "e38332d4e60d4cc296eeea063acd7dc6" member_type: VOTER last_known_addr { host: "127.26.208.193" port: 44165 } } peers { permanent_uuid: "59dd58cc03d04df88a3562502f95398c" member_type: VOTER last_known_addr { host: "127.26.208.194" port: 45187 } } peers { permanent_uuid: "79d905bcbc974c2594c780050e70dc32" member_type: VOTER last_known_addr { host: "127.26.208.195" port: 34227 } }
I20260710 11:05:50.402158 28783 leader_election.cc:290] T 1a276ef4124d4f339b8c93431faa3895 P 59dd58cc03d04df88a3562502f95398c [CANDIDATE]: Term 1 pre-election: Requested pre-vote from peers e38332d4e60d4cc296eeea063acd7dc6 (127.26.208.193:44165), 79d905bcbc974c2594c780050e70dc32 (127.26.208.195:34227)
I20260710 11:05:50.404831 28710 tablet_service.cc:1917] Received RequestConsensusVote() RPC: tablet_id: "1a276ef4124d4f339b8c93431faa3895" candidate_uuid: "59dd58cc03d04df88a3562502f95398c" candidate_term: 1 candidate_status { last_received { term: 0 index: 0 } } ignore_live_leader: false dest_uuid: "79d905bcbc974c2594c780050e70dc32" is_pre_election: true
I20260710 11:05:50.345849 28790 raft_consensus.cc:515] T 6cb4a61968bd468c82789e546f4c7f96 P 59dd58cc03d04df88a3562502f95398c [term 1 FOLLOWER]: Starting leader election with config: opid_index: -1 OBSOLETE_local: false peers { permanent_uuid: "e38332d4e60d4cc296eeea063acd7dc6" member_type: VOTER last_known_addr { host: "127.26.208.193" port: 44165 } } peers { permanent_uuid: "59dd58cc03d04df88a3562502f95398c" member_type: VOTER last_known_addr { host: "127.26.208.194" port: 45187 } } peers { permanent_uuid: "79d905bcbc974c2594c780050e70dc32" member_type: VOTER last_known_addr { host: "127.26.208.195" port: 34227 } }
I20260710 11:05:50.411387 28790 leader_election.cc:290] T 6cb4a61968bd468c82789e546f4c7f96 P 59dd58cc03d04df88a3562502f95398c [CANDIDATE]: Term 1 election: Requested vote from peers e38332d4e60d4cc296eeea063acd7dc6 (127.26.208.193:44165), 79d905bcbc974c2594c780050e70dc32 (127.26.208.195:34227)
I20260710 11:05:50.412477 28709 tablet_service.cc:1917] Received RequestConsensusVote() RPC: tablet_id: "6cb4a61968bd468c82789e546f4c7f96" candidate_uuid: "59dd58cc03d04df88a3562502f95398c" candidate_term: 1 candidate_status { last_received { term: 0 index: 0 } } ignore_live_leader: false dest_uuid: "79d905bcbc974c2594c780050e70dc32"
W20260710 11:05:50.413841 28602 leader_election.cc:343] T 6cb4a61968bd468c82789e546f4c7f96 P 59dd58cc03d04df88a3562502f95398c [CANDIDATE]: Term 1 election: Tablet error from VoteRequest() call to peer 79d905bcbc974c2594c780050e70dc32 (127.26.208.195:34227): Illegal state: must be running to vote when last-logged opid is not known
I20260710 11:05:50.415972 28561 tablet_service.cc:1917] Received RequestConsensusVote() RPC: tablet_id: "1a276ef4124d4f339b8c93431faa3895" candidate_uuid: "59dd58cc03d04df88a3562502f95398c" candidate_term: 1 candidate_status { last_received { term: 0 index: 0 } } ignore_live_leader: false dest_uuid: "e38332d4e60d4cc296eeea063acd7dc6" is_pre_election: true
I20260710 11:05:50.416684 28561 raft_consensus.cc:2468] T 1a276ef4124d4f339b8c93431faa3895 P e38332d4e60d4cc296eeea063acd7dc6 [term 0 FOLLOWER]: Leader pre-election vote request: Granting yes vote for candidate 59dd58cc03d04df88a3562502f95398c in term 0.
I20260710 11:05:50.415936 28560 tablet_service.cc:1917] Received RequestConsensusVote() RPC: tablet_id: "6cb4a61968bd468c82789e546f4c7f96" candidate_uuid: "59dd58cc03d04df88a3562502f95398c" candidate_term: 1 candidate_status { last_received { term: 0 index: 0 } } ignore_live_leader: false dest_uuid: "e38332d4e60d4cc296eeea063acd7dc6"
I20260710 11:05:50.417487 28560 raft_consensus.cc:3060] T 6cb4a61968bd468c82789e546f4c7f96 P e38332d4e60d4cc296eeea063acd7dc6 [term 0 FOLLOWER]: Advancing to term 1
I20260710 11:05:50.418390 28709 tablet_service.cc:1917] Received RequestConsensusVote() RPC: tablet_id: "3d5c09e5c87e461a90b4db1a9af25358" candidate_uuid: "e38332d4e60d4cc296eeea063acd7dc6" candidate_term: 1 candidate_status { last_received { term: 0 index: 0 } } ignore_live_leader: false dest_uuid: "79d905bcbc974c2594c780050e70dc32"
W20260710 11:05:50.419482 28527 leader_election.cc:343] T 3d5c09e5c87e461a90b4db1a9af25358 P e38332d4e60d4cc296eeea063acd7dc6 [CANDIDATE]: Term 1 election: Tablet error from VoteRequest() call to peer 79d905bcbc974c2594c780050e70dc32 (127.26.208.195:34227): Illegal state: must be running to vote when last-logged opid is not known
I20260710 11:05:50.421362 28760 leader_election.cc:290] T 3d5c09e5c87e461a90b4db1a9af25358 P e38332d4e60d4cc296eeea063acd7dc6 [CANDIDATE]: Term 1 election: Requested vote from peers 59dd58cc03d04df88a3562502f95398c (127.26.208.194:45187), 79d905bcbc974c2594c780050e70dc32 (127.26.208.195:34227)
I20260710 11:05:50.421706 28599 leader_election.cc:304] T 1a276ef4124d4f339b8c93431faa3895 P 59dd58cc03d04df88a3562502f95398c [CANDIDATE]: Term 1 pre-election: Election decided. Result: candidate won. Election summary: received 2 responses out of 3 voters: 2 yes votes; 0 no votes. yes voters: 59dd58cc03d04df88a3562502f95398c, e38332d4e60d4cc296eeea063acd7dc6; no voters: 
I20260710 11:05:50.422060 28760 raft_consensus.cc:493] T 0842bba3c5a34320a358e2626912ac54 P e38332d4e60d4cc296eeea063acd7dc6 [term 0 FOLLOWER]: Starting pre-election (no leader contacted us within the election timeout)
I20260710 11:05:50.422470 28760 raft_consensus.cc:515] T 0842bba3c5a34320a358e2626912ac54 P e38332d4e60d4cc296eeea063acd7dc6 [term 0 FOLLOWER]: Starting pre-election with config: opid_index: -1 OBSOLETE_local: false peers { permanent_uuid: "e38332d4e60d4cc296eeea063acd7dc6" member_type: VOTER last_known_addr { host: "127.26.208.193" port: 44165 } } peers { permanent_uuid: "59dd58cc03d04df88a3562502f95398c" member_type: VOTER last_known_addr { host: "127.26.208.194" port: 45187 } } peers { permanent_uuid: "79d905bcbc974c2594c780050e70dc32" member_type: VOTER last_known_addr { host: "127.26.208.195" port: 34227 } }
I20260710 11:05:50.424969 28635 tablet_service.cc:1917] Received RequestConsensusVote() RPC: tablet_id: "0842bba3c5a34320a358e2626912ac54" candidate_uuid: "e38332d4e60d4cc296eeea063acd7dc6" candidate_term: 1 candidate_status { last_received { term: 0 index: 0 } } ignore_live_leader: false dest_uuid: "59dd58cc03d04df88a3562502f95398c" is_pre_election: true
I20260710 11:05:50.425511 28635 raft_consensus.cc:2468] T 0842bba3c5a34320a358e2626912ac54 P 59dd58cc03d04df88a3562502f95398c [term 0 FOLLOWER]: Leader pre-election vote request: Granting yes vote for candidate e38332d4e60d4cc296eeea063acd7dc6 in term 0.
I20260710 11:05:50.425855 28560 raft_consensus.cc:2468] T 6cb4a61968bd468c82789e546f4c7f96 P e38332d4e60d4cc296eeea063acd7dc6 [term 1 FOLLOWER]: Leader election vote request: Granting yes vote for candidate 59dd58cc03d04df88a3562502f95398c in term 1.
I20260710 11:05:50.426510 28527 leader_election.cc:304] T 0842bba3c5a34320a358e2626912ac54 P e38332d4e60d4cc296eeea063acd7dc6 [CANDIDATE]: Term 1 pre-election: Election decided. Result: candidate won. Election summary: received 2 responses out of 3 voters: 2 yes votes; 0 no votes. yes voters: 59dd58cc03d04df88a3562502f95398c, e38332d4e60d4cc296eeea063acd7dc6; no voters: 
I20260710 11:05:50.426734 28599 leader_election.cc:304] T 6cb4a61968bd468c82789e546f4c7f96 P 59dd58cc03d04df88a3562502f95398c [CANDIDATE]: Term 1 election: Election decided. Result: candidate won. Election summary: received 3 responses out of 3 voters: 2 yes votes; 1 no votes. yes voters: 59dd58cc03d04df88a3562502f95398c, e38332d4e60d4cc296eeea063acd7dc6; no voters: 79d905bcbc974c2594c780050e70dc32
I20260710 11:05:50.427450 28783 raft_consensus.cc:2804] T 1a276ef4124d4f339b8c93431faa3895 P 59dd58cc03d04df88a3562502f95398c [term 0 FOLLOWER]: Leader pre-election won for term 1
I20260710 11:05:50.427831 28783 raft_consensus.cc:493] T 1a276ef4124d4f339b8c93431faa3895 P 59dd58cc03d04df88a3562502f95398c [term 0 FOLLOWER]: Starting leader election (no leader contacted us within the election timeout)
I20260710 11:05:50.427980 28803 raft_consensus.cc:2804] T 0842bba3c5a34320a358e2626912ac54 P e38332d4e60d4cc296eeea063acd7dc6 [term 0 FOLLOWER]: Leader pre-election won for term 1
I20260710 11:05:50.428210 28783 raft_consensus.cc:3060] T 1a276ef4124d4f339b8c93431faa3895 P 59dd58cc03d04df88a3562502f95398c [term 0 FOLLOWER]: Advancing to term 1
I20260710 11:05:50.428432 28803 raft_consensus.cc:493] T 0842bba3c5a34320a358e2626912ac54 P e38332d4e60d4cc296eeea063acd7dc6 [term 0 FOLLOWER]: Starting leader election (no leader contacted us within the election timeout)
I20260710 11:05:50.428391 28790 raft_consensus.cc:2804] T 6cb4a61968bd468c82789e546f4c7f96 P 59dd58cc03d04df88a3562502f95398c [term 1 FOLLOWER]: Leader election won for term 1
I20260710 11:05:50.429189 28803 raft_consensus.cc:3060] T 0842bba3c5a34320a358e2626912ac54 P e38332d4e60d4cc296eeea063acd7dc6 [term 0 FOLLOWER]: Advancing to term 1
I20260710 11:05:50.430155 28790 raft_consensus.cc:697] T 6cb4a61968bd468c82789e546f4c7f96 P 59dd58cc03d04df88a3562502f95398c [term 1 LEADER]: Becoming Leader. State: Replica: 59dd58cc03d04df88a3562502f95398c, State: Running, Role: LEADER
I20260710 11:05:50.430974 28790 consensus_queue.cc:237] T 6cb4a61968bd468c82789e546f4c7f96 P 59dd58cc03d04df88a3562502f95398c [LEADER]: Queue going to LEADER mode. State: All replicated index: 0, Majority replicated index: 0, Committed index: 0, Last appended: 0.0, Last appended by leader: 0, Current term: 1, Majority size: 2, State: 0, Mode: LEADER, active raft config: opid_index: -1 OBSOLETE_local: false peers { permanent_uuid: "e38332d4e60d4cc296eeea063acd7dc6" member_type: VOTER last_known_addr { host: "127.26.208.193" port: 44165 } } peers { permanent_uuid: "59dd58cc03d04df88a3562502f95398c" member_type: VOTER last_known_addr { host: "127.26.208.194" port: 45187 } } peers { permanent_uuid: "79d905bcbc974c2594c780050e70dc32" member_type: VOTER last_known_addr { host: "127.26.208.195" port: 34227 } }
I20260710 11:05:50.435310 28783 raft_consensus.cc:515] T 1a276ef4124d4f339b8c93431faa3895 P 59dd58cc03d04df88a3562502f95398c [term 1 FOLLOWER]: Starting leader election with config: opid_index: -1 OBSOLETE_local: false peers { permanent_uuid: "e38332d4e60d4cc296eeea063acd7dc6" member_type: VOTER last_known_addr { host: "127.26.208.193" port: 44165 } } peers { permanent_uuid: "59dd58cc03d04df88a3562502f95398c" member_type: VOTER last_known_addr { host: "127.26.208.194" port: 45187 } } peers { permanent_uuid: "79d905bcbc974c2594c780050e70dc32" member_type: VOTER last_known_addr { host: "127.26.208.195" port: 34227 } }
I20260710 11:05:50.436411 28803 raft_consensus.cc:515] T 0842bba3c5a34320a358e2626912ac54 P e38332d4e60d4cc296eeea063acd7dc6 [term 1 FOLLOWER]: Starting leader election with config: opid_index: -1 OBSOLETE_local: false peers { permanent_uuid: "e38332d4e60d4cc296eeea063acd7dc6" member_type: VOTER last_known_addr { host: "127.26.208.193" port: 44165 } } peers { permanent_uuid: "59dd58cc03d04df88a3562502f95398c" member_type: VOTER last_known_addr { host: "127.26.208.194" port: 45187 } } peers { permanent_uuid: "79d905bcbc974c2594c780050e70dc32" member_type: VOTER last_known_addr { host: "127.26.208.195" port: 34227 } }
I20260710 11:05:50.437270 28797 raft_consensus.cc:697] T 75dfa829e2ba4874afc91f96b0b58864 P 79d905bcbc974c2594c780050e70dc32 [term 1 LEADER]: Becoming Leader. State: Replica: 79d905bcbc974c2594c780050e70dc32, State: Running, Role: LEADER
I20260710 11:05:50.438335 28783 leader_election.cc:290] T 1a276ef4124d4f339b8c93431faa3895 P 59dd58cc03d04df88a3562502f95398c [CANDIDATE]: Term 1 election: Requested vote from peers e38332d4e60d4cc296eeea063acd7dc6 (127.26.208.193:44165), 79d905bcbc974c2594c780050e70dc32 (127.26.208.195:34227)
I20260710 11:05:50.438057 28797 consensus_queue.cc:237] T 75dfa829e2ba4874afc91f96b0b58864 P 79d905bcbc974c2594c780050e70dc32 [LEADER]: Queue going to LEADER mode. State: All replicated index: 0, Majority replicated index: 0, Committed index: 0, Last appended: 0.0, Last appended by leader: 0, Current term: 1, Majority size: 2, State: 0, Mode: LEADER, active raft config: opid_index: -1 OBSOLETE_local: false peers { permanent_uuid: "e38332d4e60d4cc296eeea063acd7dc6" member_type: VOTER last_known_addr { host: "127.26.208.193" port: 44165 } } peers { permanent_uuid: "59dd58cc03d04df88a3562502f95398c" member_type: VOTER last_known_addr { host: "127.26.208.194" port: 45187 } } peers { permanent_uuid: "79d905bcbc974c2594c780050e70dc32" member_type: VOTER last_known_addr { host: "127.26.208.195" port: 34227 } }
I20260710 11:05:50.439328 28709 tablet_service.cc:1917] Received RequestConsensusVote() RPC: tablet_id: "1a276ef4124d4f339b8c93431faa3895" candidate_uuid: "59dd58cc03d04df88a3562502f95398c" candidate_term: 1 candidate_status { last_received { term: 0 index: 0 } } ignore_live_leader: false dest_uuid: "79d905bcbc974c2594c780050e70dc32"
I20260710 11:05:50.438113 28560 tablet_service.cc:1917] Received RequestConsensusVote() RPC: tablet_id: "1a276ef4124d4f339b8c93431faa3895" candidate_uuid: "59dd58cc03d04df88a3562502f95398c" candidate_term: 1 candidate_status { last_received { term: 0 index: 0 } } ignore_live_leader: false dest_uuid: "e38332d4e60d4cc296eeea063acd7dc6"
I20260710 11:05:50.441215 28560 raft_consensus.cc:3060] T 1a276ef4124d4f339b8c93431faa3895 P e38332d4e60d4cc296eeea063acd7dc6 [term 0 FOLLOWER]: Advancing to term 1
I20260710 11:05:50.442716 28760 leader_election.cc:290] T 0842bba3c5a34320a358e2626912ac54 P e38332d4e60d4cc296eeea063acd7dc6 [CANDIDATE]: Term 1 pre-election: Requested pre-vote from peers 59dd58cc03d04df88a3562502f95398c (127.26.208.194:45187), 79d905bcbc974c2594c780050e70dc32 (127.26.208.195:34227)
I20260710 11:05:50.387056 28752 tablet_bootstrap.cc:492] T 3d5c09e5c87e461a90b4db1a9af25358 P 79d905bcbc974c2594c780050e70dc32: Bootstrap starting.
I20260710 11:05:50.442886 28709 tablet_service.cc:1917] Received RequestConsensusVote() RPC: tablet_id: "0842bba3c5a34320a358e2626912ac54" candidate_uuid: "e38332d4e60d4cc296eeea063acd7dc6" candidate_term: 1 candidate_status { last_received { term: 0 index: 0 } } ignore_live_leader: false dest_uuid: "79d905bcbc974c2594c780050e70dc32" is_pre_election: true
I20260710 11:05:50.443439 28709 raft_consensus.cc:2468] T 0842bba3c5a34320a358e2626912ac54 P 79d905bcbc974c2594c780050e70dc32 [term 0 FOLLOWER]: Leader pre-election vote request: Granting yes vote for candidate e38332d4e60d4cc296eeea063acd7dc6 in term 0.
I20260710 11:05:50.446358 28769 raft_consensus.cc:697] T 3d5c09e5c87e461a90b4db1a9af25358 P e38332d4e60d4cc296eeea063acd7dc6 [term 1 LEADER]: Becoming Leader. State: Replica: e38332d4e60d4cc296eeea063acd7dc6, State: Running, Role: LEADER
I20260710 11:05:50.447170 28769 consensus_queue.cc:237] T 3d5c09e5c87e461a90b4db1a9af25358 P e38332d4e60d4cc296eeea063acd7dc6 [LEADER]: Queue going to LEADER mode. State: All replicated index: 0, Majority replicated index: 0, Committed index: 0, Last appended: 0.0, Last appended by leader: 0, Current term: 1, Majority size: 2, State: 0, Mode: LEADER, active raft config: opid_index: -1 OBSOLETE_local: false peers { permanent_uuid: "e38332d4e60d4cc296eeea063acd7dc6" member_type: VOTER last_known_addr { host: "127.26.208.193" port: 44165 } } peers { permanent_uuid: "59dd58cc03d04df88a3562502f95398c" member_type: VOTER last_known_addr { host: "127.26.208.194" port: 45187 } } peers { permanent_uuid: "79d905bcbc974c2594c780050e70dc32" member_type: VOTER last_known_addr { host: "127.26.208.195" port: 34227 } }
I20260710 11:05:50.450901 28635 tablet_service.cc:1917] Received RequestConsensusVote() RPC: tablet_id: "0842bba3c5a34320a358e2626912ac54" candidate_uuid: "e38332d4e60d4cc296eeea063acd7dc6" candidate_term: 1 candidate_status { last_received { term: 0 index: 0 } } ignore_live_leader: false dest_uuid: "59dd58cc03d04df88a3562502f95398c"
I20260710 11:05:50.451473 28635 raft_consensus.cc:3060] T 0842bba3c5a34320a358e2626912ac54 P 59dd58cc03d04df88a3562502f95398c [term 0 FOLLOWER]: Advancing to term 1
I20260710 11:05:50.456063 28458 catalog_manager.cc:5697] T 6cb4a61968bd468c82789e546f4c7f96 P 59dd58cc03d04df88a3562502f95398c reported cstate change: term changed from 0 to 1, leader changed from <none> to 59dd58cc03d04df88a3562502f95398c (127.26.208.194). New cstate: current_term: 1 leader_uuid: "59dd58cc03d04df88a3562502f95398c" committed_config { opid_index: -1 OBSOLETE_local: false peers { permanent_uuid: "e38332d4e60d4cc296eeea063acd7dc6" member_type: VOTER last_known_addr { host: "127.26.208.193" port: 44165 } health_report { overall_health: UNKNOWN } } peers { permanent_uuid: "59dd58cc03d04df88a3562502f95398c" member_type: VOTER last_known_addr { host: "127.26.208.194" port: 45187 } health_report { overall_health: HEALTHY } } peers { permanent_uuid: "79d905bcbc974c2594c780050e70dc32" member_type: VOTER last_known_addr { host: "127.26.208.195" port: 34227 } health_report { overall_health: UNKNOWN } } }
I20260710 11:05:50.457623 28635 raft_consensus.cc:2468] T 0842bba3c5a34320a358e2626912ac54 P 59dd58cc03d04df88a3562502f95398c [term 1 FOLLOWER]: Leader election vote request: Granting yes vote for candidate e38332d4e60d4cc296eeea063acd7dc6 in term 1.
I20260710 11:05:50.458685 28527 leader_election.cc:304] T 0842bba3c5a34320a358e2626912ac54 P e38332d4e60d4cc296eeea063acd7dc6 [CANDIDATE]: Term 1 election: Election decided. Result: candidate won. Election summary: received 2 responses out of 3 voters: 2 yes votes; 0 no votes. yes voters: 59dd58cc03d04df88a3562502f95398c, e38332d4e60d4cc296eeea063acd7dc6; no voters: 
I20260710 11:05:50.459600 28800 raft_consensus.cc:2804] T 0842bba3c5a34320a358e2626912ac54 P e38332d4e60d4cc296eeea063acd7dc6 [term 1 FOLLOWER]: Leader election won for term 1
I20260710 11:05:50.460080 28800 raft_consensus.cc:697] T 0842bba3c5a34320a358e2626912ac54 P e38332d4e60d4cc296eeea063acd7dc6 [term 1 LEADER]: Becoming Leader. State: Replica: e38332d4e60d4cc296eeea063acd7dc6, State: Running, Role: LEADER
I20260710 11:05:50.460973 28709 tablet_service.cc:1917] Received RequestConsensusVote() RPC: tablet_id: "0842bba3c5a34320a358e2626912ac54" candidate_uuid: "e38332d4e60d4cc296eeea063acd7dc6" candidate_term: 1 candidate_status { last_received { term: 0 index: 0 } } ignore_live_leader: false dest_uuid: "79d905bcbc974c2594c780050e70dc32"
I20260710 11:05:50.461026 28800 consensus_queue.cc:237] T 0842bba3c5a34320a358e2626912ac54 P e38332d4e60d4cc296eeea063acd7dc6 [LEADER]: Queue going to LEADER mode. State: All replicated index: 0, Majority replicated index: 0, Committed index: 0, Last appended: 0.0, Last appended by leader: 0, Current term: 1, Majority size: 2, State: 0, Mode: LEADER, active raft config: opid_index: -1 OBSOLETE_local: false peers { permanent_uuid: "e38332d4e60d4cc296eeea063acd7dc6" member_type: VOTER last_known_addr { host: "127.26.208.193" port: 44165 } } peers { permanent_uuid: "59dd58cc03d04df88a3562502f95398c" member_type: VOTER last_known_addr { host: "127.26.208.194" port: 45187 } } peers { permanent_uuid: "79d905bcbc974c2594c780050e70dc32" member_type: VOTER last_known_addr { host: "127.26.208.195" port: 34227 } }
I20260710 11:05:50.462010 28803 leader_election.cc:290] T 0842bba3c5a34320a358e2626912ac54 P e38332d4e60d4cc296eeea063acd7dc6 [CANDIDATE]: Term 1 election: Requested vote from peers 59dd58cc03d04df88a3562502f95398c (127.26.208.194:45187), 79d905bcbc974c2594c780050e70dc32 (127.26.208.195:34227)
I20260710 11:05:50.463272 28560 raft_consensus.cc:2468] T 1a276ef4124d4f339b8c93431faa3895 P e38332d4e60d4cc296eeea063acd7dc6 [term 1 FOLLOWER]: Leader election vote request: Granting yes vote for candidate 59dd58cc03d04df88a3562502f95398c in term 1.
I20260710 11:05:50.440917 28756 raft_consensus.cc:515] T 1a276ef4124d4f339b8c93431faa3895 P 79d905bcbc974c2594c780050e70dc32 [term 1 FOLLOWER]: Starting leader election with config: opid_index: -1 OBSOLETE_local: false peers { permanent_uuid: "e38332d4e60d4cc296eeea063acd7dc6" member_type: VOTER last_known_addr { host: "127.26.208.193" port: 44165 } } peers { permanent_uuid: "59dd58cc03d04df88a3562502f95398c" member_type: VOTER last_known_addr { host: "127.26.208.194" port: 45187 } } peers { permanent_uuid: "79d905bcbc974c2594c780050e70dc32" member_type: VOTER last_known_addr { host: "127.26.208.195" port: 34227 } }
I20260710 11:05:50.461594 28709 raft_consensus.cc:3060] T 0842bba3c5a34320a358e2626912ac54 P 79d905bcbc974c2594c780050e70dc32 [term 0 FOLLOWER]: Advancing to term 1
I20260710 11:05:50.464435 28710 raft_consensus.cc:2393] T 1a276ef4124d4f339b8c93431faa3895 P 79d905bcbc974c2594c780050e70dc32 [term 1 FOLLOWER]: Leader pre-election vote request: Denying vote to candidate 59dd58cc03d04df88a3562502f95398c in current term 1: Already voted for candidate 79d905bcbc974c2594c780050e70dc32 in this term.
I20260710 11:05:50.464829 28599 leader_election.cc:304] T 1a276ef4124d4f339b8c93431faa3895 P 59dd58cc03d04df88a3562502f95398c [CANDIDATE]: Term 1 election: Election decided. Result: candidate won. Election summary: received 3 responses out of 3 voters: 2 yes votes; 1 no votes. yes voters: 59dd58cc03d04df88a3562502f95398c, e38332d4e60d4cc296eeea063acd7dc6; no voters: 79d905bcbc974c2594c780050e70dc32
I20260710 11:05:50.465963 28783 raft_consensus.cc:2804] T 1a276ef4124d4f339b8c93431faa3895 P 59dd58cc03d04df88a3562502f95398c [term 1 FOLLOWER]: Leader election won for term 1
I20260710 11:05:50.466383 28783 raft_consensus.cc:697] T 1a276ef4124d4f339b8c93431faa3895 P 59dd58cc03d04df88a3562502f95398c [term 1 LEADER]: Becoming Leader. State: Replica: 59dd58cc03d04df88a3562502f95398c, State: Running, Role: LEADER
I20260710 11:05:50.467140 28783 consensus_queue.cc:237] T 1a276ef4124d4f339b8c93431faa3895 P 59dd58cc03d04df88a3562502f95398c [LEADER]: Queue going to LEADER mode. State: All replicated index: 0, Majority replicated index: 0, Committed index: 0, Last appended: 0.0, Last appended by leader: 0, Current term: 1, Majority size: 2, State: 0, Mode: LEADER, active raft config: opid_index: -1 OBSOLETE_local: false peers { permanent_uuid: "e38332d4e60d4cc296eeea063acd7dc6" member_type: VOTER last_known_addr { host: "127.26.208.193" port: 44165 } } peers { permanent_uuid: "59dd58cc03d04df88a3562502f95398c" member_type: VOTER last_known_addr { host: "127.26.208.194" port: 45187 } } peers { permanent_uuid: "79d905bcbc974c2594c780050e70dc32" member_type: VOTER last_known_addr { host: "127.26.208.195" port: 34227 } }
I20260710 11:05:50.468973 28560 tablet_service.cc:1917] Received RequestConsensusVote() RPC: tablet_id: "1a276ef4124d4f339b8c93431faa3895" candidate_uuid: "79d905bcbc974c2594c780050e70dc32" candidate_term: 1 candidate_status { last_received { term: 0 index: 0 } } ignore_live_leader: false dest_uuid: "e38332d4e60d4cc296eeea063acd7dc6"
I20260710 11:05:50.470937 28635 tablet_service.cc:1917] Received RequestConsensusVote() RPC: tablet_id: "1a276ef4124d4f339b8c93431faa3895" candidate_uuid: "79d905bcbc974c2594c780050e70dc32" candidate_term: 1 candidate_status { last_received { term: 0 index: 0 } } ignore_live_leader: false dest_uuid: "59dd58cc03d04df88a3562502f95398c"
I20260710 11:05:50.470552 28560 raft_consensus.cc:2393] T 1a276ef4124d4f339b8c93431faa3895 P e38332d4e60d4cc296eeea063acd7dc6 [term 1 FOLLOWER]: Leader election vote request: Denying vote to candidate 79d905bcbc974c2594c780050e70dc32 in current term 1: Already voted for candidate 59dd58cc03d04df88a3562502f95398c in this term.
I20260710 11:05:50.473599 28673 leader_election.cc:304] T 1a276ef4124d4f339b8c93431faa3895 P 79d905bcbc974c2594c780050e70dc32 [CANDIDATE]: Term 1 election: Election decided. Result: candidate lost. Election summary: received 3 responses out of 3 voters: 1 yes votes; 2 no votes. yes voters: 79d905bcbc974c2594c780050e70dc32; no voters: 59dd58cc03d04df88a3562502f95398c, e38332d4e60d4cc296eeea063acd7dc6
I20260710 11:05:50.474825 28801 raft_consensus.cc:2749] T 1a276ef4124d4f339b8c93431faa3895 P 79d905bcbc974c2594c780050e70dc32 [term 1 FOLLOWER]: Leader election lost for term 1. Reason: could not achieve majority
I20260710 11:05:50.475510 28756 leader_election.cc:290] T 1a276ef4124d4f339b8c93431faa3895 P 79d905bcbc974c2594c780050e70dc32 [CANDIDATE]: Term 1 election: Requested vote from peers e38332d4e60d4cc296eeea063acd7dc6 (127.26.208.193:44165), 59dd58cc03d04df88a3562502f95398c (127.26.208.194:45187)
I20260710 11:05:50.476956 28709 raft_consensus.cc:2468] T 0842bba3c5a34320a358e2626912ac54 P 79d905bcbc974c2594c780050e70dc32 [term 1 FOLLOWER]: Leader election vote request: Granting yes vote for candidate e38332d4e60d4cc296eeea063acd7dc6 in term 1.
I20260710 11:05:50.481896 28459 catalog_manager.cc:5697] T 1a276ef4124d4f339b8c93431faa3895 P 59dd58cc03d04df88a3562502f95398c reported cstate change: term changed from 0 to 1, leader changed from <none> to 59dd58cc03d04df88a3562502f95398c (127.26.208.194). New cstate: current_term: 1 leader_uuid: "59dd58cc03d04df88a3562502f95398c" committed_config { opid_index: -1 OBSOLETE_local: false peers { permanent_uuid: "e38332d4e60d4cc296eeea063acd7dc6" member_type: VOTER last_known_addr { host: "127.26.208.193" port: 44165 } health_report { overall_health: UNKNOWN } } peers { permanent_uuid: "59dd58cc03d04df88a3562502f95398c" member_type: VOTER last_known_addr { host: "127.26.208.194" port: 45187 } health_report { overall_health: HEALTHY } } peers { permanent_uuid: "79d905bcbc974c2594c780050e70dc32" member_type: VOTER last_known_addr { host: "127.26.208.195" port: 34227 } health_report { overall_health: UNKNOWN } } }
I20260710 11:05:50.483021 28752 tablet_bootstrap.cc:654] T 3d5c09e5c87e461a90b4db1a9af25358 P 79d905bcbc974c2594c780050e70dc32: Neither blocks nor log segments found. Creating new log.
I20260710 11:05:50.489459 28457 catalog_manager.cc:5697] T 75dfa829e2ba4874afc91f96b0b58864 P 79d905bcbc974c2594c780050e70dc32 reported cstate change: term changed from 0 to 1, leader changed from <none> to 79d905bcbc974c2594c780050e70dc32 (127.26.208.195). New cstate: current_term: 1 leader_uuid: "79d905bcbc974c2594c780050e70dc32" committed_config { opid_index: -1 OBSOLETE_local: false peers { permanent_uuid: "e38332d4e60d4cc296eeea063acd7dc6" member_type: VOTER last_known_addr { host: "127.26.208.193" port: 44165 } health_report { overall_health: UNKNOWN } } peers { permanent_uuid: "59dd58cc03d04df88a3562502f95398c" member_type: VOTER last_known_addr { host: "127.26.208.194" port: 45187 } health_report { overall_health: UNKNOWN } } peers { permanent_uuid: "79d905bcbc974c2594c780050e70dc32" member_type: VOTER last_known_addr { host: "127.26.208.195" port: 34227 } health_report { overall_health: HEALTHY } } }
I20260710 11:05:50.495492 28751 tablet_bootstrap.cc:492] T 8a18f780b4174391b42de372a15c7690 P e38332d4e60d4cc296eeea063acd7dc6: No bootstrap required, opened a new log
I20260710 11:05:50.495980 28751 ts_tablet_manager.cc:1403] T 8a18f780b4174391b42de372a15c7690 P e38332d4e60d4cc296eeea063acd7dc6: Time spent bootstrapping tablet: real 0.200s	user 0.043s	sys 0.096s
I20260710 11:05:50.496292 28750 tablet_bootstrap.cc:492] T 8a18f780b4174391b42de372a15c7690 P 59dd58cc03d04df88a3562502f95398c: No bootstrap required, opened a new log
I20260710 11:05:50.496699 28750 ts_tablet_manager.cc:1403] T 8a18f780b4174391b42de372a15c7690 P 59dd58cc03d04df88a3562502f95398c: Time spent bootstrapping tablet: real 0.200s	user 0.045s	sys 0.132s
I20260710 11:05:50.499208 28750 raft_consensus.cc:359] T 8a18f780b4174391b42de372a15c7690 P 59dd58cc03d04df88a3562502f95398c [term 0 FOLLOWER]: Replica starting. Triggering 0 pending ops. Active config: opid_index: -1 OBSOLETE_local: false peers { permanent_uuid: "e38332d4e60d4cc296eeea063acd7dc6" member_type: VOTER last_known_addr { host: "127.26.208.193" port: 44165 } } peers { permanent_uuid: "59dd58cc03d04df88a3562502f95398c" member_type: VOTER last_known_addr { host: "127.26.208.194" port: 45187 } } peers { permanent_uuid: "79d905bcbc974c2594c780050e70dc32" member_type: VOTER last_known_addr { host: "127.26.208.195" port: 34227 } }
I20260710 11:05:50.499835 28750 raft_consensus.cc:385] T 8a18f780b4174391b42de372a15c7690 P 59dd58cc03d04df88a3562502f95398c [term 0 FOLLOWER]: Consensus starting up: Expiring failure detector timer to make a prompt election more likely
I20260710 11:05:50.500082 28750 raft_consensus.cc:740] T 8a18f780b4174391b42de372a15c7690 P 59dd58cc03d04df88a3562502f95398c [term 0 FOLLOWER]: Becoming Follower/Learner. State: Replica: 59dd58cc03d04df88a3562502f95398c, State: Initialized, Role: FOLLOWER
