I20260710 11:05:50.850922 22344 raft_consensus.cc:515] T 4de7c1e9e1a84fb2b6b1bf4eca2c520d P 1f9b584673924683a48a4196310ea4e2 [term 0 FOLLOWER]: Starting pre-election with config: opid_index: -1 OBSOLETE_local: false peers { permanent_uuid: "9ea845ad76ad4f67aeff5e8241d9f77e" member_type: VOTER last_known_addr { host: "127.20.134.129" port: 38183 } } peers { permanent_uuid: "1f9b584673924683a48a4196310ea4e2" member_type: VOTER last_known_addr { host: "127.20.134.130" port: 44201 } } peers { permanent_uuid: "03630f7d4e864e5e9f073b58f812768c" member_type: VOTER last_known_addr { host: "127.20.134.131" port: 40495 } }
I20260710 11:05:50.851707 22334 raft_consensus.cc:359] T 5432d0235b4241bb8b03ba0521f26bf3 P 9ea845ad76ad4f67aeff5e8241d9f77e [term 0 FOLLOWER]: Replica starting. Triggering 0 pending ops. Active config: opid_index: -1 OBSOLETE_local: false peers { permanent_uuid: "9ea845ad76ad4f67aeff5e8241d9f77e" member_type: VOTER last_known_addr { host: "127.20.134.129" port: 38183 } } peers { permanent_uuid: "1f9b584673924683a48a4196310ea4e2" member_type: VOTER last_known_addr { host: "127.20.134.130" port: 44201 } } peers { permanent_uuid: "03630f7d4e864e5e9f073b58f812768c" member_type: VOTER last_known_addr { host: "127.20.134.131" port: 40495 } }
I20260710 11:05:50.852372 22334 raft_consensus.cc:385] T 5432d0235b4241bb8b03ba0521f26bf3 P 9ea845ad76ad4f67aeff5e8241d9f77e [term 0 FOLLOWER]: Consensus starting up: Expiring failure detector timer to make a prompt election more likely
I20260710 11:05:50.852624 22334 raft_consensus.cc:740] T 5432d0235b4241bb8b03ba0521f26bf3 P 9ea845ad76ad4f67aeff5e8241d9f77e [term 0 FOLLOWER]: Becoming Follower/Learner. State: Replica: 9ea845ad76ad4f67aeff5e8241d9f77e, State: Initialized, Role: FOLLOWER
I20260710 11:05:50.853065 22344 leader_election.cc:290] T 4de7c1e9e1a84fb2b6b1bf4eca2c520d P 1f9b584673924683a48a4196310ea4e2 [CANDIDATE]: Term 1 pre-election: Requested pre-vote from peers 9ea845ad76ad4f67aeff5e8241d9f77e (127.20.134.129:38183), 03630f7d4e864e5e9f073b58f812768c (127.20.134.131:40495)
I20260710 11:05:50.853281 22334 consensus_queue.cc:260] T 5432d0235b4241bb8b03ba0521f26bf3 P 9ea845ad76ad4f67aeff5e8241d9f77e [NON_LEADER]: Queue going to NON_LEADER mode. State: All replicated index: 0, Majority replicated index: 0, Committed index: 0, Last appended: 0.0, Last appended by leader: 0, Current term: 0, Majority size: -1, State: 0, Mode: NON_LEADER, active raft config: opid_index: -1 OBSOLETE_local: false peers { permanent_uuid: "9ea845ad76ad4f67aeff5e8241d9f77e" member_type: VOTER last_known_addr { host: "127.20.134.129" port: 38183 } } peers { permanent_uuid: "1f9b584673924683a48a4196310ea4e2" member_type: VOTER last_known_addr { host: "127.20.134.130" port: 44201 } } peers { permanent_uuid: "03630f7d4e864e5e9f073b58f812768c" member_type: VOTER last_known_addr { host: "127.20.134.131" port: 40495 } }
I20260710 11:05:50.855204 22142 tablet_service.cc:1917] Received RequestConsensusVote() RPC: tablet_id: "4de7c1e9e1a84fb2b6b1bf4eca2c520d" candidate_uuid: "1f9b584673924683a48a4196310ea4e2" candidate_term: 1 candidate_status { last_received { term: 0 index: 0 } } ignore_live_leader: false dest_uuid: "9ea845ad76ad4f67aeff5e8241d9f77e" is_pre_election: true
I20260710 11:05:50.855759 22334 ts_tablet_manager.cc:1434] T 5432d0235b4241bb8b03ba0521f26bf3 P 9ea845ad76ad4f67aeff5e8241d9f77e: Time spent starting tablet: real 0.006s	user 0.007s	sys 0.000s
I20260710 11:05:50.856647 22334 tablet_bootstrap.cc:492] T 4de7c1e9e1a84fb2b6b1bf4eca2c520d P 9ea845ad76ad4f67aeff5e8241d9f77e: Bootstrap starting.
W20260710 11:05:50.856930 22183 leader_election.cc:343] T 4de7c1e9e1a84fb2b6b1bf4eca2c520d P 1f9b584673924683a48a4196310ea4e2 [CANDIDATE]: Term 1 pre-election: Tablet error from VoteRequest() call to peer 9ea845ad76ad4f67aeff5e8241d9f77e (127.20.134.129:38183): Illegal state: must be running to vote when last-logged opid is not known
I20260710 11:05:50.858306 22292 tablet_service.cc:1917] Received RequestConsensusVote() RPC: tablet_id: "4de7c1e9e1a84fb2b6b1bf4eca2c520d" candidate_uuid: "1f9b584673924683a48a4196310ea4e2" candidate_term: 1 candidate_status { last_received { term: 0 index: 0 } } ignore_live_leader: false dest_uuid: "03630f7d4e864e5e9f073b58f812768c" is_pre_election: true
I20260710 11:05:50.858935 22292 raft_consensus.cc:2468] T 4de7c1e9e1a84fb2b6b1bf4eca2c520d P 03630f7d4e864e5e9f073b58f812768c [term 0 FOLLOWER]: Leader pre-election vote request: Granting yes vote for candidate 1f9b584673924683a48a4196310ea4e2 in term 0.
I20260710 11:05:50.860219 22184 leader_election.cc:304] T 4de7c1e9e1a84fb2b6b1bf4eca2c520d P 1f9b584673924683a48a4196310ea4e2 [CANDIDATE]: Term 1 pre-election: Election decided. Result: candidate won. Election summary: received 3 responses out of 3 voters: 2 yes votes; 1 no votes. yes voters: 03630f7d4e864e5e9f073b58f812768c, 1f9b584673924683a48a4196310ea4e2; no voters: 9ea845ad76ad4f67aeff5e8241d9f77e
I20260710 11:05:50.861459 22344 raft_consensus.cc:2804] T 4de7c1e9e1a84fb2b6b1bf4eca2c520d P 1f9b584673924683a48a4196310ea4e2 [term 0 FOLLOWER]: Leader pre-election won for term 1
I20260710 11:05:50.861931 22344 raft_consensus.cc:493] T 4de7c1e9e1a84fb2b6b1bf4eca2c520d P 1f9b584673924683a48a4196310ea4e2 [term 0 FOLLOWER]: Starting leader election (no leader contacted us within the election timeout)
I20260710 11:05:50.862200 22334 tablet_bootstrap.cc:654] T 4de7c1e9e1a84fb2b6b1bf4eca2c520d P 9ea845ad76ad4f67aeff5e8241d9f77e: Neither blocks nor log segments found. Creating new log.
I20260710 11:05:50.862290 22344 raft_consensus.cc:3060] T 4de7c1e9e1a84fb2b6b1bf4eca2c520d P 1f9b584673924683a48a4196310ea4e2 [term 0 FOLLOWER]: Advancing to term 1
I20260710 11:05:50.872787 22335 tablet_bootstrap.cc:492] T 45be51fea4dc44ec8126150b74537eeb P 03630f7d4e864e5e9f073b58f812768c: No bootstrap required, opened a new log
I20260710 11:05:50.873368 22335 ts_tablet_manager.cc:1403] T 45be51fea4dc44ec8126150b74537eeb P 03630f7d4e864e5e9f073b58f812768c: Time spent bootstrapping tablet: real 0.159s	user 0.011s	sys 0.003s
I20260710 11:05:50.876606 22335 raft_consensus.cc:359] T 45be51fea4dc44ec8126150b74537eeb P 03630f7d4e864e5e9f073b58f812768c [term 0 FOLLOWER]: Replica starting. Triggering 0 pending ops. Active config: opid_index: -1 OBSOLETE_local: false peers { permanent_uuid: "9ea845ad76ad4f67aeff5e8241d9f77e" member_type: VOTER last_known_addr { host: "127.20.134.129" port: 38183 } } peers { permanent_uuid: "1f9b584673924683a48a4196310ea4e2" member_type: VOTER last_known_addr { host: "127.20.134.130" port: 44201 } } peers { permanent_uuid: "03630f7d4e864e5e9f073b58f812768c" member_type: VOTER last_known_addr { host: "127.20.134.131" port: 40495 } }
I20260710 11:05:50.877331 22335 raft_consensus.cc:385] T 45be51fea4dc44ec8126150b74537eeb P 03630f7d4e864e5e9f073b58f812768c [term 0 FOLLOWER]: Consensus starting up: Expiring failure detector timer to make a prompt election more likely
I20260710 11:05:50.877599 22335 raft_consensus.cc:740] T 45be51fea4dc44ec8126150b74537eeb P 03630f7d4e864e5e9f073b58f812768c [term 0 FOLLOWER]: Becoming Follower/Learner. State: Replica: 03630f7d4e864e5e9f073b58f812768c, State: Initialized, Role: FOLLOWER
I20260710 11:05:50.880686 22344 raft_consensus.cc:515] T 4de7c1e9e1a84fb2b6b1bf4eca2c520d P 1f9b584673924683a48a4196310ea4e2 [term 1 FOLLOWER]: Starting leader election with config: opid_index: -1 OBSOLETE_local: false peers { permanent_uuid: "9ea845ad76ad4f67aeff5e8241d9f77e" member_type: VOTER last_known_addr { host: "127.20.134.129" port: 38183 } } peers { permanent_uuid: "1f9b584673924683a48a4196310ea4e2" member_type: VOTER last_known_addr { host: "127.20.134.130" port: 44201 } } peers { permanent_uuid: "03630f7d4e864e5e9f073b58f812768c" member_type: VOTER last_known_addr { host: "127.20.134.131" port: 40495 } }
I20260710 11:05:50.883862 22142 tablet_service.cc:1917] Received RequestConsensusVote() RPC: tablet_id: "4de7c1e9e1a84fb2b6b1bf4eca2c520d" candidate_uuid: "1f9b584673924683a48a4196310ea4e2" candidate_term: 1 candidate_status { last_received { term: 0 index: 0 } } ignore_live_leader: false dest_uuid: "9ea845ad76ad4f67aeff5e8241d9f77e"
W20260710 11:05:50.885354 22183 leader_election.cc:343] T 4de7c1e9e1a84fb2b6b1bf4eca2c520d P 1f9b584673924683a48a4196310ea4e2 [CANDIDATE]: Term 1 election: Tablet error from VoteRequest() call to peer 9ea845ad76ad4f67aeff5e8241d9f77e (127.20.134.129:38183): Illegal state: must be running to vote when last-logged opid is not known
I20260710 11:05:50.887305 22344 leader_election.cc:290] T 4de7c1e9e1a84fb2b6b1bf4eca2c520d P 1f9b584673924683a48a4196310ea4e2 [CANDIDATE]: Term 1 election: Requested vote from peers 9ea845ad76ad4f67aeff5e8241d9f77e (127.20.134.129:38183), 03630f7d4e864e5e9f073b58f812768c (127.20.134.131:40495)
I20260710 11:05:50.887534 22292 tablet_service.cc:1917] Received RequestConsensusVote() RPC: tablet_id: "4de7c1e9e1a84fb2b6b1bf4eca2c520d" candidate_uuid: "1f9b584673924683a48a4196310ea4e2" candidate_term: 1 candidate_status { last_received { term: 0 index: 0 } } ignore_live_leader: false dest_uuid: "03630f7d4e864e5e9f073b58f812768c"
I20260710 11:05:50.888070 22292 raft_consensus.cc:3060] T 4de7c1e9e1a84fb2b6b1bf4eca2c520d P 03630f7d4e864e5e9f073b58f812768c [term 0 FOLLOWER]: Advancing to term 1
I20260710 11:05:50.888089 22335 consensus_queue.cc:260] T 45be51fea4dc44ec8126150b74537eeb P 03630f7d4e864e5e9f073b58f812768c [NON_LEADER]: Queue going to NON_LEADER mode. State: All replicated index: 0, Majority replicated index: 0, Committed index: 0, Last appended: 0.0, Last appended by leader: 0, Current term: 0, Majority size: -1, State: 0, Mode: NON_LEADER, active raft config: opid_index: -1 OBSOLETE_local: false peers { permanent_uuid: "9ea845ad76ad4f67aeff5e8241d9f77e" member_type: VOTER last_known_addr { host: "127.20.134.129" port: 38183 } } peers { permanent_uuid: "1f9b584673924683a48a4196310ea4e2" member_type: VOTER last_known_addr { host: "127.20.134.130" port: 44201 } } peers { permanent_uuid: "03630f7d4e864e5e9f073b58f812768c" member_type: VOTER last_known_addr { host: "127.20.134.131" port: 40495 } }
I20260710 11:05:50.891081 22335 ts_tablet_manager.cc:1434] T 45be51fea4dc44ec8126150b74537eeb P 03630f7d4e864e5e9f073b58f812768c: Time spent starting tablet: real 0.017s	user 0.002s	sys 0.005s
I20260710 11:05:50.892035 22335 tablet_bootstrap.cc:492] T 5432d0235b4241bb8b03ba0521f26bf3 P 03630f7d4e864e5e9f073b58f812768c: Bootstrap starting.
I20260710 11:05:50.894754 22292 raft_consensus.cc:2468] T 4de7c1e9e1a84fb2b6b1bf4eca2c520d P 03630f7d4e864e5e9f073b58f812768c [term 1 FOLLOWER]: Leader election vote request: Granting yes vote for candidate 1f9b584673924683a48a4196310ea4e2 in term 1.
I20260710 11:05:50.895964 22184 leader_election.cc:304] T 4de7c1e9e1a84fb2b6b1bf4eca2c520d P 1f9b584673924683a48a4196310ea4e2 [CANDIDATE]: Term 1 election: Election decided. Result: candidate won. Election summary: received 3 responses out of 3 voters: 2 yes votes; 1 no votes. yes voters: 03630f7d4e864e5e9f073b58f812768c, 1f9b584673924683a48a4196310ea4e2; no voters: 9ea845ad76ad4f67aeff5e8241d9f77e
I20260710 11:05:50.899585 22334 tablet_bootstrap.cc:492] T 4de7c1e9e1a84fb2b6b1bf4eca2c520d P 9ea845ad76ad4f67aeff5e8241d9f77e: No bootstrap required, opened a new log
I20260710 11:05:50.899549 22343 raft_consensus.cc:2804] T 4de7c1e9e1a84fb2b6b1bf4eca2c520d P 1f9b584673924683a48a4196310ea4e2 [term 1 FOLLOWER]: Leader election won for term 1
I20260710 11:05:50.900146 22343 raft_consensus.cc:697] T 4de7c1e9e1a84fb2b6b1bf4eca2c520d P 1f9b584673924683a48a4196310ea4e2 [term 1 LEADER]: Becoming Leader. State: Replica: 1f9b584673924683a48a4196310ea4e2, State: Running, Role: LEADER
I20260710 11:05:50.900157 22334 ts_tablet_manager.cc:1403] T 4de7c1e9e1a84fb2b6b1bf4eca2c520d P 9ea845ad76ad4f67aeff5e8241d9f77e: Time spent bootstrapping tablet: real 0.044s	user 0.021s	sys 0.016s
I20260710 11:05:50.900864 22343 consensus_queue.cc:237] T 4de7c1e9e1a84fb2b6b1bf4eca2c520d P 1f9b584673924683a48a4196310ea4e2 [LEADER]: Queue going to LEADER mode. State: All replicated index: 0, Majority replicated index: 0, Committed index: 0, Last appended: 0.0, Last appended by leader: 0, Current term: 1, Majority size: 2, State: 0, Mode: LEADER, active raft config: opid_index: -1 OBSOLETE_local: false peers { permanent_uuid: "9ea845ad76ad4f67aeff5e8241d9f77e" member_type: VOTER last_known_addr { host: "127.20.134.129" port: 38183 } } peers { permanent_uuid: "1f9b584673924683a48a4196310ea4e2" member_type: VOTER last_known_addr { host: "127.20.134.130" port: 44201 } } peers { permanent_uuid: "03630f7d4e864e5e9f073b58f812768c" member_type: VOTER last_known_addr { host: "127.20.134.131" port: 40495 } }
I20260710 11:05:50.903252 22334 raft_consensus.cc:359] T 4de7c1e9e1a84fb2b6b1bf4eca2c520d P 9ea845ad76ad4f67aeff5e8241d9f77e [term 0 FOLLOWER]: Replica starting. Triggering 0 pending ops. Active config: opid_index: -1 OBSOLETE_local: false peers { permanent_uuid: "9ea845ad76ad4f67aeff5e8241d9f77e" member_type: VOTER last_known_addr { host: "127.20.134.129" port: 38183 } } peers { permanent_uuid: "1f9b584673924683a48a4196310ea4e2" member_type: VOTER last_known_addr { host: "127.20.134.130" port: 44201 } } peers { permanent_uuid: "03630f7d4e864e5e9f073b58f812768c" member_type: VOTER last_known_addr { host: "127.20.134.131" port: 40495 } }
I20260710 11:05:50.903927 22334 raft_consensus.cc:385] T 4de7c1e9e1a84fb2b6b1bf4eca2c520d P 9ea845ad76ad4f67aeff5e8241d9f77e [term 0 FOLLOWER]: Consensus starting up: Expiring failure detector timer to make a prompt election more likely
I20260710 11:05:50.904184 22334 raft_consensus.cc:740] T 4de7c1e9e1a84fb2b6b1bf4eca2c520d P 9ea845ad76ad4f67aeff5e8241d9f77e [term 0 FOLLOWER]: Becoming Follower/Learner. State: Replica: 9ea845ad76ad4f67aeff5e8241d9f77e, State: Initialized, Role: FOLLOWER
I20260710 11:05:50.904820 22334 consensus_queue.cc:260] T 4de7c1e9e1a84fb2b6b1bf4eca2c520d P 9ea845ad76ad4f67aeff5e8241d9f77e [NON_LEADER]: Queue going to NON_LEADER mode. State: All replicated index: 0, Majority replicated index: 0, Committed index: 0, Last appended: 0.0, Last appended by leader: 0, Current term: 0, Majority size: -1, State: 0, Mode: NON_LEADER, active raft config: opid_index: -1 OBSOLETE_local: false peers { permanent_uuid: "9ea845ad76ad4f67aeff5e8241d9f77e" member_type: VOTER last_known_addr { host: "127.20.134.129" port: 38183 } } peers { permanent_uuid: "1f9b584673924683a48a4196310ea4e2" member_type: VOTER last_known_addr { host: "127.20.134.130" port: 44201 } } peers { permanent_uuid: "03630f7d4e864e5e9f073b58f812768c" member_type: VOTER last_known_addr { host: "127.20.134.131" port: 40495 } }
I20260710 11:05:50.906083 22337 tablet_bootstrap.cc:492] T 5432d0235b4241bb8b03ba0521f26bf3 P 1f9b584673924683a48a4196310ea4e2: No bootstrap required, opened a new log
I20260710 11:05:50.906533 22337 ts_tablet_manager.cc:1403] T 5432d0235b4241bb8b03ba0521f26bf3 P 1f9b584673924683a48a4196310ea4e2: Time spent bootstrapping tablet: real 0.232s	user 0.039s	sys 0.021s
I20260710 11:05:50.908303 22337 raft_consensus.cc:359] T 5432d0235b4241bb8b03ba0521f26bf3 P 1f9b584673924683a48a4196310ea4e2 [term 0 FOLLOWER]: Replica starting. Triggering 0 pending ops. Active config: opid_index: -1 OBSOLETE_local: false peers { permanent_uuid: "9ea845ad76ad4f67aeff5e8241d9f77e" member_type: VOTER last_known_addr { host: "127.20.134.129" port: 38183 } } peers { permanent_uuid: "1f9b584673924683a48a4196310ea4e2" member_type: VOTER last_known_addr { host: "127.20.134.130" port: 44201 } } peers { permanent_uuid: "03630f7d4e864e5e9f073b58f812768c" member_type: VOTER last_known_addr { host: "127.20.134.131" port: 40495 } }
I20260710 11:05:50.908704 22337 raft_consensus.cc:385] T 5432d0235b4241bb8b03ba0521f26bf3 P 1f9b584673924683a48a4196310ea4e2 [term 0 FOLLOWER]: Consensus starting up: Expiring failure detector timer to make a prompt election more likely
I20260710 11:05:50.908854 22337 raft_consensus.cc:740] T 5432d0235b4241bb8b03ba0521f26bf3 P 1f9b584673924683a48a4196310ea4e2 [term 0 FOLLOWER]: Becoming Follower/Learner. State: Replica: 1f9b584673924683a48a4196310ea4e2, State: Initialized, Role: FOLLOWER
I20260710 11:05:50.909446 22337 consensus_queue.cc:260] T 5432d0235b4241bb8b03ba0521f26bf3 P 1f9b584673924683a48a4196310ea4e2 [NON_LEADER]: Queue going to NON_LEADER mode. State: All replicated index: 0, Majority replicated index: 0, Committed index: 0, Last appended: 0.0, Last appended by leader: 0, Current term: 0, Majority size: -1, State: 0, Mode: NON_LEADER, active raft config: opid_index: -1 OBSOLETE_local: false peers { permanent_uuid: "9ea845ad76ad4f67aeff5e8241d9f77e" member_type: VOTER last_known_addr { host: "127.20.134.129" port: 38183 } } peers { permanent_uuid: "1f9b584673924683a48a4196310ea4e2" member_type: VOTER last_known_addr { host: "127.20.134.130" port: 44201 } } peers { permanent_uuid: "03630f7d4e864e5e9f073b58f812768c" member_type: VOTER last_known_addr { host: "127.20.134.131" port: 40495 } }
I20260710 11:05:50.910048 22334 ts_tablet_manager.cc:1434] T 4de7c1e9e1a84fb2b6b1bf4eca2c520d P 9ea845ad76ad4f67aeff5e8241d9f77e: Time spent starting tablet: real 0.009s	user 0.004s	sys 0.002s
I20260710 11:05:50.910832 22334 tablet_bootstrap.cc:492] T 58029586f2694242a5bb37147f99489e P 9ea845ad76ad4f67aeff5e8241d9f77e: Bootstrap starting.
I20260710 11:05:50.912999 22335 tablet_bootstrap.cc:654] T 5432d0235b4241bb8b03ba0521f26bf3 P 03630f7d4e864e5e9f073b58f812768c: Neither blocks nor log segments found. Creating new log.
I20260710 11:05:50.916136 22334 tablet_bootstrap.cc:654] T 58029586f2694242a5bb37147f99489e P 9ea845ad76ad4f67aeff5e8241d9f77e: Neither blocks nor log segments found. Creating new log.
I20260710 11:05:50.917379 22337 ts_tablet_manager.cc:1434] T 5432d0235b4241bb8b03ba0521f26bf3 P 1f9b584673924683a48a4196310ea4e2: Time spent starting tablet: real 0.011s	user 0.003s	sys 0.001s
I20260710 11:05:50.918298 22337 tablet_bootstrap.cc:492] T 58029586f2694242a5bb37147f99489e P 1f9b584673924683a48a4196310ea4e2: Bootstrap starting.
I20260710 11:05:50.923652 22337 tablet_bootstrap.cc:654] T 58029586f2694242a5bb37147f99489e P 1f9b584673924683a48a4196310ea4e2: Neither blocks nor log segments found. Creating new log.
I20260710 11:05:50.930480 22334 tablet_bootstrap.cc:492] T 58029586f2694242a5bb37147f99489e P 9ea845ad76ad4f67aeff5e8241d9f77e: No bootstrap required, opened a new log
I20260710 11:05:50.930711 22335 tablet_bootstrap.cc:492] T 5432d0235b4241bb8b03ba0521f26bf3 P 03630f7d4e864e5e9f073b58f812768c: No bootstrap required, opened a new log
I20260710 11:05:50.930847 22334 ts_tablet_manager.cc:1403] T 58029586f2694242a5bb37147f99489e P 9ea845ad76ad4f67aeff5e8241d9f77e: Time spent bootstrapping tablet: real 0.020s	user 0.011s	sys 0.004s
I20260710 11:05:50.930114 22040 catalog_manager.cc:5697] T 4de7c1e9e1a84fb2b6b1bf4eca2c520d P 1f9b584673924683a48a4196310ea4e2 reported cstate change: term changed from 0 to 1, leader changed from <none> to 1f9b584673924683a48a4196310ea4e2 (127.20.134.130). New cstate: current_term: 1 leader_uuid: "1f9b584673924683a48a4196310ea4e2" committed_config { opid_index: -1 OBSOLETE_local: false peers { permanent_uuid: "9ea845ad76ad4f67aeff5e8241d9f77e" member_type: VOTER last_known_addr { host: "127.20.134.129" port: 38183 } health_report { overall_health: UNKNOWN } } peers { permanent_uuid: "1f9b584673924683a48a4196310ea4e2" member_type: VOTER last_known_addr { host: "127.20.134.130" port: 44201 } health_report { overall_health: HEALTHY } } peers { permanent_uuid: "03630f7d4e864e5e9f073b58f812768c" member_type: VOTER last_known_addr { host: "127.20.134.131" port: 40495 } health_report { overall_health: UNKNOWN } } }
I20260710 11:05:50.931170 22335 ts_tablet_manager.cc:1403] T 5432d0235b4241bb8b03ba0521f26bf3 P 03630f7d4e864e5e9f073b58f812768c: Time spent bootstrapping tablet: real 0.039s	user 0.011s	sys 0.000s
I20260710 11:05:50.933177 22334 raft_consensus.cc:359] T 58029586f2694242a5bb37147f99489e P 9ea845ad76ad4f67aeff5e8241d9f77e [term 0 FOLLOWER]: Replica starting. Triggering 0 pending ops. Active config: opid_index: -1 OBSOLETE_local: false peers { permanent_uuid: "9ea845ad76ad4f67aeff5e8241d9f77e" member_type: VOTER last_known_addr { host: "127.20.134.129" port: 38183 } } peers { permanent_uuid: "1f9b584673924683a48a4196310ea4e2" member_type: VOTER last_known_addr { host: "127.20.134.130" port: 44201 } } peers { permanent_uuid: "03630f7d4e864e5e9f073b58f812768c" member_type: VOTER last_known_addr { host: "127.20.134.131" port: 40495 } }
I20260710 11:05:50.933811 22334 raft_consensus.cc:385] T 58029586f2694242a5bb37147f99489e P 9ea845ad76ad4f67aeff5e8241d9f77e [term 0 FOLLOWER]: Consensus starting up: Expiring failure detector timer to make a prompt election more likely
I20260710 11:05:50.933694 22335 raft_consensus.cc:359] T 5432d0235b4241bb8b03ba0521f26bf3 P 03630f7d4e864e5e9f073b58f812768c [term 0 FOLLOWER]: Replica starting. Triggering 0 pending ops. Active config: opid_index: -1 OBSOLETE_local: false peers { permanent_uuid: "9ea845ad76ad4f67aeff5e8241d9f77e" member_type: VOTER last_known_addr { host: "127.20.134.129" port: 38183 } } peers { permanent_uuid: "1f9b584673924683a48a4196310ea4e2" member_type: VOTER last_known_addr { host: "127.20.134.130" port: 44201 } } peers { permanent_uuid: "03630f7d4e864e5e9f073b58f812768c" member_type: VOTER last_known_addr { host: "127.20.134.131" port: 40495 } }
I20260710 11:05:50.934123 22334 raft_consensus.cc:740] T 58029586f2694242a5bb37147f99489e P 9ea845ad76ad4f67aeff5e8241d9f77e [term 0 FOLLOWER]: Becoming Follower/Learner. State: Replica: 9ea845ad76ad4f67aeff5e8241d9f77e, State: Initialized, Role: FOLLOWER
I20260710 11:05:50.934284 22335 raft_consensus.cc:385] T 5432d0235b4241bb8b03ba0521f26bf3 P 03630f7d4e864e5e9f073b58f812768c [term 0 FOLLOWER]: Consensus starting up: Expiring failure detector timer to make a prompt election more likely
I20260710 11:05:50.934561 22335 raft_consensus.cc:740] T 5432d0235b4241bb8b03ba0521f26bf3 P 03630f7d4e864e5e9f073b58f812768c [term 0 FOLLOWER]: Becoming Follower/Learner. State: Replica: 03630f7d4e864e5e9f073b58f812768c, State: Initialized, Role: FOLLOWER
I20260710 11:05:50.934811 22334 consensus_queue.cc:260] T 58029586f2694242a5bb37147f99489e P 9ea845ad76ad4f67aeff5e8241d9f77e [NON_LEADER]: Queue going to NON_LEADER mode. State: All replicated index: 0, Majority replicated index: 0, Committed index: 0, Last appended: 0.0, Last appended by leader: 0, Current term: 0, Majority size: -1, State: 0, Mode: NON_LEADER, active raft config: opid_index: -1 OBSOLETE_local: false peers { permanent_uuid: "9ea845ad76ad4f67aeff5e8241d9f77e" member_type: VOTER last_known_addr { host: "127.20.134.129" port: 38183 } } peers { permanent_uuid: "1f9b584673924683a48a4196310ea4e2" member_type: VOTER last_known_addr { host: "127.20.134.130" port: 44201 } } peers { permanent_uuid: "03630f7d4e864e5e9f073b58f812768c" member_type: VOTER last_known_addr { host: "127.20.134.131" port: 40495 } }
I20260710 11:05:50.935088 22335 consensus_queue.cc:260] T 5432d0235b4241bb8b03ba0521f26bf3 P 03630f7d4e864e5e9f073b58f812768c [NON_LEADER]: Queue going to NON_LEADER mode. State: All replicated index: 0, Majority replicated index: 0, Committed index: 0, Last appended: 0.0, Last appended by leader: 0, Current term: 0, Majority size: -1, State: 0, Mode: NON_LEADER, active raft config: opid_index: -1 OBSOLETE_local: false peers { permanent_uuid: "9ea845ad76ad4f67aeff5e8241d9f77e" member_type: VOTER last_known_addr { host: "127.20.134.129" port: 38183 } } peers { permanent_uuid: "1f9b584673924683a48a4196310ea4e2" member_type: VOTER last_known_addr { host: "127.20.134.130" port: 44201 } } peers { permanent_uuid: "03630f7d4e864e5e9f073b58f812768c" member_type: VOTER last_known_addr { host: "127.20.134.131" port: 40495 } }
I20260710 11:05:50.936914 22335 ts_tablet_manager.cc:1434] T 5432d0235b4241bb8b03ba0521f26bf3 P 03630f7d4e864e5e9f073b58f812768c: Time spent starting tablet: real 0.005s	user 0.003s	sys 0.000s
I20260710 11:05:50.938019 22335 tablet_bootstrap.cc:492] T f8507ba97186431b8f13698682031ad4 P 03630f7d4e864e5e9f073b58f812768c: Bootstrap starting.
I20260710 11:05:50.940197 22334 ts_tablet_manager.cc:1434] T 58029586f2694242a5bb37147f99489e P 9ea845ad76ad4f67aeff5e8241d9f77e: Time spent starting tablet: real 0.009s	user 0.005s	sys 0.000s
I20260710 11:05:50.940985 22334 tablet_bootstrap.cc:492] T 1e04b9debd0a45c2be2a393cfe2316d4 P 9ea845ad76ad4f67aeff5e8241d9f77e: Bootstrap starting.
I20260710 11:05:50.943300 22335 tablet_bootstrap.cc:654] T f8507ba97186431b8f13698682031ad4 P 03630f7d4e864e5e9f073b58f812768c: Neither blocks nor log segments found. Creating new log.
I20260710 11:05:50.945441 22334 tablet_bootstrap.cc:654] T 1e04b9debd0a45c2be2a393cfe2316d4 P 9ea845ad76ad4f67aeff5e8241d9f77e: Neither blocks nor log segments found. Creating new log.
I20260710 11:05:50.955009 22340 raft_consensus.cc:493] T 5432d0235b4241bb8b03ba0521f26bf3 P 9ea845ad76ad4f67aeff5e8241d9f77e [term 0 FOLLOWER]: Starting pre-election (no leader contacted us within the election timeout)
I20260710 11:05:50.955497 22340 raft_consensus.cc:515] T 5432d0235b4241bb8b03ba0521f26bf3 P 9ea845ad76ad4f67aeff5e8241d9f77e [term 0 FOLLOWER]: Starting pre-election with config: opid_index: -1 OBSOLETE_local: false peers { permanent_uuid: "9ea845ad76ad4f67aeff5e8241d9f77e" member_type: VOTER last_known_addr { host: "127.20.134.129" port: 38183 } } peers { permanent_uuid: "1f9b584673924683a48a4196310ea4e2" member_type: VOTER last_known_addr { host: "127.20.134.130" port: 44201 } } peers { permanent_uuid: "03630f7d4e864e5e9f073b58f812768c" member_type: VOTER last_known_addr { host: "127.20.134.131" port: 40495 } }
I20260710 11:05:50.957466 22340 leader_election.cc:290] T 5432d0235b4241bb8b03ba0521f26bf3 P 9ea845ad76ad4f67aeff5e8241d9f77e [CANDIDATE]: Term 1 pre-election: Requested pre-vote from peers 1f9b584673924683a48a4196310ea4e2 (127.20.134.130:44201), 03630f7d4e864e5e9f073b58f812768c (127.20.134.131:40495)
I20260710 11:05:50.958050 22220 tablet_service.cc:1917] Received RequestConsensusVote() RPC: tablet_id: "5432d0235b4241bb8b03ba0521f26bf3" candidate_uuid: "9ea845ad76ad4f67aeff5e8241d9f77e" candidate_term: 1 candidate_status { last_received { term: 0 index: 0 } } ignore_live_leader: false dest_uuid: "1f9b584673924683a48a4196310ea4e2" is_pre_election: true
I20260710 11:05:50.958464 22292 tablet_service.cc:1917] Received RequestConsensusVote() RPC: tablet_id: "5432d0235b4241bb8b03ba0521f26bf3" candidate_uuid: "9ea845ad76ad4f67aeff5e8241d9f77e" candidate_term: 1 candidate_status { last_received { term: 0 index: 0 } } ignore_live_leader: false dest_uuid: "03630f7d4e864e5e9f073b58f812768c" is_pre_election: true
I20260710 11:05:50.958685 22220 raft_consensus.cc:2468] T 5432d0235b4241bb8b03ba0521f26bf3 P 1f9b584673924683a48a4196310ea4e2 [term 0 FOLLOWER]: Leader pre-election vote request: Granting yes vote for candidate 9ea845ad76ad4f67aeff5e8241d9f77e in term 0.
I20260710 11:05:50.959033 22292 raft_consensus.cc:2468] T 5432d0235b4241bb8b03ba0521f26bf3 P 03630f7d4e864e5e9f073b58f812768c [term 0 FOLLOWER]: Leader pre-election vote request: Granting yes vote for candidate 9ea845ad76ad4f67aeff5e8241d9f77e in term 0.
I20260710 11:05:50.959681 22108 leader_election.cc:304] T 5432d0235b4241bb8b03ba0521f26bf3 P 9ea845ad76ad4f67aeff5e8241d9f77e [CANDIDATE]: Term 1 pre-election: Election decided. Result: candidate won. Election summary: received 2 responses out of 3 voters: 2 yes votes; 0 no votes. yes voters: 1f9b584673924683a48a4196310ea4e2, 9ea845ad76ad4f67aeff5e8241d9f77e; no voters: 
I20260710 11:05:50.960351 22340 raft_consensus.cc:2804] T 5432d0235b4241bb8b03ba0521f26bf3 P 9ea845ad76ad4f67aeff5e8241d9f77e [term 0 FOLLOWER]: Leader pre-election won for term 1
I20260710 11:05:50.960453 22369 raft_consensus.cc:493] T 45be51fea4dc44ec8126150b74537eeb P 9ea845ad76ad4f67aeff5e8241d9f77e [term 0 FOLLOWER]: Starting pre-election (no leader contacted us within the election timeout)
I20260710 11:05:50.960726 22340 raft_consensus.cc:493] T 5432d0235b4241bb8b03ba0521f26bf3 P 9ea845ad76ad4f67aeff5e8241d9f77e [term 0 FOLLOWER]: Starting leader election (no leader contacted us within the election timeout)
I20260710 11:05:50.961084 22340 raft_consensus.cc:3060] T 5432d0235b4241bb8b03ba0521f26bf3 P 9ea845ad76ad4f67aeff5e8241d9f77e [term 0 FOLLOWER]: Advancing to term 1
I20260710 11:05:50.960840 22369 raft_consensus.cc:515] T 45be51fea4dc44ec8126150b74537eeb P 9ea845ad76ad4f67aeff5e8241d9f77e [term 0 FOLLOWER]: Starting pre-election with config: opid_index: -1 OBSOLETE_local: false peers { permanent_uuid: "9ea845ad76ad4f67aeff5e8241d9f77e" member_type: VOTER last_known_addr { host: "127.20.134.129" port: 38183 } } peers { permanent_uuid: "1f9b584673924683a48a4196310ea4e2" member_type: VOTER last_known_addr { host: "127.20.134.130" port: 44201 } } peers { permanent_uuid: "03630f7d4e864e5e9f073b58f812768c" member_type: VOTER last_known_addr { host: "127.20.134.131" port: 40495 } }
I20260710 11:05:50.962534 22369 leader_election.cc:290] T 45be51fea4dc44ec8126150b74537eeb P 9ea845ad76ad4f67aeff5e8241d9f77e [CANDIDATE]: Term 1 pre-election: Requested pre-vote from peers 1f9b584673924683a48a4196310ea4e2 (127.20.134.130:44201), 03630f7d4e864e5e9f073b58f812768c (127.20.134.131:40495)
I20260710 11:05:50.963394 22337 tablet_bootstrap.cc:492] T 58029586f2694242a5bb37147f99489e P 1f9b584673924683a48a4196310ea4e2: No bootstrap required, opened a new log
I20260710 11:05:50.963660 22335 tablet_bootstrap.cc:492] T f8507ba97186431b8f13698682031ad4 P 03630f7d4e864e5e9f073b58f812768c: No bootstrap required, opened a new log
I20260710 11:05:50.963814 22337 ts_tablet_manager.cc:1403] T 58029586f2694242a5bb37147f99489e P 1f9b584673924683a48a4196310ea4e2: Time spent bootstrapping tablet: real 0.046s	user 0.012s	sys 0.000s
I20260710 11:05:50.964141 22335 ts_tablet_manager.cc:1403] T f8507ba97186431b8f13698682031ad4 P 03630f7d4e864e5e9f073b58f812768c: Time spent bootstrapping tablet: real 0.026s	user 0.009s	sys 0.002s
I20260710 11:05:50.964059 22220 tablet_service.cc:1917] Received RequestConsensusVote() RPC: tablet_id: "45be51fea4dc44ec8126150b74537eeb" candidate_uuid: "9ea845ad76ad4f67aeff5e8241d9f77e" candidate_term: 1 candidate_status { last_received { term: 0 index: 0 } } ignore_live_leader: false dest_uuid: "1f9b584673924683a48a4196310ea4e2" is_pre_election: true
W20260710 11:05:50.965451 22108 leader_election.cc:343] T 45be51fea4dc44ec8126150b74537eeb P 9ea845ad76ad4f67aeff5e8241d9f77e [CANDIDATE]: Term 1 pre-election: Tablet error from VoteRequest() call to peer 1f9b584673924683a48a4196310ea4e2 (127.20.134.130:44201): Illegal state: must be running to vote when last-logged opid is not known
I20260710 11:05:50.967216 22334 tablet_bootstrap.cc:492] T 1e04b9debd0a45c2be2a393cfe2316d4 P 9ea845ad76ad4f67aeff5e8241d9f77e: No bootstrap required, opened a new log
I20260710 11:05:50.967756 22334 ts_tablet_manager.cc:1403] T 1e04b9debd0a45c2be2a393cfe2316d4 P 9ea845ad76ad4f67aeff5e8241d9f77e: Time spent bootstrapping tablet: real 0.027s	user 0.013s	sys 0.003s
I20260710 11:05:50.967217 22337 raft_consensus.cc:359] T 58029586f2694242a5bb37147f99489e P 1f9b584673924683a48a4196310ea4e2 [term 0 FOLLOWER]: Replica starting. Triggering 0 pending ops. Active config: opid_index: -1 OBSOLETE_local: false peers { permanent_uuid: "9ea845ad76ad4f67aeff5e8241d9f77e" member_type: VOTER last_known_addr { host: "127.20.134.129" port: 38183 } } peers { permanent_uuid: "1f9b584673924683a48a4196310ea4e2" member_type: VOTER last_known_addr { host: "127.20.134.130" port: 44201 } } peers { permanent_uuid: "03630f7d4e864e5e9f073b58f812768c" member_type: VOTER last_known_addr { host: "127.20.134.131" port: 40495 } }
I20260710 11:05:50.968068 22337 raft_consensus.cc:385] T 58029586f2694242a5bb37147f99489e P 1f9b584673924683a48a4196310ea4e2 [term 0 FOLLOWER]: Consensus starting up: Expiring failure detector timer to make a prompt election more likely
I20260710 11:05:50.968339 22337 raft_consensus.cc:740] T 58029586f2694242a5bb37147f99489e P 1f9b584673924683a48a4196310ea4e2 [term 0 FOLLOWER]: Becoming Follower/Learner. State: Replica: 1f9b584673924683a48a4196310ea4e2, State: Initialized, Role: FOLLOWER
I20260710 11:05:50.968981 22337 consensus_queue.cc:260] T 58029586f2694242a5bb37147f99489e P 1f9b584673924683a48a4196310ea4e2 [NON_LEADER]: Queue going to NON_LEADER mode. State: All replicated index: 0, Majority replicated index: 0, Committed index: 0, Last appended: 0.0, Last appended by leader: 0, Current term: 0, Majority size: -1, State: 0, Mode: NON_LEADER, active raft config: opid_index: -1 OBSOLETE_local: false peers { permanent_uuid: "9ea845ad76ad4f67aeff5e8241d9f77e" member_type: VOTER last_known_addr { host: "127.20.134.129" port: 38183 } } peers { permanent_uuid: "1f9b584673924683a48a4196310ea4e2" member_type: VOTER last_known_addr { host: "127.20.134.130" port: 44201 } } peers { permanent_uuid: "03630f7d4e864e5e9f073b58f812768c" member_type: VOTER last_known_addr { host: "127.20.134.131" port: 40495 } }
I20260710 11:05:50.969264 22292 tablet_service.cc:1917] Received RequestConsensusVote() RPC: tablet_id: "45be51fea4dc44ec8126150b74537eeb" candidate_uuid: "9ea845ad76ad4f67aeff5e8241d9f77e" candidate_term: 1 candidate_status { last_received { term: 0 index: 0 } } ignore_live_leader: false dest_uuid: "03630f7d4e864e5e9f073b58f812768c" is_pre_election: true
I20260710 11:05:50.969852 22292 raft_consensus.cc:2468] T 45be51fea4dc44ec8126150b74537eeb P 03630f7d4e864e5e9f073b58f812768c [term 0 FOLLOWER]: Leader pre-election vote request: Granting yes vote for candidate 9ea845ad76ad4f67aeff5e8241d9f77e in term 0.
I20260710 11:05:50.969916 22334 raft_consensus.cc:359] T 1e04b9debd0a45c2be2a393cfe2316d4 P 9ea845ad76ad4f67aeff5e8241d9f77e [term 0 FOLLOWER]: Replica starting. Triggering 0 pending ops. Active config: opid_index: -1 OBSOLETE_local: false peers { permanent_uuid: "9ea845ad76ad4f67aeff5e8241d9f77e" member_type: VOTER last_known_addr { host: "127.20.134.129" port: 38183 } } peers { permanent_uuid: "1f9b584673924683a48a4196310ea4e2" member_type: VOTER last_known_addr { host: "127.20.134.130" port: 44201 } } peers { permanent_uuid: "03630f7d4e864e5e9f073b58f812768c" member_type: VOTER last_known_addr { host: "127.20.134.131" port: 40495 } }
I20260710 11:05:50.970602 22334 raft_consensus.cc:385] T 1e04b9debd0a45c2be2a393cfe2316d4 P 9ea845ad76ad4f67aeff5e8241d9f77e [term 0 FOLLOWER]: Consensus starting up: Expiring failure detector timer to make a prompt election more likely
I20260710 11:05:50.970836 22334 raft_consensus.cc:740] T 1e04b9debd0a45c2be2a393cfe2316d4 P 9ea845ad76ad4f67aeff5e8241d9f77e [term 0 FOLLOWER]: Becoming Follower/Learner. State: Replica: 9ea845ad76ad4f67aeff5e8241d9f77e, State: Initialized, Role: FOLLOWER
I20260710 11:05:50.971081 22109 leader_election.cc:304] T 45be51fea4dc44ec8126150b74537eeb P 9ea845ad76ad4f67aeff5e8241d9f77e [CANDIDATE]: Term 1 pre-election: Election decided. Result: candidate won. Election summary: received 3 responses out of 3 voters: 2 yes votes; 1 no votes. yes voters: 03630f7d4e864e5e9f073b58f812768c, 9ea845ad76ad4f67aeff5e8241d9f77e; no voters: 1f9b584673924683a48a4196310ea4e2
I20260710 11:05:50.971297 22334 consensus_queue.cc:260] T 1e04b9debd0a45c2be2a393cfe2316d4 P 9ea845ad76ad4f67aeff5e8241d9f77e [NON_LEADER]: Queue going to NON_LEADER mode. State: All replicated index: 0, Majority replicated index: 0, Committed index: 0, Last appended: 0.0, Last appended by leader: 0, Current term: 0, Majority size: -1, State: 0, Mode: NON_LEADER, active raft config: opid_index: -1 OBSOLETE_local: false peers { permanent_uuid: "9ea845ad76ad4f67aeff5e8241d9f77e" member_type: VOTER last_known_addr { host: "127.20.134.129" port: 38183 } } peers { permanent_uuid: "1f9b584673924683a48a4196310ea4e2" member_type: VOTER last_known_addr { host: "127.20.134.130" port: 44201 } } peers { permanent_uuid: "03630f7d4e864e5e9f073b58f812768c" member_type: VOTER last_known_addr { host: "127.20.134.131" port: 40495 } }
I20260710 11:05:50.971869 22369 raft_consensus.cc:2804] T 45be51fea4dc44ec8126150b74537eeb P 9ea845ad76ad4f67aeff5e8241d9f77e [term 0 FOLLOWER]: Leader pre-election won for term 1
I20260710 11:05:50.972215 22369 raft_consensus.cc:493] T 45be51fea4dc44ec8126150b74537eeb P 9ea845ad76ad4f67aeff5e8241d9f77e [term 0 FOLLOWER]: Starting leader election (no leader contacted us within the election timeout)
I20260710 11:05:50.972532 22369 raft_consensus.cc:3060] T 45be51fea4dc44ec8126150b74537eeb P 9ea845ad76ad4f67aeff5e8241d9f77e [term 0 FOLLOWER]: Advancing to term 1
I20260710 11:05:50.973999 22337 ts_tablet_manager.cc:1434] T 58029586f2694242a5bb37147f99489e P 1f9b584673924683a48a4196310ea4e2: Time spent starting tablet: real 0.010s	user 0.004s	sys 0.003s
I20260710 11:05:50.974888 22337 tablet_bootstrap.cc:492] T 87f12ba35cbd474da25f6f19c8500dc3 P 1f9b584673924683a48a4196310ea4e2: Bootstrap starting.
I20260710 11:05:50.976117 22334 ts_tablet_manager.cc:1434] T 1e04b9debd0a45c2be2a393cfe2316d4 P 9ea845ad76ad4f67aeff5e8241d9f77e: Time spent starting tablet: real 0.008s	user 0.005s	sys 0.000s
I20260710 11:05:50.977029 22335 raft_consensus.cc:359] T f8507ba97186431b8f13698682031ad4 P 03630f7d4e864e5e9f073b58f812768c [term 0 FOLLOWER]: Replica starting. Triggering 0 pending ops. Active config: opid_index: -1 OBSOLETE_local: false peers { permanent_uuid: "9ea845ad76ad4f67aeff5e8241d9f77e" member_type: VOTER last_known_addr { host: "127.20.134.129" port: 38183 } } peers { permanent_uuid: "1f9b584673924683a48a4196310ea4e2" member_type: VOTER last_known_addr { host: "127.20.134.130" port: 44201 } } peers { permanent_uuid: "03630f7d4e864e5e9f073b58f812768c" member_type: VOTER last_known_addr { host: "127.20.134.131" port: 40495 } }
I20260710 11:05:50.977373 22334 tablet_bootstrap.cc:492] T 9e2840b1479849a99b3d18f283605a19 P 9ea845ad76ad4f67aeff5e8241d9f77e: Bootstrap starting.
I20260710 11:05:50.977641 22335 raft_consensus.cc:385] T f8507ba97186431b8f13698682031ad4 P 03630f7d4e864e5e9f073b58f812768c [term 0 FOLLOWER]: Consensus starting up: Expiring failure detector timer to make a prompt election more likely
I20260710 11:05:50.976480 22340 raft_consensus.cc:515] T 5432d0235b4241bb8b03ba0521f26bf3 P 9ea845ad76ad4f67aeff5e8241d9f77e [term 1 FOLLOWER]: Starting leader election with config: opid_index: -1 OBSOLETE_local: false peers { permanent_uuid: "9ea845ad76ad4f67aeff5e8241d9f77e" member_type: VOTER last_known_addr { host: "127.20.134.129" port: 38183 } } peers { permanent_uuid: "1f9b584673924683a48a4196310ea4e2" member_type: VOTER last_known_addr { host: "127.20.134.130" port: 44201 } } peers { permanent_uuid: "03630f7d4e864e5e9f073b58f812768c" member_type: VOTER last_known_addr { host: "127.20.134.131" port: 40495 } }
I20260710 11:05:50.980489 22220 tablet_service.cc:1917] Received RequestConsensusVote() RPC: tablet_id: "5432d0235b4241bb8b03ba0521f26bf3" candidate_uuid: "9ea845ad76ad4f67aeff5e8241d9f77e" candidate_term: 1 candidate_status { last_received { term: 0 index: 0 } } ignore_live_leader: false dest_uuid: "1f9b584673924683a48a4196310ea4e2"
I20260710 11:05:50.981019 22220 raft_consensus.cc:3060] T 5432d0235b4241bb8b03ba0521f26bf3 P 1f9b584673924683a48a4196310ea4e2 [term 0 FOLLOWER]: Advancing to term 1
I20260710 11:05:50.982735 22337 tablet_bootstrap.cc:654] T 87f12ba35cbd474da25f6f19c8500dc3 P 1f9b584673924683a48a4196310ea4e2: Neither blocks nor log segments found. Creating new log.
I20260710 11:05:50.987111 22334 tablet_bootstrap.cc:654] T 9e2840b1479849a99b3d18f283605a19 P 9ea845ad76ad4f67aeff5e8241d9f77e: Neither blocks nor log segments found. Creating new log.
I20260710 11:05:50.978154 22335 raft_consensus.cc:740] T f8507ba97186431b8f13698682031ad4 P 03630f7d4e864e5e9f073b58f812768c [term 0 FOLLOWER]: Becoming Follower/Learner. State: Replica: 03630f7d4e864e5e9f073b58f812768c, State: Initialized, Role: FOLLOWER
I20260710 11:05:50.991490 22369 raft_consensus.cc:515] T 45be51fea4dc44ec8126150b74537eeb P 9ea845ad76ad4f67aeff5e8241d9f77e [term 1 FOLLOWER]: Starting leader election with config: opid_index: -1 OBSOLETE_local: false peers { permanent_uuid: "9ea845ad76ad4f67aeff5e8241d9f77e" member_type: VOTER last_known_addr { host: "127.20.134.129" port: 38183 } } peers { permanent_uuid: "1f9b584673924683a48a4196310ea4e2" member_type: VOTER last_known_addr { host: "127.20.134.130" port: 44201 } } peers { permanent_uuid: "03630f7d4e864e5e9f073b58f812768c" member_type: VOTER last_known_addr { host: "127.20.134.131" port: 40495 } }
I20260710 11:05:50.992998 22220 raft_consensus.cc:2468] T 5432d0235b4241bb8b03ba0521f26bf3 P 1f9b584673924683a48a4196310ea4e2 [term 1 FOLLOWER]: Leader election vote request: Granting yes vote for candidate 9ea845ad76ad4f67aeff5e8241d9f77e in term 1.
I20260710 11:05:50.988137 22335 consensus_queue.cc:260] T f8507ba97186431b8f13698682031ad4 P 03630f7d4e864e5e9f073b58f812768c [NON_LEADER]: Queue going to NON_LEADER mode. State: All replicated index: 0, Majority replicated index: 0, Committed index: 0, Last appended: 0.0, Last appended by leader: 0, Current term: 0, Majority size: -1, State: 0, Mode: NON_LEADER, active raft config: opid_index: -1 OBSOLETE_local: false peers { permanent_uuid: "9ea845ad76ad4f67aeff5e8241d9f77e" member_type: VOTER last_known_addr { host: "127.20.134.129" port: 38183 } } peers { permanent_uuid: "1f9b584673924683a48a4196310ea4e2" member_type: VOTER last_known_addr { host: "127.20.134.130" port: 44201 } } peers { permanent_uuid: "03630f7d4e864e5e9f073b58f812768c" member_type: VOTER last_known_addr { host: "127.20.134.131" port: 40495 } }
I20260710 11:05:50.995005 22219 tablet_service.cc:1917] Received RequestConsensusVote() RPC: tablet_id: "45be51fea4dc44ec8126150b74537eeb" candidate_uuid: "9ea845ad76ad4f67aeff5e8241d9f77e" candidate_term: 1 candidate_status { last_received { term: 0 index: 0 } } ignore_live_leader: false dest_uuid: "1f9b584673924683a48a4196310ea4e2"
I20260710 11:05:50.995406 22335 ts_tablet_manager.cc:1434] T f8507ba97186431b8f13698682031ad4 P 03630f7d4e864e5e9f073b58f812768c: Time spent starting tablet: real 0.031s	user 0.006s	sys 0.000s
I20260710 11:05:50.996137 22108 leader_election.cc:304] T 5432d0235b4241bb8b03ba0521f26bf3 P 9ea845ad76ad4f67aeff5e8241d9f77e [CANDIDATE]: Term 1 election: Election decided. Result: candidate won. Election summary: received 2 responses out of 3 voters: 2 yes votes; 0 no votes. yes voters: 1f9b584673924683a48a4196310ea4e2, 9ea845ad76ad4f67aeff5e8241d9f77e; no voters: 
I20260710 11:05:50.996657 22335 tablet_bootstrap.cc:492] T 1d87421bfabb4ddea008fb8a4d5324e6 P 03630f7d4e864e5e9f073b58f812768c: Bootstrap starting.
I20260710 11:05:50.997036 22411 raft_consensus.cc:2804] T 5432d0235b4241bb8b03ba0521f26bf3 P 9ea845ad76ad4f67aeff5e8241d9f77e [term 1 FOLLOWER]: Leader election won for term 1
W20260710 11:05:50.997093 22108 leader_election.cc:343] T 45be51fea4dc44ec8126150b74537eeb P 9ea845ad76ad4f67aeff5e8241d9f77e [CANDIDATE]: Term 1 election: Tablet error from VoteRequest() call to peer 1f9b584673924683a48a4196310ea4e2 (127.20.134.130:44201): Illegal state: must be running to vote when last-logged opid is not known
I20260710 11:05:50.997604 22411 raft_consensus.cc:697] T 5432d0235b4241bb8b03ba0521f26bf3 P 9ea845ad76ad4f67aeff5e8241d9f77e [term 1 LEADER]: Becoming Leader. State: Replica: 9ea845ad76ad4f67aeff5e8241d9f77e, State: Running, Role: LEADER
I20260710 11:05:50.998466 22411 consensus_queue.cc:237] T 5432d0235b4241bb8b03ba0521f26bf3 P 9ea845ad76ad4f67aeff5e8241d9f77e [LEADER]: Queue going to LEADER mode. State: All replicated index: 0, Majority replicated index: 0, Committed index: 0, Last appended: 0.0, Last appended by leader: 0, Current term: 1, Majority size: 2, State: 0, Mode: LEADER, active raft config: opid_index: -1 OBSOLETE_local: false peers { permanent_uuid: "9ea845ad76ad4f67aeff5e8241d9f77e" member_type: VOTER last_known_addr { host: "127.20.134.129" port: 38183 } } peers { permanent_uuid: "1f9b584673924683a48a4196310ea4e2" member_type: VOTER last_known_addr { host: "127.20.134.130" port: 44201 } } peers { permanent_uuid: "03630f7d4e864e5e9f073b58f812768c" member_type: VOTER last_known_addr { host: "127.20.134.131" port: 40495 } }
I20260710 11:05:51.000742 22292 tablet_service.cc:1917] Received RequestConsensusVote() RPC: tablet_id: "45be51fea4dc44ec8126150b74537eeb" candidate_uuid: "9ea845ad76ad4f67aeff5e8241d9f77e" candidate_term: 1 candidate_status { last_received { term: 0 index: 0 } } ignore_live_leader: false dest_uuid: "03630f7d4e864e5e9f073b58f812768c"
I20260710 11:05:51.001359 22292 raft_consensus.cc:3060] T 45be51fea4dc44ec8126150b74537eeb P 03630f7d4e864e5e9f073b58f812768c [term 0 FOLLOWER]: Advancing to term 1
I20260710 11:05:51.003093 22335 tablet_bootstrap.cc:654] T 1d87421bfabb4ddea008fb8a4d5324e6 P 03630f7d4e864e5e9f073b58f812768c: Neither blocks nor log segments found. Creating new log.
I20260710 11:05:51.008697 22292 raft_consensus.cc:2468] T 45be51fea4dc44ec8126150b74537eeb P 03630f7d4e864e5e9f073b58f812768c [term 1 FOLLOWER]: Leader election vote request: Granting yes vote for candidate 9ea845ad76ad4f67aeff5e8241d9f77e in term 1.
I20260710 11:05:51.009891 22109 leader_election.cc:304] T 45be51fea4dc44ec8126150b74537eeb P 9ea845ad76ad4f67aeff5e8241d9f77e [CANDIDATE]: Term 1 election: Election decided. Result: candidate won. Election summary: received 3 responses out of 3 voters: 2 yes votes; 1 no votes. yes voters: 03630f7d4e864e5e9f073b58f812768c, 9ea845ad76ad4f67aeff5e8241d9f77e; no voters: 1f9b584673924683a48a4196310ea4e2
I20260710 11:05:51.010456 22334 tablet_bootstrap.cc:492] T 9e2840b1479849a99b3d18f283605a19 P 9ea845ad76ad4f67aeff5e8241d9f77e: No bootstrap required, opened a new log
I20260710 11:05:51.010874 22334 ts_tablet_manager.cc:1403] T 9e2840b1479849a99b3d18f283605a19 P 9ea845ad76ad4f67aeff5e8241d9f77e: Time spent bootstrapping tablet: real 0.034s	user 0.016s	sys 0.001s
I20260710 11:05:51.010797 22411 raft_consensus.cc:2804] T 45be51fea4dc44ec8126150b74537eeb P 9ea845ad76ad4f67aeff5e8241d9f77e [term 1 FOLLOWER]: Leader election won for term 1
I20260710 11:05:51.011355 22369 leader_election.cc:290] T 45be51fea4dc44ec8126150b74537eeb P 9ea845ad76ad4f67aeff5e8241d9f77e [CANDIDATE]: Term 1 election: Requested vote from peers 1f9b584673924683a48a4196310ea4e2 (127.20.134.130:44201), 03630f7d4e864e5e9f073b58f812768c (127.20.134.131:40495)
I20260710 11:05:51.011482 22411 raft_consensus.cc:697] T 45be51fea4dc44ec8126150b74537eeb P 9ea845ad76ad4f67aeff5e8241d9f77e [term 1 LEADER]: Becoming Leader. State: Replica: 9ea845ad76ad4f67aeff5e8241d9f77e, State: Running, Role: LEADER
I20260710 11:05:51.012301 22411 consensus_queue.cc:237] T 45be51fea4dc44ec8126150b74537eeb P 9ea845ad76ad4f67aeff5e8241d9f77e [LEADER]: Queue going to LEADER mode. State: All replicated index: 0, Majority replicated index: 0, Committed index: 0, Last appended: 0.0, Last appended by leader: 0, Current term: 1, Majority size: 2, State: 0, Mode: LEADER, active raft config: opid_index: -1 OBSOLETE_local: false peers { permanent_uuid: "9ea845ad76ad4f67aeff5e8241d9f77e" member_type: VOTER last_known_addr { host: "127.20.134.129" port: 38183 } } peers { permanent_uuid: "1f9b584673924683a48a4196310ea4e2" member_type: VOTER last_known_addr { host: "127.20.134.130" port: 44201 } } peers { permanent_uuid: "03630f7d4e864e5e9f073b58f812768c" member_type: VOTER last_known_addr { host: "127.20.134.131" port: 40495 } }
I20260710 11:05:51.014334 22335 tablet_bootstrap.cc:492] T 1d87421bfabb4ddea008fb8a4d5324e6 P 03630f7d4e864e5e9f073b58f812768c: No bootstrap required, opened a new log
I20260710 11:05:51.014340 22292 tablet_service.cc:1917] Received RequestConsensusVote() RPC: tablet_id: "5432d0235b4241bb8b03ba0521f26bf3" candidate_uuid: "9ea845ad76ad4f67aeff5e8241d9f77e" candidate_term: 1 candidate_status { last_received { term: 0 index: 0 } } ignore_live_leader: false dest_uuid: "03630f7d4e864e5e9f073b58f812768c"
I20260710 11:05:51.015036 22335 ts_tablet_manager.cc:1403] T 1d87421bfabb4ddea008fb8a4d5324e6 P 03630f7d4e864e5e9f073b58f812768c: Time spent bootstrapping tablet: real 0.019s	user 0.014s	sys 0.000s
I20260710 11:05:51.015174 22292 raft_consensus.cc:3060] T 5432d0235b4241bb8b03ba0521f26bf3 P 03630f7d4e864e5e9f073b58f812768c [term 0 FOLLOWER]: Advancing to term 1
I20260710 11:05:51.017603 22335 raft_consensus.cc:359] T 1d87421bfabb4ddea008fb8a4d5324e6 P 03630f7d4e864e5e9f073b58f812768c [term 0 FOLLOWER]: Replica starting. Triggering 0 pending ops. Active config: opid_index: -1 OBSOLETE_local: false peers { permanent_uuid: "9ea845ad76ad4f67aeff5e8241d9f77e" member_type: VOTER last_known_addr { host: "127.20.134.129" port: 38183 } } peers { permanent_uuid: "1f9b584673924683a48a4196310ea4e2" member_type: VOTER last_known_addr { host: "127.20.134.130" port: 44201 } } peers { permanent_uuid: "03630f7d4e864e5e9f073b58f812768c" member_type: VOTER last_known_addr { host: "127.20.134.131" port: 40495 } }
I20260710 11:05:51.018311 22335 raft_consensus.cc:385] T 1d87421bfabb4ddea008fb8a4d5324e6 P 03630f7d4e864e5e9f073b58f812768c [term 0 FOLLOWER]: Consensus starting up: Expiring failure detector timer to make a prompt election more likely
I20260710 11:05:51.018599 22335 raft_consensus.cc:740] T 1d87421bfabb4ddea008fb8a4d5324e6 P 03630f7d4e864e5e9f073b58f812768c [term 0 FOLLOWER]: Becoming Follower/Learner. State: Replica: 03630f7d4e864e5e9f073b58f812768c, State: Initialized, Role: FOLLOWER
