I20260710 11:06:03.473830 22576 raft_consensus.cc:2955] T 6b10392d9a1d49569ec3de508dca004b P 01005e6a1b7543dab199d043db20d82a [term 2 FOLLOWER]: Committing config change with OpId 2.4: config changed from index 3 to 4, VOTER efc02f190cc7415696c17c97abc67bfa (127.20.203.193) evicted. New config: { opid_index: 4 OBSOLETE_local: false peers { permanent_uuid: "b4ae7157adc24331a14d9074799b042a" member_type: VOTER last_known_addr { host: "127.20.203.194" port: 43621 } } peers { permanent_uuid: "01005e6a1b7543dab199d043db20d82a" member_type: VOTER last_known_addr { host: "127.20.203.195" port: 34441 } } peers { permanent_uuid: "e4dbef09b009418aa8ceabdacd64c5b6" member_type: VOTER last_known_addr { host: "127.20.203.196" port: 34425 } attrs { promote: false } } }
I20260710 11:06:03.474334 22868 raft_consensus.cc:2955] T 6b10392d9a1d49569ec3de508dca004b P e4dbef09b009418aa8ceabdacd64c5b6 [term 2 FOLLOWER]: Committing config change with OpId 2.4: config changed from index 3 to 4, VOTER efc02f190cc7415696c17c97abc67bfa (127.20.203.193) evicted. New config: { opid_index: 4 OBSOLETE_local: false peers { permanent_uuid: "b4ae7157adc24331a14d9074799b042a" member_type: VOTER last_known_addr { host: "127.20.203.194" port: 43621 } } peers { permanent_uuid: "01005e6a1b7543dab199d043db20d82a" member_type: VOTER last_known_addr { host: "127.20.203.195" port: 34441 } } peers { permanent_uuid: "e4dbef09b009418aa8ceabdacd64c5b6" member_type: VOTER last_known_addr { host: "127.20.203.196" port: 34425 } attrs { promote: false } } }
I20260710 11:06:03.487938 23101 ts_tablet_manager.cc:1929] T edd4819bfb6e449697090852c4b8fd37 P b4ae7157adc24331a14d9074799b042a: tablet deleted with delete type TABLET_DATA_TOMBSTONED: last-logged OpId 1.3
I20260710 11:06:03.491139 23101 log.cc:1199] T edd4819bfb6e449697090852c4b8fd37 P b4ae7157adc24331a14d9074799b042a: Deleting WAL directory at /tmp/dist-test-taskuzQ3mi/test-tmp/auto_leader_rebalancer-test.0.LeaderRebalancerTest.AddTserver.1783681524484695-21295-0/minicluster-data/ts-1-root/wals/edd4819bfb6e449697090852c4b8fd37
I20260710 11:06:03.492867 22314 catalog_manager.cc:5028] TS b4ae7157adc24331a14d9074799b042a (127.20.203.194:43621): tablet edd4819bfb6e449697090852c4b8fd37 (table test-workload [id=72a52be30d244516b5736c0c466c0d1e]) successfully deleted
I20260710 11:06:03.495435 22314 catalog_manager.cc:5210] ChangeConfig:REMOVE_PEER RPC for tablet 6b10392d9a1d49569ec3de508dca004b with cas_config_opid_index 3: ChangeConfig:REMOVE_PEER succeeded (attempt 1)
I20260710 11:06:03.495121 22327 catalog_manager.cc:5697] T 6b10392d9a1d49569ec3de508dca004b P e4dbef09b009418aa8ceabdacd64c5b6 reported cstate change: config changed from index 3 to 4, VOTER efc02f190cc7415696c17c97abc67bfa (127.20.203.193) evicted. New cstate: current_term: 2 leader_uuid: "b4ae7157adc24331a14d9074799b042a" committed_config { opid_index: 4 OBSOLETE_local: false peers { permanent_uuid: "b4ae7157adc24331a14d9074799b042a" member_type: VOTER last_known_addr { host: "127.20.203.194" port: 43621 } } peers { permanent_uuid: "01005e6a1b7543dab199d043db20d82a" member_type: VOTER last_known_addr { host: "127.20.203.195" port: 34441 } } peers { permanent_uuid: "e4dbef09b009418aa8ceabdacd64c5b6" member_type: VOTER last_known_addr { host: "127.20.203.196" port: 34425 } attrs { promote: false } } }
I20260710 11:06:03.499385 23099 ts_tablet_manager.cc:1929] T 9c3a35e8d11945cab12bab83ad931481 P efc02f190cc7415696c17c97abc67bfa: tablet deleted with delete type TABLET_DATA_TOMBSTONED: last-logged OpId 1.3
I20260710 11:06:03.499835 23099 log.cc:1199] T 9c3a35e8d11945cab12bab83ad931481 P efc02f190cc7415696c17c97abc67bfa: Deleting WAL directory at /tmp/dist-test-taskuzQ3mi/test-tmp/auto_leader_rebalancer-test.0.LeaderRebalancerTest.AddTserver.1783681524484695-21295-0/minicluster-data/ts-0-root/wals/9c3a35e8d11945cab12bab83ad931481
I20260710 11:06:03.501502 22313 catalog_manager.cc:5028] TS efc02f190cc7415696c17c97abc67bfa (127.20.203.193:39283): tablet 9c3a35e8d11945cab12bab83ad931481 (table test-workload [id=72a52be30d244516b5736c0c466c0d1e]) successfully deleted
I20260710 11:06:03.507388 22410 tablet_service.cc:1558] Processing DeleteTablet for tablet 6b10392d9a1d49569ec3de508dca004b with delete_type TABLET_DATA_TOMBSTONED (TS efc02f190cc7415696c17c97abc67bfa not found in new config with opid_index 4) from {username='slave'} at 127.0.0.1:51152
I20260710 11:06:03.508294 23099 tablet_replica.cc:333] T 6b10392d9a1d49569ec3de508dca004b P efc02f190cc7415696c17c97abc67bfa: stopping tablet replica
I20260710 11:06:03.509690 23099 raft_consensus.cc:2243] T 6b10392d9a1d49569ec3de508dca004b P efc02f190cc7415696c17c97abc67bfa [term 2 FOLLOWER]: Raft consensus shutting down.
I20260710 11:06:03.510459 23099 raft_consensus.cc:2272] T 6b10392d9a1d49569ec3de508dca004b P efc02f190cc7415696c17c97abc67bfa [term 2 FOLLOWER]: Raft consensus is shut down!
I20260710 11:06:03.514549 23099 ts_tablet_manager.cc:1916] T 6b10392d9a1d49569ec3de508dca004b P efc02f190cc7415696c17c97abc67bfa: Deleting tablet data with delete state TABLET_DATA_TOMBSTONED
I20260710 11:06:03.525887 23099 ts_tablet_manager.cc:1929] T 6b10392d9a1d49569ec3de508dca004b P efc02f190cc7415696c17c97abc67bfa: tablet deleted with delete type TABLET_DATA_TOMBSTONED: last-logged OpId 2.3
I20260710 11:06:03.526271 23099 log.cc:1199] T 6b10392d9a1d49569ec3de508dca004b P efc02f190cc7415696c17c97abc67bfa: Deleting WAL directory at /tmp/dist-test-taskuzQ3mi/test-tmp/auto_leader_rebalancer-test.0.LeaderRebalancerTest.AddTserver.1783681524484695-21295-0/minicluster-data/ts-0-root/wals/6b10392d9a1d49569ec3de508dca004b
I20260710 11:06:03.527716 22313 catalog_manager.cc:5028] TS efc02f190cc7415696c17c97abc67bfa (127.20.203.193:39283): tablet 6b10392d9a1d49569ec3de508dca004b (table test-workload [id=72a52be30d244516b5736c0c466c0d1e]) successfully deleted
I20260710 11:06:04.538144 22427 consensus_queue.cc:237] T 887231d39bca478cb5a86054e5d204e5 P efc02f190cc7415696c17c97abc67bfa [LEADER]: Queue going to LEADER mode. State: All replicated index: 0, Majority replicated index: 1, Committed index: 1, Last appended: 1.1, Last appended by leader: 0, Current term: 1, Majority size: 2, State: 0, Mode: LEADER, active raft config: opid_index: 2 OBSOLETE_local: false peers { permanent_uuid: "efc02f190cc7415696c17c97abc67bfa" member_type: VOTER last_known_addr { host: "127.20.203.193" port: 39283 } } peers { permanent_uuid: "b4ae7157adc24331a14d9074799b042a" member_type: VOTER last_known_addr { host: "127.20.203.194" port: 43621 } } peers { permanent_uuid: "01005e6a1b7543dab199d043db20d82a" member_type: VOTER last_known_addr { host: "127.20.203.195" port: 34441 } attrs { replace: true } } peers { permanent_uuid: "e4dbef09b009418aa8ceabdacd64c5b6" member_type: NON_VOTER last_known_addr { host: "127.20.203.196" port: 34425 } attrs { promote: true } }
I20260710 11:06:04.544309 22576 raft_consensus.cc:1275] T 887231d39bca478cb5a86054e5d204e5 P 01005e6a1b7543dab199d043db20d82a [term 1 FOLLOWER]: Refusing update from remote peer efc02f190cc7415696c17c97abc67bfa: Log matching property violated. Preceding OpId in replica: term: 1 index: 1. Preceding OpId from leader: term: 1 index: 2. (index mismatch)
W20260710 11:06:04.544653 22392 consensus_peers.cc:597] T 887231d39bca478cb5a86054e5d204e5 P efc02f190cc7415696c17c97abc67bfa -> Peer e4dbef09b009418aa8ceabdacd64c5b6 (127.20.203.196:34425): Couldn't send request to peer e4dbef09b009418aa8ceabdacd64c5b6. Error code: TABLET_NOT_FOUND (6). Status: Not found: Tablet not found: 887231d39bca478cb5a86054e5d204e5. This is attempt 1: this message will repeat every 5th retry.
I20260710 11:06:04.545519 22502 raft_consensus.cc:1275] T 887231d39bca478cb5a86054e5d204e5 P b4ae7157adc24331a14d9074799b042a [term 1 FOLLOWER]: Refusing update from remote peer efc02f190cc7415696c17c97abc67bfa: Log matching property violated. Preceding OpId in replica: term: 1 index: 1. Preceding OpId from leader: term: 1 index: 2. (index mismatch)
I20260710 11:06:04.545617 23105 consensus_queue.cc:1048] T 887231d39bca478cb5a86054e5d204e5 P efc02f190cc7415696c17c97abc67bfa [LEADER]: Connected to new peer: Peer: permanent_uuid: "01005e6a1b7543dab199d043db20d82a" member_type: VOTER last_known_addr { host: "127.20.203.195" port: 34441 } attrs { replace: true }, Status: LMP_MISMATCH, Last received: 0.0, Next index: 2, Last known committed idx: 1, Time since last communication: 0.000s
I20260710 11:06:04.546679 23072 consensus_queue.cc:1048] T 887231d39bca478cb5a86054e5d204e5 P efc02f190cc7415696c17c97abc67bfa [LEADER]: Connected to new peer: Peer: permanent_uuid: "b4ae7157adc24331a14d9074799b042a" member_type: VOTER last_known_addr { host: "127.20.203.194" port: 43621 }, Status: LMP_MISMATCH, Last received: 0.0, Next index: 2, Last known committed idx: 1, Time since last communication: 0.000s
I20260710 11:06:04.553967 23028 raft_consensus.cc:2955] T 887231d39bca478cb5a86054e5d204e5 P efc02f190cc7415696c17c97abc67bfa [term 1 LEADER]: Committing config change with OpId 1.2: config changed from index -1 to 2, NON_VOTER e4dbef09b009418aa8ceabdacd64c5b6 (127.20.203.196) added. New config: { opid_index: 2 OBSOLETE_local: false peers { permanent_uuid: "efc02f190cc7415696c17c97abc67bfa" member_type: VOTER last_known_addr { host: "127.20.203.193" port: 39283 } } peers { permanent_uuid: "b4ae7157adc24331a14d9074799b042a" member_type: VOTER last_known_addr { host: "127.20.203.194" port: 43621 } } peers { permanent_uuid: "01005e6a1b7543dab199d043db20d82a" member_type: VOTER last_known_addr { host: "127.20.203.195" port: 34441 } attrs { replace: true } } peers { permanent_uuid: "e4dbef09b009418aa8ceabdacd64c5b6" member_type: NON_VOTER last_known_addr { host: "127.20.203.196" port: 34425 } attrs { promote: true } } }
I20260710 11:06:04.555363 22502 raft_consensus.cc:2955] T 887231d39bca478cb5a86054e5d204e5 P b4ae7157adc24331a14d9074799b042a [term 1 FOLLOWER]: Committing config change with OpId 1.2: config changed from index -1 to 2, NON_VOTER e4dbef09b009418aa8ceabdacd64c5b6 (127.20.203.196) added. New config: { opid_index: 2 OBSOLETE_local: false peers { permanent_uuid: "efc02f190cc7415696c17c97abc67bfa" member_type: VOTER last_known_addr { host: "127.20.203.193" port: 39283 } } peers { permanent_uuid: "b4ae7157adc24331a14d9074799b042a" member_type: VOTER last_known_addr { host: "127.20.203.194" port: 43621 } } peers { permanent_uuid: "01005e6a1b7543dab199d043db20d82a" member_type: VOTER last_known_addr { host: "127.20.203.195" port: 34441 } attrs { replace: true } } peers { permanent_uuid: "e4dbef09b009418aa8ceabdacd64c5b6" member_type: NON_VOTER last_known_addr { host: "127.20.203.196" port: 34425 } attrs { promote: true } } }
I20260710 11:06:04.555434 22576 raft_consensus.cc:2955] T 887231d39bca478cb5a86054e5d204e5 P 01005e6a1b7543dab199d043db20d82a [term 1 FOLLOWER]: Committing config change with OpId 1.2: config changed from index -1 to 2, NON_VOTER e4dbef09b009418aa8ceabdacd64c5b6 (127.20.203.196) added. New config: { opid_index: 2 OBSOLETE_local: false peers { permanent_uuid: "efc02f190cc7415696c17c97abc67bfa" member_type: VOTER last_known_addr { host: "127.20.203.193" port: 39283 } } peers { permanent_uuid: "b4ae7157adc24331a14d9074799b042a" member_type: VOTER last_known_addr { host: "127.20.203.194" port: 43621 } } peers { permanent_uuid: "01005e6a1b7543dab199d043db20d82a" member_type: VOTER last_known_addr { host: "127.20.203.195" port: 34441 } attrs { replace: true } } peers { permanent_uuid: "e4dbef09b009418aa8ceabdacd64c5b6" member_type: NON_VOTER last_known_addr { host: "127.20.203.196" port: 34425 } attrs { promote: true } } }
I20260710 11:06:04.568192 22326 catalog_manager.cc:5697] T 887231d39bca478cb5a86054e5d204e5 P 01005e6a1b7543dab199d043db20d82a reported cstate change: config changed from index -1 to 2, NON_VOTER e4dbef09b009418aa8ceabdacd64c5b6 (127.20.203.196) added. New cstate: current_term: 1 leader_uuid: "efc02f190cc7415696c17c97abc67bfa" committed_config { opid_index: 2 OBSOLETE_local: false peers { permanent_uuid: "efc02f190cc7415696c17c97abc67bfa" member_type: VOTER last_known_addr { host: "127.20.203.193" port: 39283 } } peers { permanent_uuid: "b4ae7157adc24331a14d9074799b042a" member_type: VOTER last_known_addr { host: "127.20.203.194" port: 43621 } } peers { permanent_uuid: "01005e6a1b7543dab199d043db20d82a" member_type: VOTER last_known_addr { host: "127.20.203.195" port: 34441 } attrs { replace: true } } peers { permanent_uuid: "e4dbef09b009418aa8ceabdacd64c5b6" member_type: NON_VOTER last_known_addr { host: "127.20.203.196" port: 34425 } attrs { promote: true } } }
I20260710 11:06:04.573319 22427 consensus_queue.cc:237] T 8ee9a4d14dcb4ab7986fdaaa5c754d9d P efc02f190cc7415696c17c97abc67bfa [LEADER]: Queue going to LEADER mode. State: All replicated index: 0, Majority replicated index: 1, Committed index: 1, Last appended: 1.1, Last appended by leader: 0, Current term: 1, Majority size: 2, State: 0, Mode: LEADER, active raft config: opid_index: 2 OBSOLETE_local: false peers { permanent_uuid: "efc02f190cc7415696c17c97abc67bfa" member_type: VOTER last_known_addr { host: "127.20.203.193" port: 39283 } } peers { permanent_uuid: "b4ae7157adc24331a14d9074799b042a" member_type: VOTER last_known_addr { host: "127.20.203.194" port: 43621 } attrs { replace: true } } peers { permanent_uuid: "01005e6a1b7543dab199d043db20d82a" member_type: VOTER last_known_addr { host: "127.20.203.195" port: 34441 } } peers { permanent_uuid: "e4dbef09b009418aa8ceabdacd64c5b6" member_type: NON_VOTER last_known_addr { host: "127.20.203.196" port: 34425 } attrs { promote: true } }
I20260710 11:06:04.581336 22576 raft_consensus.cc:1275] T 8ee9a4d14dcb4ab7986fdaaa5c754d9d P 01005e6a1b7543dab199d043db20d82a [term 1 FOLLOWER]: Refusing update from remote peer efc02f190cc7415696c17c97abc67bfa: Log matching property violated. Preceding OpId in replica: term: 1 index: 1. Preceding OpId from leader: term: 1 index: 2. (index mismatch)
W20260710 11:06:04.582139 22392 consensus_peers.cc:597] T 8ee9a4d14dcb4ab7986fdaaa5c754d9d P efc02f190cc7415696c17c97abc67bfa -> Peer e4dbef09b009418aa8ceabdacd64c5b6 (127.20.203.196:34425): Couldn't send request to peer e4dbef09b009418aa8ceabdacd64c5b6. Error code: TABLET_NOT_FOUND (6). Status: Not found: Tablet not found: 8ee9a4d14dcb4ab7986fdaaa5c754d9d. This is attempt 1: this message will repeat every 5th retry.
I20260710 11:06:04.582613 23028 consensus_queue.cc:1048] T 8ee9a4d14dcb4ab7986fdaaa5c754d9d P efc02f190cc7415696c17c97abc67bfa [LEADER]: Connected to new peer: Peer: permanent_uuid: "01005e6a1b7543dab199d043db20d82a" member_type: VOTER last_known_addr { host: "127.20.203.195" port: 34441 }, Status: LMP_MISMATCH, Last received: 0.0, Next index: 2, Last known committed idx: 1, Time since last communication: 0.000s
I20260710 11:06:04.584033 22502 raft_consensus.cc:1275] T 8ee9a4d14dcb4ab7986fdaaa5c754d9d P b4ae7157adc24331a14d9074799b042a [term 1 FOLLOWER]: Refusing update from remote peer efc02f190cc7415696c17c97abc67bfa: Log matching property violated. Preceding OpId in replica: term: 1 index: 1. Preceding OpId from leader: term: 1 index: 2. (index mismatch)
I20260710 11:06:04.585732 23072 consensus_queue.cc:1048] T 8ee9a4d14dcb4ab7986fdaaa5c754d9d P efc02f190cc7415696c17c97abc67bfa [LEADER]: Connected to new peer: Peer: permanent_uuid: "b4ae7157adc24331a14d9074799b042a" member_type: VOTER last_known_addr { host: "127.20.203.194" port: 43621 } attrs { replace: true }, Status: LMP_MISMATCH, Last received: 0.0, Next index: 2, Last known committed idx: 1, Time since last communication: 0.000s
I20260710 11:06:04.603569 23028 raft_consensus.cc:2955] T 8ee9a4d14dcb4ab7986fdaaa5c754d9d P efc02f190cc7415696c17c97abc67bfa [term 1 LEADER]: Committing config change with OpId 1.2: config changed from index -1 to 2, NON_VOTER e4dbef09b009418aa8ceabdacd64c5b6 (127.20.203.196) added. New config: { opid_index: 2 OBSOLETE_local: false peers { permanent_uuid: "efc02f190cc7415696c17c97abc67bfa" member_type: VOTER last_known_addr { host: "127.20.203.193" port: 39283 } } peers { permanent_uuid: "b4ae7157adc24331a14d9074799b042a" member_type: VOTER last_known_addr { host: "127.20.203.194" port: 43621 } attrs { replace: true } } peers { permanent_uuid: "01005e6a1b7543dab199d043db20d82a" member_type: VOTER last_known_addr { host: "127.20.203.195" port: 34441 } } peers { permanent_uuid: "e4dbef09b009418aa8ceabdacd64c5b6" member_type: NON_VOTER last_known_addr { host: "127.20.203.196" port: 34425 } attrs { promote: true } } }
I20260710 11:06:04.605285 22501 raft_consensus.cc:2955] T 8ee9a4d14dcb4ab7986fdaaa5c754d9d P b4ae7157adc24331a14d9074799b042a [term 1 FOLLOWER]: Committing config change with OpId 1.2: config changed from index -1 to 2, NON_VOTER e4dbef09b009418aa8ceabdacd64c5b6 (127.20.203.196) added. New config: { opid_index: 2 OBSOLETE_local: false peers { permanent_uuid: "efc02f190cc7415696c17c97abc67bfa" member_type: VOTER last_known_addr { host: "127.20.203.193" port: 39283 } } peers { permanent_uuid: "b4ae7157adc24331a14d9074799b042a" member_type: VOTER last_known_addr { host: "127.20.203.194" port: 43621 } attrs { replace: true } } peers { permanent_uuid: "01005e6a1b7543dab199d043db20d82a" member_type: VOTER last_known_addr { host: "127.20.203.195" port: 34441 } } peers { permanent_uuid: "e4dbef09b009418aa8ceabdacd64c5b6" member_type: NON_VOTER last_known_addr { host: "127.20.203.196" port: 34425 } attrs { promote: true } } }
I20260710 11:06:04.607578 22576 raft_consensus.cc:2955] T 8ee9a4d14dcb4ab7986fdaaa5c754d9d P 01005e6a1b7543dab199d043db20d82a [term 1 FOLLOWER]: Committing config change with OpId 1.2: config changed from index -1 to 2, NON_VOTER e4dbef09b009418aa8ceabdacd64c5b6 (127.20.203.196) added. New config: { opid_index: 2 OBSOLETE_local: false peers { permanent_uuid: "efc02f190cc7415696c17c97abc67bfa" member_type: VOTER last_known_addr { host: "127.20.203.193" port: 39283 } } peers { permanent_uuid: "b4ae7157adc24331a14d9074799b042a" member_type: VOTER last_known_addr { host: "127.20.203.194" port: 43621 } attrs { replace: true } } peers { permanent_uuid: "01005e6a1b7543dab199d043db20d82a" member_type: VOTER last_known_addr { host: "127.20.203.195" port: 34441 } } peers { permanent_uuid: "e4dbef09b009418aa8ceabdacd64c5b6" member_type: NON_VOTER last_known_addr { host: "127.20.203.196" port: 34425 } attrs { promote: true } } }
I20260710 11:06:04.617439 22502 consensus_queue.cc:237] T 055308aadacd4cbca4171bd8dda4293b P b4ae7157adc24331a14d9074799b042a [LEADER]: Queue going to LEADER mode. State: All replicated index: 0, Majority replicated index: 1, Committed index: 1, Last appended: 1.1, Last appended by leader: 0, Current term: 1, Majority size: 2, State: 0, Mode: LEADER, active raft config: opid_index: 2 OBSOLETE_local: false peers { permanent_uuid: "efc02f190cc7415696c17c97abc67bfa" member_type: VOTER last_known_addr { host: "127.20.203.193" port: 39283 } attrs { replace: true } } peers { permanent_uuid: "b4ae7157adc24331a14d9074799b042a" member_type: VOTER last_known_addr { host: "127.20.203.194" port: 43621 } } peers { permanent_uuid: "01005e6a1b7543dab199d043db20d82a" member_type: VOTER last_known_addr { host: "127.20.203.195" port: 34441 } } peers { permanent_uuid: "e4dbef09b009418aa8ceabdacd64c5b6" member_type: NON_VOTER last_known_addr { host: "127.20.203.196" port: 34425 } attrs { promote: true } }
I20260710 11:06:04.618566 22327 catalog_manager.cc:5697] T 8ee9a4d14dcb4ab7986fdaaa5c754d9d P efc02f190cc7415696c17c97abc67bfa reported cstate change: config changed from index -1 to 2, NON_VOTER e4dbef09b009418aa8ceabdacd64c5b6 (127.20.203.196) added. New cstate: current_term: 1 leader_uuid: "efc02f190cc7415696c17c97abc67bfa" committed_config { opid_index: 2 OBSOLETE_local: false peers { permanent_uuid: "efc02f190cc7415696c17c97abc67bfa" member_type: VOTER last_known_addr { host: "127.20.203.193" port: 39283 } health_report { overall_health: HEALTHY } } peers { permanent_uuid: "b4ae7157adc24331a14d9074799b042a" member_type: VOTER last_known_addr { host: "127.20.203.194" port: 43621 } attrs { replace: true } health_report { overall_health: HEALTHY } } peers { permanent_uuid: "01005e6a1b7543dab199d043db20d82a" member_type: VOTER last_known_addr { host: "127.20.203.195" port: 34441 } health_report { overall_health: HEALTHY } } peers { permanent_uuid: "e4dbef09b009418aa8ceabdacd64c5b6" member_type: NON_VOTER last_known_addr { host: "127.20.203.196" port: 34425 } attrs { promote: true } health_report { overall_health: UNKNOWN } } }
I20260710 11:06:04.625270 22576 raft_consensus.cc:1275] T 055308aadacd4cbca4171bd8dda4293b P 01005e6a1b7543dab199d043db20d82a [term 1 FOLLOWER]: Refusing update from remote peer b4ae7157adc24331a14d9074799b042a: Log matching property violated. Preceding OpId in replica: term: 1 index: 1. Preceding OpId from leader: term: 1 index: 2. (index mismatch)
W20260710 11:06:04.625945 22467 consensus_peers.cc:597] T 055308aadacd4cbca4171bd8dda4293b P b4ae7157adc24331a14d9074799b042a -> Peer e4dbef09b009418aa8ceabdacd64c5b6 (127.20.203.196:34425): Couldn't send request to peer e4dbef09b009418aa8ceabdacd64c5b6. Error code: TABLET_NOT_FOUND (6). Status: Not found: Tablet not found: 055308aadacd4cbca4171bd8dda4293b. This is attempt 1: this message will repeat every 5th retry.
I20260710 11:06:04.626979 23114 consensus_queue.cc:1048] T 055308aadacd4cbca4171bd8dda4293b P b4ae7157adc24331a14d9074799b042a [LEADER]: Connected to new peer: Peer: permanent_uuid: "01005e6a1b7543dab199d043db20d82a" member_type: VOTER last_known_addr { host: "127.20.203.195" port: 34441 }, Status: LMP_MISMATCH, Last received: 0.0, Next index: 2, Last known committed idx: 1, Time since last communication: 0.000s
I20260710 11:06:04.629426 22427 raft_consensus.cc:1275] T 055308aadacd4cbca4171bd8dda4293b P efc02f190cc7415696c17c97abc67bfa [term 1 FOLLOWER]: Refusing update from remote peer b4ae7157adc24331a14d9074799b042a: Log matching property violated. Preceding OpId in replica: term: 1 index: 1. Preceding OpId from leader: term: 1 index: 2. (index mismatch)
I20260710 11:06:04.630497 23114 consensus_queue.cc:1048] T 055308aadacd4cbca4171bd8dda4293b P b4ae7157adc24331a14d9074799b042a [LEADER]: Connected to new peer: Peer: permanent_uuid: "efc02f190cc7415696c17c97abc67bfa" member_type: VOTER last_known_addr { host: "127.20.203.193" port: 39283 } attrs { replace: true }, Status: LMP_MISMATCH, Last received: 0.0, Next index: 2, Last known committed idx: 1, Time since last communication: 0.000s
I20260710 11:06:04.638769 23089 raft_consensus.cc:2955] T 055308aadacd4cbca4171bd8dda4293b P b4ae7157adc24331a14d9074799b042a [term 1 LEADER]: Committing config change with OpId 1.2: config changed from index -1 to 2, NON_VOTER e4dbef09b009418aa8ceabdacd64c5b6 (127.20.203.196) added. New config: { opid_index: 2 OBSOLETE_local: false peers { permanent_uuid: "efc02f190cc7415696c17c97abc67bfa" member_type: VOTER last_known_addr { host: "127.20.203.193" port: 39283 } attrs { replace: true } } peers { permanent_uuid: "b4ae7157adc24331a14d9074799b042a" member_type: VOTER last_known_addr { host: "127.20.203.194" port: 43621 } } peers { permanent_uuid: "01005e6a1b7543dab199d043db20d82a" member_type: VOTER last_known_addr { host: "127.20.203.195" port: 34441 } } peers { permanent_uuid: "e4dbef09b009418aa8ceabdacd64c5b6" member_type: NON_VOTER last_known_addr { host: "127.20.203.196" port: 34425 } attrs { promote: true } } }
I20260710 11:06:04.641798 22576 raft_consensus.cc:2955] T 055308aadacd4cbca4171bd8dda4293b P 01005e6a1b7543dab199d043db20d82a [term 1 FOLLOWER]: Committing config change with OpId 1.2: config changed from index -1 to 2, NON_VOTER e4dbef09b009418aa8ceabdacd64c5b6 (127.20.203.196) added. New config: { opid_index: 2 OBSOLETE_local: false peers { permanent_uuid: "efc02f190cc7415696c17c97abc67bfa" member_type: VOTER last_known_addr { host: "127.20.203.193" port: 39283 } attrs { replace: true } } peers { permanent_uuid: "b4ae7157adc24331a14d9074799b042a" member_type: VOTER last_known_addr { host: "127.20.203.194" port: 43621 } } peers { permanent_uuid: "01005e6a1b7543dab199d043db20d82a" member_type: VOTER last_known_addr { host: "127.20.203.195" port: 34441 } } peers { permanent_uuid: "e4dbef09b009418aa8ceabdacd64c5b6" member_type: NON_VOTER last_known_addr { host: "127.20.203.196" port: 34425 } attrs { promote: true } } }
I20260710 11:06:04.642843 22427 raft_consensus.cc:2955] T 055308aadacd4cbca4171bd8dda4293b P efc02f190cc7415696c17c97abc67bfa [term 1 FOLLOWER]: Committing config change with OpId 1.2: config changed from index -1 to 2, NON_VOTER e4dbef09b009418aa8ceabdacd64c5b6 (127.20.203.196) added. New config: { opid_index: 2 OBSOLETE_local: false peers { permanent_uuid: "efc02f190cc7415696c17c97abc67bfa" member_type: VOTER last_known_addr { host: "127.20.203.193" port: 39283 } attrs { replace: true } } peers { permanent_uuid: "b4ae7157adc24331a14d9074799b042a" member_type: VOTER last_known_addr { host: "127.20.203.194" port: 43621 } } peers { permanent_uuid: "01005e6a1b7543dab199d043db20d82a" member_type: VOTER last_known_addr { host: "127.20.203.195" port: 34441 } } peers { permanent_uuid: "e4dbef09b009418aa8ceabdacd64c5b6" member_type: NON_VOTER last_known_addr { host: "127.20.203.196" port: 34425 } attrs { promote: true } } }
I20260710 11:06:04.655831 22326 catalog_manager.cc:5697] T 055308aadacd4cbca4171bd8dda4293b P efc02f190cc7415696c17c97abc67bfa reported cstate change: config changed from index -1 to 2, NON_VOTER e4dbef09b009418aa8ceabdacd64c5b6 (127.20.203.196) added. New cstate: current_term: 1 leader_uuid: "b4ae7157adc24331a14d9074799b042a" committed_config { opid_index: 2 OBSOLETE_local: false peers { permanent_uuid: "efc02f190cc7415696c17c97abc67bfa" member_type: VOTER last_known_addr { host: "127.20.203.193" port: 39283 } attrs { replace: true } } peers { permanent_uuid: "b4ae7157adc24331a14d9074799b042a" member_type: VOTER last_known_addr { host: "127.20.203.194" port: 43621 } } peers { permanent_uuid: "01005e6a1b7543dab199d043db20d82a" member_type: VOTER last_known_addr { host: "127.20.203.195" port: 34441 } } peers { permanent_uuid: "e4dbef09b009418aa8ceabdacd64c5b6" member_type: NON_VOTER last_known_addr { host: "127.20.203.196" port: 34425 } attrs { promote: true } } }
I20260710 11:06:04.656262 22576 consensus_queue.cc:237] T 2ea6c7a7ce9c4fec9de93cb9520a2e97 P 01005e6a1b7543dab199d043db20d82a [LEADER]: Queue going to LEADER mode. State: All replicated index: 0, Majority replicated index: 1, Committed index: 1, Last appended: 1.1, Last appended by leader: 0, Current term: 1, Majority size: 2, State: 0, Mode: LEADER, active raft config: opid_index: 2 OBSOLETE_local: false peers { permanent_uuid: "efc02f190cc7415696c17c97abc67bfa" member_type: VOTER last_known_addr { host: "127.20.203.193" port: 39283 } attrs { replace: true } } peers { permanent_uuid: "b4ae7157adc24331a14d9074799b042a" member_type: VOTER last_known_addr { host: "127.20.203.194" port: 43621 } } peers { permanent_uuid: "01005e6a1b7543dab199d043db20d82a" member_type: VOTER last_known_addr { host: "127.20.203.195" port: 34441 } } peers { permanent_uuid: "e4dbef09b009418aa8ceabdacd64c5b6" member_type: NON_VOTER last_known_addr { host: "127.20.203.196" port: 34425 } attrs { promote: true } }
I20260710 11:06:04.662477 22502 raft_consensus.cc:1275] T 2ea6c7a7ce9c4fec9de93cb9520a2e97 P b4ae7157adc24331a14d9074799b042a [term 1 FOLLOWER]: Refusing update from remote peer 01005e6a1b7543dab199d043db20d82a: Log matching property violated. Preceding OpId in replica: term: 1 index: 1. Preceding OpId from leader: term: 1 index: 2. (index mismatch)
W20260710 11:06:04.663251 22541 consensus_peers.cc:597] T 2ea6c7a7ce9c4fec9de93cb9520a2e97 P 01005e6a1b7543dab199d043db20d82a -> Peer e4dbef09b009418aa8ceabdacd64c5b6 (127.20.203.196:34425): Couldn't send request to peer e4dbef09b009418aa8ceabdacd64c5b6. Error code: TABLET_NOT_FOUND (6). Status: Not found: Tablet not found: 2ea6c7a7ce9c4fec9de93cb9520a2e97. This is attempt 1: this message will repeat every 5th retry.
I20260710 11:06:04.664253 22427 raft_consensus.cc:1275] T 2ea6c7a7ce9c4fec9de93cb9520a2e97 P efc02f190cc7415696c17c97abc67bfa [term 1 FOLLOWER]: Refusing update from remote peer 01005e6a1b7543dab199d043db20d82a: Log matching property violated. Preceding OpId in replica: term: 1 index: 1. Preceding OpId from leader: term: 1 index: 2. (index mismatch)
I20260710 11:06:04.664938 23103 consensus_queue.cc:1048] T 2ea6c7a7ce9c4fec9de93cb9520a2e97 P 01005e6a1b7543dab199d043db20d82a [LEADER]: Connected to new peer: Peer: permanent_uuid: "b4ae7157adc24331a14d9074799b042a" member_type: VOTER last_known_addr { host: "127.20.203.194" port: 43621 }, Status: LMP_MISMATCH, Last received: 0.0, Next index: 2, Last known committed idx: 1, Time since last communication: 0.000s
I20260710 11:06:04.667351 23103 consensus_queue.cc:1048] T 2ea6c7a7ce9c4fec9de93cb9520a2e97 P 01005e6a1b7543dab199d043db20d82a [LEADER]: Connected to new peer: Peer: permanent_uuid: "efc02f190cc7415696c17c97abc67bfa" member_type: VOTER last_known_addr { host: "127.20.203.193" port: 39283 } attrs { replace: true }, Status: LMP_MISMATCH, Last received: 0.0, Next index: 2, Last known committed idx: 1, Time since last communication: 0.000s
I20260710 11:06:04.674463 23103 raft_consensus.cc:2955] T 2ea6c7a7ce9c4fec9de93cb9520a2e97 P 01005e6a1b7543dab199d043db20d82a [term 1 LEADER]: Committing config change with OpId 1.2: config changed from index -1 to 2, NON_VOTER e4dbef09b009418aa8ceabdacd64c5b6 (127.20.203.196) added. New config: { opid_index: 2 OBSOLETE_local: false peers { permanent_uuid: "efc02f190cc7415696c17c97abc67bfa" member_type: VOTER last_known_addr { host: "127.20.203.193" port: 39283 } attrs { replace: true } } peers { permanent_uuid: "b4ae7157adc24331a14d9074799b042a" member_type: VOTER last_known_addr { host: "127.20.203.194" port: 43621 } } peers { permanent_uuid: "01005e6a1b7543dab199d043db20d82a" member_type: VOTER last_known_addr { host: "127.20.203.195" port: 34441 } } peers { permanent_uuid: "e4dbef09b009418aa8ceabdacd64c5b6" member_type: NON_VOTER last_known_addr { host: "127.20.203.196" port: 34425 } attrs { promote: true } } }
I20260710 11:06:04.675889 22502 raft_consensus.cc:2955] T 2ea6c7a7ce9c4fec9de93cb9520a2e97 P b4ae7157adc24331a14d9074799b042a [term 1 FOLLOWER]: Committing config change with OpId 1.2: config changed from index -1 to 2, NON_VOTER e4dbef09b009418aa8ceabdacd64c5b6 (127.20.203.196) added. New config: { opid_index: 2 OBSOLETE_local: false peers { permanent_uuid: "efc02f190cc7415696c17c97abc67bfa" member_type: VOTER last_known_addr { host: "127.20.203.193" port: 39283 } attrs { replace: true } } peers { permanent_uuid: "b4ae7157adc24331a14d9074799b042a" member_type: VOTER last_known_addr { host: "127.20.203.194" port: 43621 } } peers { permanent_uuid: "01005e6a1b7543dab199d043db20d82a" member_type: VOTER last_known_addr { host: "127.20.203.195" port: 34441 } } peers { permanent_uuid: "e4dbef09b009418aa8ceabdacd64c5b6" member_type: NON_VOTER last_known_addr { host: "127.20.203.196" port: 34425 } attrs { promote: true } } }
I20260710 11:06:04.679311 22427 raft_consensus.cc:2955] T 2ea6c7a7ce9c4fec9de93cb9520a2e97 P efc02f190cc7415696c17c97abc67bfa [term 1 FOLLOWER]: Committing config change with OpId 1.2: config changed from index -1 to 2, NON_VOTER e4dbef09b009418aa8ceabdacd64c5b6 (127.20.203.196) added. New config: { opid_index: 2 OBSOLETE_local: false peers { permanent_uuid: "efc02f190cc7415696c17c97abc67bfa" member_type: VOTER last_known_addr { host: "127.20.203.193" port: 39283 } attrs { replace: true } } peers { permanent_uuid: "b4ae7157adc24331a14d9074799b042a" member_type: VOTER last_known_addr { host: "127.20.203.194" port: 43621 } } peers { permanent_uuid: "01005e6a1b7543dab199d043db20d82a" member_type: VOTER last_known_addr { host: "127.20.203.195" port: 34441 } } peers { permanent_uuid: "e4dbef09b009418aa8ceabdacd64c5b6" member_type: NON_VOTER last_known_addr { host: "127.20.203.196" port: 34425 } attrs { promote: true } } }
I20260710 11:06:04.687427 22327 catalog_manager.cc:5697] T 2ea6c7a7ce9c4fec9de93cb9520a2e97 P 01005e6a1b7543dab199d043db20d82a reported cstate change: config changed from index -1 to 2, NON_VOTER e4dbef09b009418aa8ceabdacd64c5b6 (127.20.203.196) added. New cstate: current_term: 1 leader_uuid: "01005e6a1b7543dab199d043db20d82a" committed_config { opid_index: 2 OBSOLETE_local: false peers { permanent_uuid: "efc02f190cc7415696c17c97abc67bfa" member_type: VOTER last_known_addr { host: "127.20.203.193" port: 39283 } attrs { replace: true } health_report { overall_health: HEALTHY } } peers { permanent_uuid: "b4ae7157adc24331a14d9074799b042a" member_type: VOTER last_known_addr { host: "127.20.203.194" port: 43621 } health_report { overall_health: HEALTHY } } peers { permanent_uuid: "01005e6a1b7543dab199d043db20d82a" member_type: VOTER last_known_addr { host: "127.20.203.195" port: 34441 } health_report { overall_health: HEALTHY } } peers { permanent_uuid: "e4dbef09b009418aa8ceabdacd64c5b6" member_type: NON_VOTER last_known_addr { host: "127.20.203.196" port: 34425 } attrs { promote: true } health_report { overall_health: UNKNOWN } } }
I20260710 11:06:04.981673 23125 ts_tablet_manager.cc:933] T 8ee9a4d14dcb4ab7986fdaaa5c754d9d P e4dbef09b009418aa8ceabdacd64c5b6: Initiating tablet copy from peer efc02f190cc7415696c17c97abc67bfa (127.20.203.193:39283)
I20260710 11:06:04.984622 23125 tablet_copy_client.cc:323] T 8ee9a4d14dcb4ab7986fdaaa5c754d9d P e4dbef09b009418aa8ceabdacd64c5b6: tablet copy: Beginning tablet copy session from remote peer at address 127.20.203.193:39283
I20260710 11:06:04.986675 22439 tablet_copy_service.cc:140] P efc02f190cc7415696c17c97abc67bfa: Received BeginTabletCopySession request for tablet 8ee9a4d14dcb4ab7986fdaaa5c754d9d from peer e4dbef09b009418aa8ceabdacd64c5b6 ({username='slave'} at 127.0.0.1:51184)
I20260710 11:06:04.987363 22439 tablet_copy_service.cc:161] P efc02f190cc7415696c17c97abc67bfa: Beginning new tablet copy session on tablet 8ee9a4d14dcb4ab7986fdaaa5c754d9d from peer e4dbef09b009418aa8ceabdacd64c5b6 at {username='slave'} at 127.0.0.1:51184: session id = e4dbef09b009418aa8ceabdacd64c5b6-8ee9a4d14dcb4ab7986fdaaa5c754d9d
I20260710 11:06:04.995455 22439 tablet_copy_source_session.cc:215] T 8ee9a4d14dcb4ab7986fdaaa5c754d9d P efc02f190cc7415696c17c97abc67bfa: Tablet Copy: opened 0 blocks and 1 log segments
I20260710 11:06:04.999191 23125 data_dirs.cc:400] Could only allocate 1 dirs of requested 3 for tablet 8ee9a4d14dcb4ab7986fdaaa5c754d9d. 1 dirs total, 0 dirs full, 0 dirs failed
I20260710 11:06:05.015020 23125 tablet_copy_client.cc:806] T 8ee9a4d14dcb4ab7986fdaaa5c754d9d P e4dbef09b009418aa8ceabdacd64c5b6: tablet copy: Starting download of 0 data blocks...
I20260710 11:06:05.015619 23125 tablet_copy_client.cc:670] T 8ee9a4d14dcb4ab7986fdaaa5c754d9d P e4dbef09b009418aa8ceabdacd64c5b6: tablet copy: Starting download of 1 WAL segments...
I20260710 11:06:05.019405 23125 tablet_copy_client.cc:538] T 8ee9a4d14dcb4ab7986fdaaa5c754d9d P e4dbef09b009418aa8ceabdacd64c5b6: tablet copy: Tablet Copy complete. Replacing tablet superblock.
I20260710 11:06:05.025588 23125 tablet_bootstrap.cc:492] T 8ee9a4d14dcb4ab7986fdaaa5c754d9d P e4dbef09b009418aa8ceabdacd64c5b6: Bootstrap starting.
I20260710 11:06:05.045908 23125 tablet_bootstrap.cc:492] T 8ee9a4d14dcb4ab7986fdaaa5c754d9d P e4dbef09b009418aa8ceabdacd64c5b6: Bootstrap replayed 1/1 log segments. Stats: ops{read=2 overwritten=0 applied=2 ignored=0} inserts{seen=0 ignored=0} mutations{seen=0 ignored=0} orphaned_commits=0. Pending: 0 replicates
I20260710 11:06:05.046761 23125 tablet_bootstrap.cc:492] T 8ee9a4d14dcb4ab7986fdaaa5c754d9d P e4dbef09b009418aa8ceabdacd64c5b6: Bootstrap complete.
I20260710 11:06:05.047485 23125 ts_tablet_manager.cc:1403] T 8ee9a4d14dcb4ab7986fdaaa5c754d9d P e4dbef09b009418aa8ceabdacd64c5b6: Time spent bootstrapping tablet: real 0.022s	user 0.015s	sys 0.004s
I20260710 11:06:05.050678 23125 raft_consensus.cc:359] T 8ee9a4d14dcb4ab7986fdaaa5c754d9d P e4dbef09b009418aa8ceabdacd64c5b6 [term 1 LEARNER]: Replica starting. Triggering 0 pending ops. Active config: opid_index: 2 OBSOLETE_local: false peers { permanent_uuid: "efc02f190cc7415696c17c97abc67bfa" member_type: VOTER last_known_addr { host: "127.20.203.193" port: 39283 } } peers { permanent_uuid: "b4ae7157adc24331a14d9074799b042a" member_type: VOTER last_known_addr { host: "127.20.203.194" port: 43621 } attrs { replace: true } } peers { permanent_uuid: "01005e6a1b7543dab199d043db20d82a" member_type: VOTER last_known_addr { host: "127.20.203.195" port: 34441 } } peers { permanent_uuid: "e4dbef09b009418aa8ceabdacd64c5b6" member_type: NON_VOTER last_known_addr { host: "127.20.203.196" port: 34425 } attrs { promote: true } }
I20260710 11:06:05.051940 23125 raft_consensus.cc:740] T 8ee9a4d14dcb4ab7986fdaaa5c754d9d P e4dbef09b009418aa8ceabdacd64c5b6 [term 1 LEARNER]: Becoming Follower/Learner. State: Replica: e4dbef09b009418aa8ceabdacd64c5b6, State: Initialized, Role: LEARNER
I20260710 11:06:05.052582 23125 consensus_queue.cc:260] T 8ee9a4d14dcb4ab7986fdaaa5c754d9d P e4dbef09b009418aa8ceabdacd64c5b6 [NON_LEADER]: Queue going to NON_LEADER mode. State: All replicated index: 0, Majority replicated index: 0, Committed index: 2, Last appended: 1.2, Last appended by leader: 2, Current term: 0, Majority size: -1, State: 0, Mode: NON_LEADER, active raft config: opid_index: 2 OBSOLETE_local: false peers { permanent_uuid: "efc02f190cc7415696c17c97abc67bfa" member_type: VOTER last_known_addr { host: "127.20.203.193" port: 39283 } } peers { permanent_uuid: "b4ae7157adc24331a14d9074799b042a" member_type: VOTER last_known_addr { host: "127.20.203.194" port: 43621 } attrs { replace: true } } peers { permanent_uuid: "01005e6a1b7543dab199d043db20d82a" member_type: VOTER last_known_addr { host: "127.20.203.195" port: 34441 } } peers { permanent_uuid: "e4dbef09b009418aa8ceabdacd64c5b6" member_type: NON_VOTER last_known_addr { host: "127.20.203.196" port: 34425 } attrs { promote: true } }
I20260710 11:06:05.069901 23125 ts_tablet_manager.cc:1434] T 8ee9a4d14dcb4ab7986fdaaa5c754d9d P e4dbef09b009418aa8ceabdacd64c5b6: Time spent starting tablet: real 0.022s	user 0.008s	sys 0.013s
I20260710 11:06:05.072575 22439 tablet_copy_service.cc:342] P efc02f190cc7415696c17c97abc67bfa: Request end of tablet copy session e4dbef09b009418aa8ceabdacd64c5b6-8ee9a4d14dcb4ab7986fdaaa5c754d9d received from {username='slave'} at 127.0.0.1:51184
I20260710 11:06:05.073056 22439 tablet_copy_service.cc:434] P efc02f190cc7415696c17c97abc67bfa: ending tablet copy session e4dbef09b009418aa8ceabdacd64c5b6-8ee9a4d14dcb4ab7986fdaaa5c754d9d on tablet 8ee9a4d14dcb4ab7986fdaaa5c754d9d with peer e4dbef09b009418aa8ceabdacd64c5b6
I20260710 11:06:05.079416 23125 ts_tablet_manager.cc:933] T 887231d39bca478cb5a86054e5d204e5 P e4dbef09b009418aa8ceabdacd64c5b6: Initiating tablet copy from peer efc02f190cc7415696c17c97abc67bfa (127.20.203.193:39283)
I20260710 11:06:05.081127 23125 tablet_copy_client.cc:323] T 887231d39bca478cb5a86054e5d204e5 P e4dbef09b009418aa8ceabdacd64c5b6: tablet copy: Beginning tablet copy session from remote peer at address 127.20.203.193:39283
I20260710 11:06:05.082681 22439 tablet_copy_service.cc:140] P efc02f190cc7415696c17c97abc67bfa: Received BeginTabletCopySession request for tablet 887231d39bca478cb5a86054e5d204e5 from peer e4dbef09b009418aa8ceabdacd64c5b6 ({username='slave'} at 127.0.0.1:51184)
I20260710 11:06:05.083112 22439 tablet_copy_service.cc:161] P efc02f190cc7415696c17c97abc67bfa: Beginning new tablet copy session on tablet 887231d39bca478cb5a86054e5d204e5 from peer e4dbef09b009418aa8ceabdacd64c5b6 at {username='slave'} at 127.0.0.1:51184: session id = e4dbef09b009418aa8ceabdacd64c5b6-887231d39bca478cb5a86054e5d204e5
I20260710 11:06:05.089763 22439 tablet_copy_source_session.cc:215] T 887231d39bca478cb5a86054e5d204e5 P efc02f190cc7415696c17c97abc67bfa: Tablet Copy: opened 0 blocks and 1 log segments
I20260710 11:06:05.093447 23125 data_dirs.cc:400] Could only allocate 1 dirs of requested 3 for tablet 887231d39bca478cb5a86054e5d204e5. 1 dirs total, 0 dirs full, 0 dirs failed
I20260710 11:06:05.109580 23130 ts_tablet_manager.cc:933] T 2ea6c7a7ce9c4fec9de93cb9520a2e97 P e4dbef09b009418aa8ceabdacd64c5b6: Initiating tablet copy from peer 01005e6a1b7543dab199d043db20d82a (127.20.203.195:34441)
I20260710 11:06:05.111891 23130 tablet_copy_client.cc:323] T 2ea6c7a7ce9c4fec9de93cb9520a2e97 P e4dbef09b009418aa8ceabdacd64c5b6: tablet copy: Beginning tablet copy session from remote peer at address 127.20.203.195:34441
I20260710 11:06:05.112120 23125 tablet_copy_client.cc:806] T 887231d39bca478cb5a86054e5d204e5 P e4dbef09b009418aa8ceabdacd64c5b6: tablet copy: Starting download of 0 data blocks...
I20260710 11:06:05.112780 23125 tablet_copy_client.cc:670] T 887231d39bca478cb5a86054e5d204e5 P e4dbef09b009418aa8ceabdacd64c5b6: tablet copy: Starting download of 1 WAL segments...
I20260710 11:06:05.113970 22588 tablet_copy_service.cc:140] P 01005e6a1b7543dab199d043db20d82a: Received BeginTabletCopySession request for tablet 2ea6c7a7ce9c4fec9de93cb9520a2e97 from peer e4dbef09b009418aa8ceabdacd64c5b6 ({username='slave'} at 127.0.0.1:54954)
I20260710 11:06:05.114629 22588 tablet_copy_service.cc:161] P 01005e6a1b7543dab199d043db20d82a: Beginning new tablet copy session on tablet 2ea6c7a7ce9c4fec9de93cb9520a2e97 from peer e4dbef09b009418aa8ceabdacd64c5b6 at {username='slave'} at 127.0.0.1:54954: session id = e4dbef09b009418aa8ceabdacd64c5b6-2ea6c7a7ce9c4fec9de93cb9520a2e97
I20260710 11:06:05.116200 23125 tablet_copy_client.cc:538] T 887231d39bca478cb5a86054e5d204e5 P e4dbef09b009418aa8ceabdacd64c5b6: tablet copy: Tablet Copy complete. Replacing tablet superblock.
I20260710 11:06:05.126003 23125 tablet_bootstrap.cc:492] T 887231d39bca478cb5a86054e5d204e5 P e4dbef09b009418aa8ceabdacd64c5b6: Bootstrap starting.
I20260710 11:06:05.128393 22588 tablet_copy_source_session.cc:215] T 2ea6c7a7ce9c4fec9de93cb9520a2e97 P 01005e6a1b7543dab199d043db20d82a: Tablet Copy: opened 0 blocks and 1 log segments
I20260710 11:06:05.132081 23130 data_dirs.cc:400] Could only allocate 1 dirs of requested 3 for tablet 2ea6c7a7ce9c4fec9de93cb9520a2e97. 1 dirs total, 0 dirs full, 0 dirs failed
I20260710 11:06:05.154152 23132 ts_tablet_manager.cc:933] T 055308aadacd4cbca4171bd8dda4293b P e4dbef09b009418aa8ceabdacd64c5b6: Initiating tablet copy from peer b4ae7157adc24331a14d9074799b042a (127.20.203.194:43621)
I20260710 11:06:05.158697 23130 tablet_copy_client.cc:806] T 2ea6c7a7ce9c4fec9de93cb9520a2e97 P e4dbef09b009418aa8ceabdacd64c5b6: tablet copy: Starting download of 0 data blocks...
I20260710 11:06:05.158823 23125 tablet_bootstrap.cc:492] T 887231d39bca478cb5a86054e5d204e5 P e4dbef09b009418aa8ceabdacd64c5b6: Bootstrap replayed 1/1 log segments. Stats: ops{read=2 overwritten=0 applied=2 ignored=0} inserts{seen=0 ignored=0} mutations{seen=0 ignored=0} orphaned_commits=0. Pending: 0 replicates
I20260710 11:06:05.159382 23130 tablet_copy_client.cc:670] T 2ea6c7a7ce9c4fec9de93cb9520a2e97 P e4dbef09b009418aa8ceabdacd64c5b6: tablet copy: Starting download of 1 WAL segments...
I20260710 11:06:05.159914 23125 tablet_bootstrap.cc:492] T 887231d39bca478cb5a86054e5d204e5 P e4dbef09b009418aa8ceabdacd64c5b6: Bootstrap complete.
I20260710 11:06:05.160709 23125 ts_tablet_manager.cc:1403] T 887231d39bca478cb5a86054e5d204e5 P e4dbef09b009418aa8ceabdacd64c5b6: Time spent bootstrapping tablet: real 0.035s	user 0.031s	sys 0.004s
I20260710 11:06:05.156961 23132 tablet_copy_client.cc:323] T 055308aadacd4cbca4171bd8dda4293b P e4dbef09b009418aa8ceabdacd64c5b6: tablet copy: Beginning tablet copy session from remote peer at address 127.20.203.194:43621
I20260710 11:06:05.163605 23125 raft_consensus.cc:359] T 887231d39bca478cb5a86054e5d204e5 P e4dbef09b009418aa8ceabdacd64c5b6 [term 1 LEARNER]: Replica starting. Triggering 0 pending ops. Active config: opid_index: 2 OBSOLETE_local: false peers { permanent_uuid: "efc02f190cc7415696c17c97abc67bfa" member_type: VOTER last_known_addr { host: "127.20.203.193" port: 39283 } } peers { permanent_uuid: "b4ae7157adc24331a14d9074799b042a" member_type: VOTER last_known_addr { host: "127.20.203.194" port: 43621 } } peers { permanent_uuid: "01005e6a1b7543dab199d043db20d82a" member_type: VOTER last_known_addr { host: "127.20.203.195" port: 34441 } attrs { replace: true } } peers { permanent_uuid: "e4dbef09b009418aa8ceabdacd64c5b6" member_type: NON_VOTER last_known_addr { host: "127.20.203.196" port: 34425 } attrs { promote: true } }
I20260710 11:06:05.164469 23125 raft_consensus.cc:740] T 887231d39bca478cb5a86054e5d204e5 P e4dbef09b009418aa8ceabdacd64c5b6 [term 1 LEARNER]: Becoming Follower/Learner. State: Replica: e4dbef09b009418aa8ceabdacd64c5b6, State: Initialized, Role: LEARNER
I20260710 11:06:05.164793 23130 tablet_copy_client.cc:538] T 2ea6c7a7ce9c4fec9de93cb9520a2e97 P e4dbef09b009418aa8ceabdacd64c5b6: tablet copy: Tablet Copy complete. Replacing tablet superblock.
I20260710 11:06:05.165164 22514 tablet_copy_service.cc:140] P b4ae7157adc24331a14d9074799b042a: Received BeginTabletCopySession request for tablet 055308aadacd4cbca4171bd8dda4293b from peer e4dbef09b009418aa8ceabdacd64c5b6 ({username='slave'} at 127.0.0.1:41128)
I20260710 11:06:05.165812 22514 tablet_copy_service.cc:161] P b4ae7157adc24331a14d9074799b042a: Beginning new tablet copy session on tablet 055308aadacd4cbca4171bd8dda4293b from peer e4dbef09b009418aa8ceabdacd64c5b6 at {username='slave'} at 127.0.0.1:41128: session id = e4dbef09b009418aa8ceabdacd64c5b6-055308aadacd4cbca4171bd8dda4293b
I20260710 11:06:05.165298 23125 consensus_queue.cc:260] T 887231d39bca478cb5a86054e5d204e5 P e4dbef09b009418aa8ceabdacd64c5b6 [NON_LEADER]: Queue going to NON_LEADER mode. State: All replicated index: 0, Majority replicated index: 0, Committed index: 2, Last appended: 1.2, Last appended by leader: 2, Current term: 0, Majority size: -1, State: 0, Mode: NON_LEADER, active raft config: opid_index: 2 OBSOLETE_local: false peers { permanent_uuid: "efc02f190cc7415696c17c97abc67bfa" member_type: VOTER last_known_addr { host: "127.20.203.193" port: 39283 } } peers { permanent_uuid: "b4ae7157adc24331a14d9074799b042a" member_type: VOTER last_known_addr { host: "127.20.203.194" port: 43621 } } peers { permanent_uuid: "01005e6a1b7543dab199d043db20d82a" member_type: VOTER last_known_addr { host: "127.20.203.195" port: 34441 } attrs { replace: true } } peers { permanent_uuid: "e4dbef09b009418aa8ceabdacd64c5b6" member_type: NON_VOTER last_known_addr { host: "127.20.203.196" port: 34425 } attrs { promote: true } }
I20260710 11:06:05.167873 23125 ts_tablet_manager.cc:1434] T 887231d39bca478cb5a86054e5d204e5 P e4dbef09b009418aa8ceabdacd64c5b6: Time spent starting tablet: real 0.007s	user 0.001s	sys 0.004s
I20260710 11:06:05.169487 22439 tablet_copy_service.cc:342] P efc02f190cc7415696c17c97abc67bfa: Request end of tablet copy session e4dbef09b009418aa8ceabdacd64c5b6-887231d39bca478cb5a86054e5d204e5 received from {username='slave'} at 127.0.0.1:51184
I20260710 11:06:05.169878 22439 tablet_copy_service.cc:434] P efc02f190cc7415696c17c97abc67bfa: ending tablet copy session e4dbef09b009418aa8ceabdacd64c5b6-887231d39bca478cb5a86054e5d204e5 on tablet 887231d39bca478cb5a86054e5d204e5 with peer e4dbef09b009418aa8ceabdacd64c5b6
I20260710 11:06:05.178153 23130 tablet_bootstrap.cc:492] T 2ea6c7a7ce9c4fec9de93cb9520a2e97 P e4dbef09b009418aa8ceabdacd64c5b6: Bootstrap starting.
I20260710 11:06:05.181828 22514 tablet_copy_source_session.cc:215] T 055308aadacd4cbca4171bd8dda4293b P b4ae7157adc24331a14d9074799b042a: Tablet Copy: opened 0 blocks and 1 log segments
I20260710 11:06:05.185707 23132 data_dirs.cc:400] Could only allocate 1 dirs of requested 3 for tablet 055308aadacd4cbca4171bd8dda4293b. 1 dirs total, 0 dirs full, 0 dirs failed
I20260710 11:06:05.196545 23130 tablet_bootstrap.cc:492] T 2ea6c7a7ce9c4fec9de93cb9520a2e97 P e4dbef09b009418aa8ceabdacd64c5b6: Bootstrap replayed 1/1 log segments. Stats: ops{read=2 overwritten=0 applied=2 ignored=0} inserts{seen=0 ignored=0} mutations{seen=0 ignored=0} orphaned_commits=0. Pending: 0 replicates
I20260710 11:06:05.197413 23130 tablet_bootstrap.cc:492] T 2ea6c7a7ce9c4fec9de93cb9520a2e97 P e4dbef09b009418aa8ceabdacd64c5b6: Bootstrap complete.
I20260710 11:06:05.198122 23130 ts_tablet_manager.cc:1403] T 2ea6c7a7ce9c4fec9de93cb9520a2e97 P e4dbef09b009418aa8ceabdacd64c5b6: Time spent bootstrapping tablet: real 0.020s	user 0.019s	sys 0.001s
I20260710 11:06:05.201066 23130 raft_consensus.cc:359] T 2ea6c7a7ce9c4fec9de93cb9520a2e97 P e4dbef09b009418aa8ceabdacd64c5b6 [term 1 LEARNER]: Replica starting. Triggering 0 pending ops. Active config: opid_index: 2 OBSOLETE_local: false peers { permanent_uuid: "efc02f190cc7415696c17c97abc67bfa" member_type: VOTER last_known_addr { host: "127.20.203.193" port: 39283 } attrs { replace: true } } peers { permanent_uuid: "b4ae7157adc24331a14d9074799b042a" member_type: VOTER last_known_addr { host: "127.20.203.194" port: 43621 } } peers { permanent_uuid: "01005e6a1b7543dab199d043db20d82a" member_type: VOTER last_known_addr { host: "127.20.203.195" port: 34441 } } peers { permanent_uuid: "e4dbef09b009418aa8ceabdacd64c5b6" member_type: NON_VOTER last_known_addr { host: "127.20.203.196" port: 34425 } attrs { promote: true } }
I20260710 11:06:05.201887 23130 raft_consensus.cc:740] T 2ea6c7a7ce9c4fec9de93cb9520a2e97 P e4dbef09b009418aa8ceabdacd64c5b6 [term 1 LEARNER]: Becoming Follower/Learner. State: Replica: e4dbef09b009418aa8ceabdacd64c5b6, State: Initialized, Role: LEARNER
I20260710 11:06:05.202119 23132 tablet_copy_client.cc:806] T 055308aadacd4cbca4171bd8dda4293b P e4dbef09b009418aa8ceabdacd64c5b6: tablet copy: Starting download of 0 data blocks...
I20260710 11:06:05.202644 23132 tablet_copy_client.cc:670] T 055308aadacd4cbca4171bd8dda4293b P e4dbef09b009418aa8ceabdacd64c5b6: tablet copy: Starting download of 1 WAL segments...
