Total incomplete LBM containers: 0 (0 repaired)
Total LBM partial records: 0 (0 repaired)
Total corrupted LBM metadata records in RocksDB: 0 (0 repaired)
I20260710 11:05:35.003567 21004 rpc_server.cc:225] running with OpenSSL 1.1.1  11 Sep 2018
I20260710 11:05:35.004701 21004 kserver.cc:163] Server-wide thread pool size limit: 3276
I20260710 11:05:35.040063 21004 rpc_server.cc:307] RPC server started. Bound to: 127.20.131.62:46177
I20260710 11:05:35.040194 21558 acceptor_pool.cc:272] collecting diagnostics on the listening RPC socket 127.20.131.62:46177 every 8 connection(s)
I20260710 11:05:35.043885 21559 data_dirs.cc:400] Could only allocate 1 dirs of requested 3 for tablet 00000000000000000000000000000000. 1 dirs total, 0 dirs full, 0 dirs failed
I20260710 11:05:35.052937 21559 tablet_bootstrap.cc:492] T 00000000000000000000000000000000 P 9b6fc94d6ee341c298bb34aa399e819c: Bootstrap starting.
I20260710 11:05:35.057615 21559 tablet_bootstrap.cc:654] T 00000000000000000000000000000000 P 9b6fc94d6ee341c298bb34aa399e819c: Neither blocks nor log segments found. Creating new log.
I20260710 11:05:35.061681 21559 tablet_bootstrap.cc:492] T 00000000000000000000000000000000 P 9b6fc94d6ee341c298bb34aa399e819c: No bootstrap required, opened a new log
I20260710 11:05:35.063812 21559 raft_consensus.cc:359] T 00000000000000000000000000000000 P 9b6fc94d6ee341c298bb34aa399e819c [term 0 FOLLOWER]: Replica starting. Triggering 0 pending ops. Active config: opid_index: -1 OBSOLETE_local: true peers { permanent_uuid: "9b6fc94d6ee341c298bb34aa399e819c" member_type: VOTER }
I20260710 11:05:35.064208 21559 raft_consensus.cc:385] T 00000000000000000000000000000000 P 9b6fc94d6ee341c298bb34aa399e819c [term 0 FOLLOWER]: Consensus starting up: Expiring failure detector timer to make a prompt election more likely
I20260710 11:05:35.064469 21559 raft_consensus.cc:740] T 00000000000000000000000000000000 P 9b6fc94d6ee341c298bb34aa399e819c [term 0 FOLLOWER]: Becoming Follower/Learner. State: Replica: 9b6fc94d6ee341c298bb34aa399e819c, State: Initialized, Role: FOLLOWER
I20260710 11:05:35.065109 21559 consensus_queue.cc:260] T 00000000000000000000000000000000 P 9b6fc94d6ee341c298bb34aa399e819c [NON_LEADER]: Queue going to NON_LEADER mode. State: All replicated index: 0, Majority replicated index: 0, Committed index: 0, Last appended: 0.0, Last appended by leader: 0, Current term: 0, Majority size: -1, State: 0, Mode: NON_LEADER, active raft config: opid_index: -1 OBSOLETE_local: true peers { permanent_uuid: "9b6fc94d6ee341c298bb34aa399e819c" member_type: VOTER }
I20260710 11:05:35.065570 21559 raft_consensus.cc:399] T 00000000000000000000000000000000 P 9b6fc94d6ee341c298bb34aa399e819c [term 0 FOLLOWER]: Only one voter in the Raft config. Triggering election immediately
I20260710 11:05:35.065806 21559 raft_consensus.cc:493] T 00000000000000000000000000000000 P 9b6fc94d6ee341c298bb34aa399e819c [term 0 FOLLOWER]: Starting leader election (initial election of a single-replica configuration)
I20260710 11:05:35.066080 21559 raft_consensus.cc:3060] T 00000000000000000000000000000000 P 9b6fc94d6ee341c298bb34aa399e819c [term 0 FOLLOWER]: Advancing to term 1
I20260710 11:05:35.069945 21559 raft_consensus.cc:515] T 00000000000000000000000000000000 P 9b6fc94d6ee341c298bb34aa399e819c [term 1 FOLLOWER]: Starting leader election with config: opid_index: -1 OBSOLETE_local: true peers { permanent_uuid: "9b6fc94d6ee341c298bb34aa399e819c" member_type: VOTER }
I20260710 11:05:35.070448 21559 leader_election.cc:304] T 00000000000000000000000000000000 P 9b6fc94d6ee341c298bb34aa399e819c [CANDIDATE]: Term 1 election: Election decided. Result: candidate won. Election summary: received 1 responses out of 1 voters: 1 yes votes; 0 no votes. yes voters: 9b6fc94d6ee341c298bb34aa399e819c; no voters: 
I20260710 11:05:35.071463 21559 leader_election.cc:290] T 00000000000000000000000000000000 P 9b6fc94d6ee341c298bb34aa399e819c [CANDIDATE]: Term 1 election: Requested vote from peers 
I20260710 11:05:35.071731 21562 raft_consensus.cc:2804] T 00000000000000000000000000000000 P 9b6fc94d6ee341c298bb34aa399e819c [term 1 FOLLOWER]: Leader election won for term 1
I20260710 11:05:35.073032 21562 raft_consensus.cc:697] T 00000000000000000000000000000000 P 9b6fc94d6ee341c298bb34aa399e819c [term 1 LEADER]: Becoming Leader. State: Replica: 9b6fc94d6ee341c298bb34aa399e819c, State: Running, Role: LEADER
I20260710 11:05:35.073693 21562 consensus_queue.cc:237] T 00000000000000000000000000000000 P 9b6fc94d6ee341c298bb34aa399e819c [LEADER]: Queue going to LEADER mode. State: All replicated index: 0, Majority replicated index: 0, Committed index: 0, Last appended: 0.0, Last appended by leader: 0, Current term: 1, Majority size: 1, State: 0, Mode: LEADER, active raft config: opid_index: -1 OBSOLETE_local: true peers { permanent_uuid: "9b6fc94d6ee341c298bb34aa399e819c" member_type: VOTER }
I20260710 11:05:35.074429 21559 sys_catalog.cc:565] T 00000000000000000000000000000000 P 9b6fc94d6ee341c298bb34aa399e819c [sys.catalog]: configured and running, proceeding with master startup.
I20260710 11:05:35.078704 21564 sys_catalog.cc:455] T 00000000000000000000000000000000 P 9b6fc94d6ee341c298bb34aa399e819c [sys.catalog]: SysCatalogTable state changed. Reason: New leader 9b6fc94d6ee341c298bb34aa399e819c. Latest consensus state: current_term: 1 leader_uuid: "9b6fc94d6ee341c298bb34aa399e819c" committed_config { opid_index: -1 OBSOLETE_local: true peers { permanent_uuid: "9b6fc94d6ee341c298bb34aa399e819c" member_type: VOTER } }
I20260710 11:05:35.079479 21564 sys_catalog.cc:458] T 00000000000000000000000000000000 P 9b6fc94d6ee341c298bb34aa399e819c [sys.catalog]: This master's current role is: LEADER
I20260710 11:05:35.079967 21563 sys_catalog.cc:455] T 00000000000000000000000000000000 P 9b6fc94d6ee341c298bb34aa399e819c [sys.catalog]: SysCatalogTable state changed. Reason: RaftConsensus started. Latest consensus state: current_term: 1 leader_uuid: "9b6fc94d6ee341c298bb34aa399e819c" committed_config { opid_index: -1 OBSOLETE_local: true peers { permanent_uuid: "9b6fc94d6ee341c298bb34aa399e819c" member_type: VOTER } }
I20260710 11:05:35.080363 21563 sys_catalog.cc:458] T 00000000000000000000000000000000 P 9b6fc94d6ee341c298bb34aa399e819c [sys.catalog]: This master's current role is: LEADER
I20260710 11:05:35.081573 21569 catalog_manager.cc:1511] Loading table and tablet metadata into memory...
I20260710 11:05:35.086280 21569 catalog_manager.cc:1520] Initializing Kudu cluster ID...
I20260710 11:05:35.091312 21004 internal_mini_cluster.cc:184] Waiting to initialize catalog manager on master 0
I20260710 11:05:35.094297 21569 catalog_manager.cc:1383] Generated new cluster ID: 9a515e5d8f0c4a6e8ec5b9ecb7f212b4
I20260710 11:05:35.094544 21569 catalog_manager.cc:1531] Initializing Kudu internal certificate authority...
I20260710 11:05:35.127326 21569 catalog_manager.cc:1406] Generated new certificate authority record
I20260710 11:05:35.128374 21569 catalog_manager.cc:1540] Loading token signing keys...
I20260710 11:05:35.148010 21569 catalog_manager.cc:6070] T 00000000000000000000000000000000 P 9b6fc94d6ee341c298bb34aa399e819c: Generated new TSK 0
I20260710 11:05:35.148561 21569 catalog_manager.cc:1550] Initializing in-progress tserver states...
I20260710 11:05:35.157320 21004 file_cache.cc:504] Constructed file cache file cache with capacity 419430
W20260710 11:05:35.163156 21580 instance_detector.cc:116] could not retrieve AWS instance metadata: Network error: curl error: HTTP response code said error: The requested URL returned error: 404
W20260710 11:05:35.163551 21581 instance_detector.cc:116] could not retrieve Azure instance metadata: Network error: curl error: HTTP response code said error: The requested URL returned error: 404
W20260710 11:05:35.165239 21583 instance_detector.cc:116] could not retrieve OpenStack instance metadata: Network error: curl error: HTTP response code said error: The requested URL returned error: 404
I20260710 11:05:35.165591 21004 server_base.cc:1061] running on GCE node
I20260710 11:05:35.166625 21004 hybrid_clock.cc:584] initializing the hybrid clock with 'system_unsync' time source
W20260710 11:05:35.166846 21004 system_unsync_time.cc:38] NTP support is disabled. Clock error bounds will not be accurate. This configuration is not suitable for distributed clusters.
I20260710 11:05:35.167032 21004 hybrid_clock.cc:648] HybridClock initialized: now 1783681535166997 us; error 0 us; skew 500 ppm
I20260710 11:05:35.167534 21004 server_base.cc:861] Flag tcmalloc_max_total_thread_cache_bytes is not working since tcmalloc is not enabled.
I20260710 11:05:35.169612 21004 webserver.cc:533] Webserver started at http://127.20.131.1:42111/ using document root <none> and password file <none>
I20260710 11:05:35.170094 21004 fs_manager.cc:362] Metadata directory not provided
I20260710 11:05:35.170332 21004 fs_manager.cc:368] Using write-ahead log directory (fs_wal_dir) as metadata directory
I20260710 11:05:35.170617 21004 server_base.cc:909] This appears to be a new deployment of Kudu; creating new FS layout
I20260710 11:05:35.171562 21004 fs_manager.cc:1068] Generated new instance metadata in path /tmp/dist-test-task5RwFug/test-tmp/auto_leader_rebalancer-test.0.LeaderRebalancerTest.FunctionalTestForNotDivided.1783681522279396-21004-0/minicluster-data/ts-0-root/instance:
uuid: "93cf0c9dea6c40eb92919144aea54436"
format_stamp: "Formatted at 2026-07-10 11:05:35 on dist-test-slave-bbtm"
I20260710 11:05:35.175544 21004 fs_manager.cc:696] Time spent creating directory manager: real 0.004s	user 0.005s	sys 0.000s
I20260710 11:05:35.178431 21588 log_block_manager.cc:4127] Time spent loading block containers with low live blocks: real 0.000s	user 0.000s	sys 0.000s
I20260710 11:05:35.179126 21004 fs_manager.cc:730] Time spent opening block manager: real 0.002s	user 0.002s	sys 0.000s
I20260710 11:05:35.179442 21004 fs_manager.cc:647] Opened local filesystem: /tmp/dist-test-task5RwFug/test-tmp/auto_leader_rebalancer-test.0.LeaderRebalancerTest.FunctionalTestForNotDivided.1783681522279396-21004-0/minicluster-data/ts-0-root
uuid: "93cf0c9dea6c40eb92919144aea54436"
format_stamp: "Formatted at 2026-07-10 11:05:35 on dist-test-slave-bbtm"
I20260710 11:05:35.179733 21004 fs_report.cc:389] FS layout report
--------------------
wal directory: /tmp/dist-test-task5RwFug/test-tmp/auto_leader_rebalancer-test.0.LeaderRebalancerTest.FunctionalTestForNotDivided.1783681522279396-21004-0/minicluster-data/ts-0-root
metadata directory: /tmp/dist-test-task5RwFug/test-tmp/auto_leader_rebalancer-test.0.LeaderRebalancerTest.FunctionalTestForNotDivided.1783681522279396-21004-0/minicluster-data/ts-0-root
1 data directories: /tmp/dist-test-task5RwFug/test-tmp/auto_leader_rebalancer-test.0.LeaderRebalancerTest.FunctionalTestForNotDivided.1783681522279396-21004-0/minicluster-data/ts-0-root/data
Total live blocks: 0
Total live bytes: 0
Total live bytes (after alignment): 0
Total number of LBM containers: 0 (0 full)
Did not check for missing blocks
Did not check for orphaned blocks
Total full LBM containers with extra space: 0 (0 repaired)
Total full LBM container extra space in bytes: 0 (0 repaired)
Total incomplete LBM containers: 0 (0 repaired)
Total LBM partial records: 0 (0 repaired)
Total corrupted LBM metadata records in RocksDB: 0 (0 repaired)
I20260710 11:05:35.193864 21004 rpc_server.cc:225] running with OpenSSL 1.1.1  11 Sep 2018
I20260710 11:05:35.195062 21004 kserver.cc:163] Server-wide thread pool size limit: 3276
I20260710 11:05:35.196413 21004 txn_system_client.cc:432] TxnSystemClient initialization is disabled...
I20260710 11:05:35.198563 21004 ts_tablet_manager.cc:585] Loaded tablet metadata (0 total tablets, 0 live tablets)
I20260710 11:05:35.198779 21004 ts_tablet_manager.cc:531] Time spent load tablet metadata: real 0.000s	user 0.000s	sys 0.000s
I20260710 11:05:35.199011 21004 ts_tablet_manager.cc:616] Registered 0 tablets
I20260710 11:05:35.199198 21004 ts_tablet_manager.cc:595] Time spent register tablets: real 0.000s	user 0.000s	sys 0.000s
I20260710 11:05:35.237816 21004 rpc_server.cc:307] RPC server started. Bound to: 127.20.131.1:44231
I20260710 11:05:35.237910 21650 acceptor_pool.cc:272] collecting diagnostics on the listening RPC socket 127.20.131.1:44231 every 8 connection(s)
I20260710 11:05:35.242481 21004 file_cache.cc:504] Constructed file cache file cache with capacity 419430
W20260710 11:05:35.249100 21656 instance_detector.cc:116] could not retrieve Azure instance metadata: Network error: curl error: HTTP response code said error: The requested URL returned error: 404
W20260710 11:05:35.250166 21655 instance_detector.cc:116] could not retrieve AWS instance metadata: Network error: curl error: HTTP response code said error: The requested URL returned error: 404
I20260710 11:05:35.253022 21004 server_base.cc:1061] running on GCE node
W20260710 11:05:35.253242 21658 instance_detector.cc:116] could not retrieve OpenStack instance metadata: Network error: curl error: HTTP response code said error: The requested URL returned error: 404
I20260710 11:05:35.254133 21004 hybrid_clock.cc:584] initializing the hybrid clock with 'system_unsync' time source
W20260710 11:05:35.254379 21004 system_unsync_time.cc:38] NTP support is disabled. Clock error bounds will not be accurate. This configuration is not suitable for distributed clusters.
I20260710 11:05:35.254500 21004 hybrid_clock.cc:648] HybridClock initialized: now 1783681535254489 us; error 0 us; skew 500 ppm
I20260710 11:05:35.255082 21004 server_base.cc:861] Flag tcmalloc_max_total_thread_cache_bytes is not working since tcmalloc is not enabled.
I20260710 11:05:35.257401 21004 webserver.cc:533] Webserver started at http://127.20.131.2:39793/ using document root <none> and password file <none>
I20260710 11:05:35.258069 21004 fs_manager.cc:362] Metadata directory not provided
I20260710 11:05:35.258399 21004 fs_manager.cc:368] Using write-ahead log directory (fs_wal_dir) as metadata directory
I20260710 11:05:35.258708 21004 server_base.cc:909] This appears to be a new deployment of Kudu; creating new FS layout
I20260710 11:05:35.259506 21651 heartbeater.cc:344] Connected to a master server at 127.20.131.62:46177
I20260710 11:05:35.259847 21651 heartbeater.cc:461] Registering TS with master...
I20260710 11:05:35.260044 21004 fs_manager.cc:1068] Generated new instance metadata in path /tmp/dist-test-task5RwFug/test-tmp/auto_leader_rebalancer-test.0.LeaderRebalancerTest.FunctionalTestForNotDivided.1783681522279396-21004-0/minicluster-data/ts-1-root/instance:
uuid: "3d874e33e14a4af7a1e2deafaf7a4de6"
format_stamp: "Formatted at 2026-07-10 11:05:35 on dist-test-slave-bbtm"
I20260710 11:05:35.260514 21651 heartbeater.cc:507] Master 127.20.131.62:46177 requested a full tablet report, sending...
I20260710 11:05:35.262495 21524 ts_manager.cc:194] Registered new tserver with Master: 93cf0c9dea6c40eb92919144aea54436 (127.20.131.1:44231)
I20260710 11:05:35.264062 21524 master_service.cc:502] Signed X509 certificate for tserver {username='slave'} at 127.0.0.1:34458
I20260710 11:05:35.264900 21004 fs_manager.cc:696] Time spent creating directory manager: real 0.004s	user 0.005s	sys 0.001s
I20260710 11:05:35.268162 21663 log_block_manager.cc:4127] Time spent loading block containers with low live blocks: real 0.000s	user 0.000s	sys 0.000s
I20260710 11:05:35.268853 21004 fs_manager.cc:730] Time spent opening block manager: real 0.002s	user 0.002s	sys 0.000s
I20260710 11:05:35.269120 21004 fs_manager.cc:647] Opened local filesystem: /tmp/dist-test-task5RwFug/test-tmp/auto_leader_rebalancer-test.0.LeaderRebalancerTest.FunctionalTestForNotDivided.1783681522279396-21004-0/minicluster-data/ts-1-root
uuid: "3d874e33e14a4af7a1e2deafaf7a4de6"
format_stamp: "Formatted at 2026-07-10 11:05:35 on dist-test-slave-bbtm"
I20260710 11:05:35.269373 21004 fs_report.cc:389] FS layout report
--------------------
wal directory: /tmp/dist-test-task5RwFug/test-tmp/auto_leader_rebalancer-test.0.LeaderRebalancerTest.FunctionalTestForNotDivided.1783681522279396-21004-0/minicluster-data/ts-1-root
metadata directory: /tmp/dist-test-task5RwFug/test-tmp/auto_leader_rebalancer-test.0.LeaderRebalancerTest.FunctionalTestForNotDivided.1783681522279396-21004-0/minicluster-data/ts-1-root
1 data directories: /tmp/dist-test-task5RwFug/test-tmp/auto_leader_rebalancer-test.0.LeaderRebalancerTest.FunctionalTestForNotDivided.1783681522279396-21004-0/minicluster-data/ts-1-root/data
Total live blocks: 0
Total live bytes: 0
Total live bytes (after alignment): 0
Total number of LBM containers: 0 (0 full)
Did not check for missing blocks
Did not check for orphaned blocks
Total full LBM containers with extra space: 0 (0 repaired)
Total full LBM container extra space in bytes: 0 (0 repaired)
Total incomplete LBM containers: 0 (0 repaired)
Total LBM partial records: 0 (0 repaired)
Total corrupted LBM metadata records in RocksDB: 0 (0 repaired)
I20260710 11:05:35.289876 21004 rpc_server.cc:225] running with OpenSSL 1.1.1  11 Sep 2018
I20260710 11:05:35.290993 21004 kserver.cc:163] Server-wide thread pool size limit: 3276
I20260710 11:05:35.292274 21004 txn_system_client.cc:432] TxnSystemClient initialization is disabled...
I20260710 11:05:35.294466 21004 ts_tablet_manager.cc:585] Loaded tablet metadata (0 total tablets, 0 live tablets)
I20260710 11:05:35.294668 21004 ts_tablet_manager.cc:531] Time spent load tablet metadata: real 0.000s	user 0.000s	sys 0.000s
I20260710 11:05:35.294924 21004 ts_tablet_manager.cc:616] Registered 0 tablets
I20260710 11:05:35.295079 21004 ts_tablet_manager.cc:595] Time spent register tablets: real 0.000s	user 0.000s	sys 0.000s
I20260710 11:05:35.333164 21004 rpc_server.cc:307] RPC server started. Bound to: 127.20.131.2:43685
I20260710 11:05:35.333256 21725 acceptor_pool.cc:272] collecting diagnostics on the listening RPC socket 127.20.131.2:43685 every 8 connection(s)
I20260710 11:05:35.337527 21004 file_cache.cc:504] Constructed file cache file cache with capacity 419430
W20260710 11:05:35.344478 21729 instance_detector.cc:116] could not retrieve AWS instance metadata: Network error: curl error: HTTP response code said error: The requested URL returned error: 404
W20260710 11:05:35.345878 21730 instance_detector.cc:116] could not retrieve Azure instance metadata: Network error: curl error: HTTP response code said error: The requested URL returned error: 404
I20260710 11:05:35.348238 21004 server_base.cc:1061] running on GCE node
W20260710 11:05:35.349042 21732 instance_detector.cc:116] could not retrieve OpenStack instance metadata: Network error: curl error: HTTP response code said error: The requested URL returned error: 404
I20260710 11:05:35.349526 21726 heartbeater.cc:344] Connected to a master server at 127.20.131.62:46177
I20260710 11:05:35.349952 21726 heartbeater.cc:461] Registering TS with master...
I20260710 11:05:35.349980 21004 hybrid_clock.cc:584] initializing the hybrid clock with 'system_unsync' time source
W20260710 11:05:35.350327 21004 system_unsync_time.cc:38] NTP support is disabled. Clock error bounds will not be accurate. This configuration is not suitable for distributed clusters.
I20260710 11:05:35.350481 21004 hybrid_clock.cc:648] HybridClock initialized: now 1783681535350449 us; error 0 us; skew 500 ppm
I20260710 11:05:35.350775 21726 heartbeater.cc:507] Master 127.20.131.62:46177 requested a full tablet report, sending...
I20260710 11:05:35.351040 21004 server_base.cc:861] Flag tcmalloc_max_total_thread_cache_bytes is not working since tcmalloc is not enabled.
I20260710 11:05:35.352957 21524 ts_manager.cc:194] Registered new tserver with Master: 3d874e33e14a4af7a1e2deafaf7a4de6 (127.20.131.2:43685)
I20260710 11:05:35.353622 21004 webserver.cc:533] Webserver started at http://127.20.131.3:37811/ using document root <none> and password file <none>
I20260710 11:05:35.354261 21004 fs_manager.cc:362] Metadata directory not provided
I20260710 11:05:35.354518 21004 fs_manager.cc:368] Using write-ahead log directory (fs_wal_dir) as metadata directory
I20260710 11:05:35.354821 21004 server_base.cc:909] This appears to be a new deployment of Kudu; creating new FS layout
I20260710 11:05:35.354766 21524 master_service.cc:502] Signed X509 certificate for tserver {username='slave'} at 127.0.0.1:34468
I20260710 11:05:35.356318 21004 fs_manager.cc:1068] Generated new instance metadata in path /tmp/dist-test-task5RwFug/test-tmp/auto_leader_rebalancer-test.0.LeaderRebalancerTest.FunctionalTestForNotDivided.1783681522279396-21004-0/minicluster-data/ts-2-root/instance:
uuid: "7d109c01bdbd492bb14445d8088259f6"
format_stamp: "Formatted at 2026-07-10 11:05:35 on dist-test-slave-bbtm"
I20260710 11:05:35.360350 21004 fs_manager.cc:696] Time spent creating directory manager: real 0.004s	user 0.006s	sys 0.000s
I20260710 11:05:35.363262 21737 log_block_manager.cc:4127] Time spent loading block containers with low live blocks: real 0.000s	user 0.000s	sys 0.000s
I20260710 11:05:35.363916 21004 fs_manager.cc:730] Time spent opening block manager: real 0.002s	user 0.002s	sys 0.001s
I20260710 11:05:35.364208 21004 fs_manager.cc:647] Opened local filesystem: /tmp/dist-test-task5RwFug/test-tmp/auto_leader_rebalancer-test.0.LeaderRebalancerTest.FunctionalTestForNotDivided.1783681522279396-21004-0/minicluster-data/ts-2-root
uuid: "7d109c01bdbd492bb14445d8088259f6"
format_stamp: "Formatted at 2026-07-10 11:05:35 on dist-test-slave-bbtm"
I20260710 11:05:35.364439 21004 fs_report.cc:389] FS layout report
--------------------
wal directory: /tmp/dist-test-task5RwFug/test-tmp/auto_leader_rebalancer-test.0.LeaderRebalancerTest.FunctionalTestForNotDivided.1783681522279396-21004-0/minicluster-data/ts-2-root
metadata directory: /tmp/dist-test-task5RwFug/test-tmp/auto_leader_rebalancer-test.0.LeaderRebalancerTest.FunctionalTestForNotDivided.1783681522279396-21004-0/minicluster-data/ts-2-root
1 data directories: /tmp/dist-test-task5RwFug/test-tmp/auto_leader_rebalancer-test.0.LeaderRebalancerTest.FunctionalTestForNotDivided.1783681522279396-21004-0/minicluster-data/ts-2-root/data
Total live blocks: 0
Total live bytes: 0
Total live bytes (after alignment): 0
Total number of LBM containers: 0 (0 full)
Did not check for missing blocks
Did not check for orphaned blocks
Total full LBM containers with extra space: 0 (0 repaired)
Total full LBM container extra space in bytes: 0 (0 repaired)
Total incomplete LBM containers: 0 (0 repaired)
Total LBM partial records: 0 (0 repaired)
Total corrupted LBM metadata records in RocksDB: 0 (0 repaired)
I20260710 11:05:35.378374 21004 rpc_server.cc:225] running with OpenSSL 1.1.1  11 Sep 2018
I20260710 11:05:35.379420 21004 kserver.cc:163] Server-wide thread pool size limit: 3276
I20260710 11:05:35.380800 21004 txn_system_client.cc:432] TxnSystemClient initialization is disabled...
I20260710 11:05:35.382766 21004 ts_tablet_manager.cc:585] Loaded tablet metadata (0 total tablets, 0 live tablets)
I20260710 11:05:35.382927 21004 ts_tablet_manager.cc:531] Time spent load tablet metadata: real 0.000s	user 0.000s	sys 0.000s
I20260710 11:05:35.383219 21004 ts_tablet_manager.cc:616] Registered 0 tablets
I20260710 11:05:35.383404 21004 ts_tablet_manager.cc:595] Time spent register tablets: real 0.000s	user 0.000s	sys 0.000s
I20260710 11:05:35.421264 21004 rpc_server.cc:307] RPC server started. Bound to: 127.20.131.3:33231
I20260710 11:05:35.421368 21799 acceptor_pool.cc:272] collecting diagnostics on the listening RPC socket 127.20.131.3:33231 every 8 connection(s)
I20260710 11:05:35.434234 21800 heartbeater.cc:344] Connected to a master server at 127.20.131.62:46177
I20260710 11:05:35.434612 21800 heartbeater.cc:461] Registering TS with master...
I20260710 11:05:35.435302 21800 heartbeater.cc:507] Master 127.20.131.62:46177 requested a full tablet report, sending...
I20260710 11:05:35.437260 21524 ts_manager.cc:194] Registered new tserver with Master: 7d109c01bdbd492bb14445d8088259f6 (127.20.131.3:33231)
I20260710 11:05:35.437391 21004 internal_mini_cluster.cc:371] 3 TS(s) registered with all masters after 0.013258348s
I20260710 11:05:35.438898 21524 master_service.cc:502] Signed X509 certificate for tserver {username='slave'} at 127.0.0.1:34472
I20260710 11:05:35.460034 21524 catalog_manager.cc:2283] Servicing CreateTable request from {username='slave'} at 127.0.0.1:34476:
name: "test-workload"
schema {
  columns {
    name: "key"
    type: INT32
    is_key: true
    is_nullable: false
    encoding: AUTO_ENCODING
    compression: DEFAULT_COMPRESSION
    cfile_block_size: 0
    immutable: false
  }
  columns {
    name: "int_val"
    type: INT32
    is_key: false
    is_nullable: false
    encoding: AUTO_ENCODING
    compression: DEFAULT_COMPRESSION
    cfile_block_size: 0
    immutable: false
  }
  columns {
    name: "string_val"
    type: STRING
    is_key: false
    is_nullable: true
    encoding: AUTO_ENCODING
    compression: DEFAULT_COMPRESSION
    cfile_block_size: 0
    immutable: false
  }
}
num_replicas: 3
split_rows_range_bounds {
  rows: "\004\001\000\314\314\314\014\004\001\000\230\231\231\031\004\001\000dff&\004\001\0000333\004\001\000\374\377\377?\004\001\000\310\314\314L\004\001\000\224\231\231Y\004\001\000`fff\004\001\000,33s""\004\001\000\314\314\314\014\004\001\000\230\231\231\031\004\001\000dff&\004\001\0000333\004\001\000\374\377\377?\004\001\000\310\314\314L\004\001\000\224\231\231Y\004\001\000`fff\004\001\000,33s"
  indirect_data: """"
}
partition_schema {
  range_schema {
    columns {
      name: "key"
    }
  }
}
W20260710 11:05:35.462733 21524 catalog_manager.cc:7077] The number of live tablet servers is not enough to re-replicate a tablet replica of the newly created table test-workload in case of a server failure: 4 tablet servers would be needed, 3 are available. Consider bringing up more tablet servers.
I20260710 11:05:35.533246 21765 tablet_service.cc:1511] Processing CreateTablet for tablet ffcd315582ef4e8484d0fe2c899a0b16 (DEFAULT_TABLE table=test-workload [id=e96741715f27460188598ec1d612847e]), partition=RANGE (key) PARTITION VALUES < 214748364
I20260710 11:05:35.533512 21764 tablet_service.cc:1511] Processing CreateTablet for tablet 95cd92ed01b64f72851543c1e6e68945 (DEFAULT_TABLE table=test-workload [id=e96741715f27460188598ec1d612847e]), partition=RANGE (key) PARTITION 214748364 <= VALUES < 429496728
I20260710 11:05:35.535058 21765 data_dirs.cc:400] Could only allocate 1 dirs of requested 3 for tablet ffcd315582ef4e8484d0fe2c899a0b16. 1 dirs total, 0 dirs full, 0 dirs failed
I20260710 11:05:35.535800 21764 data_dirs.cc:400] Could only allocate 1 dirs of requested 3 for tablet 95cd92ed01b64f72851543c1e6e68945. 1 dirs total, 0 dirs full, 0 dirs failed
I20260710 11:05:35.540764 21616 tablet_service.cc:1511] Processing CreateTablet for tablet ffcd315582ef4e8484d0fe2c899a0b16 (DEFAULT_TABLE table=test-workload [id=e96741715f27460188598ec1d612847e]), partition=RANGE (key) PARTITION VALUES < 214748364
I20260710 11:05:35.542107 21616 data_dirs.cc:400] Could only allocate 1 dirs of requested 3 for tablet ffcd315582ef4e8484d0fe2c899a0b16. 1 dirs total, 0 dirs full, 0 dirs failed
I20260710 11:05:35.542373 21614 tablet_service.cc:1511] Processing CreateTablet for tablet a8c9753d8422498fbdf523880d15914f (DEFAULT_TABLE table=test-workload [id=e96741715f27460188598ec1d612847e]), partition=RANGE (key) PARTITION 429496728 <= VALUES < 644245092
I20260710 11:05:35.543541 21614 data_dirs.cc:400] Could only allocate 1 dirs of requested 3 for tablet a8c9753d8422498fbdf523880d15914f. 1 dirs total, 0 dirs full, 0 dirs failed
I20260710 11:05:35.545590 21615 tablet_service.cc:1511] Processing CreateTablet for tablet 95cd92ed01b64f72851543c1e6e68945 (DEFAULT_TABLE table=test-workload [id=e96741715f27460188598ec1d612847e]), partition=RANGE (key) PARTITION 214748364 <= VALUES < 429496728
I20260710 11:05:35.546906 21615 data_dirs.cc:400] Could only allocate 1 dirs of requested 3 for tablet 95cd92ed01b64f72851543c1e6e68945. 1 dirs total, 0 dirs full, 0 dirs failed
I20260710 11:05:35.556061 21763 tablet_service.cc:1511] Processing CreateTablet for tablet a8c9753d8422498fbdf523880d15914f (DEFAULT_TABLE table=test-workload [id=e96741715f27460188598ec1d612847e]), partition=RANGE (key) PARTITION 429496728 <= VALUES < 644245092
I20260710 11:05:35.557277 21763 data_dirs.cc:400] Could only allocate 1 dirs of requested 3 for tablet a8c9753d8422498fbdf523880d15914f. 1 dirs total, 0 dirs full, 0 dirs failed
I20260710 11:05:35.568897 21691 tablet_service.cc:1511] Processing CreateTablet for tablet ffcd315582ef4e8484d0fe2c899a0b16 (DEFAULT_TABLE table=test-workload [id=e96741715f27460188598ec1d612847e]), partition=RANGE (key) PARTITION VALUES < 214748364
I20260710 11:05:35.570236 21691 data_dirs.cc:400] Could only allocate 1 dirs of requested 3 for tablet ffcd315582ef4e8484d0fe2c899a0b16. 1 dirs total, 0 dirs full, 0 dirs failed
I20260710 11:05:35.571720 21689 tablet_service.cc:1511] Processing CreateTablet for tablet a8c9753d8422498fbdf523880d15914f (DEFAULT_TABLE table=test-workload [id=e96741715f27460188598ec1d612847e]), partition=RANGE (key) PARTITION 429496728 <= VALUES < 644245092
I20260710 11:05:35.573333 21689 data_dirs.cc:400] Could only allocate 1 dirs of requested 3 for tablet a8c9753d8422498fbdf523880d15914f. 1 dirs total, 0 dirs full, 0 dirs failed
I20260710 11:05:35.574579 21762 tablet_service.cc:1511] Processing CreateTablet for tablet d26ad239de0e4aadbbbdf591d3948398 (DEFAULT_TABLE table=test-workload [id=e96741715f27460188598ec1d612847e]), partition=RANGE (key) PARTITION 644245092 <= VALUES < 858993456
I20260710 11:05:35.575815 21762 data_dirs.cc:400] Could only allocate 1 dirs of requested 3 for tablet d26ad239de0e4aadbbbdf591d3948398. 1 dirs total, 0 dirs full, 0 dirs failed
I20260710 11:05:35.577369 21613 tablet_service.cc:1511] Processing CreateTablet for tablet d26ad239de0e4aadbbbdf591d3948398 (DEFAULT_TABLE table=test-workload [id=e96741715f27460188598ec1d612847e]), partition=RANGE (key) PARTITION 644245092 <= VALUES < 858993456
I20260710 11:05:35.579010 21613 data_dirs.cc:400] Could only allocate 1 dirs of requested 3 for tablet d26ad239de0e4aadbbbdf591d3948398. 1 dirs total, 0 dirs full, 0 dirs failed
I20260710 11:05:35.583904 21688 tablet_service.cc:1511] Processing CreateTablet for tablet d26ad239de0e4aadbbbdf591d3948398 (DEFAULT_TABLE table=test-workload [id=e96741715f27460188598ec1d612847e]), partition=RANGE (key) PARTITION 644245092 <= VALUES < 858993456
I20260710 11:05:35.570163 21690 tablet_service.cc:1511] Processing CreateTablet for tablet 95cd92ed01b64f72851543c1e6e68945 (DEFAULT_TABLE table=test-workload [id=e96741715f27460188598ec1d612847e]), partition=RANGE (key) PARTITION 214748364 <= VALUES < 429496728
I20260710 11:05:35.585175 21688 data_dirs.cc:400] Could only allocate 1 dirs of requested 3 for tablet d26ad239de0e4aadbbbdf591d3948398. 1 dirs total, 0 dirs full, 0 dirs failed
I20260710 11:05:35.585961 21690 data_dirs.cc:400] Could only allocate 1 dirs of requested 3 for tablet 95cd92ed01b64f72851543c1e6e68945. 1 dirs total, 0 dirs full, 0 dirs failed
I20260710 11:05:35.602097 21815 tablet_bootstrap.cc:492] T ffcd315582ef4e8484d0fe2c899a0b16 P 7d109c01bdbd492bb14445d8088259f6: Bootstrap starting.
I20260710 11:05:35.606096 21614 tablet_service.cc:1511] Processing CreateTablet for tablet bffe7fec84ad4fdfa2eb7258eb25eb30 (DEFAULT_TABLE table=test-workload [id=e96741715f27460188598ec1d612847e]), partition=RANGE (key) PARTITION 858993456 <= VALUES < 1073741820
I20260710 11:05:35.607789 21614 data_dirs.cc:400] Could only allocate 1 dirs of requested 3 for tablet bffe7fec84ad4fdfa2eb7258eb25eb30. 1 dirs total, 0 dirs full, 0 dirs failed
I20260710 11:05:35.620360 21817 tablet_bootstrap.cc:492] T ffcd315582ef4e8484d0fe2c899a0b16 P 3d874e33e14a4af7a1e2deafaf7a4de6: Bootstrap starting.
I20260710 11:05:35.631289 21817 tablet_bootstrap.cc:654] T ffcd315582ef4e8484d0fe2c899a0b16 P 3d874e33e14a4af7a1e2deafaf7a4de6: Neither blocks nor log segments found. Creating new log.
I20260710 11:05:35.634825 21816 tablet_bootstrap.cc:492] T 95cd92ed01b64f72851543c1e6e68945 P 93cf0c9dea6c40eb92919144aea54436: Bootstrap starting.
I20260710 11:05:35.644902 21690 tablet_service.cc:1511] Processing CreateTablet for tablet bffe7fec84ad4fdfa2eb7258eb25eb30 (DEFAULT_TABLE table=test-workload [id=e96741715f27460188598ec1d612847e]), partition=RANGE (key) PARTITION 858993456 <= VALUES < 1073741820
I20260710 11:05:35.646878 21762 tablet_service.cc:1511] Processing CreateTablet for tablet bffe7fec84ad4fdfa2eb7258eb25eb30 (DEFAULT_TABLE table=test-workload [id=e96741715f27460188598ec1d612847e]), partition=RANGE (key) PARTITION 858993456 <= VALUES < 1073741820
I20260710 11:05:35.649950 21762 data_dirs.cc:400] Could only allocate 1 dirs of requested 3 for tablet bffe7fec84ad4fdfa2eb7258eb25eb30. 1 dirs total, 0 dirs full, 0 dirs failed
I20260710 11:05:35.650169 21615 tablet_service.cc:1511] Processing CreateTablet for tablet 55fd4dee44dd470987ae74a087cb32d1 (DEFAULT_TABLE table=test-workload [id=e96741715f27460188598ec1d612847e]), partition=RANGE (key) PARTITION 1073741820 <= VALUES < 1288490184
I20260710 11:05:35.651441 21615 data_dirs.cc:400] Could only allocate 1 dirs of requested 3 for tablet 55fd4dee44dd470987ae74a087cb32d1. 1 dirs total, 0 dirs full, 0 dirs failed
I20260710 11:05:35.638060 21815 tablet_bootstrap.cc:654] T ffcd315582ef4e8484d0fe2c899a0b16 P 7d109c01bdbd492bb14445d8088259f6: Neither blocks nor log segments found. Creating new log.
I20260710 11:05:35.655520 21816 tablet_bootstrap.cc:654] T 95cd92ed01b64f72851543c1e6e68945 P 93cf0c9dea6c40eb92919144aea54436: Neither blocks nor log segments found. Creating new log.
I20260710 11:05:35.653328 21690 data_dirs.cc:400] Could only allocate 1 dirs of requested 3 for tablet bffe7fec84ad4fdfa2eb7258eb25eb30. 1 dirs total, 0 dirs full, 0 dirs failed
I20260710 11:05:35.658519 21817 tablet_bootstrap.cc:492] T ffcd315582ef4e8484d0fe2c899a0b16 P 3d874e33e14a4af7a1e2deafaf7a4de6: No bootstrap required, opened a new log
I20260710 11:05:35.658284 21688 tablet_service.cc:1511] Processing CreateTablet for tablet 55fd4dee44dd470987ae74a087cb32d1 (DEFAULT_TABLE table=test-workload [id=e96741715f27460188598ec1d612847e]), partition=RANGE (key) PARTITION 1073741820 <= VALUES < 1288490184
I20260710 11:05:35.658994 21817 ts_tablet_manager.cc:1403] T ffcd315582ef4e8484d0fe2c899a0b16 P 3d874e33e14a4af7a1e2deafaf7a4de6: Time spent bootstrapping tablet: real 0.039s	user 0.021s	sys 0.008s
I20260710 11:05:35.659513 21688 data_dirs.cc:400] Could only allocate 1 dirs of requested 3 for tablet 55fd4dee44dd470987ae74a087cb32d1. 1 dirs total, 0 dirs full, 0 dirs failed
I20260710 11:05:35.661830 21817 raft_consensus.cc:359] T ffcd315582ef4e8484d0fe2c899a0b16 P 3d874e33e14a4af7a1e2deafaf7a4de6 [term 0 FOLLOWER]: Replica starting. Triggering 0 pending ops. Active config: opid_index: -1 OBSOLETE_local: false peers { permanent_uuid: "93cf0c9dea6c40eb92919144aea54436" member_type: VOTER last_known_addr { host: "127.20.131.1" port: 44231 } } peers { permanent_uuid: "7d109c01bdbd492bb14445d8088259f6" member_type: VOTER last_known_addr { host: "127.20.131.3" port: 33231 } } peers { permanent_uuid: "3d874e33e14a4af7a1e2deafaf7a4de6" member_type: VOTER last_known_addr { host: "127.20.131.2" port: 43685 } }
I20260710 11:05:35.662607 21817 raft_consensus.cc:385] T ffcd315582ef4e8484d0fe2c899a0b16 P 3d874e33e14a4af7a1e2deafaf7a4de6 [term 0 FOLLOWER]: Consensus starting up: Expiring failure detector timer to make a prompt election more likely
I20260710 11:05:35.662942 21817 raft_consensus.cc:740] T ffcd315582ef4e8484d0fe2c899a0b16 P 3d874e33e14a4af7a1e2deafaf7a4de6 [term 0 FOLLOWER]: Becoming Follower/Learner. State: Replica: 3d874e33e14a4af7a1e2deafaf7a4de6, State: Initialized, Role: FOLLOWER
I20260710 11:05:35.663832 21817 consensus_queue.cc:260] T ffcd315582ef4e8484d0fe2c899a0b16 P 3d874e33e14a4af7a1e2deafaf7a4de6 [NON_LEADER]: Queue going to NON_LEADER mode. State: All replicated index: 0, Majority replicated index: 0, Committed index: 0, Last appended: 0.0, Last appended by leader: 0, Current term: 0, Majority size: -1, State: 0, Mode: NON_LEADER, active raft config: opid_index: -1 OBSOLETE_local: false peers { permanent_uuid: "93cf0c9dea6c40eb92919144aea54436" member_type: VOTER last_known_addr { host: "127.20.131.1" port: 44231 } } peers { permanent_uuid: "7d109c01bdbd492bb14445d8088259f6" member_type: VOTER last_known_addr { host: "127.20.131.3" port: 33231 } } peers { permanent_uuid: "3d874e33e14a4af7a1e2deafaf7a4de6" member_type: VOTER last_known_addr { host: "127.20.131.2" port: 43685 } }
I20260710 11:05:35.665356 21764 tablet_service.cc:1511] Processing CreateTablet for tablet 55fd4dee44dd470987ae74a087cb32d1 (DEFAULT_TABLE table=test-workload [id=e96741715f27460188598ec1d612847e]), partition=RANGE (key) PARTITION 1073741820 <= VALUES < 1288490184
I20260710 11:05:35.666659 21764 data_dirs.cc:400] Could only allocate 1 dirs of requested 3 for tablet 55fd4dee44dd470987ae74a087cb32d1. 1 dirs total, 0 dirs full, 0 dirs failed
I20260710 11:05:35.668558 21689 tablet_service.cc:1511] Processing CreateTablet for tablet e6d36b527ff14da9b4dec0deaff2bd41 (DEFAULT_TABLE table=test-workload [id=e96741715f27460188598ec1d612847e]), partition=RANGE (key) PARTITION 1288490184 <= VALUES < 1503238548
I20260710 11:05:35.669710 21689 data_dirs.cc:400] Could only allocate 1 dirs of requested 3 for tablet e6d36b527ff14da9b4dec0deaff2bd41. 1 dirs total, 0 dirs full, 0 dirs failed
I20260710 11:05:35.669394 21763 tablet_service.cc:1511] Processing CreateTablet for tablet e6d36b527ff14da9b4dec0deaff2bd41 (DEFAULT_TABLE table=test-workload [id=e96741715f27460188598ec1d612847e]), partition=RANGE (key) PARTITION 1288490184 <= VALUES < 1503238548
I20260710 11:05:35.669441 21613 tablet_service.cc:1511] Processing CreateTablet for tablet e6d36b527ff14da9b4dec0deaff2bd41 (DEFAULT_TABLE table=test-workload [id=e96741715f27460188598ec1d612847e]), partition=RANGE (key) PARTITION 1288490184 <= VALUES < 1503238548
I20260710 11:05:35.670684 21763 data_dirs.cc:400] Could only allocate 1 dirs of requested 3 for tablet e6d36b527ff14da9b4dec0deaff2bd41. 1 dirs total, 0 dirs full, 0 dirs failed
I20260710 11:05:35.670861 21613 data_dirs.cc:400] Could only allocate 1 dirs of requested 3 for tablet e6d36b527ff14da9b4dec0deaff2bd41. 1 dirs total, 0 dirs full, 0 dirs failed
I20260710 11:05:35.689000 21614 tablet_service.cc:1511] Processing CreateTablet for tablet 6351cce116fa46e3bff5d10ad6b105fe (DEFAULT_TABLE table=test-workload [id=e96741715f27460188598ec1d612847e]), partition=RANGE (key) PARTITION 1503238548 <= VALUES < 1717986912
I20260710 11:05:35.690227 21614 data_dirs.cc:400] Could only allocate 1 dirs of requested 3 for tablet 6351cce116fa46e3bff5d10ad6b105fe. 1 dirs total, 0 dirs full, 0 dirs failed
I20260710 11:05:35.690459 21691 tablet_service.cc:1511] Processing CreateTablet for tablet 6351cce116fa46e3bff5d10ad6b105fe (DEFAULT_TABLE table=test-workload [id=e96741715f27460188598ec1d612847e]), partition=RANGE (key) PARTITION 1503238548 <= VALUES < 1717986912
I20260710 11:05:35.691591 21691 data_dirs.cc:400] Could only allocate 1 dirs of requested 3 for tablet 6351cce116fa46e3bff5d10ad6b105fe. 1 dirs total, 0 dirs full, 0 dirs failed
I20260710 11:05:35.691519 21765 tablet_service.cc:1511] Processing CreateTablet for tablet 6351cce116fa46e3bff5d10ad6b105fe (DEFAULT_TABLE table=test-workload [id=e96741715f27460188598ec1d612847e]), partition=RANGE (key) PARTITION 1503238548 <= VALUES < 1717986912
I20260710 11:05:35.692706 21765 data_dirs.cc:400] Could only allocate 1 dirs of requested 3 for tablet 6351cce116fa46e3bff5d10ad6b105fe. 1 dirs total, 0 dirs full, 0 dirs failed
I20260710 11:05:35.696648 21616 tablet_service.cc:1511] Processing CreateTablet for tablet 49f5171faadd4ba0989eaaee5d42333d (DEFAULT_TABLE table=test-workload [id=e96741715f27460188598ec1d612847e]), partition=RANGE (key) PARTITION 1717986912 <= VALUES < 1932735276
I20260710 11:05:35.699427 21761 tablet_service.cc:1511] Processing CreateTablet for tablet 49f5171faadd4ba0989eaaee5d42333d (DEFAULT_TABLE table=test-workload [id=e96741715f27460188598ec1d612847e]), partition=RANGE (key) PARTITION 1717986912 <= VALUES < 1932735276
I20260710 11:05:35.700886 21761 data_dirs.cc:400] Could only allocate 1 dirs of requested 3 for tablet 49f5171faadd4ba0989eaaee5d42333d. 1 dirs total, 0 dirs full, 0 dirs failed
I20260710 11:05:35.703693 21687 tablet_service.cc:1511] Processing CreateTablet for tablet 49f5171faadd4ba0989eaaee5d42333d (DEFAULT_TABLE table=test-workload [id=e96741715f27460188598ec1d612847e]), partition=RANGE (key) PARTITION 1717986912 <= VALUES < 1932735276
I20260710 11:05:35.705215 21687 data_dirs.cc:400] Could only allocate 1 dirs of requested 3 for tablet 49f5171faadd4ba0989eaaee5d42333d. 1 dirs total, 0 dirs full, 0 dirs failed
I20260710 11:05:35.698127 21616 data_dirs.cc:400] Could only allocate 1 dirs of requested 3 for tablet 49f5171faadd4ba0989eaaee5d42333d. 1 dirs total, 0 dirs full, 0 dirs failed
I20260710 11:05:35.713231 21612 tablet_service.cc:1511] Processing CreateTablet for tablet 9880f1be74924623a0d181321393ec0f (DEFAULT_TABLE table=test-workload [id=e96741715f27460188598ec1d612847e]), partition=RANGE (key) PARTITION 1932735276 <= VALUES
I20260710 11:05:35.714538 21612 data_dirs.cc:400] Could only allocate 1 dirs of requested 3 for tablet 9880f1be74924623a0d181321393ec0f. 1 dirs total, 0 dirs full, 0 dirs failed
I20260710 11:05:35.714732 21816 tablet_bootstrap.cc:492] T 95cd92ed01b64f72851543c1e6e68945 P 93cf0c9dea6c40eb92919144aea54436: No bootstrap required, opened a new log
I20260710 11:05:35.715168 21816 ts_tablet_manager.cc:1403] T 95cd92ed01b64f72851543c1e6e68945 P 93cf0c9dea6c40eb92919144aea54436: Time spent bootstrapping tablet: real 0.081s	user 0.012s	sys 0.008s
I20260710 11:05:35.721015 21686 tablet_service.cc:1511] Processing CreateTablet for tablet 9880f1be74924623a0d181321393ec0f (DEFAULT_TABLE table=test-workload [id=e96741715f27460188598ec1d612847e]), partition=RANGE (key) PARTITION 1932735276 <= VALUES
I20260710 11:05:35.722268 21686 data_dirs.cc:400] Could only allocate 1 dirs of requested 3 for tablet 9880f1be74924623a0d181321393ec0f. 1 dirs total, 0 dirs full, 0 dirs failed
I20260710 11:05:35.727205 21760 tablet_service.cc:1511] Processing CreateTablet for tablet 9880f1be74924623a0d181321393ec0f (DEFAULT_TABLE table=test-workload [id=e96741715f27460188598ec1d612847e]), partition=RANGE (key) PARTITION 1932735276 <= VALUES
I20260710 11:05:35.728940 21760 data_dirs.cc:400] Could only allocate 1 dirs of requested 3 for tablet 9880f1be74924623a0d181321393ec0f. 1 dirs total, 0 dirs full, 0 dirs failed
I20260710 11:05:35.729619 21816 raft_consensus.cc:359] T 95cd92ed01b64f72851543c1e6e68945 P 93cf0c9dea6c40eb92919144aea54436 [term 0 FOLLOWER]: Replica starting. Triggering 0 pending ops. Active config: opid_index: -1 OBSOLETE_local: false peers { permanent_uuid: "93cf0c9dea6c40eb92919144aea54436" member_type: VOTER last_known_addr { host: "127.20.131.1" port: 44231 } } peers { permanent_uuid: "3d874e33e14a4af7a1e2deafaf7a4de6" member_type: VOTER last_known_addr { host: "127.20.131.2" port: 43685 } } peers { permanent_uuid: "7d109c01bdbd492bb14445d8088259f6" member_type: VOTER last_known_addr { host: "127.20.131.3" port: 33231 } }
I20260710 11:05:35.730291 21816 raft_consensus.cc:385] T 95cd92ed01b64f72851543c1e6e68945 P 93cf0c9dea6c40eb92919144aea54436 [term 0 FOLLOWER]: Consensus starting up: Expiring failure detector timer to make a prompt election more likely
I20260710 11:05:35.730581 21816 raft_consensus.cc:740] T 95cd92ed01b64f72851543c1e6e68945 P 93cf0c9dea6c40eb92919144aea54436 [term 0 FOLLOWER]: Becoming Follower/Learner. State: Replica: 93cf0c9dea6c40eb92919144aea54436, State: Initialized, Role: FOLLOWER
I20260710 11:05:35.731258 21726 heartbeater.cc:499] Master 127.20.131.62:46177 was elected leader, sending a full tablet report...
I20260710 11:05:35.731241 21816 consensus_queue.cc:260] T 95cd92ed01b64f72851543c1e6e68945 P 93cf0c9dea6c40eb92919144aea54436 [NON_LEADER]: Queue going to NON_LEADER mode. State: All replicated index: 0, Majority replicated index: 0, Committed index: 0, Last appended: 0.0, Last appended by leader: 0, Current term: 0, Majority size: -1, State: 0, Mode: NON_LEADER, active raft config: opid_index: -1 OBSOLETE_local: false peers { permanent_uuid: "93cf0c9dea6c40eb92919144aea54436" member_type: VOTER last_known_addr { host: "127.20.131.1" port: 44231 } } peers { permanent_uuid: "3d874e33e14a4af7a1e2deafaf7a4de6" member_type: VOTER last_known_addr { host: "127.20.131.2" port: 43685 } } peers { permanent_uuid: "7d109c01bdbd492bb14445d8088259f6" member_type: VOTER last_known_addr { host: "127.20.131.3" port: 33231 } }
I20260710 11:05:35.734437 21815 tablet_bootstrap.cc:492] T ffcd315582ef4e8484d0fe2c899a0b16 P 7d109c01bdbd492bb14445d8088259f6: No bootstrap required, opened a new log
I20260710 11:05:35.734848 21815 ts_tablet_manager.cc:1403] T ffcd315582ef4e8484d0fe2c899a0b16 P 7d109c01bdbd492bb14445d8088259f6: Time spent bootstrapping tablet: real 0.133s	user 0.007s	sys 0.007s
I20260710 11:05:35.737715 21815 raft_consensus.cc:359] T ffcd315582ef4e8484d0fe2c899a0b16 P 7d109c01bdbd492bb14445d8088259f6 [term 0 FOLLOWER]: Replica starting. Triggering 0 pending ops. Active config: opid_index: -1 OBSOLETE_local: false peers { permanent_uuid: "93cf0c9dea6c40eb92919144aea54436" member_type: VOTER last_known_addr { host: "127.20.131.1" port: 44231 } } peers { permanent_uuid: "7d109c01bdbd492bb14445d8088259f6" member_type: VOTER last_known_addr { host: "127.20.131.3" port: 33231 } } peers { permanent_uuid: "3d874e33e14a4af7a1e2deafaf7a4de6" member_type: VOTER last_known_addr { host: "127.20.131.2" port: 43685 } }
I20260710 11:05:35.738380 21815 raft_consensus.cc:385] T ffcd315582ef4e8484d0fe2c899a0b16 P 7d109c01bdbd492bb14445d8088259f6 [term 0 FOLLOWER]: Consensus starting up: Expiring failure detector timer to make a prompt election more likely
I20260710 11:05:35.738637 21815 raft_consensus.cc:740] T ffcd315582ef4e8484d0fe2c899a0b16 P 7d109c01bdbd492bb14445d8088259f6 [term 0 FOLLOWER]: Becoming Follower/Learner. State: Replica: 7d109c01bdbd492bb14445d8088259f6, State: Initialized, Role: FOLLOWER
I20260710 11:05:35.741119 21815 consensus_queue.cc:260] T ffcd315582ef4e8484d0fe2c899a0b16 P 7d109c01bdbd492bb14445d8088259f6 [NON_LEADER]: Queue going to NON_LEADER mode. State: All replicated index: 0, Majority replicated index: 0, Committed index: 0, Last appended: 0.0, Last appended by leader: 0, Current term: 0, Majority size: -1, State: 0, Mode: NON_LEADER, active raft config: opid_index: -1 OBSOLETE_local: false peers { permanent_uuid: "93cf0c9dea6c40eb92919144aea54436" member_type: VOTER last_known_addr { host: "127.20.131.1" port: 44231 } } peers { permanent_uuid: "7d109c01bdbd492bb14445d8088259f6" member_type: VOTER last_known_addr { host: "127.20.131.3" port: 33231 } } peers { permanent_uuid: "3d874e33e14a4af7a1e2deafaf7a4de6" member_type: VOTER last_known_addr { host: "127.20.131.2" port: 43685 } }
I20260710 11:05:35.755477 21817 ts_tablet_manager.cc:1434] T ffcd315582ef4e8484d0fe2c899a0b16 P 3d874e33e14a4af7a1e2deafaf7a4de6: Time spent starting tablet: real 0.096s	user 0.006s	sys 0.008s
I20260710 11:05:35.781278 21817 tablet_bootstrap.cc:492] T 95cd92ed01b64f72851543c1e6e68945 P 3d874e33e14a4af7a1e2deafaf7a4de6: Bootstrap starting.
I20260710 11:05:35.790112 21800 heartbeater.cc:499] Master 127.20.131.62:46177 was elected leader, sending a full tablet report...
I20260710 11:05:35.790328 21651 heartbeater.cc:499] Master 127.20.131.62:46177 was elected leader, sending a full tablet report...
I20260710 11:05:35.791235 21816 ts_tablet_manager.cc:1434] T 95cd92ed01b64f72851543c1e6e68945 P 93cf0c9dea6c40eb92919144aea54436: Time spent starting tablet: real 0.076s	user 0.025s	sys 0.029s
I20260710 11:05:35.792209 21816 tablet_bootstrap.cc:492] T ffcd315582ef4e8484d0fe2c899a0b16 P 93cf0c9dea6c40eb92919144aea54436: Bootstrap starting.
I20260710 11:05:35.798197 21816 tablet_bootstrap.cc:654] T ffcd315582ef4e8484d0fe2c899a0b16 P 93cf0c9dea6c40eb92919144aea54436: Neither blocks nor log segments found. Creating new log.
I20260710 11:05:35.798188 21817 tablet_bootstrap.cc:654] T 95cd92ed01b64f72851543c1e6e68945 P 3d874e33e14a4af7a1e2deafaf7a4de6: Neither blocks nor log segments found. Creating new log.
I20260710 11:05:35.806632 21815 ts_tablet_manager.cc:1434] T ffcd315582ef4e8484d0fe2c899a0b16 P 7d109c01bdbd492bb14445d8088259f6: Time spent starting tablet: real 0.071s	user 0.028s	sys 0.022s
I20260710 11:05:35.807538 21815 tablet_bootstrap.cc:492] T a8c9753d8422498fbdf523880d15914f P 7d109c01bdbd492bb14445d8088259f6: Bootstrap starting.
I20260710 11:05:35.813493 21815 tablet_bootstrap.cc:654] T a8c9753d8422498fbdf523880d15914f P 7d109c01bdbd492bb14445d8088259f6: Neither blocks nor log segments found. Creating new log.
I20260710 11:05:35.823896 21823 raft_consensus.cc:493] T ffcd315582ef4e8484d0fe2c899a0b16 P 7d109c01bdbd492bb14445d8088259f6 [term 0 FOLLOWER]: Starting pre-election (no leader contacted us within the election timeout)
I20260710 11:05:35.824507 21823 raft_consensus.cc:515] T ffcd315582ef4e8484d0fe2c899a0b16 P 7d109c01bdbd492bb14445d8088259f6 [term 0 FOLLOWER]: Starting pre-election with config: opid_index: -1 OBSOLETE_local: false peers { permanent_uuid: "93cf0c9dea6c40eb92919144aea54436" member_type: VOTER last_known_addr { host: "127.20.131.1" port: 44231 } } peers { permanent_uuid: "7d109c01bdbd492bb14445d8088259f6" member_type: VOTER last_known_addr { host: "127.20.131.3" port: 33231 } } peers { permanent_uuid: "3d874e33e14a4af7a1e2deafaf7a4de6" member_type: VOTER last_known_addr { host: "127.20.131.2" port: 43685 } }
