I20260710 11:05:47.017794  4150 leader_election.cc:290] T 93d3816a98684d7490312667e6162227 P 96401d6f8b5a4ffd8c867142393ef13d [CANDIDATE]: Term 1 election: Requested vote from peers c8cd73854d314b24851f8961e655e00c (127.2.187.129:45083), 10d1e9dcaf7c44f0a6e09bc1b2bc0164 (127.2.187.130:37483)
I20260710 11:05:47.034134  4098 raft_consensus.cc:359] T 07c9428f014b42ffb86b8bb441bb1d4c P c8cd73854d314b24851f8961e655e00c [term 0 FOLLOWER]: Replica starting. Triggering 0 pending ops. Active config: opid_index: -1 OBSOLETE_local: false peers { permanent_uuid: "c8cd73854d314b24851f8961e655e00c" member_type: VOTER last_known_addr { host: "127.2.187.129" port: 45083 } } peers { permanent_uuid: "10d1e9dcaf7c44f0a6e09bc1b2bc0164" member_type: VOTER last_known_addr { host: "127.2.187.130" port: 37483 } } peers { permanent_uuid: "96401d6f8b5a4ffd8c867142393ef13d" member_type: VOTER last_known_addr { host: "127.2.187.131" port: 39373 } }
I20260710 11:05:47.035243  4098 raft_consensus.cc:385] T 07c9428f014b42ffb86b8bb441bb1d4c P c8cd73854d314b24851f8961e655e00c [term 0 FOLLOWER]: Consensus starting up: Expiring failure detector timer to make a prompt election more likely
I20260710 11:05:47.035589  4098 raft_consensus.cc:740] T 07c9428f014b42ffb86b8bb441bb1d4c P c8cd73854d314b24851f8961e655e00c [term 0 FOLLOWER]: Becoming Follower/Learner. State: Replica: c8cd73854d314b24851f8961e655e00c, State: Initialized, Role: FOLLOWER
I20260710 11:05:47.036537  4098 consensus_queue.cc:260] T 07c9428f014b42ffb86b8bb441bb1d4c P c8cd73854d314b24851f8961e655e00c [NON_LEADER]: Queue going to NON_LEADER mode. State: All replicated index: 0, Majority replicated index: 0, Committed index: 0, Last appended: 0.0, Last appended by leader: 0, Current term: 0, Majority size: -1, State: 0, Mode: NON_LEADER, active raft config: opid_index: -1 OBSOLETE_local: false peers { permanent_uuid: "c8cd73854d314b24851f8961e655e00c" member_type: VOTER last_known_addr { host: "127.2.187.129" port: 45083 } } peers { permanent_uuid: "10d1e9dcaf7c44f0a6e09bc1b2bc0164" member_type: VOTER last_known_addr { host: "127.2.187.130" port: 37483 } } peers { permanent_uuid: "96401d6f8b5a4ffd8c867142393ef13d" member_type: VOTER last_known_addr { host: "127.2.187.131" port: 39373 } }
I20260710 11:05:47.040488  4100 raft_consensus.cc:359] T e7117942d7a445cb82f020a045343ede P 10d1e9dcaf7c44f0a6e09bc1b2bc0164 [term 0 FOLLOWER]: Replica starting. Triggering 0 pending ops. Active config: opid_index: -1 OBSOLETE_local: false peers { permanent_uuid: "c8cd73854d314b24851f8961e655e00c" member_type: VOTER last_known_addr { host: "127.2.187.129" port: 45083 } } peers { permanent_uuid: "10d1e9dcaf7c44f0a6e09bc1b2bc0164" member_type: VOTER last_known_addr { host: "127.2.187.130" port: 37483 } } peers { permanent_uuid: "96401d6f8b5a4ffd8c867142393ef13d" member_type: VOTER last_known_addr { host: "127.2.187.131" port: 39373 } }
I20260710 11:05:47.040714  4025 leader_election.cc:304] T 93d3816a98684d7490312667e6162227 P 96401d6f8b5a4ffd8c867142393ef13d [CANDIDATE]: Term 1 election: Election decided. Result: candidate won. Election summary: received 3 responses out of 3 voters: 2 yes votes; 1 no votes. yes voters: 10d1e9dcaf7c44f0a6e09bc1b2bc0164, 96401d6f8b5a4ffd8c867142393ef13d; no voters: c8cd73854d314b24851f8961e655e00c
I20260710 11:05:47.041141  4100 raft_consensus.cc:385] T e7117942d7a445cb82f020a045343ede P 10d1e9dcaf7c44f0a6e09bc1b2bc0164 [term 0 FOLLOWER]: Consensus starting up: Expiring failure detector timer to make a prompt election more likely
I20260710 11:05:47.041409  4100 raft_consensus.cc:740] T e7117942d7a445cb82f020a045343ede P 10d1e9dcaf7c44f0a6e09bc1b2bc0164 [term 0 FOLLOWER]: Becoming Follower/Learner. State: Replica: 10d1e9dcaf7c44f0a6e09bc1b2bc0164, State: Initialized, Role: FOLLOWER
I20260710 11:05:47.042616  4100 consensus_queue.cc:260] T e7117942d7a445cb82f020a045343ede P 10d1e9dcaf7c44f0a6e09bc1b2bc0164 [NON_LEADER]: Queue going to NON_LEADER mode. State: All replicated index: 0, Majority replicated index: 0, Committed index: 0, Last appended: 0.0, Last appended by leader: 0, Current term: 0, Majority size: -1, State: 0, Mode: NON_LEADER, active raft config: opid_index: -1 OBSOLETE_local: false peers { permanent_uuid: "c8cd73854d314b24851f8961e655e00c" member_type: VOTER last_known_addr { host: "127.2.187.129" port: 45083 } } peers { permanent_uuid: "10d1e9dcaf7c44f0a6e09bc1b2bc0164" member_type: VOTER last_known_addr { host: "127.2.187.130" port: 37483 } } peers { permanent_uuid: "96401d6f8b5a4ffd8c867142393ef13d" member_type: VOTER last_known_addr { host: "127.2.187.131" port: 39373 } }
I20260710 11:05:47.054805  4098 ts_tablet_manager.cc:1434] T 07c9428f014b42ffb86b8bb441bb1d4c P c8cd73854d314b24851f8961e655e00c: Time spent starting tablet: real 0.035s	user 0.005s	sys 0.001s
I20260710 11:05:47.042766  4150 raft_consensus.cc:2804] T 93d3816a98684d7490312667e6162227 P 96401d6f8b5a4ffd8c867142393ef13d [term 1 FOLLOWER]: Leader election won for term 1
I20260710 11:05:47.069339  4098 tablet_bootstrap.cc:492] T f64e88a59e614d38b34b812239cb2195 P c8cd73854d314b24851f8961e655e00c: Bootstrap starting.
I20260710 11:05:47.069480  4150 raft_consensus.cc:697] T 93d3816a98684d7490312667e6162227 P 96401d6f8b5a4ffd8c867142393ef13d [term 1 LEADER]: Becoming Leader. State: Replica: 96401d6f8b5a4ffd8c867142393ef13d, State: Running, Role: LEADER
I20260710 11:05:47.070686  4150 consensus_queue.cc:237] T 93d3816a98684d7490312667e6162227 P 96401d6f8b5a4ffd8c867142393ef13d [LEADER]: Queue going to LEADER mode. State: All replicated index: 0, Majority replicated index: 0, Committed index: 0, Last appended: 0.0, Last appended by leader: 0, Current term: 1, Majority size: 2, State: 0, Mode: LEADER, active raft config: opid_index: -1 OBSOLETE_local: false peers { permanent_uuid: "c8cd73854d314b24851f8961e655e00c" member_type: VOTER last_known_addr { host: "127.2.187.129" port: 45083 } } peers { permanent_uuid: "10d1e9dcaf7c44f0a6e09bc1b2bc0164" member_type: VOTER last_known_addr { host: "127.2.187.130" port: 37483 } } peers { permanent_uuid: "96401d6f8b5a4ffd8c867142393ef13d" member_type: VOTER last_known_addr { host: "127.2.187.131" port: 39373 } }
I20260710 11:05:47.071854  4099 tablet_bootstrap.cc:492] T 07c9428f014b42ffb86b8bb441bb1d4c P 96401d6f8b5a4ffd8c867142393ef13d: No bootstrap required, opened a new log
I20260710 11:05:47.072187  4100 ts_tablet_manager.cc:1434] T e7117942d7a445cb82f020a045343ede P 10d1e9dcaf7c44f0a6e09bc1b2bc0164: Time spent starting tablet: real 0.055s	user 0.007s	sys 0.000s
I20260710 11:05:47.072346  4099 ts_tablet_manager.cc:1403] T 07c9428f014b42ffb86b8bb441bb1d4c P 96401d6f8b5a4ffd8c867142393ef13d: Time spent bootstrapping tablet: real 0.138s	user 0.015s	sys 0.013s
I20260710 11:05:47.074620  4100 tablet_bootstrap.cc:492] T 986bd17ec92042119c0d273b19a3ed87 P 10d1e9dcaf7c44f0a6e09bc1b2bc0164: Bootstrap starting.
I20260710 11:05:47.075292  4099 raft_consensus.cc:359] T 07c9428f014b42ffb86b8bb441bb1d4c P 96401d6f8b5a4ffd8c867142393ef13d [term 0 FOLLOWER]: Replica starting. Triggering 0 pending ops. Active config: opid_index: -1 OBSOLETE_local: false peers { permanent_uuid: "c8cd73854d314b24851f8961e655e00c" member_type: VOTER last_known_addr { host: "127.2.187.129" port: 45083 } } peers { permanent_uuid: "10d1e9dcaf7c44f0a6e09bc1b2bc0164" member_type: VOTER last_known_addr { host: "127.2.187.130" port: 37483 } } peers { permanent_uuid: "96401d6f8b5a4ffd8c867142393ef13d" member_type: VOTER last_known_addr { host: "127.2.187.131" port: 39373 } }
I20260710 11:05:47.075817  4099 raft_consensus.cc:385] T 07c9428f014b42ffb86b8bb441bb1d4c P 96401d6f8b5a4ffd8c867142393ef13d [term 0 FOLLOWER]: Consensus starting up: Expiring failure detector timer to make a prompt election more likely
I20260710 11:05:47.076026  4099 raft_consensus.cc:740] T 07c9428f014b42ffb86b8bb441bb1d4c P 96401d6f8b5a4ffd8c867142393ef13d [term 0 FOLLOWER]: Becoming Follower/Learner. State: Replica: 96401d6f8b5a4ffd8c867142393ef13d, State: Initialized, Role: FOLLOWER
I20260710 11:05:47.076604  4099 consensus_queue.cc:260] T 07c9428f014b42ffb86b8bb441bb1d4c P 96401d6f8b5a4ffd8c867142393ef13d [NON_LEADER]: Queue going to NON_LEADER mode. State: All replicated index: 0, Majority replicated index: 0, Committed index: 0, Last appended: 0.0, Last appended by leader: 0, Current term: 0, Majority size: -1, State: 0, Mode: NON_LEADER, active raft config: opid_index: -1 OBSOLETE_local: false peers { permanent_uuid: "c8cd73854d314b24851f8961e655e00c" member_type: VOTER last_known_addr { host: "127.2.187.129" port: 45083 } } peers { permanent_uuid: "10d1e9dcaf7c44f0a6e09bc1b2bc0164" member_type: VOTER last_known_addr { host: "127.2.187.130" port: 37483 } } peers { permanent_uuid: "96401d6f8b5a4ffd8c867142393ef13d" member_type: VOTER last_known_addr { host: "127.2.187.131" port: 39373 } }
I20260710 11:05:47.077153  3806 catalog_manager.cc:5697] T fa60207874df4245b438a8cc20a861dc P 10d1e9dcaf7c44f0a6e09bc1b2bc0164 reported cstate change: term changed from 0 to 1, leader changed from <none> to 10d1e9dcaf7c44f0a6e09bc1b2bc0164 (127.2.187.130). New cstate: current_term: 1 leader_uuid: "10d1e9dcaf7c44f0a6e09bc1b2bc0164" committed_config { opid_index: -1 OBSOLETE_local: false peers { permanent_uuid: "c8cd73854d314b24851f8961e655e00c" member_type: VOTER last_known_addr { host: "127.2.187.129" port: 45083 } health_report { overall_health: UNKNOWN } } peers { permanent_uuid: "10d1e9dcaf7c44f0a6e09bc1b2bc0164" member_type: VOTER last_known_addr { host: "127.2.187.130" port: 37483 } health_report { overall_health: HEALTHY } } peers { permanent_uuid: "96401d6f8b5a4ffd8c867142393ef13d" member_type: VOTER last_known_addr { host: "127.2.187.131" port: 39373 } health_report { overall_health: UNKNOWN } } }
I20260710 11:05:47.078003  4099 ts_tablet_manager.cc:1434] T 07c9428f014b42ffb86b8bb441bb1d4c P 96401d6f8b5a4ffd8c867142393ef13d: Time spent starting tablet: real 0.005s	user 0.003s	sys 0.000s
I20260710 11:05:47.078713  4099 tablet_bootstrap.cc:492] T f64e88a59e614d38b34b812239cb2195 P 96401d6f8b5a4ffd8c867142393ef13d: Bootstrap starting.
I20260710 11:05:47.084954  4098 tablet_bootstrap.cc:654] T f64e88a59e614d38b34b812239cb2195 P c8cd73854d314b24851f8961e655e00c: Neither blocks nor log segments found. Creating new log.
I20260710 11:05:47.094305  4099 tablet_bootstrap.cc:654] T f64e88a59e614d38b34b812239cb2195 P 96401d6f8b5a4ffd8c867142393ef13d: Neither blocks nor log segments found. Creating new log.
I20260710 11:05:47.098680  4141 raft_consensus.cc:493] T f64e88a59e614d38b34b812239cb2195 P 10d1e9dcaf7c44f0a6e09bc1b2bc0164 [term 0 FOLLOWER]: Starting pre-election (no leader contacted us within the election timeout)
I20260710 11:05:47.099218  4141 raft_consensus.cc:515] T f64e88a59e614d38b34b812239cb2195 P 10d1e9dcaf7c44f0a6e09bc1b2bc0164 [term 0 FOLLOWER]: Starting pre-election with config: opid_index: -1 OBSOLETE_local: false peers { permanent_uuid: "c8cd73854d314b24851f8961e655e00c" member_type: VOTER last_known_addr { host: "127.2.187.129" port: 45083 } } peers { permanent_uuid: "10d1e9dcaf7c44f0a6e09bc1b2bc0164" member_type: VOTER last_known_addr { host: "127.2.187.130" port: 37483 } } peers { permanent_uuid: "96401d6f8b5a4ffd8c867142393ef13d" member_type: VOTER last_known_addr { host: "127.2.187.131" port: 39373 } }
I20260710 11:05:47.101387  4141 leader_election.cc:290] T f64e88a59e614d38b34b812239cb2195 P 10d1e9dcaf7c44f0a6e09bc1b2bc0164 [CANDIDATE]: Term 1 pre-election: Requested pre-vote from peers c8cd73854d314b24851f8961e655e00c (127.2.187.129:45083), 96401d6f8b5a4ffd8c867142393ef13d (127.2.187.131:39373)
I20260710 11:05:47.105043  3806 catalog_manager.cc:5697] T 93d3816a98684d7490312667e6162227 P 96401d6f8b5a4ffd8c867142393ef13d reported cstate change: term changed from 0 to 1, leader changed from <none> to 96401d6f8b5a4ffd8c867142393ef13d (127.2.187.131). New cstate: current_term: 1 leader_uuid: "96401d6f8b5a4ffd8c867142393ef13d" committed_config { opid_index: -1 OBSOLETE_local: false peers { permanent_uuid: "c8cd73854d314b24851f8961e655e00c" member_type: VOTER last_known_addr { host: "127.2.187.129" port: 45083 } health_report { overall_health: UNKNOWN } } peers { permanent_uuid: "10d1e9dcaf7c44f0a6e09bc1b2bc0164" member_type: VOTER last_known_addr { host: "127.2.187.130" port: 37483 } health_report { overall_health: UNKNOWN } } peers { permanent_uuid: "96401d6f8b5a4ffd8c867142393ef13d" member_type: VOTER last_known_addr { host: "127.2.187.131" port: 39373 } health_report { overall_health: HEALTHY } } }
I20260710 11:05:47.106040  4099 tablet_bootstrap.cc:492] T f64e88a59e614d38b34b812239cb2195 P 96401d6f8b5a4ffd8c867142393ef13d: No bootstrap required, opened a new log
I20260710 11:05:47.106460  4099 ts_tablet_manager.cc:1403] T f64e88a59e614d38b34b812239cb2195 P 96401d6f8b5a4ffd8c867142393ef13d: Time spent bootstrapping tablet: real 0.028s	user 0.010s	sys 0.000s
I20260710 11:05:47.107070  4098 tablet_bootstrap.cc:492] T f64e88a59e614d38b34b812239cb2195 P c8cd73854d314b24851f8961e655e00c: No bootstrap required, opened a new log
I20260710 11:05:47.107458  4098 ts_tablet_manager.cc:1403] T f64e88a59e614d38b34b812239cb2195 P c8cd73854d314b24851f8961e655e00c: Time spent bootstrapping tablet: real 0.038s	user 0.012s	sys 0.000s
I20260710 11:05:47.108965  4057 tablet_service.cc:1917] Received RequestConsensusVote() RPC: tablet_id: "f64e88a59e614d38b34b812239cb2195" candidate_uuid: "10d1e9dcaf7c44f0a6e09bc1b2bc0164" candidate_term: 1 candidate_status { last_received { term: 0 index: 0 } } ignore_live_leader: false dest_uuid: "96401d6f8b5a4ffd8c867142393ef13d" is_pre_election: true
I20260710 11:05:47.108917  4099 raft_consensus.cc:359] T f64e88a59e614d38b34b812239cb2195 P 96401d6f8b5a4ffd8c867142393ef13d [term 0 FOLLOWER]: Replica starting. Triggering 0 pending ops. Active config: opid_index: -1 OBSOLETE_local: false peers { permanent_uuid: "c8cd73854d314b24851f8961e655e00c" member_type: VOTER last_known_addr { host: "127.2.187.129" port: 45083 } } peers { permanent_uuid: "10d1e9dcaf7c44f0a6e09bc1b2bc0164" member_type: VOTER last_known_addr { host: "127.2.187.130" port: 37483 } } peers { permanent_uuid: "96401d6f8b5a4ffd8c867142393ef13d" member_type: VOTER last_known_addr { host: "127.2.187.131" port: 39373 } }
I20260710 11:05:47.109620  4099 raft_consensus.cc:385] T f64e88a59e614d38b34b812239cb2195 P 96401d6f8b5a4ffd8c867142393ef13d [term 0 FOLLOWER]: Consensus starting up: Expiring failure detector timer to make a prompt election more likely
I20260710 11:05:47.110008  4173 consensus_queue.cc:1048] T da1cada87e9149e1adb8c45270679983 P 10d1e9dcaf7c44f0a6e09bc1b2bc0164 [LEADER]: Connected to new peer: Peer: permanent_uuid: "c8cd73854d314b24851f8961e655e00c" member_type: VOTER last_known_addr { host: "127.2.187.129" port: 45083 }, Status: LMP_MISMATCH, Last received: 0.0, Next index: 1, Last known committed idx: 0, Time since last communication: 0.000s
I20260710 11:05:47.110081  4099 raft_consensus.cc:740] T f64e88a59e614d38b34b812239cb2195 P 96401d6f8b5a4ffd8c867142393ef13d [term 0 FOLLOWER]: Becoming Follower/Learner. State: Replica: 96401d6f8b5a4ffd8c867142393ef13d, State: Initialized, Role: FOLLOWER
I20260710 11:05:47.110800  4099 consensus_queue.cc:260] T f64e88a59e614d38b34b812239cb2195 P 96401d6f8b5a4ffd8c867142393ef13d [NON_LEADER]: Queue going to NON_LEADER mode. State: All replicated index: 0, Majority replicated index: 0, Committed index: 0, Last appended: 0.0, Last appended by leader: 0, Current term: 0, Majority size: -1, State: 0, Mode: NON_LEADER, active raft config: opid_index: -1 OBSOLETE_local: false peers { permanent_uuid: "c8cd73854d314b24851f8961e655e00c" member_type: VOTER last_known_addr { host: "127.2.187.129" port: 45083 } } peers { permanent_uuid: "10d1e9dcaf7c44f0a6e09bc1b2bc0164" member_type: VOTER last_known_addr { host: "127.2.187.130" port: 37483 } } peers { permanent_uuid: "96401d6f8b5a4ffd8c867142393ef13d" member_type: VOTER last_known_addr { host: "127.2.187.131" port: 39373 } }
I20260710 11:05:47.113159  4099 ts_tablet_manager.cc:1434] T f64e88a59e614d38b34b812239cb2195 P 96401d6f8b5a4ffd8c867142393ef13d: Time spent starting tablet: real 0.006s	user 0.007s	sys 0.000s
I20260710 11:05:47.108963  3910 tablet_service.cc:1917] Received RequestConsensusVote() RPC: tablet_id: "f64e88a59e614d38b34b812239cb2195" candidate_uuid: "10d1e9dcaf7c44f0a6e09bc1b2bc0164" candidate_term: 1 candidate_status { last_received { term: 0 index: 0 } } ignore_live_leader: false dest_uuid: "c8cd73854d314b24851f8961e655e00c" is_pre_election: true
I20260710 11:05:47.114020  4099 tablet_bootstrap.cc:492] T e7117942d7a445cb82f020a045343ede P 96401d6f8b5a4ffd8c867142393ef13d: Bootstrap starting.
I20260710 11:05:47.112911  4057 raft_consensus.cc:2468] T f64e88a59e614d38b34b812239cb2195 P 96401d6f8b5a4ffd8c867142393ef13d [term 0 FOLLOWER]: Leader pre-election vote request: Granting yes vote for candidate 10d1e9dcaf7c44f0a6e09bc1b2bc0164 in term 0.
I20260710 11:05:47.117259  3951 leader_election.cc:304] T f64e88a59e614d38b34b812239cb2195 P 10d1e9dcaf7c44f0a6e09bc1b2bc0164 [CANDIDATE]: Term 1 pre-election: Election decided. Result: candidate won. Election summary: received 2 responses out of 3 voters: 2 yes votes; 0 no votes. yes voters: 10d1e9dcaf7c44f0a6e09bc1b2bc0164, 96401d6f8b5a4ffd8c867142393ef13d; no voters: 
I20260710 11:05:47.118907  4173 raft_consensus.cc:2804] T f64e88a59e614d38b34b812239cb2195 P 10d1e9dcaf7c44f0a6e09bc1b2bc0164 [term 0 FOLLOWER]: Leader pre-election won for term 1
I20260710 11:05:47.119266  4173 raft_consensus.cc:493] T f64e88a59e614d38b34b812239cb2195 P 10d1e9dcaf7c44f0a6e09bc1b2bc0164 [term 0 FOLLOWER]: Starting leader election (no leader contacted us within the election timeout)
I20260710 11:05:47.119575  4173 raft_consensus.cc:3060] T f64e88a59e614d38b34b812239cb2195 P 10d1e9dcaf7c44f0a6e09bc1b2bc0164 [term 0 FOLLOWER]: Advancing to term 1
I20260710 11:05:47.122485  4099 tablet_bootstrap.cc:654] T e7117942d7a445cb82f020a045343ede P 96401d6f8b5a4ffd8c867142393ef13d: Neither blocks nor log segments found. Creating new log.
I20260710 11:05:47.124450  4141 consensus_queue.cc:1048] T 2abef888fcf14756b098de03ea7f0a83 P 10d1e9dcaf7c44f0a6e09bc1b2bc0164 [LEADER]: Connected to new peer: Peer: permanent_uuid: "c8cd73854d314b24851f8961e655e00c" member_type: VOTER last_known_addr { host: "127.2.187.129" port: 45083 }, Status: LMP_MISMATCH, Last received: 0.0, Next index: 1, Last known committed idx: 0, Time since last communication: 0.000s
I20260710 11:05:47.127916  4173 raft_consensus.cc:515] T f64e88a59e614d38b34b812239cb2195 P 10d1e9dcaf7c44f0a6e09bc1b2bc0164 [term 1 FOLLOWER]: Starting leader election with config: opid_index: -1 OBSOLETE_local: false peers { permanent_uuid: "c8cd73854d314b24851f8961e655e00c" member_type: VOTER last_known_addr { host: "127.2.187.129" port: 45083 } } peers { permanent_uuid: "10d1e9dcaf7c44f0a6e09bc1b2bc0164" member_type: VOTER last_known_addr { host: "127.2.187.130" port: 37483 } } peers { permanent_uuid: "96401d6f8b5a4ffd8c867142393ef13d" member_type: VOTER last_known_addr { host: "127.2.187.131" port: 39373 } }
W20260710 11:05:47.126546  3951 leader_election.cc:343] T f64e88a59e614d38b34b812239cb2195 P 10d1e9dcaf7c44f0a6e09bc1b2bc0164 [CANDIDATE]: Term 1 pre-election: Tablet error from VoteRequest() call to peer c8cd73854d314b24851f8961e655e00c (127.2.187.129:45083): Illegal state: must be running to vote when last-logged opid is not known
I20260710 11:05:47.129662  4100 tablet_bootstrap.cc:654] T 986bd17ec92042119c0d273b19a3ed87 P 10d1e9dcaf7c44f0a6e09bc1b2bc0164: Neither blocks nor log segments found. Creating new log.
I20260710 11:05:47.134827  4173 leader_election.cc:290] T f64e88a59e614d38b34b812239cb2195 P 10d1e9dcaf7c44f0a6e09bc1b2bc0164 [CANDIDATE]: Term 1 election: Requested vote from peers c8cd73854d314b24851f8961e655e00c (127.2.187.129:45083), 96401d6f8b5a4ffd8c867142393ef13d (127.2.187.131:39373)
I20260710 11:05:47.136879  4099 tablet_bootstrap.cc:492] T e7117942d7a445cb82f020a045343ede P 96401d6f8b5a4ffd8c867142393ef13d: No bootstrap required, opened a new log
I20260710 11:05:47.137352  4099 ts_tablet_manager.cc:1403] T e7117942d7a445cb82f020a045343ede P 96401d6f8b5a4ffd8c867142393ef13d: Time spent bootstrapping tablet: real 0.023s	user 0.008s	sys 0.007s
I20260710 11:05:47.140259  4099 raft_consensus.cc:359] T e7117942d7a445cb82f020a045343ede P 96401d6f8b5a4ffd8c867142393ef13d [term 0 FOLLOWER]: Replica starting. Triggering 0 pending ops. Active config: opid_index: -1 OBSOLETE_local: false peers { permanent_uuid: "c8cd73854d314b24851f8961e655e00c" member_type: VOTER last_known_addr { host: "127.2.187.129" port: 45083 } } peers { permanent_uuid: "10d1e9dcaf7c44f0a6e09bc1b2bc0164" member_type: VOTER last_known_addr { host: "127.2.187.130" port: 37483 } } peers { permanent_uuid: "96401d6f8b5a4ffd8c867142393ef13d" member_type: VOTER last_known_addr { host: "127.2.187.131" port: 39373 } }
I20260710 11:05:47.140893  4099 raft_consensus.cc:385] T e7117942d7a445cb82f020a045343ede P 96401d6f8b5a4ffd8c867142393ef13d [term 0 FOLLOWER]: Consensus starting up: Expiring failure detector timer to make a prompt election more likely
I20260710 11:05:47.141170  4099 raft_consensus.cc:740] T e7117942d7a445cb82f020a045343ede P 96401d6f8b5a4ffd8c867142393ef13d [term 0 FOLLOWER]: Becoming Follower/Learner. State: Replica: 96401d6f8b5a4ffd8c867142393ef13d, State: Initialized, Role: FOLLOWER
I20260710 11:05:47.141815  4099 consensus_queue.cc:260] T e7117942d7a445cb82f020a045343ede P 96401d6f8b5a4ffd8c867142393ef13d [NON_LEADER]: Queue going to NON_LEADER mode. State: All replicated index: 0, Majority replicated index: 0, Committed index: 0, Last appended: 0.0, Last appended by leader: 0, Current term: 0, Majority size: -1, State: 0, Mode: NON_LEADER, active raft config: opid_index: -1 OBSOLETE_local: false peers { permanent_uuid: "c8cd73854d314b24851f8961e655e00c" member_type: VOTER last_known_addr { host: "127.2.187.129" port: 45083 } } peers { permanent_uuid: "10d1e9dcaf7c44f0a6e09bc1b2bc0164" member_type: VOTER last_known_addr { host: "127.2.187.130" port: 37483 } } peers { permanent_uuid: "96401d6f8b5a4ffd8c867142393ef13d" member_type: VOTER last_known_addr { host: "127.2.187.131" port: 39373 } }
I20260710 11:05:47.147137  4099 ts_tablet_manager.cc:1434] T e7117942d7a445cb82f020a045343ede P 96401d6f8b5a4ffd8c867142393ef13d: Time spent starting tablet: real 0.009s	user 0.006s	sys 0.000s
I20260710 11:05:47.147184  4057 tablet_service.cc:1917] Received RequestConsensusVote() RPC: tablet_id: "f64e88a59e614d38b34b812239cb2195" candidate_uuid: "10d1e9dcaf7c44f0a6e09bc1b2bc0164" candidate_term: 1 candidate_status { last_received { term: 0 index: 0 } } ignore_live_leader: false dest_uuid: "96401d6f8b5a4ffd8c867142393ef13d"
I20260710 11:05:47.147823  4057 raft_consensus.cc:3060] T f64e88a59e614d38b34b812239cb2195 P 96401d6f8b5a4ffd8c867142393ef13d [term 0 FOLLOWER]: Advancing to term 1
I20260710 11:05:47.148140  4099 tablet_bootstrap.cc:492] T 772c859e9f1a468b97b48a4009b9dbb6 P 96401d6f8b5a4ffd8c867142393ef13d: Bootstrap starting.
I20260710 11:05:47.149390  4100 tablet_bootstrap.cc:492] T 986bd17ec92042119c0d273b19a3ed87 P 10d1e9dcaf7c44f0a6e09bc1b2bc0164: No bootstrap required, opened a new log
I20260710 11:05:47.149902  4100 ts_tablet_manager.cc:1403] T 986bd17ec92042119c0d273b19a3ed87 P 10d1e9dcaf7c44f0a6e09bc1b2bc0164: Time spent bootstrapping tablet: real 0.075s	user 0.010s	sys 0.008s
I20260710 11:05:47.152423  4100 raft_consensus.cc:359] T 986bd17ec92042119c0d273b19a3ed87 P 10d1e9dcaf7c44f0a6e09bc1b2bc0164 [term 0 FOLLOWER]: Replica starting. Triggering 0 pending ops. Active config: opid_index: -1 OBSOLETE_local: false peers { permanent_uuid: "c8cd73854d314b24851f8961e655e00c" member_type: VOTER last_known_addr { host: "127.2.187.129" port: 45083 } } peers { permanent_uuid: "10d1e9dcaf7c44f0a6e09bc1b2bc0164" member_type: VOTER last_known_addr { host: "127.2.187.130" port: 37483 } } peers { permanent_uuid: "96401d6f8b5a4ffd8c867142393ef13d" member_type: VOTER last_known_addr { host: "127.2.187.131" port: 39373 } }
I20260710 11:05:47.153187  4100 raft_consensus.cc:385] T 986bd17ec92042119c0d273b19a3ed87 P 10d1e9dcaf7c44f0a6e09bc1b2bc0164 [term 0 FOLLOWER]: Consensus starting up: Expiring failure detector timer to make a prompt election more likely
I20260710 11:05:47.153976  4099 tablet_bootstrap.cc:654] T 772c859e9f1a468b97b48a4009b9dbb6 P 96401d6f8b5a4ffd8c867142393ef13d: Neither blocks nor log segments found. Creating new log.
I20260710 11:05:47.156450  4100 raft_consensus.cc:740] T 986bd17ec92042119c0d273b19a3ed87 P 10d1e9dcaf7c44f0a6e09bc1b2bc0164 [term 0 FOLLOWER]: Becoming Follower/Learner. State: Replica: 10d1e9dcaf7c44f0a6e09bc1b2bc0164, State: Initialized, Role: FOLLOWER
I20260710 11:05:47.157229  4100 consensus_queue.cc:260] T 986bd17ec92042119c0d273b19a3ed87 P 10d1e9dcaf7c44f0a6e09bc1b2bc0164 [NON_LEADER]: Queue going to NON_LEADER mode. State: All replicated index: 0, Majority replicated index: 0, Committed index: 0, Last appended: 0.0, Last appended by leader: 0, Current term: 0, Majority size: -1, State: 0, Mode: NON_LEADER, active raft config: opid_index: -1 OBSOLETE_local: false peers { permanent_uuid: "c8cd73854d314b24851f8961e655e00c" member_type: VOTER last_known_addr { host: "127.2.187.129" port: 45083 } } peers { permanent_uuid: "10d1e9dcaf7c44f0a6e09bc1b2bc0164" member_type: VOTER last_known_addr { host: "127.2.187.130" port: 37483 } } peers { permanent_uuid: "96401d6f8b5a4ffd8c867142393ef13d" member_type: VOTER last_known_addr { host: "127.2.187.131" port: 39373 } }
I20260710 11:05:47.159734  4100 ts_tablet_manager.cc:1434] T 986bd17ec92042119c0d273b19a3ed87 P 10d1e9dcaf7c44f0a6e09bc1b2bc0164: Time spent starting tablet: real 0.010s	user 0.004s	sys 0.000s
I20260710 11:05:47.160687  4100 tablet_bootstrap.cc:492] T d722dc5987534377ac4b5d16ec2653fa P 10d1e9dcaf7c44f0a6e09bc1b2bc0164: Bootstrap starting.
I20260710 11:05:47.166059  4100 tablet_bootstrap.cc:654] T d722dc5987534377ac4b5d16ec2653fa P 10d1e9dcaf7c44f0a6e09bc1b2bc0164: Neither blocks nor log segments found. Creating new log.
I20260710 11:05:47.156354  3909 tablet_service.cc:1917] Received RequestConsensusVote() RPC: tablet_id: "f64e88a59e614d38b34b812239cb2195" candidate_uuid: "10d1e9dcaf7c44f0a6e09bc1b2bc0164" candidate_term: 1 candidate_status { last_received { term: 0 index: 0 } } ignore_live_leader: false dest_uuid: "c8cd73854d314b24851f8961e655e00c"
I20260710 11:05:47.168948  4105 consensus_queue.cc:1048] T 2abef888fcf14756b098de03ea7f0a83 P 10d1e9dcaf7c44f0a6e09bc1b2bc0164 [LEADER]: Connected to new peer: Peer: permanent_uuid: "96401d6f8b5a4ffd8c867142393ef13d" member_type: VOTER last_known_addr { host: "127.2.187.131" port: 39373 }, Status: LMP_MISMATCH, Last received: 0.0, Next index: 1, Last known committed idx: 0, Time since last communication: 0.000s
I20260710 11:05:47.178779  4057 raft_consensus.cc:2468] T f64e88a59e614d38b34b812239cb2195 P 96401d6f8b5a4ffd8c867142393ef13d [term 1 FOLLOWER]: Leader election vote request: Granting yes vote for candidate 10d1e9dcaf7c44f0a6e09bc1b2bc0164 in term 1.
I20260710 11:05:47.180270  3951 leader_election.cc:304] T f64e88a59e614d38b34b812239cb2195 P 10d1e9dcaf7c44f0a6e09bc1b2bc0164 [CANDIDATE]: Term 1 election: Election decided. Result: candidate won. Election summary: received 2 responses out of 3 voters: 2 yes votes; 0 no votes. yes voters: 10d1e9dcaf7c44f0a6e09bc1b2bc0164, 96401d6f8b5a4ffd8c867142393ef13d; no voters: 
I20260710 11:05:47.132517  4098 raft_consensus.cc:359] T f64e88a59e614d38b34b812239cb2195 P c8cd73854d314b24851f8961e655e00c [term 0 FOLLOWER]: Replica starting. Triggering 0 pending ops. Active config: opid_index: -1 OBSOLETE_local: false peers { permanent_uuid: "c8cd73854d314b24851f8961e655e00c" member_type: VOTER last_known_addr { host: "127.2.187.129" port: 45083 } } peers { permanent_uuid: "10d1e9dcaf7c44f0a6e09bc1b2bc0164" member_type: VOTER last_known_addr { host: "127.2.187.130" port: 37483 } } peers { permanent_uuid: "96401d6f8b5a4ffd8c867142393ef13d" member_type: VOTER last_known_addr { host: "127.2.187.131" port: 39373 } }
I20260710 11:05:47.181955  4098 raft_consensus.cc:385] T f64e88a59e614d38b34b812239cb2195 P c8cd73854d314b24851f8961e655e00c [term 0 FOLLOWER]: Consensus starting up: Expiring failure detector timer to make a prompt election more likely
I20260710 11:05:47.182250  4098 raft_consensus.cc:740] T f64e88a59e614d38b34b812239cb2195 P c8cd73854d314b24851f8961e655e00c [term 0 FOLLOWER]: Becoming Follower/Learner. State: Replica: c8cd73854d314b24851f8961e655e00c, State: Initialized, Role: FOLLOWER
I20260710 11:05:47.183271  4141 raft_consensus.cc:2804] T f64e88a59e614d38b34b812239cb2195 P 10d1e9dcaf7c44f0a6e09bc1b2bc0164 [term 1 FOLLOWER]: Leader election won for term 1
I20260710 11:05:47.183959  4141 raft_consensus.cc:697] T f64e88a59e614d38b34b812239cb2195 P 10d1e9dcaf7c44f0a6e09bc1b2bc0164 [term 1 LEADER]: Becoming Leader. State: Replica: 10d1e9dcaf7c44f0a6e09bc1b2bc0164, State: Running, Role: LEADER
I20260710 11:05:47.184880  4141 consensus_queue.cc:237] T f64e88a59e614d38b34b812239cb2195 P 10d1e9dcaf7c44f0a6e09bc1b2bc0164 [LEADER]: Queue going to LEADER mode. State: All replicated index: 0, Majority replicated index: 0, Committed index: 0, Last appended: 0.0, Last appended by leader: 0, Current term: 1, Majority size: 2, State: 0, Mode: LEADER, active raft config: opid_index: -1 OBSOLETE_local: false peers { permanent_uuid: "c8cd73854d314b24851f8961e655e00c" member_type: VOTER last_known_addr { host: "127.2.187.129" port: 45083 } } peers { permanent_uuid: "10d1e9dcaf7c44f0a6e09bc1b2bc0164" member_type: VOTER last_known_addr { host: "127.2.187.130" port: 37483 } } peers { permanent_uuid: "96401d6f8b5a4ffd8c867142393ef13d" member_type: VOTER last_known_addr { host: "127.2.187.131" port: 39373 } }
I20260710 11:05:47.191468  4100 tablet_bootstrap.cc:492] T d722dc5987534377ac4b5d16ec2653fa P 10d1e9dcaf7c44f0a6e09bc1b2bc0164: No bootstrap required, opened a new log
I20260710 11:05:47.193423  4100 ts_tablet_manager.cc:1403] T d722dc5987534377ac4b5d16ec2653fa P 10d1e9dcaf7c44f0a6e09bc1b2bc0164: Time spent bootstrapping tablet: real 0.033s	user 0.008s	sys 0.011s
I20260710 11:05:47.196502  4100 raft_consensus.cc:359] T d722dc5987534377ac4b5d16ec2653fa P 10d1e9dcaf7c44f0a6e09bc1b2bc0164 [term 0 FOLLOWER]: Replica starting. Triggering 0 pending ops. Active config: opid_index: -1 OBSOLETE_local: false peers { permanent_uuid: "c8cd73854d314b24851f8961e655e00c" member_type: VOTER last_known_addr { host: "127.2.187.129" port: 45083 } } peers { permanent_uuid: "10d1e9dcaf7c44f0a6e09bc1b2bc0164" member_type: VOTER last_known_addr { host: "127.2.187.130" port: 37483 } } peers { permanent_uuid: "96401d6f8b5a4ffd8c867142393ef13d" member_type: VOTER last_known_addr { host: "127.2.187.131" port: 39373 } }
I20260710 11:05:47.197005  4100 raft_consensus.cc:385] T d722dc5987534377ac4b5d16ec2653fa P 10d1e9dcaf7c44f0a6e09bc1b2bc0164 [term 0 FOLLOWER]: Consensus starting up: Expiring failure detector timer to make a prompt election more likely
I20260710 11:05:47.197224  4100 raft_consensus.cc:740] T d722dc5987534377ac4b5d16ec2653fa P 10d1e9dcaf7c44f0a6e09bc1b2bc0164 [term 0 FOLLOWER]: Becoming Follower/Learner. State: Replica: 10d1e9dcaf7c44f0a6e09bc1b2bc0164, State: Initialized, Role: FOLLOWER
I20260710 11:05:47.197837  4100 consensus_queue.cc:260] T d722dc5987534377ac4b5d16ec2653fa P 10d1e9dcaf7c44f0a6e09bc1b2bc0164 [NON_LEADER]: Queue going to NON_LEADER mode. State: All replicated index: 0, Majority replicated index: 0, Committed index: 0, Last appended: 0.0, Last appended by leader: 0, Current term: 0, Majority size: -1, State: 0, Mode: NON_LEADER, active raft config: opid_index: -1 OBSOLETE_local: false peers { permanent_uuid: "c8cd73854d314b24851f8961e655e00c" member_type: VOTER last_known_addr { host: "127.2.187.129" port: 45083 } } peers { permanent_uuid: "10d1e9dcaf7c44f0a6e09bc1b2bc0164" member_type: VOTER last_known_addr { host: "127.2.187.130" port: 37483 } } peers { permanent_uuid: "96401d6f8b5a4ffd8c867142393ef13d" member_type: VOTER last_known_addr { host: "127.2.187.131" port: 39373 } }
I20260710 11:05:47.199365  4100 ts_tablet_manager.cc:1434] T d722dc5987534377ac4b5d16ec2653fa P 10d1e9dcaf7c44f0a6e09bc1b2bc0164: Time spent starting tablet: real 0.005s	user 0.002s	sys 0.000s
I20260710 11:05:47.200060  4100 tablet_bootstrap.cc:492] T 772c859e9f1a468b97b48a4009b9dbb6 P 10d1e9dcaf7c44f0a6e09bc1b2bc0164: Bootstrap starting.
I20260710 11:05:47.193974  4098 consensus_queue.cc:260] T f64e88a59e614d38b34b812239cb2195 P c8cd73854d314b24851f8961e655e00c [NON_LEADER]: Queue going to NON_LEADER mode. State: All replicated index: 0, Majority replicated index: 0, Committed index: 0, Last appended: 0.0, Last appended by leader: 0, Current term: 0, Majority size: -1, State: 0, Mode: NON_LEADER, active raft config: opid_index: -1 OBSOLETE_local: false peers { permanent_uuid: "c8cd73854d314b24851f8961e655e00c" member_type: VOTER last_known_addr { host: "127.2.187.129" port: 45083 } } peers { permanent_uuid: "10d1e9dcaf7c44f0a6e09bc1b2bc0164" member_type: VOTER last_known_addr { host: "127.2.187.130" port: 37483 } } peers { permanent_uuid: "96401d6f8b5a4ffd8c867142393ef13d" member_type: VOTER last_known_addr { host: "127.2.187.131" port: 39373 } }
I20260710 11:05:47.205265  3909 raft_consensus.cc:3060] T f64e88a59e614d38b34b812239cb2195 P c8cd73854d314b24851f8961e655e00c [term 0 FOLLOWER]: Advancing to term 1
I20260710 11:05:47.206672  4098 ts_tablet_manager.cc:1434] T f64e88a59e614d38b34b812239cb2195 P c8cd73854d314b24851f8961e655e00c: Time spent starting tablet: real 0.099s	user 0.010s	sys 0.000s
I20260710 11:05:47.207903  4098 tablet_bootstrap.cc:492] T 93d3816a98684d7490312667e6162227 P c8cd73854d314b24851f8961e655e00c: Bootstrap starting.
I20260710 11:05:47.209758  4100 tablet_bootstrap.cc:654] T 772c859e9f1a468b97b48a4009b9dbb6 P 10d1e9dcaf7c44f0a6e09bc1b2bc0164: Neither blocks nor log segments found. Creating new log.
I20260710 11:05:47.212397  4098 tablet_bootstrap.cc:654] T 93d3816a98684d7490312667e6162227 P c8cd73854d314b24851f8961e655e00c: Neither blocks nor log segments found. Creating new log.
I20260710 11:05:47.216094  4099 tablet_bootstrap.cc:492] T 772c859e9f1a468b97b48a4009b9dbb6 P 96401d6f8b5a4ffd8c867142393ef13d: No bootstrap required, opened a new log
I20260710 11:05:47.216565  4099 ts_tablet_manager.cc:1403] T 772c859e9f1a468b97b48a4009b9dbb6 P 96401d6f8b5a4ffd8c867142393ef13d: Time spent bootstrapping tablet: real 0.069s	user 0.020s	sys 0.032s
I20260710 11:05:47.217147  4156 raft_consensus.cc:493] T 07c9428f014b42ffb86b8bb441bb1d4c P c8cd73854d314b24851f8961e655e00c [term 0 FOLLOWER]: Starting pre-election (no leader contacted us within the election timeout)
I20260710 11:05:47.217543  4156 raft_consensus.cc:515] T 07c9428f014b42ffb86b8bb441bb1d4c P c8cd73854d314b24851f8961e655e00c [term 0 FOLLOWER]: Starting pre-election with config: opid_index: -1 OBSOLETE_local: false peers { permanent_uuid: "c8cd73854d314b24851f8961e655e00c" member_type: VOTER last_known_addr { host: "127.2.187.129" port: 45083 } } peers { permanent_uuid: "10d1e9dcaf7c44f0a6e09bc1b2bc0164" member_type: VOTER last_known_addr { host: "127.2.187.130" port: 37483 } } peers { permanent_uuid: "96401d6f8b5a4ffd8c867142393ef13d" member_type: VOTER last_known_addr { host: "127.2.187.131" port: 39373 } }
I20260710 11:05:47.219199  4156 leader_election.cc:290] T 07c9428f014b42ffb86b8bb441bb1d4c P c8cd73854d314b24851f8961e655e00c [CANDIDATE]: Term 1 pre-election: Requested pre-vote from peers 10d1e9dcaf7c44f0a6e09bc1b2bc0164 (127.2.187.130:37483), 96401d6f8b5a4ffd8c867142393ef13d (127.2.187.131:39373)
I20260710 11:05:47.218919  3806 catalog_manager.cc:5697] T f64e88a59e614d38b34b812239cb2195 P 10d1e9dcaf7c44f0a6e09bc1b2bc0164 reported cstate change: term changed from 0 to 1, leader changed from <none> to 10d1e9dcaf7c44f0a6e09bc1b2bc0164 (127.2.187.130). New cstate: current_term: 1 leader_uuid: "10d1e9dcaf7c44f0a6e09bc1b2bc0164" committed_config { opid_index: -1 OBSOLETE_local: false peers { permanent_uuid: "c8cd73854d314b24851f8961e655e00c" member_type: VOTER last_known_addr { host: "127.2.187.129" port: 45083 } health_report { overall_health: UNKNOWN } } peers { permanent_uuid: "10d1e9dcaf7c44f0a6e09bc1b2bc0164" member_type: VOTER last_known_addr { host: "127.2.187.130" port: 37483 } health_report { overall_health: HEALTHY } } peers { permanent_uuid: "96401d6f8b5a4ffd8c867142393ef13d" member_type: VOTER last_known_addr { host: "127.2.187.131" port: 39373 } health_report { overall_health: UNKNOWN } } }
I20260710 11:05:47.221184  4058 tablet_service.cc:1917] Received RequestConsensusVote() RPC: tablet_id: "07c9428f014b42ffb86b8bb441bb1d4c" candidate_uuid: "c8cd73854d314b24851f8961e655e00c" candidate_term: 1 candidate_status { last_received { term: 0 index: 0 } } ignore_live_leader: false dest_uuid: "96401d6f8b5a4ffd8c867142393ef13d" is_pre_election: true
I20260710 11:05:47.222162  4058 raft_consensus.cc:2468] T 07c9428f014b42ffb86b8bb441bb1d4c P 96401d6f8b5a4ffd8c867142393ef13d [term 0 FOLLOWER]: Leader pre-election vote request: Granting yes vote for candidate c8cd73854d314b24851f8961e655e00c in term 0.
I20260710 11:05:47.221843  4099 raft_consensus.cc:359] T 772c859e9f1a468b97b48a4009b9dbb6 P 96401d6f8b5a4ffd8c867142393ef13d [term 0 FOLLOWER]: Replica starting. Triggering 0 pending ops. Active config: opid_index: -1 OBSOLETE_local: false peers { permanent_uuid: "c8cd73854d314b24851f8961e655e00c" member_type: VOTER last_known_addr { host: "127.2.187.129" port: 45083 } } peers { permanent_uuid: "10d1e9dcaf7c44f0a6e09bc1b2bc0164" member_type: VOTER last_known_addr { host: "127.2.187.130" port: 37483 } } peers { permanent_uuid: "96401d6f8b5a4ffd8c867142393ef13d" member_type: VOTER last_known_addr { host: "127.2.187.131" port: 39373 } }
I20260710 11:05:47.221547  4100 tablet_bootstrap.cc:492] T 772c859e9f1a468b97b48a4009b9dbb6 P 10d1e9dcaf7c44f0a6e09bc1b2bc0164: No bootstrap required, opened a new log
I20260710 11:05:47.222628  4099 raft_consensus.cc:385] T 772c859e9f1a468b97b48a4009b9dbb6 P 96401d6f8b5a4ffd8c867142393ef13d [term 0 FOLLOWER]: Consensus starting up: Expiring failure detector timer to make a prompt election more likely
I20260710 11:05:47.222908  4099 raft_consensus.cc:740] T 772c859e9f1a468b97b48a4009b9dbb6 P 96401d6f8b5a4ffd8c867142393ef13d [term 0 FOLLOWER]: Becoming Follower/Learner. State: Replica: 96401d6f8b5a4ffd8c867142393ef13d, State: Initialized, Role: FOLLOWER
I20260710 11:05:47.223451  3876 leader_election.cc:304] T 07c9428f014b42ffb86b8bb441bb1d4c P c8cd73854d314b24851f8961e655e00c [CANDIDATE]: Term 1 pre-election: Election decided. Result: candidate won. Election summary: received 2 responses out of 3 voters: 2 yes votes; 0 no votes. yes voters: 96401d6f8b5a4ffd8c867142393ef13d, c8cd73854d314b24851f8961e655e00c; no voters: 
I20260710 11:05:47.223757  4098 tablet_bootstrap.cc:492] T 93d3816a98684d7490312667e6162227 P c8cd73854d314b24851f8961e655e00c: No bootstrap required, opened a new log
I20260710 11:05:47.223647  4099 consensus_queue.cc:260] T 772c859e9f1a468b97b48a4009b9dbb6 P 96401d6f8b5a4ffd8c867142393ef13d [NON_LEADER]: Queue going to NON_LEADER mode. State: All replicated index: 0, Majority replicated index: 0, Committed index: 0, Last appended: 0.0, Last appended by leader: 0, Current term: 0, Majority size: -1, State: 0, Mode: NON_LEADER, active raft config: opid_index: -1 OBSOLETE_local: false peers { permanent_uuid: "c8cd73854d314b24851f8961e655e00c" member_type: VOTER last_known_addr { host: "127.2.187.129" port: 45083 } } peers { permanent_uuid: "10d1e9dcaf7c44f0a6e09bc1b2bc0164" member_type: VOTER last_known_addr { host: "127.2.187.130" port: 37483 } } peers { permanent_uuid: "96401d6f8b5a4ffd8c867142393ef13d" member_type: VOTER last_known_addr { host: "127.2.187.131" port: 39373 } }
I20260710 11:05:47.221779  3981 tablet_service.cc:1917] Received RequestConsensusVote() RPC: tablet_id: "07c9428f014b42ffb86b8bb441bb1d4c" candidate_uuid: "c8cd73854d314b24851f8961e655e00c" candidate_term: 1 candidate_status { last_received { term: 0 index: 0 } } ignore_live_leader: false dest_uuid: "10d1e9dcaf7c44f0a6e09bc1b2bc0164" is_pre_election: true
I20260710 11:05:47.224236  4156 raft_consensus.cc:2804] T 07c9428f014b42ffb86b8bb441bb1d4c P c8cd73854d314b24851f8961e655e00c [term 0 FOLLOWER]: Leader pre-election won for term 1
I20260710 11:05:47.224655  4156 raft_consensus.cc:493] T 07c9428f014b42ffb86b8bb441bb1d4c P c8cd73854d314b24851f8961e655e00c [term 0 FOLLOWER]: Starting leader election (no leader contacted us within the election timeout)
I20260710 11:05:47.224733  3981 raft_consensus.cc:2468] T 07c9428f014b42ffb86b8bb441bb1d4c P 10d1e9dcaf7c44f0a6e09bc1b2bc0164 [term 0 FOLLOWER]: Leader pre-election vote request: Granting yes vote for candidate c8cd73854d314b24851f8961e655e00c in term 0.
I20260710 11:05:47.225026  4156 raft_consensus.cc:3060] T 07c9428f014b42ffb86b8bb441bb1d4c P c8cd73854d314b24851f8961e655e00c [term 0 FOLLOWER]: Advancing to term 1
I20260710 11:05:47.225155  4100 ts_tablet_manager.cc:1403] T 772c859e9f1a468b97b48a4009b9dbb6 P 10d1e9dcaf7c44f0a6e09bc1b2bc0164: Time spent bootstrapping tablet: real 0.025s	user 0.008s	sys 0.008s
I20260710 11:05:47.225744  4099 ts_tablet_manager.cc:1434] T 772c859e9f1a468b97b48a4009b9dbb6 P 96401d6f8b5a4ffd8c867142393ef13d: Time spent starting tablet: real 0.009s	user 0.005s	sys 0.000s
I20260710 11:05:47.226632  4099 tablet_bootstrap.cc:492] T 986bd17ec92042119c0d273b19a3ed87 P 96401d6f8b5a4ffd8c867142393ef13d: Bootstrap starting.
I20260710 11:05:47.227950  4100 raft_consensus.cc:359] T 772c859e9f1a468b97b48a4009b9dbb6 P 10d1e9dcaf7c44f0a6e09bc1b2bc0164 [term 0 FOLLOWER]: Replica starting. Triggering 0 pending ops. Active config: opid_index: -1 OBSOLETE_local: false peers { permanent_uuid: "c8cd73854d314b24851f8961e655e00c" member_type: VOTER last_known_addr { host: "127.2.187.129" port: 45083 } } peers { permanent_uuid: "10d1e9dcaf7c44f0a6e09bc1b2bc0164" member_type: VOTER last_known_addr { host: "127.2.187.130" port: 37483 } } peers { permanent_uuid: "96401d6f8b5a4ffd8c867142393ef13d" member_type: VOTER last_known_addr { host: "127.2.187.131" port: 39373 } }
I20260710 11:05:47.228641  4100 raft_consensus.cc:385] T 772c859e9f1a468b97b48a4009b9dbb6 P 10d1e9dcaf7c44f0a6e09bc1b2bc0164 [term 0 FOLLOWER]: Consensus starting up: Expiring failure detector timer to make a prompt election more likely
I20260710 11:05:47.228886  4100 raft_consensus.cc:740] T 772c859e9f1a468b97b48a4009b9dbb6 P 10d1e9dcaf7c44f0a6e09bc1b2bc0164 [term 0 FOLLOWER]: Becoming Follower/Learner. State: Replica: 10d1e9dcaf7c44f0a6e09bc1b2bc0164, State: Initialized, Role: FOLLOWER
I20260710 11:05:47.229604  4100 consensus_queue.cc:260] T 772c859e9f1a468b97b48a4009b9dbb6 P 10d1e9dcaf7c44f0a6e09bc1b2bc0164 [NON_LEADER]: Queue going to NON_LEADER mode. State: All replicated index: 0, Majority replicated index: 0, Committed index: 0, Last appended: 0.0, Last appended by leader: 0, Current term: 0, Majority size: -1, State: 0, Mode: NON_LEADER, active raft config: opid_index: -1 OBSOLETE_local: false peers { permanent_uuid: "c8cd73854d314b24851f8961e655e00c" member_type: VOTER last_known_addr { host: "127.2.187.129" port: 45083 } } peers { permanent_uuid: "10d1e9dcaf7c44f0a6e09bc1b2bc0164" member_type: VOTER last_known_addr { host: "127.2.187.130" port: 37483 } } peers { permanent_uuid: "96401d6f8b5a4ffd8c867142393ef13d" member_type: VOTER last_known_addr { host: "127.2.187.131" port: 39373 } }
I20260710 11:05:47.231703  4100 ts_tablet_manager.cc:1434] T 772c859e9f1a468b97b48a4009b9dbb6 P 10d1e9dcaf7c44f0a6e09bc1b2bc0164: Time spent starting tablet: real 0.006s	user 0.004s	sys 0.000s
I20260710 11:05:47.232569  4100 tablet_bootstrap.cc:492] T 9440e13e370f4067bb0b571551d01935 P 10d1e9dcaf7c44f0a6e09bc1b2bc0164: Bootstrap starting.
I20260710 11:05:47.221827  3909 raft_consensus.cc:2468] T f64e88a59e614d38b34b812239cb2195 P c8cd73854d314b24851f8961e655e00c [term 1 FOLLOWER]: Leader election vote request: Granting yes vote for candidate 10d1e9dcaf7c44f0a6e09bc1b2bc0164 in term 1.
I20260710 11:05:47.235721  4099 tablet_bootstrap.cc:654] T 986bd17ec92042119c0d273b19a3ed87 P 96401d6f8b5a4ffd8c867142393ef13d: Neither blocks nor log segments found. Creating new log.
I20260710 11:05:47.237922  4100 tablet_bootstrap.cc:654] T 9440e13e370f4067bb0b571551d01935 P 10d1e9dcaf7c44f0a6e09bc1b2bc0164: Neither blocks nor log segments found. Creating new log.
I20260710 11:05:47.247577  4099 tablet_bootstrap.cc:492] T 986bd17ec92042119c0d273b19a3ed87 P 96401d6f8b5a4ffd8c867142393ef13d: No bootstrap required, opened a new log
I20260710 11:05:47.247576  4100 tablet_bootstrap.cc:492] T 9440e13e370f4067bb0b571551d01935 P 10d1e9dcaf7c44f0a6e09bc1b2bc0164: No bootstrap required, opened a new log
I20260710 11:05:47.248103  4099 ts_tablet_manager.cc:1403] T 986bd17ec92042119c0d273b19a3ed87 P 96401d6f8b5a4ffd8c867142393ef13d: Time spent bootstrapping tablet: real 0.022s	user 0.012s	sys 0.004s
I20260710 11:05:47.248106  4100 ts_tablet_manager.cc:1403] T 9440e13e370f4067bb0b571551d01935 P 10d1e9dcaf7c44f0a6e09bc1b2bc0164: Time spent bootstrapping tablet: real 0.016s	user 0.009s	sys 0.003s
I20260710 11:05:47.248914  4156 raft_consensus.cc:515] T 07c9428f014b42ffb86b8bb441bb1d4c P c8cd73854d314b24851f8961e655e00c [term 1 FOLLOWER]: Starting leader election with config: opid_index: -1 OBSOLETE_local: false peers { permanent_uuid: "c8cd73854d314b24851f8961e655e00c" member_type: VOTER last_known_addr { host: "127.2.187.129" port: 45083 } } peers { permanent_uuid: "10d1e9dcaf7c44f0a6e09bc1b2bc0164" member_type: VOTER last_known_addr { host: "127.2.187.130" port: 37483 } } peers { permanent_uuid: "96401d6f8b5a4ffd8c867142393ef13d" member_type: VOTER last_known_addr { host: "127.2.187.131" port: 39373 } }
I20260710 11:05:47.251008  4156 leader_election.cc:290] T 07c9428f014b42ffb86b8bb441bb1d4c P c8cd73854d314b24851f8961e655e00c [CANDIDATE]: Term 1 election: Requested vote from peers 10d1e9dcaf7c44f0a6e09bc1b2bc0164 (127.2.187.130:37483), 96401d6f8b5a4ffd8c867142393ef13d (127.2.187.131:39373)
I20260710 11:05:47.250850  4099 raft_consensus.cc:359] T 986bd17ec92042119c0d273b19a3ed87 P 96401d6f8b5a4ffd8c867142393ef13d [term 0 FOLLOWER]: Replica starting. Triggering 0 pending ops. Active config: opid_index: -1 OBSOLETE_local: false peers { permanent_uuid: "c8cd73854d314b24851f8961e655e00c" member_type: VOTER last_known_addr { host: "127.2.187.129" port: 45083 } } peers { permanent_uuid: "10d1e9dcaf7c44f0a6e09bc1b2bc0164" member_type: VOTER last_known_addr { host: "127.2.187.130" port: 37483 } } peers { permanent_uuid: "96401d6f8b5a4ffd8c867142393ef13d" member_type: VOTER last_known_addr { host: "127.2.187.131" port: 39373 } }
I20260710 11:05:47.251551  4099 raft_consensus.cc:385] T 986bd17ec92042119c0d273b19a3ed87 P 96401d6f8b5a4ffd8c867142393ef13d [term 0 FOLLOWER]: Consensus starting up: Expiring failure detector timer to make a prompt election more likely
I20260710 11:05:47.251614  4098 ts_tablet_manager.cc:1403] T 93d3816a98684d7490312667e6162227 P c8cd73854d314b24851f8961e655e00c: Time spent bootstrapping tablet: real 0.044s	user 0.008s	sys 0.001s
I20260710 11:05:47.251866  4099 raft_consensus.cc:740] T 986bd17ec92042119c0d273b19a3ed87 P 96401d6f8b5a4ffd8c867142393ef13d [term 0 FOLLOWER]: Becoming Follower/Learner. State: Replica: 96401d6f8b5a4ffd8c867142393ef13d, State: Initialized, Role: FOLLOWER
I20260710 11:05:47.251703  3981 tablet_service.cc:1917] Received RequestConsensusVote() RPC: tablet_id: "07c9428f014b42ffb86b8bb441bb1d4c" candidate_uuid: "c8cd73854d314b24851f8961e655e00c" candidate_term: 1 candidate_status { last_received { term: 0 index: 0 } } ignore_live_leader: false dest_uuid: "10d1e9dcaf7c44f0a6e09bc1b2bc0164"
I20260710 11:05:47.252086  4058 tablet_service.cc:1917] Received RequestConsensusVote() RPC: tablet_id: "07c9428f014b42ffb86b8bb441bb1d4c" candidate_uuid: "c8cd73854d314b24851f8961e655e00c" candidate_term: 1 candidate_status { last_received { term: 0 index: 0 } } ignore_live_leader: false dest_uuid: "96401d6f8b5a4ffd8c867142393ef13d"
I20260710 11:05:47.252393  3981 raft_consensus.cc:3060] T 07c9428f014b42ffb86b8bb441bb1d4c P 10d1e9dcaf7c44f0a6e09bc1b2bc0164 [term 0 FOLLOWER]: Advancing to term 1
I20260710 11:05:47.252756  4058 raft_consensus.cc:3060] T 07c9428f014b42ffb86b8bb441bb1d4c P 96401d6f8b5a4ffd8c867142393ef13d [term 0 FOLLOWER]: Advancing to term 1
I20260710 11:05:47.252969  4099 consensus_queue.cc:260] T 986bd17ec92042119c0d273b19a3ed87 P 96401d6f8b5a4ffd8c867142393ef13d [NON_LEADER]: Queue going to NON_LEADER mode. State: All replicated index: 0, Majority replicated index: 0, Committed index: 0, Last appended: 0.0, Last appended by leader: 0, Current term: 0, Majority size: -1, State: 0, Mode: NON_LEADER, active raft config: opid_index: -1 OBSOLETE_local: false peers { permanent_uuid: "c8cd73854d314b24851f8961e655e00c" member_type: VOTER last_known_addr { host: "127.2.187.129" port: 45083 } } peers { permanent_uuid: "10d1e9dcaf7c44f0a6e09bc1b2bc0164" member_type: VOTER last_known_addr { host: "127.2.187.130" port: 37483 } } peers { permanent_uuid: "96401d6f8b5a4ffd8c867142393ef13d" member_type: VOTER last_known_addr { host: "127.2.187.131" port: 39373 } }
