I20260710 11:05:23.290998  7556 raft_consensus.cc:359] T cf451a15ae234c51b5b36e09e640cf30 P 8d1668133f8844cab42829612de9d9f4 [term 0 FOLLOWER]: Replica starting. Triggering 0 pending ops. Active config: opid_index: -1 OBSOLETE_local: false peers { permanent_uuid: "096e14aa2acb459dad2f2488a38811ad" member_type: VOTER last_known_addr { host: "127.7.14.129" port: 38865 } } peers { permanent_uuid: "eadbfeaba9ca4e9f871e8186beeadf55" member_type: VOTER last_known_addr { host: "127.7.14.130" port: 41153 } } peers { permanent_uuid: "8d1668133f8844cab42829612de9d9f4" member_type: VOTER last_known_addr { host: "127.7.14.131" port: 46783 } }
I20260710 11:05:23.291643  7556 raft_consensus.cc:385] T cf451a15ae234c51b5b36e09e640cf30 P 8d1668133f8844cab42829612de9d9f4 [term 0 FOLLOWER]: Consensus starting up: Expiring failure detector timer to make a prompt election more likely
I20260710 11:05:23.291961  7556 raft_consensus.cc:740] T cf451a15ae234c51b5b36e09e640cf30 P 8d1668133f8844cab42829612de9d9f4 [term 0 FOLLOWER]: Becoming Follower/Learner. State: Replica: 8d1668133f8844cab42829612de9d9f4, State: Initialized, Role: FOLLOWER
I20260710 11:05:23.292635  7556 consensus_queue.cc:260] T cf451a15ae234c51b5b36e09e640cf30 P 8d1668133f8844cab42829612de9d9f4 [NON_LEADER]: Queue going to NON_LEADER mode. State: All replicated index: 0, Majority replicated index: 0, Committed index: 0, Last appended: 0.0, Last appended by leader: 0, Current term: 0, Majority size: -1, State: 0, Mode: NON_LEADER, active raft config: opid_index: -1 OBSOLETE_local: false peers { permanent_uuid: "096e14aa2acb459dad2f2488a38811ad" member_type: VOTER last_known_addr { host: "127.7.14.129" port: 38865 } } peers { permanent_uuid: "eadbfeaba9ca4e9f871e8186beeadf55" member_type: VOTER last_known_addr { host: "127.7.14.130" port: 41153 } } peers { permanent_uuid: "8d1668133f8844cab42829612de9d9f4" member_type: VOTER last_known_addr { host: "127.7.14.131" port: 46783 } }
I20260710 11:05:23.294847  7556 ts_tablet_manager.cc:1434] T cf451a15ae234c51b5b36e09e640cf30 P 8d1668133f8844cab42829612de9d9f4: Time spent starting tablet: real 0.006s	user 0.002s	sys 0.002s
I20260710 11:05:23.295768  7556 tablet_bootstrap.cc:492] T 136184ca6e0c474e96e9139a8824843d P 8d1668133f8844cab42829612de9d9f4: Bootstrap starting.
I20260710 11:05:23.302242  7556 tablet_bootstrap.cc:654] T 136184ca6e0c474e96e9139a8824843d P 8d1668133f8844cab42829612de9d9f4: Neither blocks nor log segments found. Creating new log.
I20260710 11:05:23.308864  7554 tablet_bootstrap.cc:492] T 511170df9d2349938b3247fd48707d38 P 096e14aa2acb459dad2f2488a38811ad: No bootstrap required, opened a new log
I20260710 11:05:23.309464  7574 raft_consensus.cc:493] T 136184ca6e0c474e96e9139a8824843d P eadbfeaba9ca4e9f871e8186beeadf55 [term 0 FOLLOWER]: Starting pre-election (no leader contacted us within the election timeout)
I20260710 11:05:23.309772  7556 tablet_bootstrap.cc:492] T 136184ca6e0c474e96e9139a8824843d P 8d1668133f8844cab42829612de9d9f4: No bootstrap required, opened a new log
I20260710 11:05:23.310142  7556 ts_tablet_manager.cc:1403] T 136184ca6e0c474e96e9139a8824843d P 8d1668133f8844cab42829612de9d9f4: Time spent bootstrapping tablet: real 0.015s	user 0.014s	sys 0.000s
I20260710 11:05:23.309900  7574 raft_consensus.cc:515] T 136184ca6e0c474e96e9139a8824843d P eadbfeaba9ca4e9f871e8186beeadf55 [term 0 FOLLOWER]: Starting pre-election with config: opid_index: -1 OBSOLETE_local: false peers { permanent_uuid: "096e14aa2acb459dad2f2488a38811ad" member_type: VOTER last_known_addr { host: "127.7.14.129" port: 38865 } } peers { permanent_uuid: "eadbfeaba9ca4e9f871e8186beeadf55" member_type: VOTER last_known_addr { host: "127.7.14.130" port: 41153 } } peers { permanent_uuid: "8d1668133f8844cab42829612de9d9f4" member_type: VOTER last_known_addr { host: "127.7.14.131" port: 46783 } }
I20260710 11:05:23.311954  7574 leader_election.cc:290] T 136184ca6e0c474e96e9139a8824843d P eadbfeaba9ca4e9f871e8186beeadf55 [CANDIDATE]: Term 1 pre-election: Requested pre-vote from peers 096e14aa2acb459dad2f2488a38811ad (127.7.14.129:38865), 8d1668133f8844cab42829612de9d9f4 (127.7.14.131:46783)
I20260710 11:05:23.309296  7554 ts_tablet_manager.cc:1403] T 511170df9d2349938b3247fd48707d38 P 096e14aa2acb459dad2f2488a38811ad: Time spent bootstrapping tablet: real 0.032s	user 0.011s	sys 0.016s
I20260710 11:05:23.313043  7509 tablet_service.cc:1917] Received RequestConsensusVote() RPC: tablet_id: "136184ca6e0c474e96e9139a8824843d" candidate_uuid: "eadbfeaba9ca4e9f871e8186beeadf55" candidate_term: 1 candidate_status { last_received { term: 0 index: 0 } } ignore_live_leader: false dest_uuid: "8d1668133f8844cab42829612de9d9f4" is_pre_election: true
I20260710 11:05:23.313060  7360 tablet_service.cc:1917] Received RequestConsensusVote() RPC: tablet_id: "136184ca6e0c474e96e9139a8824843d" candidate_uuid: "eadbfeaba9ca4e9f871e8186beeadf55" candidate_term: 1 candidate_status { last_received { term: 0 index: 0 } } ignore_live_leader: false dest_uuid: "096e14aa2acb459dad2f2488a38811ad" is_pre_election: true
W20260710 11:05:23.314313  7399 leader_election.cc:343] T 136184ca6e0c474e96e9139a8824843d P eadbfeaba9ca4e9f871e8186beeadf55 [CANDIDATE]: Term 1 pre-election: Tablet error from VoteRequest() call to peer 8d1668133f8844cab42829612de9d9f4 (127.7.14.131:46783): Illegal state: must be running to vote when last-logged opid is not known
I20260710 11:05:23.314414  7360 raft_consensus.cc:2468] T 136184ca6e0c474e96e9139a8824843d P 096e14aa2acb459dad2f2488a38811ad [term 0 FOLLOWER]: Leader pre-election vote request: Granting yes vote for candidate eadbfeaba9ca4e9f871e8186beeadf55 in term 0.
I20260710 11:05:23.314505  7554 raft_consensus.cc:359] T 511170df9d2349938b3247fd48707d38 P 096e14aa2acb459dad2f2488a38811ad [term 0 FOLLOWER]: Replica starting. Triggering 0 pending ops. Active config: opid_index: -1 OBSOLETE_local: false peers { permanent_uuid: "096e14aa2acb459dad2f2488a38811ad" member_type: VOTER last_known_addr { host: "127.7.14.129" port: 38865 } } peers { permanent_uuid: "eadbfeaba9ca4e9f871e8186beeadf55" member_type: VOTER last_known_addr { host: "127.7.14.130" port: 41153 } } peers { permanent_uuid: "8d1668133f8844cab42829612de9d9f4" member_type: VOTER last_known_addr { host: "127.7.14.131" port: 46783 } }
I20260710 11:05:23.315162  7554 raft_consensus.cc:385] T 511170df9d2349938b3247fd48707d38 P 096e14aa2acb459dad2f2488a38811ad [term 0 FOLLOWER]: Consensus starting up: Expiring failure detector timer to make a prompt election more likely
I20260710 11:05:23.315385  7554 raft_consensus.cc:740] T 511170df9d2349938b3247fd48707d38 P 096e14aa2acb459dad2f2488a38811ad [term 0 FOLLOWER]: Becoming Follower/Learner. State: Replica: 096e14aa2acb459dad2f2488a38811ad, State: Initialized, Role: FOLLOWER
I20260710 11:05:23.315557  7402 leader_election.cc:304] T 136184ca6e0c474e96e9139a8824843d P eadbfeaba9ca4e9f871e8186beeadf55 [CANDIDATE]: Term 1 pre-election: Election decided. Result: candidate won. Election summary: received 3 responses out of 3 voters: 2 yes votes; 1 no votes. yes voters: 096e14aa2acb459dad2f2488a38811ad, eadbfeaba9ca4e9f871e8186beeadf55; no voters: 8d1668133f8844cab42829612de9d9f4
I20260710 11:05:23.316325  7574 raft_consensus.cc:2804] T 136184ca6e0c474e96e9139a8824843d P eadbfeaba9ca4e9f871e8186beeadf55 [term 0 FOLLOWER]: Leader pre-election won for term 1
I20260710 11:05:23.316689  7574 raft_consensus.cc:493] T 136184ca6e0c474e96e9139a8824843d P eadbfeaba9ca4e9f871e8186beeadf55 [term 0 FOLLOWER]: Starting leader election (no leader contacted us within the election timeout)
I20260710 11:05:23.317036  7574 raft_consensus.cc:3060] T 136184ca6e0c474e96e9139a8824843d P eadbfeaba9ca4e9f871e8186beeadf55 [term 0 FOLLOWER]: Advancing to term 1
I20260710 11:05:23.316841  7556 raft_consensus.cc:359] T 136184ca6e0c474e96e9139a8824843d P 8d1668133f8844cab42829612de9d9f4 [term 0 FOLLOWER]: Replica starting. Triggering 0 pending ops. Active config: opid_index: -1 OBSOLETE_local: false peers { permanent_uuid: "096e14aa2acb459dad2f2488a38811ad" member_type: VOTER last_known_addr { host: "127.7.14.129" port: 38865 } } peers { permanent_uuid: "eadbfeaba9ca4e9f871e8186beeadf55" member_type: VOTER last_known_addr { host: "127.7.14.130" port: 41153 } } peers { permanent_uuid: "8d1668133f8844cab42829612de9d9f4" member_type: VOTER last_known_addr { host: "127.7.14.131" port: 46783 } }
I20260710 11:05:23.317452  7556 raft_consensus.cc:385] T 136184ca6e0c474e96e9139a8824843d P 8d1668133f8844cab42829612de9d9f4 [term 0 FOLLOWER]: Consensus starting up: Expiring failure detector timer to make a prompt election more likely
I20260710 11:05:23.317654  7556 raft_consensus.cc:740] T 136184ca6e0c474e96e9139a8824843d P 8d1668133f8844cab42829612de9d9f4 [term 0 FOLLOWER]: Becoming Follower/Learner. State: Replica: 8d1668133f8844cab42829612de9d9f4, State: Initialized, Role: FOLLOWER
I20260710 11:05:23.318490  7556 consensus_queue.cc:260] T 136184ca6e0c474e96e9139a8824843d P 8d1668133f8844cab42829612de9d9f4 [NON_LEADER]: Queue going to NON_LEADER mode. State: All replicated index: 0, Majority replicated index: 0, Committed index: 0, Last appended: 0.0, Last appended by leader: 0, Current term: 0, Majority size: -1, State: 0, Mode: NON_LEADER, active raft config: opid_index: -1 OBSOLETE_local: false peers { permanent_uuid: "096e14aa2acb459dad2f2488a38811ad" member_type: VOTER last_known_addr { host: "127.7.14.129" port: 38865 } } peers { permanent_uuid: "eadbfeaba9ca4e9f871e8186beeadf55" member_type: VOTER last_known_addr { host: "127.7.14.130" port: 41153 } } peers { permanent_uuid: "8d1668133f8844cab42829612de9d9f4" member_type: VOTER last_known_addr { host: "127.7.14.131" port: 46783 } }
I20260710 11:05:23.320039  7556 ts_tablet_manager.cc:1434] T 136184ca6e0c474e96e9139a8824843d P 8d1668133f8844cab42829612de9d9f4: Time spent starting tablet: real 0.010s	user 0.005s	sys 0.000s
I20260710 11:05:23.316036  7554 consensus_queue.cc:260] T 511170df9d2349938b3247fd48707d38 P 096e14aa2acb459dad2f2488a38811ad [NON_LEADER]: Queue going to NON_LEADER mode. State: All replicated index: 0, Majority replicated index: 0, Committed index: 0, Last appended: 0.0, Last appended by leader: 0, Current term: 0, Majority size: -1, State: 0, Mode: NON_LEADER, active raft config: opid_index: -1 OBSOLETE_local: false peers { permanent_uuid: "096e14aa2acb459dad2f2488a38811ad" member_type: VOTER last_known_addr { host: "127.7.14.129" port: 38865 } } peers { permanent_uuid: "eadbfeaba9ca4e9f871e8186beeadf55" member_type: VOTER last_known_addr { host: "127.7.14.130" port: 41153 } } peers { permanent_uuid: "8d1668133f8844cab42829612de9d9f4" member_type: VOTER last_known_addr { host: "127.7.14.131" port: 46783 } }
I20260710 11:05:23.321542  7554 ts_tablet_manager.cc:1434] T 511170df9d2349938b3247fd48707d38 P 096e14aa2acb459dad2f2488a38811ad: Time spent starting tablet: real 0.009s	user 0.004s	sys 0.000s
I20260710 11:05:23.322356  7556 tablet_bootstrap.cc:492] T 511170df9d2349938b3247fd48707d38 P 8d1668133f8844cab42829612de9d9f4: Bootstrap starting.
I20260710 11:05:23.323807  7574 raft_consensus.cc:515] T 136184ca6e0c474e96e9139a8824843d P eadbfeaba9ca4e9f871e8186beeadf55 [term 1 FOLLOWER]: Starting leader election with config: opid_index: -1 OBSOLETE_local: false peers { permanent_uuid: "096e14aa2acb459dad2f2488a38811ad" member_type: VOTER last_known_addr { host: "127.7.14.129" port: 38865 } } peers { permanent_uuid: "eadbfeaba9ca4e9f871e8186beeadf55" member_type: VOTER last_known_addr { host: "127.7.14.130" port: 41153 } } peers { permanent_uuid: "8d1668133f8844cab42829612de9d9f4" member_type: VOTER last_known_addr { host: "127.7.14.131" port: 46783 } }
I20260710 11:05:23.325664  7574 leader_election.cc:290] T 136184ca6e0c474e96e9139a8824843d P eadbfeaba9ca4e9f871e8186beeadf55 [CANDIDATE]: Term 1 election: Requested vote from peers 096e14aa2acb459dad2f2488a38811ad (127.7.14.129:38865), 8d1668133f8844cab42829612de9d9f4 (127.7.14.131:46783)
I20260710 11:05:23.328187  7556 tablet_bootstrap.cc:654] T 511170df9d2349938b3247fd48707d38 P 8d1668133f8844cab42829612de9d9f4: Neither blocks nor log segments found. Creating new log.
I20260710 11:05:23.329962  7509 tablet_service.cc:1917] Received RequestConsensusVote() RPC: tablet_id: "136184ca6e0c474e96e9139a8824843d" candidate_uuid: "eadbfeaba9ca4e9f871e8186beeadf55" candidate_term: 1 candidate_status { last_received { term: 0 index: 0 } } ignore_live_leader: false dest_uuid: "8d1668133f8844cab42829612de9d9f4"
I20260710 11:05:23.330502  7509 raft_consensus.cc:3060] T 136184ca6e0c474e96e9139a8824843d P 8d1668133f8844cab42829612de9d9f4 [term 0 FOLLOWER]: Advancing to term 1
I20260710 11:05:23.337249  7360 tablet_service.cc:1917] Received RequestConsensusVote() RPC: tablet_id: "136184ca6e0c474e96e9139a8824843d" candidate_uuid: "eadbfeaba9ca4e9f871e8186beeadf55" candidate_term: 1 candidate_status { last_received { term: 0 index: 0 } } ignore_live_leader: false dest_uuid: "096e14aa2acb459dad2f2488a38811ad"
I20260710 11:05:23.337859  7360 raft_consensus.cc:3060] T 136184ca6e0c474e96e9139a8824843d P 096e14aa2acb459dad2f2488a38811ad [term 0 FOLLOWER]: Advancing to term 1
I20260710 11:05:23.342047  7509 raft_consensus.cc:2468] T 136184ca6e0c474e96e9139a8824843d P 8d1668133f8844cab42829612de9d9f4 [term 1 FOLLOWER]: Leader election vote request: Granting yes vote for candidate eadbfeaba9ca4e9f871e8186beeadf55 in term 1.
I20260710 11:05:23.344194  7399 leader_election.cc:304] T 136184ca6e0c474e96e9139a8824843d P eadbfeaba9ca4e9f871e8186beeadf55 [CANDIDATE]: Term 1 election: Election decided. Result: candidate won. Election summary: received 2 responses out of 3 voters: 2 yes votes; 0 no votes. yes voters: 8d1668133f8844cab42829612de9d9f4, eadbfeaba9ca4e9f871e8186beeadf55; no voters: 
I20260710 11:05:23.345013  7556 tablet_bootstrap.cc:492] T 511170df9d2349938b3247fd48707d38 P 8d1668133f8844cab42829612de9d9f4: No bootstrap required, opened a new log
I20260710 11:05:23.344967  7574 raft_consensus.cc:2804] T 136184ca6e0c474e96e9139a8824843d P eadbfeaba9ca4e9f871e8186beeadf55 [term 1 FOLLOWER]: Leader election won for term 1
I20260710 11:05:23.345480  7556 ts_tablet_manager.cc:1403] T 511170df9d2349938b3247fd48707d38 P 8d1668133f8844cab42829612de9d9f4: Time spent bootstrapping tablet: real 0.023s	user 0.014s	sys 0.007s
I20260710 11:05:23.345490  7574 raft_consensus.cc:697] T 136184ca6e0c474e96e9139a8824843d P eadbfeaba9ca4e9f871e8186beeadf55 [term 1 LEADER]: Becoming Leader. State: Replica: eadbfeaba9ca4e9f871e8186beeadf55, State: Running, Role: LEADER
I20260710 11:05:23.346958  7574 consensus_queue.cc:237] T 136184ca6e0c474e96e9139a8824843d P eadbfeaba9ca4e9f871e8186beeadf55 [LEADER]: Queue going to LEADER mode. State: All replicated index: 0, Majority replicated index: 0, Committed index: 0, Last appended: 0.0, Last appended by leader: 0, Current term: 1, Majority size: 2, State: 0, Mode: LEADER, active raft config: opid_index: -1 OBSOLETE_local: false peers { permanent_uuid: "096e14aa2acb459dad2f2488a38811ad" member_type: VOTER last_known_addr { host: "127.7.14.129" port: 38865 } } peers { permanent_uuid: "eadbfeaba9ca4e9f871e8186beeadf55" member_type: VOTER last_known_addr { host: "127.7.14.130" port: 41153 } } peers { permanent_uuid: "8d1668133f8844cab42829612de9d9f4" member_type: VOTER last_known_addr { host: "127.7.14.131" port: 46783 } }
I20260710 11:05:23.348007  7556 raft_consensus.cc:359] T 511170df9d2349938b3247fd48707d38 P 8d1668133f8844cab42829612de9d9f4 [term 0 FOLLOWER]: Replica starting. Triggering 0 pending ops. Active config: opid_index: -1 OBSOLETE_local: false peers { permanent_uuid: "096e14aa2acb459dad2f2488a38811ad" member_type: VOTER last_known_addr { host: "127.7.14.129" port: 38865 } } peers { permanent_uuid: "eadbfeaba9ca4e9f871e8186beeadf55" member_type: VOTER last_known_addr { host: "127.7.14.130" port: 41153 } } peers { permanent_uuid: "8d1668133f8844cab42829612de9d9f4" member_type: VOTER last_known_addr { host: "127.7.14.131" port: 46783 } }
I20260710 11:05:23.348603  7556 raft_consensus.cc:385] T 511170df9d2349938b3247fd48707d38 P 8d1668133f8844cab42829612de9d9f4 [term 0 FOLLOWER]: Consensus starting up: Expiring failure detector timer to make a prompt election more likely
I20260710 11:05:23.348853  7556 raft_consensus.cc:740] T 511170df9d2349938b3247fd48707d38 P 8d1668133f8844cab42829612de9d9f4 [term 0 FOLLOWER]: Becoming Follower/Learner. State: Replica: 8d1668133f8844cab42829612de9d9f4, State: Initialized, Role: FOLLOWER
I20260710 11:05:23.349457  7556 consensus_queue.cc:260] T 511170df9d2349938b3247fd48707d38 P 8d1668133f8844cab42829612de9d9f4 [NON_LEADER]: Queue going to NON_LEADER mode. State: All replicated index: 0, Majority replicated index: 0, Committed index: 0, Last appended: 0.0, Last appended by leader: 0, Current term: 0, Majority size: -1, State: 0, Mode: NON_LEADER, active raft config: opid_index: -1 OBSOLETE_local: false peers { permanent_uuid: "096e14aa2acb459dad2f2488a38811ad" member_type: VOTER last_known_addr { host: "127.7.14.129" port: 38865 } } peers { permanent_uuid: "eadbfeaba9ca4e9f871e8186beeadf55" member_type: VOTER last_known_addr { host: "127.7.14.130" port: 41153 } } peers { permanent_uuid: "8d1668133f8844cab42829612de9d9f4" member_type: VOTER last_known_addr { host: "127.7.14.131" port: 46783 } }
I20260710 11:05:23.350484  7579 raft_consensus.cc:493] T 793f0d6b173a49398b248a76bbdc9724 P eadbfeaba9ca4e9f871e8186beeadf55 [term 0 FOLLOWER]: Starting pre-election (no leader contacted us within the election timeout)
I20260710 11:05:23.351257  7556 ts_tablet_manager.cc:1434] T 511170df9d2349938b3247fd48707d38 P 8d1668133f8844cab42829612de9d9f4: Time spent starting tablet: real 0.005s	user 0.002s	sys 0.002s
I20260710 11:05:23.353514  7360 raft_consensus.cc:2468] T 136184ca6e0c474e96e9139a8824843d P 096e14aa2acb459dad2f2488a38811ad [term 1 FOLLOWER]: Leader election vote request: Granting yes vote for candidate eadbfeaba9ca4e9f871e8186beeadf55 in term 1.
I20260710 11:05:23.351037  7579 raft_consensus.cc:515] T 793f0d6b173a49398b248a76bbdc9724 P eadbfeaba9ca4e9f871e8186beeadf55 [term 0 FOLLOWER]: Starting pre-election with config: opid_index: -1 OBSOLETE_local: false peers { permanent_uuid: "096e14aa2acb459dad2f2488a38811ad" member_type: VOTER last_known_addr { host: "127.7.14.129" port: 38865 } } peers { permanent_uuid: "eadbfeaba9ca4e9f871e8186beeadf55" member_type: VOTER last_known_addr { host: "127.7.14.130" port: 41153 } } peers { permanent_uuid: "8d1668133f8844cab42829612de9d9f4" member_type: VOTER last_known_addr { host: "127.7.14.131" port: 46783 } }
I20260710 11:05:23.360692  7579 leader_election.cc:290] T 793f0d6b173a49398b248a76bbdc9724 P eadbfeaba9ca4e9f871e8186beeadf55 [CANDIDATE]: Term 1 pre-election: Requested pre-vote from peers 096e14aa2acb459dad2f2488a38811ad (127.7.14.129:38865), 8d1668133f8844cab42829612de9d9f4 (127.7.14.131:46783)
I20260710 11:05:23.361775  7509 tablet_service.cc:1917] Received RequestConsensusVote() RPC: tablet_id: "793f0d6b173a49398b248a76bbdc9724" candidate_uuid: "eadbfeaba9ca4e9f871e8186beeadf55" candidate_term: 1 candidate_status { last_received { term: 0 index: 0 } } ignore_live_leader: false dest_uuid: "8d1668133f8844cab42829612de9d9f4" is_pre_election: true
I20260710 11:05:23.362361  7509 raft_consensus.cc:2468] T 793f0d6b173a49398b248a76bbdc9724 P 8d1668133f8844cab42829612de9d9f4 [term 0 FOLLOWER]: Leader pre-election vote request: Granting yes vote for candidate eadbfeaba9ca4e9f871e8186beeadf55 in term 0.
I20260710 11:05:23.363536  7399 leader_election.cc:304] T 793f0d6b173a49398b248a76bbdc9724 P eadbfeaba9ca4e9f871e8186beeadf55 [CANDIDATE]: Term 1 pre-election: Election decided. Result: candidate won. Election summary: received 2 responses out of 3 voters: 2 yes votes; 0 no votes. yes voters: 8d1668133f8844cab42829612de9d9f4, eadbfeaba9ca4e9f871e8186beeadf55; no voters: 
I20260710 11:05:23.364306  7579 raft_consensus.cc:2804] T 793f0d6b173a49398b248a76bbdc9724 P eadbfeaba9ca4e9f871e8186beeadf55 [term 0 FOLLOWER]: Leader pre-election won for term 1
I20260710 11:05:23.364859  7567 raft_consensus.cc:493] T 511170df9d2349938b3247fd48707d38 P 096e14aa2acb459dad2f2488a38811ad [term 0 FOLLOWER]: Starting pre-election (no leader contacted us within the election timeout)
I20260710 11:05:23.365299  7567 raft_consensus.cc:515] T 511170df9d2349938b3247fd48707d38 P 096e14aa2acb459dad2f2488a38811ad [term 0 FOLLOWER]: Starting pre-election with config: opid_index: -1 OBSOLETE_local: false peers { permanent_uuid: "096e14aa2acb459dad2f2488a38811ad" member_type: VOTER last_known_addr { host: "127.7.14.129" port: 38865 } } peers { permanent_uuid: "eadbfeaba9ca4e9f871e8186beeadf55" member_type: VOTER last_known_addr { host: "127.7.14.130" port: 41153 } } peers { permanent_uuid: "8d1668133f8844cab42829612de9d9f4" member_type: VOTER last_known_addr { host: "127.7.14.131" port: 46783 } }
I20260710 11:05:23.365993  7360 tablet_service.cc:1917] Received RequestConsensusVote() RPC: tablet_id: "793f0d6b173a49398b248a76bbdc9724" candidate_uuid: "eadbfeaba9ca4e9f871e8186beeadf55" candidate_term: 1 candidate_status { last_received { term: 0 index: 0 } } ignore_live_leader: false dest_uuid: "096e14aa2acb459dad2f2488a38811ad" is_pre_election: true
I20260710 11:05:23.366556  7360 raft_consensus.cc:2468] T 793f0d6b173a49398b248a76bbdc9724 P 096e14aa2acb459dad2f2488a38811ad [term 0 FOLLOWER]: Leader pre-election vote request: Granting yes vote for candidate eadbfeaba9ca4e9f871e8186beeadf55 in term 0.
I20260710 11:05:23.364809  7579 raft_consensus.cc:493] T 793f0d6b173a49398b248a76bbdc9724 P eadbfeaba9ca4e9f871e8186beeadf55 [term 0 FOLLOWER]: Starting leader election (no leader contacted us within the election timeout)
I20260710 11:05:23.367189  7579 raft_consensus.cc:3060] T 793f0d6b173a49398b248a76bbdc9724 P eadbfeaba9ca4e9f871e8186beeadf55 [term 0 FOLLOWER]: Advancing to term 1
I20260710 11:05:23.367288  7567 leader_election.cc:290] T 511170df9d2349938b3247fd48707d38 P 096e14aa2acb459dad2f2488a38811ad [CANDIDATE]: Term 1 pre-election: Requested pre-vote from peers eadbfeaba9ca4e9f871e8186beeadf55 (127.7.14.130:41153), 8d1668133f8844cab42829612de9d9f4 (127.7.14.131:46783)
I20260710 11:05:23.368014  7435 tablet_service.cc:1917] Received RequestConsensusVote() RPC: tablet_id: "511170df9d2349938b3247fd48707d38" candidate_uuid: "096e14aa2acb459dad2f2488a38811ad" candidate_term: 1 candidate_status { last_received { term: 0 index: 0 } } ignore_live_leader: false dest_uuid: "eadbfeaba9ca4e9f871e8186beeadf55" is_pre_election: true
I20260710 11:05:23.368470  7509 tablet_service.cc:1917] Received RequestConsensusVote() RPC: tablet_id: "511170df9d2349938b3247fd48707d38" candidate_uuid: "096e14aa2acb459dad2f2488a38811ad" candidate_term: 1 candidate_status { last_received { term: 0 index: 0 } } ignore_live_leader: false dest_uuid: "8d1668133f8844cab42829612de9d9f4" is_pre_election: true
I20260710 11:05:23.368597  7435 raft_consensus.cc:2468] T 511170df9d2349938b3247fd48707d38 P eadbfeaba9ca4e9f871e8186beeadf55 [term 0 FOLLOWER]: Leader pre-election vote request: Granting yes vote for candidate 096e14aa2acb459dad2f2488a38811ad in term 0.
I20260710 11:05:23.369025  7509 raft_consensus.cc:2468] T 511170df9d2349938b3247fd48707d38 P 8d1668133f8844cab42829612de9d9f4 [term 0 FOLLOWER]: Leader pre-election vote request: Granting yes vote for candidate 096e14aa2acb459dad2f2488a38811ad in term 0.
I20260710 11:05:23.369720  7327 leader_election.cc:304] T 511170df9d2349938b3247fd48707d38 P 096e14aa2acb459dad2f2488a38811ad [CANDIDATE]: Term 1 pre-election: Election decided. Result: candidate won. Election summary: received 2 responses out of 3 voters: 2 yes votes; 0 no votes. yes voters: 096e14aa2acb459dad2f2488a38811ad, eadbfeaba9ca4e9f871e8186beeadf55; no voters: 
I20260710 11:05:23.370636  7567 raft_consensus.cc:2804] T 511170df9d2349938b3247fd48707d38 P 096e14aa2acb459dad2f2488a38811ad [term 0 FOLLOWER]: Leader pre-election won for term 1
I20260710 11:05:23.371019  7567 raft_consensus.cc:493] T 511170df9d2349938b3247fd48707d38 P 096e14aa2acb459dad2f2488a38811ad [term 0 FOLLOWER]: Starting leader election (no leader contacted us within the election timeout)
I20260710 11:05:23.371340  7567 raft_consensus.cc:3060] T 511170df9d2349938b3247fd48707d38 P 096e14aa2acb459dad2f2488a38811ad [term 0 FOLLOWER]: Advancing to term 1
I20260710 11:05:23.364692  7256 catalog_manager.cc:5697] T 136184ca6e0c474e96e9139a8824843d P eadbfeaba9ca4e9f871e8186beeadf55 reported cstate change: term changed from 0 to 1, leader changed from <none> to eadbfeaba9ca4e9f871e8186beeadf55 (127.7.14.130). New cstate: current_term: 1 leader_uuid: "eadbfeaba9ca4e9f871e8186beeadf55" committed_config { opid_index: -1 OBSOLETE_local: false peers { permanent_uuid: "096e14aa2acb459dad2f2488a38811ad" member_type: VOTER last_known_addr { host: "127.7.14.129" port: 38865 } health_report { overall_health: UNKNOWN } } peers { permanent_uuid: "eadbfeaba9ca4e9f871e8186beeadf55" member_type: VOTER last_known_addr { host: "127.7.14.130" port: 41153 } health_report { overall_health: HEALTHY } } peers { permanent_uuid: "8d1668133f8844cab42829612de9d9f4" member_type: VOTER last_known_addr { host: "127.7.14.131" port: 46783 } health_report { overall_health: UNKNOWN } } }
I20260710 11:05:23.373558  7579 raft_consensus.cc:515] T 793f0d6b173a49398b248a76bbdc9724 P eadbfeaba9ca4e9f871e8186beeadf55 [term 1 FOLLOWER]: Starting leader election with config: opid_index: -1 OBSOLETE_local: false peers { permanent_uuid: "096e14aa2acb459dad2f2488a38811ad" member_type: VOTER last_known_addr { host: "127.7.14.129" port: 38865 } } peers { permanent_uuid: "eadbfeaba9ca4e9f871e8186beeadf55" member_type: VOTER last_known_addr { host: "127.7.14.130" port: 41153 } } peers { permanent_uuid: "8d1668133f8844cab42829612de9d9f4" member_type: VOTER last_known_addr { host: "127.7.14.131" port: 46783 } }
I20260710 11:05:23.375643  7579 leader_election.cc:290] T 793f0d6b173a49398b248a76bbdc9724 P eadbfeaba9ca4e9f871e8186beeadf55 [CANDIDATE]: Term 1 election: Requested vote from peers 096e14aa2acb459dad2f2488a38811ad (127.7.14.129:38865), 8d1668133f8844cab42829612de9d9f4 (127.7.14.131:46783)
I20260710 11:05:23.376209  7509 tablet_service.cc:1917] Received RequestConsensusVote() RPC: tablet_id: "793f0d6b173a49398b248a76bbdc9724" candidate_uuid: "eadbfeaba9ca4e9f871e8186beeadf55" candidate_term: 1 candidate_status { last_received { term: 0 index: 0 } } ignore_live_leader: false dest_uuid: "8d1668133f8844cab42829612de9d9f4"
I20260710 11:05:23.376865  7509 raft_consensus.cc:3060] T 793f0d6b173a49398b248a76bbdc9724 P 8d1668133f8844cab42829612de9d9f4 [term 0 FOLLOWER]: Advancing to term 1
I20260710 11:05:23.378039  7567 raft_consensus.cc:515] T 511170df9d2349938b3247fd48707d38 P 096e14aa2acb459dad2f2488a38811ad [term 1 FOLLOWER]: Starting leader election with config: opid_index: -1 OBSOLETE_local: false peers { permanent_uuid: "096e14aa2acb459dad2f2488a38811ad" member_type: VOTER last_known_addr { host: "127.7.14.129" port: 38865 } } peers { permanent_uuid: "eadbfeaba9ca4e9f871e8186beeadf55" member_type: VOTER last_known_addr { host: "127.7.14.130" port: 41153 } } peers { permanent_uuid: "8d1668133f8844cab42829612de9d9f4" member_type: VOTER last_known_addr { host: "127.7.14.131" port: 46783 } }
I20260710 11:05:23.379807  7567 leader_election.cc:290] T 511170df9d2349938b3247fd48707d38 P 096e14aa2acb459dad2f2488a38811ad [CANDIDATE]: Term 1 election: Requested vote from peers eadbfeaba9ca4e9f871e8186beeadf55 (127.7.14.130:41153), 8d1668133f8844cab42829612de9d9f4 (127.7.14.131:46783)
I20260710 11:05:23.381048  7510 tablet_service.cc:1917] Received RequestConsensusVote() RPC: tablet_id: "511170df9d2349938b3247fd48707d38" candidate_uuid: "096e14aa2acb459dad2f2488a38811ad" candidate_term: 1 candidate_status { last_received { term: 0 index: 0 } } ignore_live_leader: false dest_uuid: "8d1668133f8844cab42829612de9d9f4"
I20260710 11:05:23.381585  7510 raft_consensus.cc:3060] T 511170df9d2349938b3247fd48707d38 P 8d1668133f8844cab42829612de9d9f4 [term 0 FOLLOWER]: Advancing to term 1
I20260710 11:05:23.383667  7509 raft_consensus.cc:2468] T 793f0d6b173a49398b248a76bbdc9724 P 8d1668133f8844cab42829612de9d9f4 [term 1 FOLLOWER]: Leader election vote request: Granting yes vote for candidate eadbfeaba9ca4e9f871e8186beeadf55 in term 1.
I20260710 11:05:23.384740  7399 leader_election.cc:304] T 793f0d6b173a49398b248a76bbdc9724 P eadbfeaba9ca4e9f871e8186beeadf55 [CANDIDATE]: Term 1 election: Election decided. Result: candidate won. Election summary: received 2 responses out of 3 voters: 2 yes votes; 0 no votes. yes voters: 8d1668133f8844cab42829612de9d9f4, eadbfeaba9ca4e9f871e8186beeadf55; no voters: 
I20260710 11:05:23.384804  7435 tablet_service.cc:1917] Received RequestConsensusVote() RPC: tablet_id: "511170df9d2349938b3247fd48707d38" candidate_uuid: "096e14aa2acb459dad2f2488a38811ad" candidate_term: 1 candidate_status { last_received { term: 0 index: 0 } } ignore_live_leader: false dest_uuid: "eadbfeaba9ca4e9f871e8186beeadf55"
I20260710 11:05:23.385654  7435 raft_consensus.cc:3060] T 511170df9d2349938b3247fd48707d38 P eadbfeaba9ca4e9f871e8186beeadf55 [term 0 FOLLOWER]: Advancing to term 1
I20260710 11:05:23.387172  7579 raft_consensus.cc:2804] T 793f0d6b173a49398b248a76bbdc9724 P eadbfeaba9ca4e9f871e8186beeadf55 [term 1 FOLLOWER]: Leader election won for term 1
I20260710 11:05:23.387646  7579 raft_consensus.cc:697] T 793f0d6b173a49398b248a76bbdc9724 P eadbfeaba9ca4e9f871e8186beeadf55 [term 1 LEADER]: Becoming Leader. State: Replica: eadbfeaba9ca4e9f871e8186beeadf55, State: Running, Role: LEADER
I20260710 11:05:23.388456  7579 consensus_queue.cc:237] T 793f0d6b173a49398b248a76bbdc9724 P eadbfeaba9ca4e9f871e8186beeadf55 [LEADER]: Queue going to LEADER mode. State: All replicated index: 0, Majority replicated index: 0, Committed index: 0, Last appended: 0.0, Last appended by leader: 0, Current term: 1, Majority size: 2, State: 0, Mode: LEADER, active raft config: opid_index: -1 OBSOLETE_local: false peers { permanent_uuid: "096e14aa2acb459dad2f2488a38811ad" member_type: VOTER last_known_addr { host: "127.7.14.129" port: 38865 } } peers { permanent_uuid: "eadbfeaba9ca4e9f871e8186beeadf55" member_type: VOTER last_known_addr { host: "127.7.14.130" port: 41153 } } peers { permanent_uuid: "8d1668133f8844cab42829612de9d9f4" member_type: VOTER last_known_addr { host: "127.7.14.131" port: 46783 } }
I20260710 11:05:23.391456  7435 raft_consensus.cc:2468] T 511170df9d2349938b3247fd48707d38 P eadbfeaba9ca4e9f871e8186beeadf55 [term 1 FOLLOWER]: Leader election vote request: Granting yes vote for candidate 096e14aa2acb459dad2f2488a38811ad in term 1.
I20260710 11:05:23.392359  7360 tablet_service.cc:1917] Received RequestConsensusVote() RPC: tablet_id: "793f0d6b173a49398b248a76bbdc9724" candidate_uuid: "eadbfeaba9ca4e9f871e8186beeadf55" candidate_term: 1 candidate_status { last_received { term: 0 index: 0 } } ignore_live_leader: false dest_uuid: "096e14aa2acb459dad2f2488a38811ad"
I20260710 11:05:23.392871  7360 raft_consensus.cc:3060] T 793f0d6b173a49398b248a76bbdc9724 P 096e14aa2acb459dad2f2488a38811ad [term 0 FOLLOWER]: Advancing to term 1
I20260710 11:05:23.394228  7510 raft_consensus.cc:2468] T 511170df9d2349938b3247fd48707d38 P 8d1668133f8844cab42829612de9d9f4 [term 1 FOLLOWER]: Leader election vote request: Granting yes vote for candidate 096e14aa2acb459dad2f2488a38811ad in term 1.
I20260710 11:05:23.395604  7324 leader_election.cc:304] T 511170df9d2349938b3247fd48707d38 P 096e14aa2acb459dad2f2488a38811ad [CANDIDATE]: Term 1 election: Election decided. Result: candidate won. Election summary: received 2 responses out of 3 voters: 2 yes votes; 0 no votes. yes voters: 096e14aa2acb459dad2f2488a38811ad, 8d1668133f8844cab42829612de9d9f4; no voters: 
I20260710 11:05:23.396371  7567 raft_consensus.cc:2804] T 511170df9d2349938b3247fd48707d38 P 096e14aa2acb459dad2f2488a38811ad [term 1 FOLLOWER]: Leader election won for term 1
I20260710 11:05:23.396824  7567 raft_consensus.cc:697] T 511170df9d2349938b3247fd48707d38 P 096e14aa2acb459dad2f2488a38811ad [term 1 LEADER]: Becoming Leader. State: Replica: 096e14aa2acb459dad2f2488a38811ad, State: Running, Role: LEADER
I20260710 11:05:23.397686  7567 consensus_queue.cc:237] T 511170df9d2349938b3247fd48707d38 P 096e14aa2acb459dad2f2488a38811ad [LEADER]: Queue going to LEADER mode. State: All replicated index: 0, Majority replicated index: 0, Committed index: 0, Last appended: 0.0, Last appended by leader: 0, Current term: 1, Majority size: 2, State: 0, Mode: LEADER, active raft config: opid_index: -1 OBSOLETE_local: false peers { permanent_uuid: "096e14aa2acb459dad2f2488a38811ad" member_type: VOTER last_known_addr { host: "127.7.14.129" port: 38865 } } peers { permanent_uuid: "eadbfeaba9ca4e9f871e8186beeadf55" member_type: VOTER last_known_addr { host: "127.7.14.130" port: 41153 } } peers { permanent_uuid: "8d1668133f8844cab42829612de9d9f4" member_type: VOTER last_known_addr { host: "127.7.14.131" port: 46783 } }
I20260710 11:05:23.405810  7256 catalog_manager.cc:5697] T 793f0d6b173a49398b248a76bbdc9724 P eadbfeaba9ca4e9f871e8186beeadf55 reported cstate change: term changed from 0 to 1, leader changed from <none> to eadbfeaba9ca4e9f871e8186beeadf55 (127.7.14.130). New cstate: current_term: 1 leader_uuid: "eadbfeaba9ca4e9f871e8186beeadf55" committed_config { opid_index: -1 OBSOLETE_local: false peers { permanent_uuid: "096e14aa2acb459dad2f2488a38811ad" member_type: VOTER last_known_addr { host: "127.7.14.129" port: 38865 } health_report { overall_health: UNKNOWN } } peers { permanent_uuid: "eadbfeaba9ca4e9f871e8186beeadf55" member_type: VOTER last_known_addr { host: "127.7.14.130" port: 41153 } health_report { overall_health: HEALTHY } } peers { permanent_uuid: "8d1668133f8844cab42829612de9d9f4" member_type: VOTER last_known_addr { host: "127.7.14.131" port: 46783 } health_report { overall_health: UNKNOWN } } }
I20260710 11:05:23.400020  7360 raft_consensus.cc:2468] T 793f0d6b173a49398b248a76bbdc9724 P 096e14aa2acb459dad2f2488a38811ad [term 1 FOLLOWER]: Leader election vote request: Granting yes vote for candidate eadbfeaba9ca4e9f871e8186beeadf55 in term 1.
I20260710 11:05:23.408799  7257 catalog_manager.cc:5697] T 511170df9d2349938b3247fd48707d38 P 096e14aa2acb459dad2f2488a38811ad reported cstate change: term changed from 0 to 1, leader changed from <none> to 096e14aa2acb459dad2f2488a38811ad (127.7.14.129). New cstate: current_term: 1 leader_uuid: "096e14aa2acb459dad2f2488a38811ad" committed_config { opid_index: -1 OBSOLETE_local: false peers { permanent_uuid: "096e14aa2acb459dad2f2488a38811ad" member_type: VOTER last_known_addr { host: "127.7.14.129" port: 38865 } health_report { overall_health: HEALTHY } } peers { permanent_uuid: "eadbfeaba9ca4e9f871e8186beeadf55" member_type: VOTER last_known_addr { host: "127.7.14.130" port: 41153 } health_report { overall_health: UNKNOWN } } peers { permanent_uuid: "8d1668133f8844cab42829612de9d9f4" member_type: VOTER last_known_addr { host: "127.7.14.131" port: 46783 } health_report { overall_health: UNKNOWN } } }
I20260710 11:05:23.465438  7579 raft_consensus.cc:493] T cf451a15ae234c51b5b36e09e640cf30 P eadbfeaba9ca4e9f871e8186beeadf55 [term 0 FOLLOWER]: Starting pre-election (no leader contacted us within the election timeout)
I20260710 11:05:23.465970  7579 raft_consensus.cc:515] T cf451a15ae234c51b5b36e09e640cf30 P eadbfeaba9ca4e9f871e8186beeadf55 [term 0 FOLLOWER]: Starting pre-election with config: opid_index: -1 OBSOLETE_local: false peers { permanent_uuid: "096e14aa2acb459dad2f2488a38811ad" member_type: VOTER last_known_addr { host: "127.7.14.129" port: 38865 } } peers { permanent_uuid: "eadbfeaba9ca4e9f871e8186beeadf55" member_type: VOTER last_known_addr { host: "127.7.14.130" port: 41153 } } peers { permanent_uuid: "8d1668133f8844cab42829612de9d9f4" member_type: VOTER last_known_addr { host: "127.7.14.131" port: 46783 } }
I20260710 11:05:23.467904  7579 leader_election.cc:290] T cf451a15ae234c51b5b36e09e640cf30 P eadbfeaba9ca4e9f871e8186beeadf55 [CANDIDATE]: Term 1 pre-election: Requested pre-vote from peers 096e14aa2acb459dad2f2488a38811ad (127.7.14.129:38865), 8d1668133f8844cab42829612de9d9f4 (127.7.14.131:46783)
I20260710 11:05:23.468708  7360 tablet_service.cc:1917] Received RequestConsensusVote() RPC: tablet_id: "cf451a15ae234c51b5b36e09e640cf30" candidate_uuid: "eadbfeaba9ca4e9f871e8186beeadf55" candidate_term: 1 candidate_status { last_received { term: 0 index: 0 } } ignore_live_leader: false dest_uuid: "096e14aa2acb459dad2f2488a38811ad" is_pre_election: true
I20260710 11:05:23.468916  7510 tablet_service.cc:1917] Received RequestConsensusVote() RPC: tablet_id: "cf451a15ae234c51b5b36e09e640cf30" candidate_uuid: "eadbfeaba9ca4e9f871e8186beeadf55" candidate_term: 1 candidate_status { last_received { term: 0 index: 0 } } ignore_live_leader: false dest_uuid: "8d1668133f8844cab42829612de9d9f4" is_pre_election: true
I20260710 11:05:23.469309  7360 raft_consensus.cc:2468] T cf451a15ae234c51b5b36e09e640cf30 P 096e14aa2acb459dad2f2488a38811ad [term 0 FOLLOWER]: Leader pre-election vote request: Granting yes vote for candidate eadbfeaba9ca4e9f871e8186beeadf55 in term 0.
I20260710 11:05:23.469434  7510 raft_consensus.cc:2468] T cf451a15ae234c51b5b36e09e640cf30 P 8d1668133f8844cab42829612de9d9f4 [term 0 FOLLOWER]: Leader pre-election vote request: Granting yes vote for candidate eadbfeaba9ca4e9f871e8186beeadf55 in term 0.
I20260710 11:05:23.470359  7402 leader_election.cc:304] T cf451a15ae234c51b5b36e09e640cf30 P eadbfeaba9ca4e9f871e8186beeadf55 [CANDIDATE]: Term 1 pre-election: Election decided. Result: candidate won. Election summary: received 2 responses out of 3 voters: 2 yes votes; 0 no votes. yes voters: 096e14aa2acb459dad2f2488a38811ad, eadbfeaba9ca4e9f871e8186beeadf55; no voters: 
I20260710 11:05:23.471107  7579 raft_consensus.cc:2804] T cf451a15ae234c51b5b36e09e640cf30 P eadbfeaba9ca4e9f871e8186beeadf55 [term 0 FOLLOWER]: Leader pre-election won for term 1
I20260710 11:05:23.471408  7579 raft_consensus.cc:493] T cf451a15ae234c51b5b36e09e640cf30 P eadbfeaba9ca4e9f871e8186beeadf55 [term 0 FOLLOWER]: Starting leader election (no leader contacted us within the election timeout)
I20260710 11:05:23.471657  7579 raft_consensus.cc:3060] T cf451a15ae234c51b5b36e09e640cf30 P eadbfeaba9ca4e9f871e8186beeadf55 [term 0 FOLLOWER]: Advancing to term 1
I20260710 11:05:23.475739  7579 raft_consensus.cc:515] T cf451a15ae234c51b5b36e09e640cf30 P eadbfeaba9ca4e9f871e8186beeadf55 [term 1 FOLLOWER]: Starting leader election with config: opid_index: -1 OBSOLETE_local: false peers { permanent_uuid: "096e14aa2acb459dad2f2488a38811ad" member_type: VOTER last_known_addr { host: "127.7.14.129" port: 38865 } } peers { permanent_uuid: "eadbfeaba9ca4e9f871e8186beeadf55" member_type: VOTER last_known_addr { host: "127.7.14.130" port: 41153 } } peers { permanent_uuid: "8d1668133f8844cab42829612de9d9f4" member_type: VOTER last_known_addr { host: "127.7.14.131" port: 46783 } }
I20260710 11:05:23.477167  7579 leader_election.cc:290] T cf451a15ae234c51b5b36e09e640cf30 P eadbfeaba9ca4e9f871e8186beeadf55 [CANDIDATE]: Term 1 election: Requested vote from peers 096e14aa2acb459dad2f2488a38811ad (127.7.14.129:38865), 8d1668133f8844cab42829612de9d9f4 (127.7.14.131:46783)
I20260710 11:05:23.478000  7360 tablet_service.cc:1917] Received RequestConsensusVote() RPC: tablet_id: "cf451a15ae234c51b5b36e09e640cf30" candidate_uuid: "eadbfeaba9ca4e9f871e8186beeadf55" candidate_term: 1 candidate_status { last_received { term: 0 index: 0 } } ignore_live_leader: false dest_uuid: "096e14aa2acb459dad2f2488a38811ad"
I20260710 11:05:23.478225  7510 tablet_service.cc:1917] Received RequestConsensusVote() RPC: tablet_id: "cf451a15ae234c51b5b36e09e640cf30" candidate_uuid: "eadbfeaba9ca4e9f871e8186beeadf55" candidate_term: 1 candidate_status { last_received { term: 0 index: 0 } } ignore_live_leader: false dest_uuid: "8d1668133f8844cab42829612de9d9f4"
I20260710 11:05:23.478426  7360 raft_consensus.cc:3060] T cf451a15ae234c51b5b36e09e640cf30 P 096e14aa2acb459dad2f2488a38811ad [term 0 FOLLOWER]: Advancing to term 1
I20260710 11:05:23.478788  7510 raft_consensus.cc:3060] T cf451a15ae234c51b5b36e09e640cf30 P 8d1668133f8844cab42829612de9d9f4 [term 0 FOLLOWER]: Advancing to term 1
I20260710 11:05:23.482959  7360 raft_consensus.cc:2468] T cf451a15ae234c51b5b36e09e640cf30 P 096e14aa2acb459dad2f2488a38811ad [term 1 FOLLOWER]: Leader election vote request: Granting yes vote for candidate eadbfeaba9ca4e9f871e8186beeadf55 in term 1.
I20260710 11:05:23.484051  7402 leader_election.cc:304] T cf451a15ae234c51b5b36e09e640cf30 P eadbfeaba9ca4e9f871e8186beeadf55 [CANDIDATE]: Term 1 election: Election decided. Result: candidate won. Election summary: received 2 responses out of 3 voters: 2 yes votes; 0 no votes. yes voters: 096e14aa2acb459dad2f2488a38811ad, eadbfeaba9ca4e9f871e8186beeadf55; no voters: 
I20260710 11:05:23.484803  7579 raft_consensus.cc:2804] T cf451a15ae234c51b5b36e09e640cf30 P eadbfeaba9ca4e9f871e8186beeadf55 [term 1 FOLLOWER]: Leader election won for term 1
I20260710 11:05:23.484850  7510 raft_consensus.cc:2468] T cf451a15ae234c51b5b36e09e640cf30 P 8d1668133f8844cab42829612de9d9f4 [term 1 FOLLOWER]: Leader election vote request: Granting yes vote for candidate eadbfeaba9ca4e9f871e8186beeadf55 in term 1.
I20260710 11:05:23.485201  7579 raft_consensus.cc:697] T cf451a15ae234c51b5b36e09e640cf30 P eadbfeaba9ca4e9f871e8186beeadf55 [term 1 LEADER]: Becoming Leader. State: Replica: eadbfeaba9ca4e9f871e8186beeadf55, State: Running, Role: LEADER
I20260710 11:05:23.485992  7579 consensus_queue.cc:237] T cf451a15ae234c51b5b36e09e640cf30 P eadbfeaba9ca4e9f871e8186beeadf55 [LEADER]: Queue going to LEADER mode. State: All replicated index: 0, Majority replicated index: 0, Committed index: 0, Last appended: 0.0, Last appended by leader: 0, Current term: 1, Majority size: 2, State: 0, Mode: LEADER, active raft config: opid_index: -1 OBSOLETE_local: false peers { permanent_uuid: "096e14aa2acb459dad2f2488a38811ad" member_type: VOTER last_known_addr { host: "127.7.14.129" port: 38865 } } peers { permanent_uuid: "eadbfeaba9ca4e9f871e8186beeadf55" member_type: VOTER last_known_addr { host: "127.7.14.130" port: 41153 } } peers { permanent_uuid: "8d1668133f8844cab42829612de9d9f4" member_type: VOTER last_known_addr { host: "127.7.14.131" port: 46783 } }
I20260710 11:05:23.486613  7574 raft_consensus.cc:493] T 01a4ddf263b045169fb64cda9c48f44e P eadbfeaba9ca4e9f871e8186beeadf55 [term 0 FOLLOWER]: Starting pre-election (no leader contacted us within the election timeout)
I20260710 11:05:23.487037  7574 raft_consensus.cc:515] T 01a4ddf263b045169fb64cda9c48f44e P eadbfeaba9ca4e9f871e8186beeadf55 [term 0 FOLLOWER]: Starting pre-election with config: opid_index: -1 OBSOLETE_local: false peers { permanent_uuid: "096e14aa2acb459dad2f2488a38811ad" member_type: VOTER last_known_addr { host: "127.7.14.129" port: 38865 } } peers { permanent_uuid: "eadbfeaba9ca4e9f871e8186beeadf55" member_type: VOTER last_known_addr { host: "127.7.14.130" port: 41153 } } peers { permanent_uuid: "8d1668133f8844cab42829612de9d9f4" member_type: VOTER last_known_addr { host: "127.7.14.131" port: 46783 } }
I20260710 11:05:23.488978  7574 leader_election.cc:290] T 01a4ddf263b045169fb64cda9c48f44e P eadbfeaba9ca4e9f871e8186beeadf55 [CANDIDATE]: Term 1 pre-election: Requested pre-vote from peers 096e14aa2acb459dad2f2488a38811ad (127.7.14.129:38865), 8d1668133f8844cab42829612de9d9f4 (127.7.14.131:46783)
I20260710 11:05:23.490504  7510 tablet_service.cc:1917] Received RequestConsensusVote() RPC: tablet_id: "01a4ddf263b045169fb64cda9c48f44e" candidate_uuid: "eadbfeaba9ca4e9f871e8186beeadf55" candidate_term: 1 candidate_status { last_received { term: 0 index: 0 } } ignore_live_leader: false dest_uuid: "8d1668133f8844cab42829612de9d9f4" is_pre_election: true
I20260710 11:05:23.490824  7567 raft_consensus.cc:493] T 01a4ddf263b045169fb64cda9c48f44e P 096e14aa2acb459dad2f2488a38811ad [term 0 FOLLOWER]: Starting pre-election (no leader contacted us within the election timeout)
I20260710 11:05:23.491070  7510 raft_consensus.cc:2468] T 01a4ddf263b045169fb64cda9c48f44e P 8d1668133f8844cab42829612de9d9f4 [term 0 FOLLOWER]: Leader pre-election vote request: Granting yes vote for candidate eadbfeaba9ca4e9f871e8186beeadf55 in term 0.
I20260710 11:05:23.491262  7567 raft_consensus.cc:515] T 01a4ddf263b045169fb64cda9c48f44e P 096e14aa2acb459dad2f2488a38811ad [term 0 FOLLOWER]: Starting pre-election with config: opid_index: -1 OBSOLETE_local: false peers { permanent_uuid: "096e14aa2acb459dad2f2488a38811ad" member_type: VOTER last_known_addr { host: "127.7.14.129" port: 38865 } } peers { permanent_uuid: "eadbfeaba9ca4e9f871e8186beeadf55" member_type: VOTER last_known_addr { host: "127.7.14.130" port: 41153 } } peers { permanent_uuid: "8d1668133f8844cab42829612de9d9f4" member_type: VOTER last_known_addr { host: "127.7.14.131" port: 46783 } }
I20260710 11:05:23.492358  7399 leader_election.cc:304] T 01a4ddf263b045169fb64cda9c48f44e P eadbfeaba9ca4e9f871e8186beeadf55 [CANDIDATE]: Term 1 pre-election: Election decided. Result: candidate won. Election summary: received 2 responses out of 3 voters: 2 yes votes; 0 no votes. yes voters: 8d1668133f8844cab42829612de9d9f4, eadbfeaba9ca4e9f871e8186beeadf55; no voters: 
I20260710 11:05:23.493183  7567 leader_election.cc:290] T 01a4ddf263b045169fb64cda9c48f44e P 096e14aa2acb459dad2f2488a38811ad [CANDIDATE]: Term 1 pre-election: Requested pre-vote from peers eadbfeaba9ca4e9f871e8186beeadf55 (127.7.14.130:41153), 8d1668133f8844cab42829612de9d9f4 (127.7.14.131:46783)
I20260710 11:05:23.494186  7510 tablet_service.cc:1917] Received RequestConsensusVote() RPC: tablet_id: "01a4ddf263b045169fb64cda9c48f44e" candidate_uuid: "096e14aa2acb459dad2f2488a38811ad" candidate_term: 1 candidate_status { last_received { term: 0 index: 0 } } ignore_live_leader: false dest_uuid: "8d1668133f8844cab42829612de9d9f4" is_pre_election: true
I20260710 11:05:23.494547  7574 raft_consensus.cc:2804] T 01a4ddf263b045169fb64cda9c48f44e P eadbfeaba9ca4e9f871e8186beeadf55 [term 0 FOLLOWER]: Leader pre-election won for term 1
I20260710 11:05:23.494729  7510 raft_consensus.cc:2468] T 01a4ddf263b045169fb64cda9c48f44e P 8d1668133f8844cab42829612de9d9f4 [term 0 FOLLOWER]: Leader pre-election vote request: Granting yes vote for candidate 096e14aa2acb459dad2f2488a38811ad in term 0.
I20260710 11:05:23.494920  7574 raft_consensus.cc:493] T 01a4ddf263b045169fb64cda9c48f44e P eadbfeaba9ca4e9f871e8186beeadf55 [term 0 FOLLOWER]: Starting leader election (no leader contacted us within the election timeout)
I20260710 11:05:23.495383  7574 raft_consensus.cc:3060] T 01a4ddf263b045169fb64cda9c48f44e P eadbfeaba9ca4e9f871e8186beeadf55 [term 0 FOLLOWER]: Advancing to term 1
I20260710 11:05:23.496088  7324 leader_election.cc:304] T 01a4ddf263b045169fb64cda9c48f44e P 096e14aa2acb459dad2f2488a38811ad [CANDIDATE]: Term 1 pre-election: Election decided. Result: candidate won. Election summary: received 2 responses out of 3 voters: 2 yes votes; 0 no votes. yes voters: 096e14aa2acb459dad2f2488a38811ad, 8d1668133f8844cab42829612de9d9f4; no voters: 
I20260710 11:05:23.494899  7257 catalog_manager.cc:5697] T cf451a15ae234c51b5b36e09e640cf30 P eadbfeaba9ca4e9f871e8186beeadf55 reported cstate change: term changed from 0 to 1, leader changed from <none> to eadbfeaba9ca4e9f871e8186beeadf55 (127.7.14.130). New cstate: current_term: 1 leader_uuid: "eadbfeaba9ca4e9f871e8186beeadf55" committed_config { opid_index: -1 OBSOLETE_local: false peers { permanent_uuid: "096e14aa2acb459dad2f2488a38811ad" member_type: VOTER last_known_addr { host: "127.7.14.129" port: 38865 } health_report { overall_health: UNKNOWN } } peers { permanent_uuid: "eadbfeaba9ca4e9f871e8186beeadf55" member_type: VOTER last_known_addr { host: "127.7.14.130" port: 41153 } health_report { overall_health: HEALTHY } } peers { permanent_uuid: "8d1668133f8844cab42829612de9d9f4" member_type: VOTER last_known_addr { host: "127.7.14.131" port: 46783 } health_report { overall_health: UNKNOWN } } }
I20260710 11:05:23.496789  7567 raft_consensus.cc:2804] T 01a4ddf263b045169fb64cda9c48f44e P 096e14aa2acb459dad2f2488a38811ad [term 0 FOLLOWER]: Leader pre-election won for term 1
I20260710 11:05:23.497128  7567 raft_consensus.cc:493] T 01a4ddf263b045169fb64cda9c48f44e P 096e14aa2acb459dad2f2488a38811ad [term 0 FOLLOWER]: Starting leader election (no leader contacted us within the election timeout)
I20260710 11:05:23.497057  7435 tablet_service.cc:1917] Received RequestConsensusVote() RPC: tablet_id: "01a4ddf263b045169fb64cda9c48f44e" candidate_uuid: "096e14aa2acb459dad2f2488a38811ad" candidate_term: 1 candidate_status { last_received { term: 0 index: 0 } } ignore_live_leader: false dest_uuid: "eadbfeaba9ca4e9f871e8186beeadf55" is_pre_election: true
I20260710 11:05:23.497578  7567 raft_consensus.cc:3060] T 01a4ddf263b045169fb64cda9c48f44e P 096e14aa2acb459dad2f2488a38811ad [term 0 FOLLOWER]: Advancing to term 1
I20260710 11:05:23.503247  7574 raft_consensus.cc:515] T 01a4ddf263b045169fb64cda9c48f44e P eadbfeaba9ca4e9f871e8186beeadf55 [term 1 FOLLOWER]: Starting leader election with config: opid_index: -1 OBSOLETE_local: false peers { permanent_uuid: "096e14aa2acb459dad2f2488a38811ad" member_type: VOTER last_known_addr { host: "127.7.14.129" port: 38865 } } peers { permanent_uuid: "eadbfeaba9ca4e9f871e8186beeadf55" member_type: VOTER last_known_addr { host: "127.7.14.130" port: 41153 } } peers { permanent_uuid: "8d1668133f8844cab42829612de9d9f4" member_type: VOTER last_known_addr { host: "127.7.14.131" port: 46783 } }
