I20260710 11:05:43.797523  7503 tablet_service.cc:1917] Received RequestConsensusVote() RPC: tablet_id: "37935bedf27a4a1d82b49098ee3c1bc9" candidate_uuid: "5c77d2e77695416caf507dea252d2879" candidate_term: 1 candidate_status { last_received { term: 0 index: 0 } } ignore_live_leader: false dest_uuid: "cc7bc8da84fd4776be0bc9dc68241a53" is_pre_election: true
I20260710 11:05:43.797573  7657 raft_consensus.cc:515] T a90aae434d3446409daed72ed91439fa P cc7bc8da84fd4776be0bc9dc68241a53 [term 0 FOLLOWER]: Starting pre-election with config: opid_index: -1 OBSOLETE_local: false peers { permanent_uuid: "5c77d2e77695416caf507dea252d2879" member_type: VOTER last_known_addr { host: "127.6.43.129" port: 44747 } } peers { permanent_uuid: "cc7bc8da84fd4776be0bc9dc68241a53" member_type: VOTER last_known_addr { host: "127.6.43.130" port: 33673 } } peers { permanent_uuid: "e28dd82f591041b4b620e912018dd770" member_type: VOTER last_known_addr { host: "127.6.43.131" port: 43055 } }
I20260710 11:05:43.799645  7619 tablet_bootstrap.cc:492] T 49b3ce0d0c234e2fb9ea26d1c0f49a38 P 5c77d2e77695416caf507dea252d2879: Bootstrap starting.
I20260710 11:05:43.800719  7574 tablet_service.cc:1917] Received RequestConsensusVote() RPC: tablet_id: "37935bedf27a4a1d82b49098ee3c1bc9" candidate_uuid: "5c77d2e77695416caf507dea252d2879" candidate_term: 1 candidate_status { last_received { term: 0 index: 0 } } ignore_live_leader: false dest_uuid: "e28dd82f591041b4b620e912018dd770" is_pre_election: true
I20260710 11:05:43.803182  7574 raft_consensus.cc:2393] T 37935bedf27a4a1d82b49098ee3c1bc9 P e28dd82f591041b4b620e912018dd770 [term 1 FOLLOWER]: Leader pre-election vote request: Denying vote to candidate 5c77d2e77695416caf507dea252d2879 in current term 1: Already voted for candidate cc7bc8da84fd4776be0bc9dc68241a53 in this term.
I20260710 11:05:43.801980  7617 tablet_bootstrap.cc:654] T f307121b4796458c89518e57752372de P e28dd82f591041b4b620e912018dd770: Neither blocks nor log segments found. Creating new log.
I20260710 11:05:43.804947  7392 leader_election.cc:304] T 37935bedf27a4a1d82b49098ee3c1bc9 P 5c77d2e77695416caf507dea252d2879 [CANDIDATE]: Term 1 pre-election: Election decided. Result: candidate lost. Election summary: received 3 responses out of 3 voters: 1 yes votes; 2 no votes. yes voters: 5c77d2e77695416caf507dea252d2879; no voters: cc7bc8da84fd4776be0bc9dc68241a53, e28dd82f591041b4b620e912018dd770
I20260710 11:05:43.805948  7427 tablet_service.cc:1917] Received RequestConsensusVote() RPC: tablet_id: "a90aae434d3446409daed72ed91439fa" candidate_uuid: "cc7bc8da84fd4776be0bc9dc68241a53" candidate_term: 1 candidate_status { last_received { term: 0 index: 0 } } ignore_live_leader: false dest_uuid: "5c77d2e77695416caf507dea252d2879" is_pre_election: true
W20260710 11:05:43.807430  7466 leader_election.cc:343] T a90aae434d3446409daed72ed91439fa P cc7bc8da84fd4776be0bc9dc68241a53 [CANDIDATE]: Term 1 pre-election: Tablet error from VoteRequest() call to peer 5c77d2e77695416caf507dea252d2879 (127.6.43.129:44747): Illegal state: must be running to vote when last-logged opid is not known
I20260710 11:05:43.810544  7661 raft_consensus.cc:3060] T 37935bedf27a4a1d82b49098ee3c1bc9 P 5c77d2e77695416caf507dea252d2879 [term 0 FOLLOWER]: Advancing to term 1
I20260710 11:05:43.817835  7656 consensus_queue.cc:1048] T c71a1d8052774a209f37600487d90269 P cc7bc8da84fd4776be0bc9dc68241a53 [LEADER]: Connected to new peer: Peer: permanent_uuid: "5c77d2e77695416caf507dea252d2879" member_type: VOTER last_known_addr { host: "127.6.43.129" port: 44747 }, Status: LMP_MISMATCH, Last received: 0.0, Next index: 1, Last known committed idx: 0, Time since last communication: 0.000s
I20260710 11:05:43.819654  7656 consensus_queue.cc:1048] T 37935bedf27a4a1d82b49098ee3c1bc9 P cc7bc8da84fd4776be0bc9dc68241a53 [LEADER]: Connected to new peer: Peer: permanent_uuid: "e28dd82f591041b4b620e912018dd770" member_type: VOTER last_known_addr { host: "127.6.43.131" port: 43055 }, Status: LMP_MISMATCH, Last received: 0.0, Next index: 1, Last known committed idx: 0, Time since last communication: 0.000s
I20260710 11:05:43.835307  7622 consensus_queue.cc:1048] T 195a8a090c89451d8046310fb2025545 P e28dd82f591041b4b620e912018dd770 [LEADER]: Connected to new peer: Peer: permanent_uuid: "cc7bc8da84fd4776be0bc9dc68241a53" member_type: VOTER last_known_addr { host: "127.6.43.130" port: 33673 }, Status: LMP_MISMATCH, Last received: 0.0, Next index: 1, Last known committed idx: 0, Time since last communication: 0.000s
I20260710 11:05:43.826452  7668 consensus_queue.cc:1048] T 729b8a9bcf7d466282a9f5ca9fe13f27 P 5c77d2e77695416caf507dea252d2879 [LEADER]: Connected to new peer: Peer: permanent_uuid: "e28dd82f591041b4b620e912018dd770" member_type: VOTER last_known_addr { host: "127.6.43.131" port: 43055 }, Status: LMP_MISMATCH, Last received: 0.0, Next index: 1, Last known committed idx: 0, Time since last communication: 0.010s
I20260710 11:05:43.855312  7657 leader_election.cc:290] T a90aae434d3446409daed72ed91439fa P cc7bc8da84fd4776be0bc9dc68241a53 [CANDIDATE]: Term 1 pre-election: Requested pre-vote from peers 5c77d2e77695416caf507dea252d2879 (127.6.43.129:44747), e28dd82f591041b4b620e912018dd770 (127.6.43.131:43055)
I20260710 11:05:43.896660  7660 raft_consensus.cc:493] T 6d9e15de2f2c4182ad533ad811b0bd22 P e28dd82f591041b4b620e912018dd770 [term 0 FOLLOWER]: Starting pre-election (no leader contacted us within the election timeout)
I20260710 11:05:43.912834  7576 tablet_service.cc:1917] Received RequestConsensusVote() RPC: tablet_id: "a90aae434d3446409daed72ed91439fa" candidate_uuid: "cc7bc8da84fd4776be0bc9dc68241a53" candidate_term: 1 candidate_status { last_received { term: 0 index: 0 } } ignore_live_leader: false dest_uuid: "e28dd82f591041b4b620e912018dd770" is_pre_election: true
I20260710 11:05:43.913890  7619 tablet_bootstrap.cc:654] T 49b3ce0d0c234e2fb9ea26d1c0f49a38 P 5c77d2e77695416caf507dea252d2879: Neither blocks nor log segments found. Creating new log.
I20260710 11:05:43.914104  7660 raft_consensus.cc:515] T 6d9e15de2f2c4182ad533ad811b0bd22 P e28dd82f591041b4b620e912018dd770 [term 0 FOLLOWER]: Starting pre-election with config: opid_index: -1 OBSOLETE_local: false peers { permanent_uuid: "5c77d2e77695416caf507dea252d2879" member_type: VOTER last_known_addr { host: "127.6.43.129" port: 44747 } } peers { permanent_uuid: "cc7bc8da84fd4776be0bc9dc68241a53" member_type: VOTER last_known_addr { host: "127.6.43.130" port: 33673 } } peers { permanent_uuid: "e28dd82f591041b4b620e912018dd770" member_type: VOTER last_known_addr { host: "127.6.43.131" port: 43055 } }
I20260710 11:05:43.925222  7657 consensus_queue.cc:1048] T 7d2ac4c6da4e4a3eb039a137d62f4396 P cc7bc8da84fd4776be0bc9dc68241a53 [LEADER]: Connected to new peer: Peer: permanent_uuid: "5c77d2e77695416caf507dea252d2879" member_type: VOTER last_known_addr { host: "127.6.43.129" port: 44747 }, Status: LMP_MISMATCH, Last received: 0.0, Next index: 1, Last known committed idx: 0, Time since last communication: 0.000s
W20260710 11:05:43.928346  7467 leader_election.cc:343] T a90aae434d3446409daed72ed91439fa P cc7bc8da84fd4776be0bc9dc68241a53 [CANDIDATE]: Term 1 pre-election: Tablet error from VoteRequest() call to peer e28dd82f591041b4b620e912018dd770 (127.6.43.131:43055): Illegal state: must be running to vote when last-logged opid is not known
I20260710 11:05:43.934161  7711 raft_consensus.cc:493] T 49b3ce0d0c234e2fb9ea26d1c0f49a38 P cc7bc8da84fd4776be0bc9dc68241a53 [term 0 FOLLOWER]: Starting pre-election (no leader contacted us within the election timeout)
I20260710 11:05:43.933621  7624 raft_consensus.cc:493] T f307121b4796458c89518e57752372de P cc7bc8da84fd4776be0bc9dc68241a53 [term 0 FOLLOWER]: Starting pre-election (no leader contacted us within the election timeout)
I20260710 11:05:43.943518  7711 raft_consensus.cc:515] T 49b3ce0d0c234e2fb9ea26d1c0f49a38 P cc7bc8da84fd4776be0bc9dc68241a53 [term 0 FOLLOWER]: Starting pre-election with config: opid_index: -1 OBSOLETE_local: false peers { permanent_uuid: "5c77d2e77695416caf507dea252d2879" member_type: VOTER last_known_addr { host: "127.6.43.129" port: 44747 } } peers { permanent_uuid: "cc7bc8da84fd4776be0bc9dc68241a53" member_type: VOTER last_known_addr { host: "127.6.43.130" port: 33673 } } peers { permanent_uuid: "e28dd82f591041b4b620e912018dd770" member_type: VOTER last_known_addr { host: "127.6.43.131" port: 43055 } }
I20260710 11:05:43.990383  7622 raft_consensus.cc:493] T 21a730282f2a4f17a63130054173cb2a P e28dd82f591041b4b620e912018dd770 [term 0 FOLLOWER]: Starting pre-election (no leader contacted us within the election timeout)
I20260710 11:05:43.990839  7622 raft_consensus.cc:515] T 21a730282f2a4f17a63130054173cb2a P e28dd82f591041b4b620e912018dd770 [term 0 FOLLOWER]: Starting pre-election with config: opid_index: -1 OBSOLETE_local: false peers { permanent_uuid: "5c77d2e77695416caf507dea252d2879" member_type: VOTER last_known_addr { host: "127.6.43.129" port: 44747 } } peers { permanent_uuid: "cc7bc8da84fd4776be0bc9dc68241a53" member_type: VOTER last_known_addr { host: "127.6.43.130" port: 33673 } } peers { permanent_uuid: "e28dd82f591041b4b620e912018dd770" member_type: VOTER last_known_addr { host: "127.6.43.131" port: 43055 } }
I20260710 11:05:43.991731  7425 raft_consensus.cc:3060] T 7038098dd7194e7bb3d108e2d5d80bea P 5c77d2e77695416caf507dea252d2879 [term 0 FOLLOWER]: Advancing to term 1
I20260710 11:05:43.934729  7467 leader_election.cc:304] T a90aae434d3446409daed72ed91439fa P cc7bc8da84fd4776be0bc9dc68241a53 [CANDIDATE]: Term 1 pre-election: Election decided. Result: candidate lost. Election summary: received 3 responses out of 3 voters: 1 yes votes; 2 no votes. yes voters: cc7bc8da84fd4776be0bc9dc68241a53; no voters: 5c77d2e77695416caf507dea252d2879, e28dd82f591041b4b620e912018dd770
W20260710 11:05:44.048239  7467 outbound_call.cc:321] RPC callback for RPC call kudu.consensus.ConsensusService.RequestConsensusVote -> {remote=127.6.43.131:43055, user_credentials={real_user=slave}} blocked reactor thread for 119927us
I20260710 11:05:44.049749  7656 raft_consensus.cc:2749] T a90aae434d3446409daed72ed91439fa P cc7bc8da84fd4776be0bc9dc68241a53 [term 0 FOLLOWER]: Leader pre-election lost for term 1. Reason: could not achieve majority
I20260710 11:05:43.987689  7624 raft_consensus.cc:515] T f307121b4796458c89518e57752372de P cc7bc8da84fd4776be0bc9dc68241a53 [term 0 FOLLOWER]: Starting pre-election with config: opid_index: -1 OBSOLETE_local: false peers { permanent_uuid: "5c77d2e77695416caf507dea252d2879" member_type: VOTER last_known_addr { host: "127.6.43.129" port: 44747 } } peers { permanent_uuid: "cc7bc8da84fd4776be0bc9dc68241a53" member_type: VOTER last_known_addr { host: "127.6.43.130" port: 33673 } } peers { permanent_uuid: "e28dd82f591041b4b620e912018dd770" member_type: VOTER last_known_addr { host: "127.6.43.131" port: 43055 } }
I20260710 11:05:44.050853  7656 consensus_queue.cc:1048] T c71a1d8052774a209f37600487d90269 P cc7bc8da84fd4776be0bc9dc68241a53 [LEADER]: Connected to new peer: Peer: permanent_uuid: "e28dd82f591041b4b620e912018dd770" member_type: VOTER last_known_addr { host: "127.6.43.131" port: 43055 }, Status: LMP_MISMATCH, Last received: 0.0, Next index: 1, Last known committed idx: 0, Time since last communication: 0.000s
I20260710 11:05:44.045606  7711 leader_election.cc:290] T 49b3ce0d0c234e2fb9ea26d1c0f49a38 P cc7bc8da84fd4776be0bc9dc68241a53 [CANDIDATE]: Term 1 pre-election: Requested pre-vote from peers 5c77d2e77695416caf507dea252d2879 (127.6.43.129:44747), e28dd82f591041b4b620e912018dd770 (127.6.43.131:43055)
I20260710 11:05:44.046383  7660 leader_election.cc:290] T 6d9e15de2f2c4182ad533ad811b0bd22 P e28dd82f591041b4b620e912018dd770 [CANDIDATE]: Term 1 pre-election: Requested pre-vote from peers 5c77d2e77695416caf507dea252d2879 (127.6.43.129:44747), cc7bc8da84fd4776be0bc9dc68241a53 (127.6.43.130:33673)
I20260710 11:05:44.050427  7655 consensus_queue.cc:1048] T 11409fbd0bcb4507b2f8f240ba95f553 P cc7bc8da84fd4776be0bc9dc68241a53 [LEADER]: Connected to new peer: Peer: permanent_uuid: "e28dd82f591041b4b620e912018dd770" member_type: VOTER last_known_addr { host: "127.6.43.131" port: 43055 }, Status: LMP_MISMATCH, Last received: 0.0, Next index: 1, Last known committed idx: 0, Time since last communication: 0.000s
I20260710 11:05:44.058924  7660 consensus_queue.cc:1048] T 2eb57aa4341843468cbae2fe0374bbb1 P e28dd82f591041b4b620e912018dd770 [LEADER]: Connected to new peer: Peer: permanent_uuid: "cc7bc8da84fd4776be0bc9dc68241a53" member_type: VOTER last_known_addr { host: "127.6.43.130" port: 33673 }, Status: LMP_MISMATCH, Last received: 0.0, Next index: 1, Last known committed idx: 0, Time since last communication: 0.000s
I20260710 11:05:44.070581  7624 leader_election.cc:290] T f307121b4796458c89518e57752372de P cc7bc8da84fd4776be0bc9dc68241a53 [CANDIDATE]: Term 1 pre-election: Requested pre-vote from peers 5c77d2e77695416caf507dea252d2879 (127.6.43.129:44747), e28dd82f591041b4b620e912018dd770 (127.6.43.131:43055)
W20260710 11:05:44.066656  7540 outbound_call.cc:321] RPC callback for RPC call kudu.consensus.ConsensusService.UpdateConsensus -> {remote=127.6.43.130:33673, user_credentials={real_user=slave}} blocked reactor thread for 68929.5us
I20260710 11:05:44.083739  7717 raft_consensus.cc:493] T 09ba1c9c2ff141e9827b5603730f9928 P 5c77d2e77695416caf507dea252d2879 [term 0 FOLLOWER]: Starting pre-election (no leader contacted us within the election timeout)
I20260710 11:05:44.084194  7717 raft_consensus.cc:515] T 09ba1c9c2ff141e9827b5603730f9928 P 5c77d2e77695416caf507dea252d2879 [term 0 FOLLOWER]: Starting pre-election with config: opid_index: -1 OBSOLETE_local: false peers { permanent_uuid: "5c77d2e77695416caf507dea252d2879" member_type: VOTER last_known_addr { host: "127.6.43.129" port: 44747 } } peers { permanent_uuid: "cc7bc8da84fd4776be0bc9dc68241a53" member_type: VOTER last_known_addr { host: "127.6.43.130" port: 33673 } } peers { permanent_uuid: "e28dd82f591041b4b620e912018dd770" member_type: VOTER last_known_addr { host: "127.6.43.131" port: 43055 } }
I20260710 11:05:44.086200  7717 leader_election.cc:290] T 09ba1c9c2ff141e9827b5603730f9928 P 5c77d2e77695416caf507dea252d2879 [CANDIDATE]: Term 1 pre-election: Requested pre-vote from peers cc7bc8da84fd4776be0bc9dc68241a53 (127.6.43.130:33673), e28dd82f591041b4b620e912018dd770 (127.6.43.131:43055)
I20260710 11:05:44.086871  7717 consensus_queue.cc:1048] T 729b8a9bcf7d466282a9f5ca9fe13f27 P 5c77d2e77695416caf507dea252d2879 [LEADER]: Connected to new peer: Peer: permanent_uuid: "cc7bc8da84fd4776be0bc9dc68241a53" member_type: VOTER last_known_addr { host: "127.6.43.130" port: 33673 }, Status: LMP_MISMATCH, Last received: 0.0, Next index: 1, Last known committed idx: 0, Time since last communication: 0.000s
W20260710 11:05:44.087208  7374 auto_rebalancer.cc:288] Could not retrieve cluster info: Service unavailable: Tablet not running
I20260710 11:05:44.088244  7618 tablet_bootstrap.cc:654] T 61266e3f5c5c452f99ed2bc5e6c80a8d P cc7bc8da84fd4776be0bc9dc68241a53: Neither blocks nor log segments found. Creating new log.
I20260710 11:05:44.077037  7718 raft_consensus.cc:493] T e103e8029dfd4ba1a61cec92674ae925 P 5c77d2e77695416caf507dea252d2879 [term 0 FOLLOWER]: Starting pre-election (no leader contacted us within the election timeout)
I20260710 11:05:44.098834  7718 raft_consensus.cc:515] T e103e8029dfd4ba1a61cec92674ae925 P 5c77d2e77695416caf507dea252d2879 [term 0 FOLLOWER]: Starting pre-election with config: opid_index: -1 OBSOLETE_local: false peers { permanent_uuid: "5c77d2e77695416caf507dea252d2879" member_type: VOTER last_known_addr { host: "127.6.43.129" port: 44747 } } peers { permanent_uuid: "cc7bc8da84fd4776be0bc9dc68241a53" member_type: VOTER last_known_addr { host: "127.6.43.130" port: 33673 } } peers { permanent_uuid: "e28dd82f591041b4b620e912018dd770" member_type: VOTER last_known_addr { host: "127.6.43.131" port: 43055 } }
I20260710 11:05:44.101122  7718 leader_election.cc:290] T e103e8029dfd4ba1a61cec92674ae925 P 5c77d2e77695416caf507dea252d2879 [CANDIDATE]: Term 1 pre-election: Requested pre-vote from peers cc7bc8da84fd4776be0bc9dc68241a53 (127.6.43.130:33673), e28dd82f591041b4b620e912018dd770 (127.6.43.131:43055)
W20260710 11:05:44.109371  7708 log.cc:927] Time spent T 37935bedf27a4a1d82b49098ee3c1bc9 P e28dd82f591041b4b620e912018dd770: Append to log took a long time: real 0.174s	user 0.000s	sys 0.001s
I20260710 11:05:44.112535  7668 raft_consensus.cc:493] T 7038098dd7194e7bb3d108e2d5d80bea P 5c77d2e77695416caf507dea252d2879 [term 1 FOLLOWER]: Starting pre-election (no leader contacted us within the election timeout)
I20260710 11:05:44.113025  7668 raft_consensus.cc:515] T 7038098dd7194e7bb3d108e2d5d80bea P 5c77d2e77695416caf507dea252d2879 [term 1 FOLLOWER]: Starting pre-election with config: opid_index: -1 OBSOLETE_local: false peers { permanent_uuid: "5c77d2e77695416caf507dea252d2879" member_type: VOTER last_known_addr { host: "127.6.43.129" port: 44747 } } peers { permanent_uuid: "cc7bc8da84fd4776be0bc9dc68241a53" member_type: VOTER last_known_addr { host: "127.6.43.130" port: 33673 } } peers { permanent_uuid: "e28dd82f591041b4b620e912018dd770" member_type: VOTER last_known_addr { host: "127.6.43.131" port: 43055 } }
I20260710 11:05:44.109241  7661 raft_consensus.cc:2749] T 37935bedf27a4a1d82b49098ee3c1bc9 P 5c77d2e77695416caf507dea252d2879 [term 1 FOLLOWER]: Leader pre-election lost for term 1. Reason: could not achieve majority
I20260710 11:05:44.264627  7498 tablet_service.cc:1917] Received RequestConsensusVote() RPC: tablet_id: "6d9e15de2f2c4182ad533ad811b0bd22" candidate_uuid: "e28dd82f591041b4b620e912018dd770" candidate_term: 1 candidate_status { last_received { term: 0 index: 0 } } ignore_live_leader: false dest_uuid: "cc7bc8da84fd4776be0bc9dc68241a53" is_pre_election: true
I20260710 11:05:44.144410  7718 consensus_queue.cc:1048] T 6d9e15de2f2c4182ad533ad811b0bd22 P 5c77d2e77695416caf507dea252d2879 [LEADER]: Connected to new peer: Peer: permanent_uuid: "cc7bc8da84fd4776be0bc9dc68241a53" member_type: VOTER last_known_addr { host: "127.6.43.130" port: 33673 }, Status: LMP_MISMATCH, Last received: 0.0, Next index: 1, Last known committed idx: 0, Time since last communication: 0.153s
I20260710 11:05:44.132751  7421 tablet_service.cc:1917] Received RequestConsensusVote() RPC: tablet_id: "f307121b4796458c89518e57752372de" candidate_uuid: "cc7bc8da84fd4776be0bc9dc68241a53" candidate_term: 1 candidate_status { last_received { term: 0 index: 0 } } ignore_live_leader: false dest_uuid: "5c77d2e77695416caf507dea252d2879" is_pre_election: true
I20260710 11:05:44.298568  7421 raft_consensus.cc:2468] T f307121b4796458c89518e57752372de P 5c77d2e77695416caf507dea252d2879 [term 0 FOLLOWER]: Leader pre-election vote request: Granting yes vote for candidate cc7bc8da84fd4776be0bc9dc68241a53 in term 0.
I20260710 11:05:44.297683  7498 raft_consensus.cc:2393] T 6d9e15de2f2c4182ad533ad811b0bd22 P cc7bc8da84fd4776be0bc9dc68241a53 [term 1 FOLLOWER]: Leader pre-election vote request: Denying vote to candidate e28dd82f591041b4b620e912018dd770 in current term 1: Already voted for candidate 5c77d2e77695416caf507dea252d2879 in this term.
I20260710 11:05:44.171417  7655 consensus_queue.cc:1048] T 723b53d693ab4e4db60f2082e1875f9d P cc7bc8da84fd4776be0bc9dc68241a53 [LEADER]: Connected to new peer: Peer: permanent_uuid: "5c77d2e77695416caf507dea252d2879" member_type: VOTER last_known_addr { host: "127.6.43.129" port: 44747 }, Status: LMP_MISMATCH, Last received: 0.0, Next index: 1, Last known committed idx: 0, Time since last communication: 0.126s
I20260710 11:05:44.299134  7496 tablet_service.cc:1917] Received RequestConsensusVote() RPC: tablet_id: "21a730282f2a4f17a63130054173cb2a" candidate_uuid: "e28dd82f591041b4b620e912018dd770" candidate_term: 1 candidate_status { last_received { term: 0 index: 0 } } ignore_live_leader: false dest_uuid: "cc7bc8da84fd4776be0bc9dc68241a53" is_pre_election: true
I20260710 11:05:44.098136  7622 leader_election.cc:290] T 21a730282f2a4f17a63130054173cb2a P e28dd82f591041b4b620e912018dd770 [CANDIDATE]: Term 1 pre-election: Requested pre-vote from peers 5c77d2e77695416caf507dea252d2879 (127.6.43.129:44747), cc7bc8da84fd4776be0bc9dc68241a53 (127.6.43.130:33673)
I20260710 11:05:44.299788  7466 leader_election.cc:304] T f307121b4796458c89518e57752372de P cc7bc8da84fd4776be0bc9dc68241a53 [CANDIDATE]: Term 1 pre-election: Election decided. Result: candidate won. Election summary: received 2 responses out of 3 voters: 2 yes votes; 0 no votes. yes voters: 5c77d2e77695416caf507dea252d2879, cc7bc8da84fd4776be0bc9dc68241a53; no voters: 
I20260710 11:05:44.300289  7660 consensus_queue.cc:1048] T 195a8a090c89451d8046310fb2025545 P e28dd82f591041b4b620e912018dd770 [LEADER]: Connected to new peer: Peer: permanent_uuid: "5c77d2e77695416caf507dea252d2879" member_type: VOTER last_known_addr { host: "127.6.43.129" port: 44747 }, Status: LMP_MISMATCH, Last received: 0.0, Next index: 1, Last known committed idx: 0, Time since last communication: 0.000s
I20260710 11:05:44.301774  7574 tablet_service.cc:1917] Received RequestConsensusVote() RPC: tablet_id: "49b3ce0d0c234e2fb9ea26d1c0f49a38" candidate_uuid: "cc7bc8da84fd4776be0bc9dc68241a53" candidate_term: 1 candidate_status { last_received { term: 0 index: 0 } } ignore_live_leader: false dest_uuid: "e28dd82f591041b4b620e912018dd770" is_pre_election: true
I20260710 11:05:44.169765  7425 tablet_service.cc:1917] Received RequestConsensusVote() RPC: tablet_id: "49b3ce0d0c234e2fb9ea26d1c0f49a38" candidate_uuid: "cc7bc8da84fd4776be0bc9dc68241a53" candidate_term: 1 candidate_status { last_received { term: 0 index: 0 } } ignore_live_leader: false dest_uuid: "5c77d2e77695416caf507dea252d2879" is_pre_election: true
I20260710 11:05:44.133647  7657 consensus_queue.cc:1048] T 7038098dd7194e7bb3d108e2d5d80bea P cc7bc8da84fd4776be0bc9dc68241a53 [LEADER]: Connected to new peer: Peer: permanent_uuid: "5c77d2e77695416caf507dea252d2879" member_type: VOTER last_known_addr { host: "127.6.43.129" port: 44747 }, Status: LMP_MISMATCH, Last received: 0.0, Next index: 1, Last known committed idx: 0, Time since last communication: 0.174s
I20260710 11:05:44.248660  7719 raft_consensus.cc:493] T 50e7c98b0377465aa274151feacde301 P e28dd82f591041b4b620e912018dd770 [term 0 FOLLOWER]: Starting pre-election (no leader contacted us within the election timeout)
I20260710 11:05:44.308583  7719 raft_consensus.cc:515] T 50e7c98b0377465aa274151feacde301 P e28dd82f591041b4b620e912018dd770 [term 0 FOLLOWER]: Starting pre-election with config: opid_index: -1 OBSOLETE_local: false peers { permanent_uuid: "5c77d2e77695416caf507dea252d2879" member_type: VOTER last_known_addr { host: "127.6.43.129" port: 44747 } } peers { permanent_uuid: "cc7bc8da84fd4776be0bc9dc68241a53" member_type: VOTER last_known_addr { host: "127.6.43.130" port: 33673 } } peers { permanent_uuid: "e28dd82f591041b4b620e912018dd770" member_type: VOTER last_known_addr { host: "127.6.43.131" port: 43055 } }
I20260710 11:05:44.310823  7719 leader_election.cc:290] T 50e7c98b0377465aa274151feacde301 P e28dd82f591041b4b620e912018dd770 [CANDIDATE]: Term 1 pre-election: Requested pre-vote from peers 5c77d2e77695416caf507dea252d2879 (127.6.43.129:44747), cc7bc8da84fd4776be0bc9dc68241a53 (127.6.43.130:33673)
I20260710 11:05:44.315232  7617 tablet_bootstrap.cc:492] T f307121b4796458c89518e57752372de P e28dd82f591041b4b620e912018dd770: No bootstrap required, opened a new log
I20260710 11:05:44.315714  7617 ts_tablet_manager.cc:1403] T f307121b4796458c89518e57752372de P e28dd82f591041b4b620e912018dd770: Time spent bootstrapping tablet: real 0.521s	user 0.018s	sys 0.018s
I20260710 11:05:44.144378  7420 raft_consensus.cc:3060] T 09ba1c9c2ff141e9827b5603730f9928 P 5c77d2e77695416caf507dea252d2879 [term 0 FOLLOWER]: Advancing to term 1
I20260710 11:05:44.311892  7668 leader_election.cc:290] T 7038098dd7194e7bb3d108e2d5d80bea P 5c77d2e77695416caf507dea252d2879 [CANDIDATE]: Term 2 pre-election: Requested pre-vote from peers cc7bc8da84fd4776be0bc9dc68241a53 (127.6.43.130:33673), e28dd82f591041b4b620e912018dd770 (127.6.43.131:43055)
I20260710 11:05:44.208288  7501 tablet_service.cc:1917] Received RequestConsensusVote() RPC: tablet_id: "e103e8029dfd4ba1a61cec92674ae925" candidate_uuid: "5c77d2e77695416caf507dea252d2879" candidate_term: 1 candidate_status { last_received { term: 0 index: 0 } } ignore_live_leader: false dest_uuid: "cc7bc8da84fd4776be0bc9dc68241a53" is_pre_election: true
W20260710 11:05:44.320294  7710 log.cc:927] Time spent T 195a8a090c89451d8046310fb2025545 P cc7bc8da84fd4776be0bc9dc68241a53: Append to log took a long time: real 0.147s	user 0.004s	sys 0.017s
I20260710 11:05:44.124249  7624 consensus_queue.cc:1048] T 7d2ac4c6da4e4a3eb039a137d62f4396 P cc7bc8da84fd4776be0bc9dc68241a53 [LEADER]: Connected to new peer: Peer: permanent_uuid: "e28dd82f591041b4b620e912018dd770" member_type: VOTER last_known_addr { host: "127.6.43.131" port: 43055 }, Status: LMP_MISMATCH, Last received: 0.0, Next index: 1, Last known committed idx: 0, Time since last communication: 0.196s
I20260710 11:05:44.318288  7502 tablet_service.cc:1917] Received RequestConsensusVote() RPC: tablet_id: "09ba1c9c2ff141e9827b5603730f9928" candidate_uuid: "5c77d2e77695416caf507dea252d2879" candidate_term: 1 candidate_status { last_received { term: 0 index: 0 } } ignore_live_leader: false dest_uuid: "cc7bc8da84fd4776be0bc9dc68241a53" is_pre_election: true
I20260710 11:05:44.238546  7500 tablet_service.cc:1917] Received RequestConsensusVote() RPC: tablet_id: "7038098dd7194e7bb3d108e2d5d80bea" candidate_uuid: "5c77d2e77695416caf507dea252d2879" candidate_term: 2 candidate_status { last_received { term: 0 index: 0 } } ignore_live_leader: false dest_uuid: "cc7bc8da84fd4776be0bc9dc68241a53" is_pre_election: true
I20260710 11:05:44.323252  7711 raft_consensus.cc:2804] T f307121b4796458c89518e57752372de P cc7bc8da84fd4776be0bc9dc68241a53 [term 0 FOLLOWER]: Leader pre-election won for term 1
I20260710 11:05:44.328943  7711 raft_consensus.cc:493] T f307121b4796458c89518e57752372de P cc7bc8da84fd4776be0bc9dc68241a53 [term 0 FOLLOWER]: Starting leader election (no leader contacted us within the election timeout)
I20260710 11:05:44.329255  7711 raft_consensus.cc:3060] T f307121b4796458c89518e57752372de P cc7bc8da84fd4776be0bc9dc68241a53 [term 0 FOLLOWER]: Advancing to term 1
I20260710 11:05:44.333181  7573 tablet_service.cc:1917] Received RequestConsensusVote() RPC: tablet_id: "f307121b4796458c89518e57752372de" candidate_uuid: "cc7bc8da84fd4776be0bc9dc68241a53" candidate_term: 1 candidate_status { last_received { term: 0 index: 0 } } ignore_live_leader: false dest_uuid: "e28dd82f591041b4b620e912018dd770" is_pre_election: true
I20260710 11:05:44.339046  7426 tablet_service.cc:1917] Received RequestConsensusVote() RPC: tablet_id: "6d9e15de2f2c4182ad533ad811b0bd22" candidate_uuid: "e28dd82f591041b4b620e912018dd770" candidate_term: 1 candidate_status { last_received { term: 0 index: 0 } } ignore_live_leader: false dest_uuid: "5c77d2e77695416caf507dea252d2879" is_pre_election: true
I20260710 11:05:44.345523  7619 tablet_bootstrap.cc:492] T 49b3ce0d0c234e2fb9ea26d1c0f49a38 P 5c77d2e77695416caf507dea252d2879: No bootstrap required, opened a new log
I20260710 11:05:44.345990  7619 ts_tablet_manager.cc:1403] T 49b3ce0d0c234e2fb9ea26d1c0f49a38 P 5c77d2e77695416caf507dea252d2879: Time spent bootstrapping tablet: real 0.549s	user 0.017s	sys 0.003s
I20260710 11:05:44.349396  7619 raft_consensus.cc:359] T 49b3ce0d0c234e2fb9ea26d1c0f49a38 P 5c77d2e77695416caf507dea252d2879 [term 0 FOLLOWER]: Replica starting. Triggering 0 pending ops. Active config: opid_index: -1 OBSOLETE_local: false peers { permanent_uuid: "5c77d2e77695416caf507dea252d2879" member_type: VOTER last_known_addr { host: "127.6.43.129" port: 44747 } } peers { permanent_uuid: "cc7bc8da84fd4776be0bc9dc68241a53" member_type: VOTER last_known_addr { host: "127.6.43.130" port: 33673 } } peers { permanent_uuid: "e28dd82f591041b4b620e912018dd770" member_type: VOTER last_known_addr { host: "127.6.43.131" port: 43055 } }
I20260710 11:05:44.350008  7619 raft_consensus.cc:385] T 49b3ce0d0c234e2fb9ea26d1c0f49a38 P 5c77d2e77695416caf507dea252d2879 [term 0 FOLLOWER]: Consensus starting up: Expiring failure detector timer to make a prompt election more likely
I20260710 11:05:44.350256  7619 raft_consensus.cc:740] T 49b3ce0d0c234e2fb9ea26d1c0f49a38 P 5c77d2e77695416caf507dea252d2879 [term 0 FOLLOWER]: Becoming Follower/Learner. State: Replica: 5c77d2e77695416caf507dea252d2879, State: Initialized, Role: FOLLOWER
I20260710 11:05:44.350821  7619 consensus_queue.cc:260] T 49b3ce0d0c234e2fb9ea26d1c0f49a38 P 5c77d2e77695416caf507dea252d2879 [NON_LEADER]: Queue going to NON_LEADER mode. State: All replicated index: 0, Majority replicated index: 0, Committed index: 0, Last appended: 0.0, Last appended by leader: 0, Current term: 0, Majority size: -1, State: 0, Mode: NON_LEADER, active raft config: opid_index: -1 OBSOLETE_local: false peers { permanent_uuid: "5c77d2e77695416caf507dea252d2879" member_type: VOTER last_known_addr { host: "127.6.43.129" port: 44747 } } peers { permanent_uuid: "cc7bc8da84fd4776be0bc9dc68241a53" member_type: VOTER last_known_addr { host: "127.6.43.130" port: 33673 } } peers { permanent_uuid: "e28dd82f591041b4b620e912018dd770" member_type: VOTER last_known_addr { host: "127.6.43.131" port: 43055 } }
I20260710 11:05:44.353929  7619 ts_tablet_manager.cc:1434] T 49b3ce0d0c234e2fb9ea26d1c0f49a38 P 5c77d2e77695416caf507dea252d2879: Time spent starting tablet: real 0.008s	user 0.006s	sys 0.000s
I20260710 11:05:44.354743  7619 tablet_bootstrap.cc:492] T 21a730282f2a4f17a63130054173cb2a P 5c77d2e77695416caf507dea252d2879: Bootstrap starting.
I20260710 11:05:44.364303  7617 raft_consensus.cc:359] T f307121b4796458c89518e57752372de P e28dd82f591041b4b620e912018dd770 [term 0 FOLLOWER]: Replica starting. Triggering 0 pending ops. Active config: opid_index: -1 OBSOLETE_local: false peers { permanent_uuid: "5c77d2e77695416caf507dea252d2879" member_type: VOTER last_known_addr { host: "127.6.43.129" port: 44747 } } peers { permanent_uuid: "cc7bc8da84fd4776be0bc9dc68241a53" member_type: VOTER last_known_addr { host: "127.6.43.130" port: 33673 } } peers { permanent_uuid: "e28dd82f591041b4b620e912018dd770" member_type: VOTER last_known_addr { host: "127.6.43.131" port: 43055 } }
I20260710 11:05:44.365264  7617 raft_consensus.cc:385] T f307121b4796458c89518e57752372de P e28dd82f591041b4b620e912018dd770 [term 0 FOLLOWER]: Consensus starting up: Expiring failure detector timer to make a prompt election more likely
I20260710 11:05:44.365540  7617 raft_consensus.cc:740] T f307121b4796458c89518e57752372de P e28dd82f591041b4b620e912018dd770 [term 0 FOLLOWER]: Becoming Follower/Learner. State: Replica: e28dd82f591041b4b620e912018dd770, State: Initialized, Role: FOLLOWER
I20260710 11:05:44.366591  7617 consensus_queue.cc:260] T f307121b4796458c89518e57752372de P e28dd82f591041b4b620e912018dd770 [NON_LEADER]: Queue going to NON_LEADER mode. State: All replicated index: 0, Majority replicated index: 0, Committed index: 0, Last appended: 0.0, Last appended by leader: 0, Current term: 0, Majority size: -1, State: 0, Mode: NON_LEADER, active raft config: opid_index: -1 OBSOLETE_local: false peers { permanent_uuid: "5c77d2e77695416caf507dea252d2879" member_type: VOTER last_known_addr { host: "127.6.43.129" port: 44747 } } peers { permanent_uuid: "cc7bc8da84fd4776be0bc9dc68241a53" member_type: VOTER last_known_addr { host: "127.6.43.130" port: 33673 } } peers { permanent_uuid: "e28dd82f591041b4b620e912018dd770" member_type: VOTER last_known_addr { host: "127.6.43.131" port: 43055 } }
I20260710 11:05:44.370498  7617 ts_tablet_manager.cc:1434] T f307121b4796458c89518e57752372de P e28dd82f591041b4b620e912018dd770: Time spent starting tablet: real 0.054s	user 0.006s	sys 0.001s
I20260710 11:05:44.371606  7617 tablet_bootstrap.cc:492] T 49b3ce0d0c234e2fb9ea26d1c0f49a38 P e28dd82f591041b4b620e912018dd770: Bootstrap starting.
W20260710 11:05:44.370388  7466 leader_election.cc:343] T 49b3ce0d0c234e2fb9ea26d1c0f49a38 P cc7bc8da84fd4776be0bc9dc68241a53 [CANDIDATE]: Term 1 pre-election: Tablet error from VoteRequest() call to peer 5c77d2e77695416caf507dea252d2879 (127.6.43.129:44747): Illegal state: must be running to vote when last-logged opid is not known
I20260710 11:05:44.373670  7624 consensus_queue.cc:1048] T 7410cb6820ed4e98a406db284ab50234 P cc7bc8da84fd4776be0bc9dc68241a53 [LEADER]: Connected to new peer: Peer: permanent_uuid: "5c77d2e77695416caf507dea252d2879" member_type: VOTER last_known_addr { host: "127.6.43.129" port: 44747 }, Status: LMP_MISMATCH, Last received: 0.0, Next index: 1, Last known committed idx: 0, Time since last communication: 0.000s
I20260710 11:05:44.367290  7711 raft_consensus.cc:515] T f307121b4796458c89518e57752372de P cc7bc8da84fd4776be0bc9dc68241a53 [term 1 FOLLOWER]: Starting leader election with config: opid_index: -1 OBSOLETE_local: false peers { permanent_uuid: "5c77d2e77695416caf507dea252d2879" member_type: VOTER last_known_addr { host: "127.6.43.129" port: 44747 } } peers { permanent_uuid: "cc7bc8da84fd4776be0bc9dc68241a53" member_type: VOTER last_known_addr { host: "127.6.43.130" port: 33673 } } peers { permanent_uuid: "e28dd82f591041b4b620e912018dd770" member_type: VOTER last_known_addr { host: "127.6.43.131" port: 43055 } }
I20260710 11:05:44.388726  7618 tablet_bootstrap.cc:492] T 61266e3f5c5c452f99ed2bc5e6c80a8d P cc7bc8da84fd4776be0bc9dc68241a53: No bootstrap required, opened a new log
I20260710 11:05:44.389168  7618 ts_tablet_manager.cc:1403] T 61266e3f5c5c452f99ed2bc5e6c80a8d P cc7bc8da84fd4776be0bc9dc68241a53: Time spent bootstrapping tablet: real 0.603s	user 0.068s	sys 0.067s
I20260710 11:05:44.389520  7573 raft_consensus.cc:2468] T f307121b4796458c89518e57752372de P e28dd82f591041b4b620e912018dd770 [term 0 FOLLOWER]: Leader pre-election vote request: Granting yes vote for candidate cc7bc8da84fd4776be0bc9dc68241a53 in term 0.
W20260710 11:05:44.391721  7540 leader_election.cc:343] T 21a730282f2a4f17a63130054173cb2a P e28dd82f591041b4b620e912018dd770 [CANDIDATE]: Term 1 pre-election: Tablet error from VoteRequest() call to peer cc7bc8da84fd4776be0bc9dc68241a53 (127.6.43.130:33673): Illegal state: must be running to vote when last-logged opid is not known
I20260710 11:05:44.394917  7499 tablet_service.cc:1917] Received RequestConsensusVote() RPC: tablet_id: "50e7c98b0377465aa274151feacde301" candidate_uuid: "e28dd82f591041b4b620e912018dd770" candidate_term: 1 candidate_status { last_received { term: 0 index: 0 } } ignore_live_leader: false dest_uuid: "cc7bc8da84fd4776be0bc9dc68241a53" is_pre_election: true
I20260710 11:05:44.392465  7711 leader_election.cc:290] T f307121b4796458c89518e57752372de P cc7bc8da84fd4776be0bc9dc68241a53 [CANDIDATE]: Term 1 election: Requested vote from peers 5c77d2e77695416caf507dea252d2879 (127.6.43.129:44747), e28dd82f591041b4b620e912018dd770 (127.6.43.131:43055)
I20260710 11:05:44.402047  7618 raft_consensus.cc:359] T 61266e3f5c5c452f99ed2bc5e6c80a8d P cc7bc8da84fd4776be0bc9dc68241a53 [term 0 FOLLOWER]: Replica starting. Triggering 0 pending ops. Active config: opid_index: -1 OBSOLETE_local: false peers { permanent_uuid: "5c77d2e77695416caf507dea252d2879" member_type: VOTER last_known_addr { host: "127.6.43.129" port: 44747 } } peers { permanent_uuid: "cc7bc8da84fd4776be0bc9dc68241a53" member_type: VOTER last_known_addr { host: "127.6.43.130" port: 33673 } } peers { permanent_uuid: "e28dd82f591041b4b620e912018dd770" member_type: VOTER last_known_addr { host: "127.6.43.131" port: 43055 } }
I20260710 11:05:44.402732  7618 raft_consensus.cc:385] T 61266e3f5c5c452f99ed2bc5e6c80a8d P cc7bc8da84fd4776be0bc9dc68241a53 [term 0 FOLLOWER]: Consensus starting up: Expiring failure detector timer to make a prompt election more likely
I20260710 11:05:44.403028  7618 raft_consensus.cc:740] T 61266e3f5c5c452f99ed2bc5e6c80a8d P cc7bc8da84fd4776be0bc9dc68241a53 [term 0 FOLLOWER]: Becoming Follower/Learner. State: Replica: cc7bc8da84fd4776be0bc9dc68241a53, State: Initialized, Role: FOLLOWER
I20260710 11:05:44.403620  7618 consensus_queue.cc:260] T 61266e3f5c5c452f99ed2bc5e6c80a8d P cc7bc8da84fd4776be0bc9dc68241a53 [NON_LEADER]: Queue going to NON_LEADER mode. State: All replicated index: 0, Majority replicated index: 0, Committed index: 0, Last appended: 0.0, Last appended by leader: 0, Current term: 0, Majority size: -1, State: 0, Mode: NON_LEADER, active raft config: opid_index: -1 OBSOLETE_local: false peers { permanent_uuid: "5c77d2e77695416caf507dea252d2879" member_type: VOTER last_known_addr { host: "127.6.43.129" port: 44747 } } peers { permanent_uuid: "cc7bc8da84fd4776be0bc9dc68241a53" member_type: VOTER last_known_addr { host: "127.6.43.130" port: 33673 } } peers { permanent_uuid: "e28dd82f591041b4b620e912018dd770" member_type: VOTER last_known_addr { host: "127.6.43.131" port: 43055 } }
W20260710 11:05:44.405459  7467 leader_election.cc:343] T 49b3ce0d0c234e2fb9ea26d1c0f49a38 P cc7bc8da84fd4776be0bc9dc68241a53 [CANDIDATE]: Term 1 pre-election: Tablet error from VoteRequest() call to peer e28dd82f591041b4b620e912018dd770 (127.6.43.131:43055): Illegal state: must be running to vote when last-logged opid is not known
I20260710 11:05:44.405606  7425 tablet_service.cc:1917] Received RequestConsensusVote() RPC: tablet_id: "50e7c98b0377465aa274151feacde301" candidate_uuid: "e28dd82f591041b4b620e912018dd770" candidate_term: 1 candidate_status { last_received { term: 0 index: 0 } } ignore_live_leader: false dest_uuid: "5c77d2e77695416caf507dea252d2879" is_pre_election: true
I20260710 11:05:44.405895  7467 leader_election.cc:304] T 49b3ce0d0c234e2fb9ea26d1c0f49a38 P cc7bc8da84fd4776be0bc9dc68241a53 [CANDIDATE]: Term 1 pre-election: Election decided. Result: candidate lost. Election summary: received 3 responses out of 3 voters: 1 yes votes; 2 no votes. yes voters: cc7bc8da84fd4776be0bc9dc68241a53; no voters: 5c77d2e77695416caf507dea252d2879, e28dd82f591041b4b620e912018dd770
I20260710 11:05:44.407256  7618 ts_tablet_manager.cc:1434] T 61266e3f5c5c452f99ed2bc5e6c80a8d P cc7bc8da84fd4776be0bc9dc68241a53: Time spent starting tablet: real 0.018s	user 0.005s	sys 0.000s
I20260710 11:05:44.408330  7618 tablet_bootstrap.cc:492] T f4c3d462b0ed44c7b56819d221faeca9 P cc7bc8da84fd4776be0bc9dc68241a53: Bootstrap starting.
I20260710 11:05:44.399230  7657 consensus_queue.cc:1048] T 7410cb6820ed4e98a406db284ab50234 P cc7bc8da84fd4776be0bc9dc68241a53 [LEADER]: Connected to new peer: Peer: permanent_uuid: "e28dd82f591041b4b620e912018dd770" member_type: VOTER last_known_addr { host: "127.6.43.131" port: 43055 }, Status: LMP_MISMATCH, Last received: 0.0, Next index: 1, Last known committed idx: 0, Time since last communication: 0.012s
I20260710 11:05:44.408006  7655 raft_consensus.cc:2749] T 49b3ce0d0c234e2fb9ea26d1c0f49a38 P cc7bc8da84fd4776be0bc9dc68241a53 [term 0 FOLLOWER]: Leader pre-election lost for term 1. Reason: could not achieve majority
I20260710 11:05:44.415840  7425 tablet_service.cc:1917] Received RequestConsensusVote() RPC: tablet_id: "f307121b4796458c89518e57752372de" candidate_uuid: "cc7bc8da84fd4776be0bc9dc68241a53" candidate_term: 1 candidate_status { last_received { term: 0 index: 0 } } ignore_live_leader: false dest_uuid: "5c77d2e77695416caf507dea252d2879"
W20260710 11:05:44.422847  7540 leader_election.cc:343] T 50e7c98b0377465aa274151feacde301 P e28dd82f591041b4b620e912018dd770 [CANDIDATE]: Term 1 pre-election: Tablet error from VoteRequest() call to peer cc7bc8da84fd4776be0bc9dc68241a53 (127.6.43.130:33673): Illegal state: must be running to vote when last-logged opid is not known
I20260710 11:05:44.410794  7712 consensus_queue.cc:1048] T 723b53d693ab4e4db60f2082e1875f9d P cc7bc8da84fd4776be0bc9dc68241a53 [LEADER]: Connected to new peer: Peer: permanent_uuid: "e28dd82f591041b4b620e912018dd770" member_type: VOTER last_known_addr { host: "127.6.43.131" port: 43055 }, Status: LMP_MISMATCH, Last received: 0.0, Next index: 1, Last known committed idx: 0, Time since last communication: 0.007s
W20260710 11:05:44.418624  7391 leader_election.cc:343] T e103e8029dfd4ba1a61cec92674ae925 P 5c77d2e77695416caf507dea252d2879 [CANDIDATE]: Term 1 pre-election: Tablet error from VoteRequest() call to peer cc7bc8da84fd4776be0bc9dc68241a53 (127.6.43.130:33673): Illegal state: must be running to vote when last-logged opid is not known
I20260710 11:05:44.425616  7573 tablet_service.cc:1917] Received RequestConsensusVote() RPC: tablet_id: "e103e8029dfd4ba1a61cec92674ae925" candidate_uuid: "5c77d2e77695416caf507dea252d2879" candidate_term: 1 candidate_status { last_received { term: 0 index: 0 } } ignore_live_leader: false dest_uuid: "e28dd82f591041b4b620e912018dd770" is_pre_election: true
I20260710 11:05:44.427421  7573 tablet_service.cc:1917] Received RequestConsensusVote() RPC: tablet_id: "7038098dd7194e7bb3d108e2d5d80bea" candidate_uuid: "5c77d2e77695416caf507dea252d2879" candidate_term: 2 candidate_status { last_received { term: 0 index: 0 } } ignore_live_leader: false dest_uuid: "e28dd82f591041b4b620e912018dd770" is_pre_election: true
I20260710 11:05:44.427843  7617 tablet_bootstrap.cc:654] T 49b3ce0d0c234e2fb9ea26d1c0f49a38 P e28dd82f591041b4b620e912018dd770: Neither blocks nor log segments found. Creating new log.
I20260710 11:05:44.413625  7427 tablet_service.cc:1917] Received RequestConsensusVote() RPC: tablet_id: "21a730282f2a4f17a63130054173cb2a" candidate_uuid: "e28dd82f591041b4b620e912018dd770" candidate_term: 1 candidate_status { last_received { term: 0 index: 0 } } ignore_live_leader: false dest_uuid: "5c77d2e77695416caf507dea252d2879" is_pre_election: true
I20260710 11:05:44.425675  7577 tablet_service.cc:1917] Received RequestConsensusVote() RPC: tablet_id: "09ba1c9c2ff141e9827b5603730f9928" candidate_uuid: "5c77d2e77695416caf507dea252d2879" candidate_term: 1 candidate_status { last_received { term: 0 index: 0 } } ignore_live_leader: false dest_uuid: "e28dd82f591041b4b620e912018dd770" is_pre_election: true
I20260710 11:05:44.428771  7425 raft_consensus.cc:3060] T f307121b4796458c89518e57752372de P 5c77d2e77695416caf507dea252d2879 [term 0 FOLLOWER]: Advancing to term 1
I20260710 11:05:44.441288  7722 consensus_queue.cc:1048] T c96c90384e1c435dbf78b1986472c129 P 5c77d2e77695416caf507dea252d2879 [LEADER]: Connected to new peer: Peer: permanent_uuid: "cc7bc8da84fd4776be0bc9dc68241a53" member_type: VOTER last_known_addr { host: "127.6.43.130" port: 33673 }, Status: LMP_MISMATCH, Last received: 0.0, Next index: 1, Last known committed idx: 0, Time since last communication: 0.011s
I20260710 11:05:44.443090  7577 raft_consensus.cc:2393] T 09ba1c9c2ff141e9827b5603730f9928 P e28dd82f591041b4b620e912018dd770 [term 1 FOLLOWER]: Leader pre-election vote request: Denying vote to candidate 5c77d2e77695416caf507dea252d2879 in current term 1: Already voted for candidate cc7bc8da84fd4776be0bc9dc68241a53 in this term.
W20260710 11:05:44.458673  7392 leader_election.cc:343] T e103e8029dfd4ba1a61cec92674ae925 P 5c77d2e77695416caf507dea252d2879 [CANDIDATE]: Term 1 pre-election: Tablet error from VoteRequest() call to peer e28dd82f591041b4b620e912018dd770 (127.6.43.131:43055): Illegal state: must be running to vote when last-logged opid is not known
I20260710 11:05:44.459131  7392 leader_election.cc:304] T e103e8029dfd4ba1a61cec92674ae925 P 5c77d2e77695416caf507dea252d2879 [CANDIDATE]: Term 1 pre-election: Election decided. Result: candidate lost. Election summary: received 3 responses out of 3 voters: 1 yes votes; 2 no votes. yes voters: 5c77d2e77695416caf507dea252d2879; no voters: cc7bc8da84fd4776be0bc9dc68241a53, e28dd82f591041b4b620e912018dd770
I20260710 11:05:44.461704  7722 raft_consensus.cc:2749] T e103e8029dfd4ba1a61cec92674ae925 P 5c77d2e77695416caf507dea252d2879 [term 0 FOLLOWER]: Leader pre-election lost for term 1. Reason: could not achieve majority
I20260710 11:05:44.447432  7655 consensus_queue.cc:1048] T 37935bedf27a4a1d82b49098ee3c1bc9 P cc7bc8da84fd4776be0bc9dc68241a53 [LEADER]: Connected to new peer: Peer: permanent_uuid: "5c77d2e77695416caf507dea252d2879" member_type: VOTER last_known_addr { host: "127.6.43.129" port: 44747 }, Status: LMP_MISMATCH, Last received: 0.0, Next index: 1, Last known committed idx: 0, Time since last communication: 0.015s
I20260710 11:05:44.480659  7712 raft_consensus.cc:493] T 61266e3f5c5c452f99ed2bc5e6c80a8d P cc7bc8da84fd4776be0bc9dc68241a53 [term 0 FOLLOWER]: Starting pre-election (no leader contacted us within the election timeout)
I20260710 11:05:44.487676  7712 raft_consensus.cc:515] T 61266e3f5c5c452f99ed2bc5e6c80a8d P cc7bc8da84fd4776be0bc9dc68241a53 [term 0 FOLLOWER]: Starting pre-election with config: opid_index: -1 OBSOLETE_local: false peers { permanent_uuid: "5c77d2e77695416caf507dea252d2879" member_type: VOTER last_known_addr { host: "127.6.43.129" port: 44747 } } peers { permanent_uuid: "cc7bc8da84fd4776be0bc9dc68241a53" member_type: VOTER last_known_addr { host: "127.6.43.130" port: 33673 } } peers { permanent_uuid: "e28dd82f591041b4b620e912018dd770" member_type: VOTER last_known_addr { host: "127.6.43.131" port: 43055 } }
I20260710 11:05:44.489691  7712 leader_election.cc:290] T 61266e3f5c5c452f99ed2bc5e6c80a8d P cc7bc8da84fd4776be0bc9dc68241a53 [CANDIDATE]: Term 1 pre-election: Requested pre-vote from peers 5c77d2e77695416caf507dea252d2879 (127.6.43.129:44747), e28dd82f591041b4b620e912018dd770 (127.6.43.131:43055)
I20260710 11:05:44.464783  7657 consensus_queue.cc:1048] T 09ba1c9c2ff141e9827b5603730f9928 P cc7bc8da84fd4776be0bc9dc68241a53 [LEADER]: Connected to new peer: Peer: permanent_uuid: "5c77d2e77695416caf507dea252d2879" member_type: VOTER last_known_addr { host: "127.6.43.129" port: 44747 }, Status: LMP_MISMATCH, Last received: 0.0, Next index: 1, Last known committed idx: 0, Time since last communication: 0.023s
I20260710 11:05:44.483343  7392 leader_election.cc:304] T 7038098dd7194e7bb3d108e2d5d80bea P 5c77d2e77695416caf507dea252d2879 [CANDIDATE]: Term 2 pre-election: Election decided. Result: candidate lost. Election summary: received 3 responses out of 3 voters: 1 yes votes; 2 no votes. yes voters: 5c77d2e77695416caf507dea252d2879; no voters: cc7bc8da84fd4776be0bc9dc68241a53, e28dd82f591041b4b620e912018dd770
I20260710 11:05:44.499792  7668 raft_consensus.cc:2749] T 7038098dd7194e7bb3d108e2d5d80bea P 5c77d2e77695416caf507dea252d2879 [term 1 FOLLOWER]: Leader pre-election lost for term 2. Reason: could not achieve majority
I20260710 11:05:44.492803  7540 leader_election.cc:304] T 6d9e15de2f2c4182ad533ad811b0bd22 P e28dd82f591041b4b620e912018dd770 [CANDIDATE]: Term 1 pre-election: Election decided. Result: candidate lost. Election summary: received 3 responses out of 3 voters: 1 yes votes; 2 no votes. yes voters: e28dd82f591041b4b620e912018dd770; no voters: 5c77d2e77695416caf507dea252d2879, cc7bc8da84fd4776be0bc9dc68241a53
I20260710 11:05:44.513353  7423 tablet_service.cc:1917] Received RequestConsensusVote() RPC: tablet_id: "61266e3f5c5c452f99ed2bc5e6c80a8d" candidate_uuid: "cc7bc8da84fd4776be0bc9dc68241a53" candidate_term: 1 candidate_status { last_received { term: 0 index: 0 } } ignore_live_leader: false dest_uuid: "5c77d2e77695416caf507dea252d2879" is_pre_election: true
I20260710 11:05:44.511732  7660 raft_consensus.cc:3060] T 6d9e15de2f2c4182ad533ad811b0bd22 P e28dd82f591041b4b620e912018dd770 [term 0 FOLLOWER]: Advancing to term 1
I20260710 11:05:44.511719  7717 consensus_queue.cc:1048] T c96c90384e1c435dbf78b1986472c129 P 5c77d2e77695416caf507dea252d2879 [LEADER]: Connected to new peer: Peer: permanent_uuid: "e28dd82f591041b4b620e912018dd770" member_type: VOTER last_known_addr { host: "127.6.43.131" port: 43055 }, Status: LMP_MISMATCH, Last received: 0.0, Next index: 1, Last known committed idx: 0, Time since last communication: 0.017s
W20260710 11:05:44.555930  7540 outbound_call.cc:321] RPC callback for RPC call kudu.consensus.ConsensusService.RequestConsensusVote -> {remote=127.6.43.129:44747, user_credentials={real_user=slave}} blocked reactor thread for 68444.9us
W20260710 11:05:44.556638  7540 leader_election.cc:343] T 50e7c98b0377465aa274151feacde301 P e28dd82f591041b4b620e912018dd770 [CANDIDATE]: Term 1 pre-election: Tablet error from VoteRequest() call to peer 5c77d2e77695416caf507dea252d2879 (127.6.43.129:44747): Illegal state: must be running to vote when last-logged opid is not known
W20260710 11:05:44.537189  7466 leader_election.cc:343] T 61266e3f5c5c452f99ed2bc5e6c80a8d P cc7bc8da84fd4776be0bc9dc68241a53 [CANDIDATE]: Term 1 pre-election: Tablet error from VoteRequest() call to peer 5c77d2e77695416caf507dea252d2879 (127.6.43.129:44747): Illegal state: must be running to vote when last-logged opid is not known
I20260710 11:05:44.557044  7540 leader_election.cc:304] T 50e7c98b0377465aa274151feacde301 P e28dd82f591041b4b620e912018dd770 [CANDIDATE]: Term 1 pre-election: Election decided. Result: candidate lost. Election summary: received 3 responses out of 3 voters: 1 yes votes; 2 no votes. yes voters: e28dd82f591041b4b620e912018dd770; no voters: 5c77d2e77695416caf507dea252d2879, cc7bc8da84fd4776be0bc9dc68241a53
W20260710 11:05:44.565130  7733 log.cc:927] Time spent T 6d9e15de2f2c4182ad533ad811b0bd22 P cc7bc8da84fd4776be0bc9dc68241a53: Append to log took a long time: real 0.085s	user 0.000s	sys 0.001s
W20260710 11:05:44.574997  7735 log.cc:927] Time spent T 195a8a090c89451d8046310fb2025545 P 5c77d2e77695416caf507dea252d2879: Append to log took a long time: real 0.073s	user 0.001s	sys 0.000s
W20260710 11:05:44.583482  7540 leader_election.cc:343] T 21a730282f2a4f17a63130054173cb2a P e28dd82f591041b4b620e912018dd770 [CANDIDATE]: Term 1 pre-election: Tablet error from VoteRequest() call to peer 5c77d2e77695416caf507dea252d2879 (127.6.43.129:44747): Illegal state: must be running to vote when last-logged opid is not known
