W20260710 11:05:18.767719 17195 leader_election.cc:343] T e121eca3c9bc4a16b40d66b31f69b210 P 081dca5efcfb4858b466c02f7a252e21 [CANDIDATE]: Term 1 pre-election: Tablet error from VoteRequest() call to peer 9a27556e2c07454480c8cb47f8ab8555 (127.16.177.131:39283): Illegal state: must be running to vote when last-logged opid is not known
I20260710 11:05:18.767805 17304 raft_consensus.cc:2468] T e121eca3c9bc4a16b40d66b31f69b210 P b191ed80e31e40a3a038d8dd39bd23fa [term 0 FOLLOWER]: Leader pre-election vote request: Granting yes vote for candidate 081dca5efcfb4858b466c02f7a252e21 in term 0.
I20260710 11:05:18.769476 17423 tablet_bootstrap.cc:492] T 1146966a6d52464a866e230b4bc9a91a P 9a27556e2c07454480c8cb47f8ab8555: No bootstrap required, opened a new log
I20260710 11:05:18.769948 17423 ts_tablet_manager.cc:1403] T 1146966a6d52464a866e230b4bc9a91a P 9a27556e2c07454480c8cb47f8ab8555: Time spent bootstrapping tablet: real 0.027s	user 0.005s	sys 0.014s
I20260710 11:05:18.771158 17421 tablet_bootstrap.cc:492] T 5e60521de74f488b93fcc224f9e2edaf P b191ed80e31e40a3a038d8dd39bd23fa: No bootstrap required, opened a new log
I20260710 11:05:18.771638 17421 ts_tablet_manager.cc:1403] T 5e60521de74f488b93fcc224f9e2edaf P b191ed80e31e40a3a038d8dd39bd23fa: Time spent bootstrapping tablet: real 0.048s	user 0.012s	sys 0.004s
I20260710 11:05:18.772202 17422 ts_tablet_manager.cc:1434] T 9fa883a587164879930605df4074627c P 081dca5efcfb4858b466c02f7a252e21: Time spent starting tablet: real 0.024s	user 0.003s	sys 0.006s
I20260710 11:05:18.772854 17192 leader_election.cc:304] T e121eca3c9bc4a16b40d66b31f69b210 P 081dca5efcfb4858b466c02f7a252e21 [CANDIDATE]: Term 1 pre-election: Election decided. Result: candidate won. Election summary: received 3 responses out of 3 voters: 2 yes votes; 1 no votes. yes voters: 081dca5efcfb4858b466c02f7a252e21, b191ed80e31e40a3a038d8dd39bd23fa; no voters: 9a27556e2c07454480c8cb47f8ab8555
I20260710 11:05:18.773799 17429 raft_consensus.cc:2804] T e121eca3c9bc4a16b40d66b31f69b210 P 081dca5efcfb4858b466c02f7a252e21 [term 0 FOLLOWER]: Leader pre-election won for term 1
I20260710 11:05:18.774151 17429 raft_consensus.cc:493] T e121eca3c9bc4a16b40d66b31f69b210 P 081dca5efcfb4858b466c02f7a252e21 [term 0 FOLLOWER]: Starting leader election (no leader contacted us within the election timeout)
I20260710 11:05:18.774473 17429 raft_consensus.cc:3060] T e121eca3c9bc4a16b40d66b31f69b210 P 081dca5efcfb4858b466c02f7a252e21 [term 0 FOLLOWER]: Advancing to term 1
I20260710 11:05:18.775481 17422 tablet_bootstrap.cc:492] T b5e106115a4649e089fab2f6ec96b1df P 081dca5efcfb4858b466c02f7a252e21: Bootstrap starting.
I20260710 11:05:18.772543 17423 raft_consensus.cc:359] T 1146966a6d52464a866e230b4bc9a91a P 9a27556e2c07454480c8cb47f8ab8555 [term 0 FOLLOWER]: Replica starting. Triggering 0 pending ops. Active config: opid_index: -1 OBSOLETE_local: false peers { permanent_uuid: "081dca5efcfb4858b466c02f7a252e21" member_type: VOTER last_known_addr { host: "127.16.177.129" port: 42735 } } peers { permanent_uuid: "b191ed80e31e40a3a038d8dd39bd23fa" member_type: VOTER last_known_addr { host: "127.16.177.130" port: 34047 } } peers { permanent_uuid: "9a27556e2c07454480c8cb47f8ab8555" member_type: VOTER last_known_addr { host: "127.16.177.131" port: 39283 } }
I20260710 11:05:18.776464 17423 raft_consensus.cc:385] T 1146966a6d52464a866e230b4bc9a91a P 9a27556e2c07454480c8cb47f8ab8555 [term 0 FOLLOWER]: Consensus starting up: Expiring failure detector timer to make a prompt election more likely
I20260710 11:05:18.777282 17421 raft_consensus.cc:359] T 5e60521de74f488b93fcc224f9e2edaf P b191ed80e31e40a3a038d8dd39bd23fa [term 0 FOLLOWER]: Replica starting. Triggering 0 pending ops. Active config: opid_index: -1 OBSOLETE_local: false peers { permanent_uuid: "081dca5efcfb4858b466c02f7a252e21" member_type: VOTER last_known_addr { host: "127.16.177.129" port: 42735 } } peers { permanent_uuid: "b191ed80e31e40a3a038d8dd39bd23fa" member_type: VOTER last_known_addr { host: "127.16.177.130" port: 34047 } } peers { permanent_uuid: "9a27556e2c07454480c8cb47f8ab8555" member_type: VOTER last_known_addr { host: "127.16.177.131" port: 39283 } }
I20260710 11:05:18.778250 17421 raft_consensus.cc:385] T 5e60521de74f488b93fcc224f9e2edaf P b191ed80e31e40a3a038d8dd39bd23fa [term 0 FOLLOWER]: Consensus starting up: Expiring failure detector timer to make a prompt election more likely
I20260710 11:05:18.778592 17421 raft_consensus.cc:740] T 5e60521de74f488b93fcc224f9e2edaf P b191ed80e31e40a3a038d8dd39bd23fa [term 0 FOLLOWER]: Becoming Follower/Learner. State: Replica: b191ed80e31e40a3a038d8dd39bd23fa, State: Initialized, Role: FOLLOWER
I20260710 11:05:18.779315 17421 consensus_queue.cc:260] T 5e60521de74f488b93fcc224f9e2edaf P b191ed80e31e40a3a038d8dd39bd23fa [NON_LEADER]: Queue going to NON_LEADER mode. State: All replicated index: 0, Majority replicated index: 0, Committed index: 0, Last appended: 0.0, Last appended by leader: 0, Current term: 0, Majority size: -1, State: 0, Mode: NON_LEADER, active raft config: opid_index: -1 OBSOLETE_local: false peers { permanent_uuid: "081dca5efcfb4858b466c02f7a252e21" member_type: VOTER last_known_addr { host: "127.16.177.129" port: 42735 } } peers { permanent_uuid: "b191ed80e31e40a3a038d8dd39bd23fa" member_type: VOTER last_known_addr { host: "127.16.177.130" port: 34047 } } peers { permanent_uuid: "9a27556e2c07454480c8cb47f8ab8555" member_type: VOTER last_known_addr { host: "127.16.177.131" port: 39283 } }
I20260710 11:05:18.782047 17421 ts_tablet_manager.cc:1434] T 5e60521de74f488b93fcc224f9e2edaf P b191ed80e31e40a3a038d8dd39bd23fa: Time spent starting tablet: real 0.010s	user 0.006s	sys 0.000s
I20260710 11:05:18.783032 17421 tablet_bootstrap.cc:492] T 9fa883a587164879930605df4074627c P b191ed80e31e40a3a038d8dd39bd23fa: Bootstrap starting.
I20260710 11:05:18.782495 17429 raft_consensus.cc:515] T e121eca3c9bc4a16b40d66b31f69b210 P 081dca5efcfb4858b466c02f7a252e21 [term 1 FOLLOWER]: Starting leader election with config: opid_index: -1 OBSOLETE_local: false peers { permanent_uuid: "081dca5efcfb4858b466c02f7a252e21" member_type: VOTER last_known_addr { host: "127.16.177.129" port: 42735 } } peers { permanent_uuid: "b191ed80e31e40a3a038d8dd39bd23fa" member_type: VOTER last_known_addr { host: "127.16.177.130" port: 34047 } } peers { permanent_uuid: "9a27556e2c07454480c8cb47f8ab8555" member_type: VOTER last_known_addr { host: "127.16.177.131" port: 39283 } }
I20260710 11:05:18.776857 17423 raft_consensus.cc:740] T 1146966a6d52464a866e230b4bc9a91a P 9a27556e2c07454480c8cb47f8ab8555 [term 0 FOLLOWER]: Becoming Follower/Learner. State: Replica: 9a27556e2c07454480c8cb47f8ab8555, State: Initialized, Role: FOLLOWER
I20260710 11:05:18.786839 17304 tablet_service.cc:1917] Received RequestConsensusVote() RPC: tablet_id: "e121eca3c9bc4a16b40d66b31f69b210" candidate_uuid: "081dca5efcfb4858b466c02f7a252e21" candidate_term: 1 candidate_status { last_received { term: 0 index: 0 } } ignore_live_leader: false dest_uuid: "b191ed80e31e40a3a038d8dd39bd23fa"
I20260710 11:05:18.786819 17423 consensus_queue.cc:260] T 1146966a6d52464a866e230b4bc9a91a P 9a27556e2c07454480c8cb47f8ab8555 [NON_LEADER]: Queue going to NON_LEADER mode. State: All replicated index: 0, Majority replicated index: 0, Committed index: 0, Last appended: 0.0, Last appended by leader: 0, Current term: 0, Majority size: -1, State: 0, Mode: NON_LEADER, active raft config: opid_index: -1 OBSOLETE_local: false peers { permanent_uuid: "081dca5efcfb4858b466c02f7a252e21" member_type: VOTER last_known_addr { host: "127.16.177.129" port: 42735 } } peers { permanent_uuid: "b191ed80e31e40a3a038d8dd39bd23fa" member_type: VOTER last_known_addr { host: "127.16.177.130" port: 34047 } } peers { permanent_uuid: "9a27556e2c07454480c8cb47f8ab8555" member_type: VOTER last_known_addr { host: "127.16.177.131" port: 39283 } }
I20260710 11:05:18.787489 17304 raft_consensus.cc:3060] T e121eca3c9bc4a16b40d66b31f69b210 P b191ed80e31e40a3a038d8dd39bd23fa [term 0 FOLLOWER]: Advancing to term 1
I20260710 11:05:18.796482 17423 ts_tablet_manager.cc:1434] T 1146966a6d52464a866e230b4bc9a91a P 9a27556e2c07454480c8cb47f8ab8555: Time spent starting tablet: real 0.026s	user 0.012s	sys 0.004s
I20260710 11:05:18.797438 17423 tablet_bootstrap.cc:492] T e27dfaeaf2844d47bf0fe388f41113c0 P 9a27556e2c07454480c8cb47f8ab8555: Bootstrap starting.
I20260710 11:05:18.801062 17429 leader_election.cc:290] T e121eca3c9bc4a16b40d66b31f69b210 P 081dca5efcfb4858b466c02f7a252e21 [CANDIDATE]: Term 1 election: Requested vote from peers b191ed80e31e40a3a038d8dd39bd23fa (127.16.177.130:34047), 9a27556e2c07454480c8cb47f8ab8555 (127.16.177.131:39283)
I20260710 11:05:18.801684 17378 tablet_service.cc:1917] Received RequestConsensusVote() RPC: tablet_id: "e121eca3c9bc4a16b40d66b31f69b210" candidate_uuid: "081dca5efcfb4858b466c02f7a252e21" candidate_term: 1 candidate_status { last_received { term: 0 index: 0 } } ignore_live_leader: false dest_uuid: "9a27556e2c07454480c8cb47f8ab8555"
W20260710 11:05:18.803023 17195 leader_election.cc:343] T e121eca3c9bc4a16b40d66b31f69b210 P 081dca5efcfb4858b466c02f7a252e21 [CANDIDATE]: Term 1 election: Tablet error from VoteRequest() call to peer 9a27556e2c07454480c8cb47f8ab8555 (127.16.177.131:39283): Illegal state: must be running to vote when last-logged opid is not known
I20260710 11:05:18.804888 17421 tablet_bootstrap.cc:654] T 9fa883a587164879930605df4074627c P b191ed80e31e40a3a038d8dd39bd23fa: Neither blocks nor log segments found. Creating new log.
I20260710 11:05:18.811187 17423 tablet_bootstrap.cc:654] T e27dfaeaf2844d47bf0fe388f41113c0 P 9a27556e2c07454480c8cb47f8ab8555: Neither blocks nor log segments found. Creating new log.
I20260710 11:05:18.815285 17422 tablet_bootstrap.cc:654] T b5e106115a4649e089fab2f6ec96b1df P 081dca5efcfb4858b466c02f7a252e21: Neither blocks nor log segments found. Creating new log.
I20260710 11:05:18.805706 17304 raft_consensus.cc:2468] T e121eca3c9bc4a16b40d66b31f69b210 P b191ed80e31e40a3a038d8dd39bd23fa [term 1 FOLLOWER]: Leader election vote request: Granting yes vote for candidate 081dca5efcfb4858b466c02f7a252e21 in term 1.
I20260710 11:05:18.820393 17192 leader_election.cc:304] T e121eca3c9bc4a16b40d66b31f69b210 P 081dca5efcfb4858b466c02f7a252e21 [CANDIDATE]: Term 1 election: Election decided. Result: candidate won. Election summary: received 3 responses out of 3 voters: 2 yes votes; 1 no votes. yes voters: 081dca5efcfb4858b466c02f7a252e21, b191ed80e31e40a3a038d8dd39bd23fa; no voters: 9a27556e2c07454480c8cb47f8ab8555
I20260710 11:05:18.820933 17421 tablet_bootstrap.cc:492] T 9fa883a587164879930605df4074627c P b191ed80e31e40a3a038d8dd39bd23fa: No bootstrap required, opened a new log
I20260710 11:05:18.821393 17421 ts_tablet_manager.cc:1403] T 9fa883a587164879930605df4074627c P b191ed80e31e40a3a038d8dd39bd23fa: Time spent bootstrapping tablet: real 0.039s	user 0.007s	sys 0.004s
I20260710 11:05:18.821485 17429 raft_consensus.cc:2804] T e121eca3c9bc4a16b40d66b31f69b210 P 081dca5efcfb4858b466c02f7a252e21 [term 1 FOLLOWER]: Leader election won for term 1
I20260710 11:05:18.823189 17427 raft_consensus.cc:493] T 6ee1fa7a986c4d278b808d6f5c6e0ffc P 9a27556e2c07454480c8cb47f8ab8555 [term 0 FOLLOWER]: Starting pre-election (no leader contacted us within the election timeout)
I20260710 11:05:18.823686 17427 raft_consensus.cc:515] T 6ee1fa7a986c4d278b808d6f5c6e0ffc P 9a27556e2c07454480c8cb47f8ab8555 [term 0 FOLLOWER]: Starting pre-election with config: opid_index: -1 OBSOLETE_local: false peers { permanent_uuid: "081dca5efcfb4858b466c02f7a252e21" member_type: VOTER last_known_addr { host: "127.16.177.129" port: 42735 } } peers { permanent_uuid: "b191ed80e31e40a3a038d8dd39bd23fa" member_type: VOTER last_known_addr { host: "127.16.177.130" port: 34047 } } peers { permanent_uuid: "9a27556e2c07454480c8cb47f8ab8555" member_type: VOTER last_known_addr { host: "127.16.177.131" port: 39283 } }
I20260710 11:05:18.824218 17421 raft_consensus.cc:359] T 9fa883a587164879930605df4074627c P b191ed80e31e40a3a038d8dd39bd23fa [term 0 FOLLOWER]: Replica starting. Triggering 0 pending ops. Active config: opid_index: -1 OBSOLETE_local: false peers { permanent_uuid: "081dca5efcfb4858b466c02f7a252e21" member_type: VOTER last_known_addr { host: "127.16.177.129" port: 42735 } } peers { permanent_uuid: "b191ed80e31e40a3a038d8dd39bd23fa" member_type: VOTER last_known_addr { host: "127.16.177.130" port: 34047 } } peers { permanent_uuid: "9a27556e2c07454480c8cb47f8ab8555" member_type: VOTER last_known_addr { host: "127.16.177.131" port: 39283 } }
I20260710 11:05:18.824970 17421 raft_consensus.cc:385] T 9fa883a587164879930605df4074627c P b191ed80e31e40a3a038d8dd39bd23fa [term 0 FOLLOWER]: Consensus starting up: Expiring failure detector timer to make a prompt election more likely
I20260710 11:05:18.825271 17421 raft_consensus.cc:740] T 9fa883a587164879930605df4074627c P b191ed80e31e40a3a038d8dd39bd23fa [term 0 FOLLOWER]: Becoming Follower/Learner. State: Replica: b191ed80e31e40a3a038d8dd39bd23fa, State: Initialized, Role: FOLLOWER
I20260710 11:05:18.825902 17422 tablet_bootstrap.cc:492] T b5e106115a4649e089fab2f6ec96b1df P 081dca5efcfb4858b466c02f7a252e21: No bootstrap required, opened a new log
I20260710 11:05:18.826296 17422 ts_tablet_manager.cc:1403] T b5e106115a4649e089fab2f6ec96b1df P 081dca5efcfb4858b466c02f7a252e21: Time spent bootstrapping tablet: real 0.051s	user 0.006s	sys 0.004s
I20260710 11:05:18.826242 17427 leader_election.cc:290] T 6ee1fa7a986c4d278b808d6f5c6e0ffc P 9a27556e2c07454480c8cb47f8ab8555 [CANDIDATE]: Term 1 pre-election: Requested pre-vote from peers 081dca5efcfb4858b466c02f7a252e21 (127.16.177.129:42735), b191ed80e31e40a3a038d8dd39bd23fa (127.16.177.130:34047)
I20260710 11:05:18.832299 17421 consensus_queue.cc:260] T 9fa883a587164879930605df4074627c P b191ed80e31e40a3a038d8dd39bd23fa [NON_LEADER]: Queue going to NON_LEADER mode. State: All replicated index: 0, Majority replicated index: 0, Committed index: 0, Last appended: 0.0, Last appended by leader: 0, Current term: 0, Majority size: -1, State: 0, Mode: NON_LEADER, active raft config: opid_index: -1 OBSOLETE_local: false peers { permanent_uuid: "081dca5efcfb4858b466c02f7a252e21" member_type: VOTER last_known_addr { host: "127.16.177.129" port: 42735 } } peers { permanent_uuid: "b191ed80e31e40a3a038d8dd39bd23fa" member_type: VOTER last_known_addr { host: "127.16.177.130" port: 34047 } } peers { permanent_uuid: "9a27556e2c07454480c8cb47f8ab8555" member_type: VOTER last_known_addr { host: "127.16.177.131" port: 39283 } }
I20260710 11:05:18.834563 17422 raft_consensus.cc:359] T b5e106115a4649e089fab2f6ec96b1df P 081dca5efcfb4858b466c02f7a252e21 [term 0 FOLLOWER]: Replica starting. Triggering 0 pending ops. Active config: opid_index: -1 OBSOLETE_local: false peers { permanent_uuid: "081dca5efcfb4858b466c02f7a252e21" member_type: VOTER last_known_addr { host: "127.16.177.129" port: 42735 } } peers { permanent_uuid: "b191ed80e31e40a3a038d8dd39bd23fa" member_type: VOTER last_known_addr { host: "127.16.177.130" port: 34047 } } peers { permanent_uuid: "9a27556e2c07454480c8cb47f8ab8555" member_type: VOTER last_known_addr { host: "127.16.177.131" port: 39283 } }
I20260710 11:05:18.835259 17422 raft_consensus.cc:385] T b5e106115a4649e089fab2f6ec96b1df P 081dca5efcfb4858b466c02f7a252e21 [term 0 FOLLOWER]: Consensus starting up: Expiring failure detector timer to make a prompt election more likely
I20260710 11:05:18.836591 17428 raft_consensus.cc:493] T b5e106115a4649e089fab2f6ec96b1df P b191ed80e31e40a3a038d8dd39bd23fa [term 0 FOLLOWER]: Starting pre-election (no leader contacted us within the election timeout)
I20260710 11:05:18.845224 17428 raft_consensus.cc:515] T b5e106115a4649e089fab2f6ec96b1df P b191ed80e31e40a3a038d8dd39bd23fa [term 0 FOLLOWER]: Starting pre-election with config: opid_index: -1 OBSOLETE_local: false peers { permanent_uuid: "081dca5efcfb4858b466c02f7a252e21" member_type: VOTER last_known_addr { host: "127.16.177.129" port: 42735 } } peers { permanent_uuid: "b191ed80e31e40a3a038d8dd39bd23fa" member_type: VOTER last_known_addr { host: "127.16.177.130" port: 34047 } } peers { permanent_uuid: "9a27556e2c07454480c8cb47f8ab8555" member_type: VOTER last_known_addr { host: "127.16.177.131" port: 39283 } }
I20260710 11:05:18.847373 17428 leader_election.cc:290] T b5e106115a4649e089fab2f6ec96b1df P b191ed80e31e40a3a038d8dd39bd23fa [CANDIDATE]: Term 1 pre-election: Requested pre-vote from peers 081dca5efcfb4858b466c02f7a252e21 (127.16.177.129:42735), 9a27556e2c07454480c8cb47f8ab8555 (127.16.177.131:39283)
I20260710 11:05:18.837430 17421 ts_tablet_manager.cc:1434] T 9fa883a587164879930605df4074627c P b191ed80e31e40a3a038d8dd39bd23fa: Time spent starting tablet: real 0.016s	user 0.005s	sys 0.000s
I20260710 11:05:18.848410 17378 tablet_service.cc:1917] Received RequestConsensusVote() RPC: tablet_id: "b5e106115a4649e089fab2f6ec96b1df" candidate_uuid: "b191ed80e31e40a3a038d8dd39bd23fa" candidate_term: 1 candidate_status { last_received { term: 0 index: 0 } } ignore_live_leader: false dest_uuid: "9a27556e2c07454480c8cb47f8ab8555" is_pre_election: true
I20260710 11:05:18.848795 17229 tablet_service.cc:1917] Received RequestConsensusVote() RPC: tablet_id: "b5e106115a4649e089fab2f6ec96b1df" candidate_uuid: "b191ed80e31e40a3a038d8dd39bd23fa" candidate_term: 1 candidate_status { last_received { term: 0 index: 0 } } ignore_live_leader: false dest_uuid: "081dca5efcfb4858b466c02f7a252e21" is_pre_election: true
W20260710 11:05:18.849936 17270 leader_election.cc:343] T b5e106115a4649e089fab2f6ec96b1df P b191ed80e31e40a3a038d8dd39bd23fa [CANDIDATE]: Term 1 pre-election: Tablet error from VoteRequest() call to peer 9a27556e2c07454480c8cb47f8ab8555 (127.16.177.131:39283): Illegal state: must be running to vote when last-logged opid is not known
I20260710 11:05:18.855381 17421 tablet_bootstrap.cc:492] T e27dfaeaf2844d47bf0fe388f41113c0 P b191ed80e31e40a3a038d8dd39bd23fa: Bootstrap starting.
I20260710 11:05:18.859550 17460 raft_consensus.cc:493] T 6ee1fa7a986c4d278b808d6f5c6e0ffc P 081dca5efcfb4858b466c02f7a252e21 [term 0 FOLLOWER]: Starting pre-election (no leader contacted us within the election timeout)
I20260710 11:05:18.844206 17429 raft_consensus.cc:697] T e121eca3c9bc4a16b40d66b31f69b210 P 081dca5efcfb4858b466c02f7a252e21 [term 1 LEADER]: Becoming Leader. State: Replica: 081dca5efcfb4858b466c02f7a252e21, State: Running, Role: LEADER
I20260710 11:05:18.860008 17460 raft_consensus.cc:515] T 6ee1fa7a986c4d278b808d6f5c6e0ffc P 081dca5efcfb4858b466c02f7a252e21 [term 0 FOLLOWER]: Starting pre-election with config: opid_index: -1 OBSOLETE_local: false peers { permanent_uuid: "081dca5efcfb4858b466c02f7a252e21" member_type: VOTER last_known_addr { host: "127.16.177.129" port: 42735 } } peers { permanent_uuid: "b191ed80e31e40a3a038d8dd39bd23fa" member_type: VOTER last_known_addr { host: "127.16.177.130" port: 34047 } } peers { permanent_uuid: "9a27556e2c07454480c8cb47f8ab8555" member_type: VOTER last_known_addr { host: "127.16.177.131" port: 39283 } }
I20260710 11:05:18.861172 17429 consensus_queue.cc:237] T e121eca3c9bc4a16b40d66b31f69b210 P 081dca5efcfb4858b466c02f7a252e21 [LEADER]: Queue going to LEADER mode. State: All replicated index: 0, Majority replicated index: 0, Committed index: 0, Last appended: 0.0, Last appended by leader: 0, Current term: 1, Majority size: 2, State: 0, Mode: LEADER, active raft config: opid_index: -1 OBSOLETE_local: false peers { permanent_uuid: "081dca5efcfb4858b466c02f7a252e21" member_type: VOTER last_known_addr { host: "127.16.177.129" port: 42735 } } peers { permanent_uuid: "b191ed80e31e40a3a038d8dd39bd23fa" member_type: VOTER last_known_addr { host: "127.16.177.130" port: 34047 } } peers { permanent_uuid: "9a27556e2c07454480c8cb47f8ab8555" member_type: VOTER last_known_addr { host: "127.16.177.131" port: 39283 } }
I20260710 11:05:18.862833 17304 tablet_service.cc:1917] Received RequestConsensusVote() RPC: tablet_id: "6ee1fa7a986c4d278b808d6f5c6e0ffc" candidate_uuid: "081dca5efcfb4858b466c02f7a252e21" candidate_term: 1 candidate_status { last_received { term: 0 index: 0 } } ignore_live_leader: false dest_uuid: "b191ed80e31e40a3a038d8dd39bd23fa" is_pre_election: true
I20260710 11:05:18.863004 17460 leader_election.cc:290] T 6ee1fa7a986c4d278b808d6f5c6e0ffc P 081dca5efcfb4858b466c02f7a252e21 [CANDIDATE]: Term 1 pre-election: Requested pre-vote from peers b191ed80e31e40a3a038d8dd39bd23fa (127.16.177.130:34047), 9a27556e2c07454480c8cb47f8ab8555 (127.16.177.131:39283)
I20260710 11:05:18.863420 17304 raft_consensus.cc:2468] T 6ee1fa7a986c4d278b808d6f5c6e0ffc P b191ed80e31e40a3a038d8dd39bd23fa [term 0 FOLLOWER]: Leader pre-election vote request: Granting yes vote for candidate 081dca5efcfb4858b466c02f7a252e21 in term 0.
I20260710 11:05:18.864166 17422 raft_consensus.cc:740] T b5e106115a4649e089fab2f6ec96b1df P 081dca5efcfb4858b466c02f7a252e21 [term 0 FOLLOWER]: Becoming Follower/Learner. State: Replica: 081dca5efcfb4858b466c02f7a252e21, State: Initialized, Role: FOLLOWER
I20260710 11:05:18.864886 17192 leader_election.cc:304] T 6ee1fa7a986c4d278b808d6f5c6e0ffc P 081dca5efcfb4858b466c02f7a252e21 [CANDIDATE]: Term 1 pre-election: Election decided. Result: candidate won. Election summary: received 2 responses out of 3 voters: 2 yes votes; 0 no votes. yes voters: 081dca5efcfb4858b466c02f7a252e21, b191ed80e31e40a3a038d8dd39bd23fa; no voters: 
I20260710 11:05:18.865481 17378 tablet_service.cc:1917] Received RequestConsensusVote() RPC: tablet_id: "6ee1fa7a986c4d278b808d6f5c6e0ffc" candidate_uuid: "081dca5efcfb4858b466c02f7a252e21" candidate_term: 1 candidate_status { last_received { term: 0 index: 0 } } ignore_live_leader: false dest_uuid: "9a27556e2c07454480c8cb47f8ab8555" is_pre_election: true
I20260710 11:05:18.865624 17460 raft_consensus.cc:2804] T 6ee1fa7a986c4d278b808d6f5c6e0ffc P 081dca5efcfb4858b466c02f7a252e21 [term 0 FOLLOWER]: Leader pre-election won for term 1
I20260710 11:05:18.866012 17460 raft_consensus.cc:493] T 6ee1fa7a986c4d278b808d6f5c6e0ffc P 081dca5efcfb4858b466c02f7a252e21 [term 0 FOLLOWER]: Starting leader election (no leader contacted us within the election timeout)
I20260710 11:05:18.866071 17378 raft_consensus.cc:2468] T 6ee1fa7a986c4d278b808d6f5c6e0ffc P 9a27556e2c07454480c8cb47f8ab8555 [term 0 FOLLOWER]: Leader pre-election vote request: Granting yes vote for candidate 081dca5efcfb4858b466c02f7a252e21 in term 0.
I20260710 11:05:18.866385 17460 raft_consensus.cc:3060] T 6ee1fa7a986c4d278b808d6f5c6e0ffc P 081dca5efcfb4858b466c02f7a252e21 [term 0 FOLLOWER]: Advancing to term 1
I20260710 11:05:18.867238 17422 consensus_queue.cc:260] T b5e106115a4649e089fab2f6ec96b1df P 081dca5efcfb4858b466c02f7a252e21 [NON_LEADER]: Queue going to NON_LEADER mode. State: All replicated index: 0, Majority replicated index: 0, Committed index: 0, Last appended: 0.0, Last appended by leader: 0, Current term: 0, Majority size: -1, State: 0, Mode: NON_LEADER, active raft config: opid_index: -1 OBSOLETE_local: false peers { permanent_uuid: "081dca5efcfb4858b466c02f7a252e21" member_type: VOTER last_known_addr { host: "127.16.177.129" port: 42735 } } peers { permanent_uuid: "b191ed80e31e40a3a038d8dd39bd23fa" member_type: VOTER last_known_addr { host: "127.16.177.130" port: 34047 } } peers { permanent_uuid: "9a27556e2c07454480c8cb47f8ab8555" member_type: VOTER last_known_addr { host: "127.16.177.131" port: 39283 } }
I20260710 11:05:18.868238 17229 raft_consensus.cc:2468] T b5e106115a4649e089fab2f6ec96b1df P 081dca5efcfb4858b466c02f7a252e21 [term 0 FOLLOWER]: Leader pre-election vote request: Granting yes vote for candidate b191ed80e31e40a3a038d8dd39bd23fa in term 0.
I20260710 11:05:18.869320 17422 ts_tablet_manager.cc:1434] T b5e106115a4649e089fab2f6ec96b1df P 081dca5efcfb4858b466c02f7a252e21: Time spent starting tablet: real 0.043s	user 0.007s	sys 0.000s
I20260710 11:05:18.871454 17421 tablet_bootstrap.cc:654] T e27dfaeaf2844d47bf0fe388f41113c0 P b191ed80e31e40a3a038d8dd39bd23fa: Neither blocks nor log segments found. Creating new log.
I20260710 11:05:18.872109 17267 leader_election.cc:304] T b5e106115a4649e089fab2f6ec96b1df P b191ed80e31e40a3a038d8dd39bd23fa [CANDIDATE]: Term 1 pre-election: Election decided. Result: candidate won. Election summary: received 3 responses out of 3 voters: 2 yes votes; 1 no votes. yes voters: 081dca5efcfb4858b466c02f7a252e21, b191ed80e31e40a3a038d8dd39bd23fa; no voters: 9a27556e2c07454480c8cb47f8ab8555
I20260710 11:05:18.873155 17428 raft_consensus.cc:2804] T b5e106115a4649e089fab2f6ec96b1df P b191ed80e31e40a3a038d8dd39bd23fa [term 0 FOLLOWER]: Leader pre-election won for term 1
I20260710 11:05:18.873503 17428 raft_consensus.cc:493] T b5e106115a4649e089fab2f6ec96b1df P b191ed80e31e40a3a038d8dd39bd23fa [term 0 FOLLOWER]: Starting leader election (no leader contacted us within the election timeout)
I20260710 11:05:18.873831 17428 raft_consensus.cc:3060] T b5e106115a4649e089fab2f6ec96b1df P b191ed80e31e40a3a038d8dd39bd23fa [term 0 FOLLOWER]: Advancing to term 1
I20260710 11:05:18.874680 17422 tablet_bootstrap.cc:492] T cde970bb87634edb96b09a2bf28492e3 P 081dca5efcfb4858b466c02f7a252e21: Bootstrap starting.
I20260710 11:05:18.874853 17304 tablet_service.cc:1917] Received RequestConsensusVote() RPC: tablet_id: "6ee1fa7a986c4d278b808d6f5c6e0ffc" candidate_uuid: "9a27556e2c07454480c8cb47f8ab8555" candidate_term: 1 candidate_status { last_received { term: 0 index: 0 } } ignore_live_leader: false dest_uuid: "b191ed80e31e40a3a038d8dd39bd23fa" is_pre_election: true
I20260710 11:05:18.875442 17304 raft_consensus.cc:2468] T 6ee1fa7a986c4d278b808d6f5c6e0ffc P b191ed80e31e40a3a038d8dd39bd23fa [term 0 FOLLOWER]: Leader pre-election vote request: Granting yes vote for candidate 9a27556e2c07454480c8cb47f8ab8555 in term 0.
I20260710 11:05:18.876785 17341 leader_election.cc:304] T 6ee1fa7a986c4d278b808d6f5c6e0ffc P 9a27556e2c07454480c8cb47f8ab8555 [CANDIDATE]: Term 1 pre-election: Election decided. Result: candidate won. Election summary: received 2 responses out of 3 voters: 2 yes votes; 0 no votes. yes voters: 9a27556e2c07454480c8cb47f8ab8555, b191ed80e31e40a3a038d8dd39bd23fa; no voters: 
I20260710 11:05:18.877574 17427 raft_consensus.cc:2804] T 6ee1fa7a986c4d278b808d6f5c6e0ffc P 9a27556e2c07454480c8cb47f8ab8555 [term 0 FOLLOWER]: Leader pre-election won for term 1
I20260710 11:05:18.877903 17427 raft_consensus.cc:493] T 6ee1fa7a986c4d278b808d6f5c6e0ffc P 9a27556e2c07454480c8cb47f8ab8555 [term 0 FOLLOWER]: Starting leader election (no leader contacted us within the election timeout)
I20260710 11:05:18.879204 17427 raft_consensus.cc:3060] T 6ee1fa7a986c4d278b808d6f5c6e0ffc P 9a27556e2c07454480c8cb47f8ab8555 [term 0 FOLLOWER]: Advancing to term 1
I20260710 11:05:18.887317 17427 raft_consensus.cc:515] T 6ee1fa7a986c4d278b808d6f5c6e0ffc P 9a27556e2c07454480c8cb47f8ab8555 [term 1 FOLLOWER]: Starting leader election with config: opid_index: -1 OBSOLETE_local: false peers { permanent_uuid: "081dca5efcfb4858b466c02f7a252e21" member_type: VOTER last_known_addr { host: "127.16.177.129" port: 42735 } } peers { permanent_uuid: "b191ed80e31e40a3a038d8dd39bd23fa" member_type: VOTER last_known_addr { host: "127.16.177.130" port: 34047 } } peers { permanent_uuid: "9a27556e2c07454480c8cb47f8ab8555" member_type: VOTER last_known_addr { host: "127.16.177.131" port: 39283 } }
I20260710 11:05:18.889324 17427 leader_election.cc:290] T 6ee1fa7a986c4d278b808d6f5c6e0ffc P 9a27556e2c07454480c8cb47f8ab8555 [CANDIDATE]: Term 1 election: Requested vote from peers 081dca5efcfb4858b466c02f7a252e21 (127.16.177.129:42735), b191ed80e31e40a3a038d8dd39bd23fa (127.16.177.130:34047)
I20260710 11:05:18.892671 17304 tablet_service.cc:1917] Received RequestConsensusVote() RPC: tablet_id: "6ee1fa7a986c4d278b808d6f5c6e0ffc" candidate_uuid: "9a27556e2c07454480c8cb47f8ab8555" candidate_term: 1 candidate_status { last_received { term: 0 index: 0 } } ignore_live_leader: false dest_uuid: "b191ed80e31e40a3a038d8dd39bd23fa"
I20260710 11:05:18.893275 17304 raft_consensus.cc:3060] T 6ee1fa7a986c4d278b808d6f5c6e0ffc P b191ed80e31e40a3a038d8dd39bd23fa [term 0 FOLLOWER]: Advancing to term 1
I20260710 11:05:18.899797 17304 raft_consensus.cc:2468] T 6ee1fa7a986c4d278b808d6f5c6e0ffc P b191ed80e31e40a3a038d8dd39bd23fa [term 1 FOLLOWER]: Leader election vote request: Granting yes vote for candidate 9a27556e2c07454480c8cb47f8ab8555 in term 1.
I20260710 11:05:18.900869 17341 leader_election.cc:304] T 6ee1fa7a986c4d278b808d6f5c6e0ffc P 9a27556e2c07454480c8cb47f8ab8555 [CANDIDATE]: Term 1 election: Election decided. Result: candidate won. Election summary: received 2 responses out of 3 voters: 2 yes votes; 0 no votes. yes voters: 9a27556e2c07454480c8cb47f8ab8555, b191ed80e31e40a3a038d8dd39bd23fa; no voters: 
I20260710 11:05:18.901695 17427 raft_consensus.cc:2804] T 6ee1fa7a986c4d278b808d6f5c6e0ffc P 9a27556e2c07454480c8cb47f8ab8555 [term 1 FOLLOWER]: Leader election won for term 1
I20260710 11:05:18.905720 17428 raft_consensus.cc:515] T b5e106115a4649e089fab2f6ec96b1df P b191ed80e31e40a3a038d8dd39bd23fa [term 1 FOLLOWER]: Starting leader election with config: opid_index: -1 OBSOLETE_local: false peers { permanent_uuid: "081dca5efcfb4858b466c02f7a252e21" member_type: VOTER last_known_addr { host: "127.16.177.129" port: 42735 } } peers { permanent_uuid: "b191ed80e31e40a3a038d8dd39bd23fa" member_type: VOTER last_known_addr { host: "127.16.177.130" port: 34047 } } peers { permanent_uuid: "9a27556e2c07454480c8cb47f8ab8555" member_type: VOTER last_known_addr { host: "127.16.177.131" port: 39283 } }
I20260710 11:05:18.906121 17460 raft_consensus.cc:515] T 6ee1fa7a986c4d278b808d6f5c6e0ffc P 081dca5efcfb4858b466c02f7a252e21 [term 1 FOLLOWER]: Starting leader election with config: opid_index: -1 OBSOLETE_local: false peers { permanent_uuid: "081dca5efcfb4858b466c02f7a252e21" member_type: VOTER last_known_addr { host: "127.16.177.129" port: 42735 } } peers { permanent_uuid: "b191ed80e31e40a3a038d8dd39bd23fa" member_type: VOTER last_known_addr { host: "127.16.177.130" port: 34047 } } peers { permanent_uuid: "9a27556e2c07454480c8cb47f8ab8555" member_type: VOTER last_known_addr { host: "127.16.177.131" port: 39283 } }
I20260710 11:05:18.907733 17428 leader_election.cc:290] T b5e106115a4649e089fab2f6ec96b1df P b191ed80e31e40a3a038d8dd39bd23fa [CANDIDATE]: Term 1 election: Requested vote from peers 081dca5efcfb4858b466c02f7a252e21 (127.16.177.129:42735), 9a27556e2c07454480c8cb47f8ab8555 (127.16.177.131:39283)
I20260710 11:05:18.908601 17229 tablet_service.cc:1917] Received RequestConsensusVote() RPC: tablet_id: "b5e106115a4649e089fab2f6ec96b1df" candidate_uuid: "b191ed80e31e40a3a038d8dd39bd23fa" candidate_term: 1 candidate_status { last_received { term: 0 index: 0 } } ignore_live_leader: false dest_uuid: "081dca5efcfb4858b466c02f7a252e21"
I20260710 11:05:18.908808 17378 tablet_service.cc:1917] Received RequestConsensusVote() RPC: tablet_id: "b5e106115a4649e089fab2f6ec96b1df" candidate_uuid: "b191ed80e31e40a3a038d8dd39bd23fa" candidate_term: 1 candidate_status { last_received { term: 0 index: 0 } } ignore_live_leader: false dest_uuid: "9a27556e2c07454480c8cb47f8ab8555"
I20260710 11:05:18.909219 17229 raft_consensus.cc:3060] T b5e106115a4649e089fab2f6ec96b1df P 081dca5efcfb4858b466c02f7a252e21 [term 0 FOLLOWER]: Advancing to term 1
W20260710 11:05:18.911628 17270 leader_election.cc:343] T b5e106115a4649e089fab2f6ec96b1df P b191ed80e31e40a3a038d8dd39bd23fa [CANDIDATE]: Term 1 election: Tablet error from VoteRequest() call to peer 9a27556e2c07454480c8cb47f8ab8555 (127.16.177.131:39283): Illegal state: must be running to vote when last-logged opid is not known
I20260710 11:05:18.916651 17428 raft_consensus.cc:493] T 9fa883a587164879930605df4074627c P b191ed80e31e40a3a038d8dd39bd23fa [term 0 FOLLOWER]: Starting pre-election (no leader contacted us within the election timeout)
I20260710 11:05:18.917088 17428 raft_consensus.cc:515] T 9fa883a587164879930605df4074627c P b191ed80e31e40a3a038d8dd39bd23fa [term 0 FOLLOWER]: Starting pre-election with config: opid_index: -1 OBSOLETE_local: false peers { permanent_uuid: "081dca5efcfb4858b466c02f7a252e21" member_type: VOTER last_known_addr { host: "127.16.177.129" port: 42735 } } peers { permanent_uuid: "b191ed80e31e40a3a038d8dd39bd23fa" member_type: VOTER last_known_addr { host: "127.16.177.130" port: 34047 } } peers { permanent_uuid: "9a27556e2c07454480c8cb47f8ab8555" member_type: VOTER last_known_addr { host: "127.16.177.131" port: 39283 } }
I20260710 11:05:18.920854 17423 tablet_bootstrap.cc:492] T e27dfaeaf2844d47bf0fe388f41113c0 P 9a27556e2c07454480c8cb47f8ab8555: No bootstrap required, opened a new log
I20260710 11:05:18.920603 17228 tablet_service.cc:1917] Received RequestConsensusVote() RPC: tablet_id: "9fa883a587164879930605df4074627c" candidate_uuid: "b191ed80e31e40a3a038d8dd39bd23fa" candidate_term: 1 candidate_status { last_received { term: 0 index: 0 } } ignore_live_leader: false dest_uuid: "081dca5efcfb4858b466c02f7a252e21" is_pre_election: true
I20260710 11:05:18.921885 17423 ts_tablet_manager.cc:1403] T e27dfaeaf2844d47bf0fe388f41113c0 P 9a27556e2c07454480c8cb47f8ab8555: Time spent bootstrapping tablet: real 0.125s	user 0.049s	sys 0.029s
I20260710 11:05:18.922652 17228 raft_consensus.cc:2468] T 9fa883a587164879930605df4074627c P 081dca5efcfb4858b466c02f7a252e21 [term 0 FOLLOWER]: Leader pre-election vote request: Granting yes vote for candidate b191ed80e31e40a3a038d8dd39bd23fa in term 0.
I20260710 11:05:18.918439 17124 catalog_manager.cc:5697] T e121eca3c9bc4a16b40d66b31f69b210 P 081dca5efcfb4858b466c02f7a252e21 reported cstate change: term changed from 0 to 1, leader changed from <none> to 081dca5efcfb4858b466c02f7a252e21 (127.16.177.129). New cstate: current_term: 1 leader_uuid: "081dca5efcfb4858b466c02f7a252e21" committed_config { opid_index: -1 OBSOLETE_local: false peers { permanent_uuid: "081dca5efcfb4858b466c02f7a252e21" member_type: VOTER last_known_addr { host: "127.16.177.129" port: 42735 } health_report { overall_health: HEALTHY } } peers { permanent_uuid: "b191ed80e31e40a3a038d8dd39bd23fa" member_type: VOTER last_known_addr { host: "127.16.177.130" port: 34047 } health_report { overall_health: UNKNOWN } } peers { permanent_uuid: "9a27556e2c07454480c8cb47f8ab8555" member_type: VOTER last_known_addr { host: "127.16.177.131" port: 39283 } health_report { overall_health: UNKNOWN } } }
I20260710 11:05:18.926054 17267 leader_election.cc:304] T 9fa883a587164879930605df4074627c P b191ed80e31e40a3a038d8dd39bd23fa [CANDIDATE]: Term 1 pre-election: Election decided. Result: candidate won. Election summary: received 2 responses out of 3 voters: 2 yes votes; 0 no votes. yes voters: 081dca5efcfb4858b466c02f7a252e21, b191ed80e31e40a3a038d8dd39bd23fa; no voters: 
I20260710 11:05:18.918465 17229 raft_consensus.cc:2468] T b5e106115a4649e089fab2f6ec96b1df P 081dca5efcfb4858b466c02f7a252e21 [term 1 FOLLOWER]: Leader election vote request: Granting yes vote for candidate b191ed80e31e40a3a038d8dd39bd23fa in term 1.
I20260710 11:05:18.926028 17227 tablet_service.cc:1917] Received RequestConsensusVote() RPC: tablet_id: "6ee1fa7a986c4d278b808d6f5c6e0ffc" candidate_uuid: "9a27556e2c07454480c8cb47f8ab8555" candidate_term: 1 candidate_status { last_received { term: 0 index: 0 } } ignore_live_leader: false dest_uuid: "081dca5efcfb4858b466c02f7a252e21" is_pre_election: true
I20260710 11:05:18.928257 17304 tablet_service.cc:1917] Received RequestConsensusVote() RPC: tablet_id: "6ee1fa7a986c4d278b808d6f5c6e0ffc" candidate_uuid: "081dca5efcfb4858b466c02f7a252e21" candidate_term: 1 candidate_status { last_received { term: 0 index: 0 } } ignore_live_leader: false dest_uuid: "b191ed80e31e40a3a038d8dd39bd23fa"
I20260710 11:05:18.928136 17445 raft_consensus.cc:2804] T 9fa883a587164879930605df4074627c P b191ed80e31e40a3a038d8dd39bd23fa [term 0 FOLLOWER]: Leader pre-election won for term 1
I20260710 11:05:18.930368 17445 raft_consensus.cc:493] T 9fa883a587164879930605df4074627c P b191ed80e31e40a3a038d8dd39bd23fa [term 0 FOLLOWER]: Starting leader election (no leader contacted us within the election timeout)
I20260710 11:05:18.930742 17445 raft_consensus.cc:3060] T 9fa883a587164879930605df4074627c P b191ed80e31e40a3a038d8dd39bd23fa [term 0 FOLLOWER]: Advancing to term 1
I20260710 11:05:18.930692 17267 leader_election.cc:304] T b5e106115a4649e089fab2f6ec96b1df P b191ed80e31e40a3a038d8dd39bd23fa [CANDIDATE]: Term 1 election: Election decided. Result: candidate won. Election summary: received 3 responses out of 3 voters: 2 yes votes; 1 no votes. yes voters: 081dca5efcfb4858b466c02f7a252e21, b191ed80e31e40a3a038d8dd39bd23fa; no voters: 9a27556e2c07454480c8cb47f8ab8555
I20260710 11:05:18.929078 17227 raft_consensus.cc:2393] T 6ee1fa7a986c4d278b808d6f5c6e0ffc P 081dca5efcfb4858b466c02f7a252e21 [term 1 FOLLOWER]: Leader pre-election vote request: Denying vote to candidate 9a27556e2c07454480c8cb47f8ab8555 in current term 1: Already voted for candidate 081dca5efcfb4858b466c02f7a252e21 in this term.
I20260710 11:05:18.933151 17444 raft_consensus.cc:2804] T b5e106115a4649e089fab2f6ec96b1df P b191ed80e31e40a3a038d8dd39bd23fa [term 1 FOLLOWER]: Leader election won for term 1
I20260710 11:05:18.929996 17228 tablet_service.cc:1917] Received RequestConsensusVote() RPC: tablet_id: "6ee1fa7a986c4d278b808d6f5c6e0ffc" candidate_uuid: "9a27556e2c07454480c8cb47f8ab8555" candidate_term: 1 candidate_status { last_received { term: 0 index: 0 } } ignore_live_leader: false dest_uuid: "081dca5efcfb4858b466c02f7a252e21"
I20260710 11:05:18.934240 17378 tablet_service.cc:1917] Received RequestConsensusVote() RPC: tablet_id: "9fa883a587164879930605df4074627c" candidate_uuid: "b191ed80e31e40a3a038d8dd39bd23fa" candidate_term: 1 candidate_status { last_received { term: 0 index: 0 } } ignore_live_leader: false dest_uuid: "9a27556e2c07454480c8cb47f8ab8555" is_pre_election: true
W20260710 11:05:18.936359 17270 leader_election.cc:343] T 9fa883a587164879930605df4074627c P b191ed80e31e40a3a038d8dd39bd23fa [CANDIDATE]: Term 1 pre-election: Tablet error from VoteRequest() call to peer 9a27556e2c07454480c8cb47f8ab8555 (127.16.177.131:39283): Illegal state: must be running to vote when last-logged opid is not known
I20260710 11:05:18.932372 17428 leader_election.cc:290] T 9fa883a587164879930605df4074627c P b191ed80e31e40a3a038d8dd39bd23fa [CANDIDATE]: Term 1 pre-election: Requested pre-vote from peers 081dca5efcfb4858b466c02f7a252e21 (127.16.177.129:42735), 9a27556e2c07454480c8cb47f8ab8555 (127.16.177.131:39283)
I20260710 11:05:18.937415 17228 raft_consensus.cc:2393] T 6ee1fa7a986c4d278b808d6f5c6e0ffc P 081dca5efcfb4858b466c02f7a252e21 [term 1 FOLLOWER]: Leader election vote request: Denying vote to candidate 9a27556e2c07454480c8cb47f8ab8555 in current term 1: Already voted for candidate 081dca5efcfb4858b466c02f7a252e21 in this term.
I20260710 11:05:18.931505 17427 raft_consensus.cc:697] T 6ee1fa7a986c4d278b808d6f5c6e0ffc P 9a27556e2c07454480c8cb47f8ab8555 [term 1 LEADER]: Becoming Leader. State: Replica: 9a27556e2c07454480c8cb47f8ab8555, State: Running, Role: LEADER
I20260710 11:05:18.941627 17427 consensus_queue.cc:237] T 6ee1fa7a986c4d278b808d6f5c6e0ffc P 9a27556e2c07454480c8cb47f8ab8555 [LEADER]: Queue going to LEADER mode. State: All replicated index: 0, Majority replicated index: 0, Committed index: 0, Last appended: 0.0, Last appended by leader: 0, Current term: 1, Majority size: 2, State: 0, Mode: LEADER, active raft config: opid_index: -1 OBSOLETE_local: false peers { permanent_uuid: "081dca5efcfb4858b466c02f7a252e21" member_type: VOTER last_known_addr { host: "127.16.177.129" port: 42735 } } peers { permanent_uuid: "b191ed80e31e40a3a038d8dd39bd23fa" member_type: VOTER last_known_addr { host: "127.16.177.130" port: 34047 } } peers { permanent_uuid: "9a27556e2c07454480c8cb47f8ab8555" member_type: VOTER last_known_addr { host: "127.16.177.131" port: 39283 } }
I20260710 11:05:18.943995 17304 raft_consensus.cc:2393] T 6ee1fa7a986c4d278b808d6f5c6e0ffc P b191ed80e31e40a3a038d8dd39bd23fa [term 1 FOLLOWER]: Leader election vote request: Denying vote to candidate 081dca5efcfb4858b466c02f7a252e21 in current term 1: Already voted for candidate 9a27556e2c07454480c8cb47f8ab8555 in this term.
I20260710 11:05:18.951530 17460 leader_election.cc:290] T 6ee1fa7a986c4d278b808d6f5c6e0ffc P 081dca5efcfb4858b466c02f7a252e21 [CANDIDATE]: Term 1 election: Requested vote from peers b191ed80e31e40a3a038d8dd39bd23fa (127.16.177.130:34047), 9a27556e2c07454480c8cb47f8ab8555 (127.16.177.131:39283)
I20260710 11:05:18.953212 17421 tablet_bootstrap.cc:492] T e27dfaeaf2844d47bf0fe388f41113c0 P b191ed80e31e40a3a038d8dd39bd23fa: No bootstrap required, opened a new log
I20260710 11:05:18.953365 17378 tablet_service.cc:1917] Received RequestConsensusVote() RPC: tablet_id: "6ee1fa7a986c4d278b808d6f5c6e0ffc" candidate_uuid: "081dca5efcfb4858b466c02f7a252e21" candidate_term: 1 candidate_status { last_received { term: 0 index: 0 } } ignore_live_leader: false dest_uuid: "9a27556e2c07454480c8cb47f8ab8555"
I20260710 11:05:18.953626 17421 ts_tablet_manager.cc:1403] T e27dfaeaf2844d47bf0fe388f41113c0 P b191ed80e31e40a3a038d8dd39bd23fa: Time spent bootstrapping tablet: real 0.098s	user 0.018s	sys 0.011s
I20260710 11:05:18.955623 17444 raft_consensus.cc:697] T b5e106115a4649e089fab2f6ec96b1df P b191ed80e31e40a3a038d8dd39bd23fa [term 1 LEADER]: Becoming Leader. State: Replica: b191ed80e31e40a3a038d8dd39bd23fa, State: Running, Role: LEADER
I20260710 11:05:18.956288 17195 leader_election.cc:304] T 6ee1fa7a986c4d278b808d6f5c6e0ffc P 081dca5efcfb4858b466c02f7a252e21 [CANDIDATE]: Term 1 election: Election decided. Result: candidate lost. Election summary: received 3 responses out of 3 voters: 1 yes votes; 2 no votes. yes voters: 081dca5efcfb4858b466c02f7a252e21; no voters: 9a27556e2c07454480c8cb47f8ab8555, b191ed80e31e40a3a038d8dd39bd23fa
I20260710 11:05:18.957283 17460 raft_consensus.cc:2749] T 6ee1fa7a986c4d278b808d6f5c6e0ffc P 081dca5efcfb4858b466c02f7a252e21 [term 1 FOLLOWER]: Leader election lost for term 1. Reason: could not achieve majority
I20260710 11:05:18.958653 17444 consensus_queue.cc:237] T b5e106115a4649e089fab2f6ec96b1df P b191ed80e31e40a3a038d8dd39bd23fa [LEADER]: Queue going to LEADER mode. State: All replicated index: 0, Majority replicated index: 0, Committed index: 0, Last appended: 0.0, Last appended by leader: 0, Current term: 1, Majority size: 2, State: 0, Mode: LEADER, active raft config: opid_index: -1 OBSOLETE_local: false peers { permanent_uuid: "081dca5efcfb4858b466c02f7a252e21" member_type: VOTER last_known_addr { host: "127.16.177.129" port: 42735 } } peers { permanent_uuid: "b191ed80e31e40a3a038d8dd39bd23fa" member_type: VOTER last_known_addr { host: "127.16.177.130" port: 34047 } } peers { permanent_uuid: "9a27556e2c07454480c8cb47f8ab8555" member_type: VOTER last_known_addr { host: "127.16.177.131" port: 39283 } }
I20260710 11:05:18.960662 17422 tablet_bootstrap.cc:654] T cde970bb87634edb96b09a2bf28492e3 P 081dca5efcfb4858b466c02f7a252e21: Neither blocks nor log segments found. Creating new log.
I20260710 11:05:18.955412 17445 raft_consensus.cc:515] T 9fa883a587164879930605df4074627c P b191ed80e31e40a3a038d8dd39bd23fa [term 1 FOLLOWER]: Starting leader election with config: opid_index: -1 OBSOLETE_local: false peers { permanent_uuid: "081dca5efcfb4858b466c02f7a252e21" member_type: VOTER last_known_addr { host: "127.16.177.129" port: 42735 } } peers { permanent_uuid: "b191ed80e31e40a3a038d8dd39bd23fa" member_type: VOTER last_known_addr { host: "127.16.177.130" port: 34047 } } peers { permanent_uuid: "9a27556e2c07454480c8cb47f8ab8555" member_type: VOTER last_known_addr { host: "127.16.177.131" port: 39283 } }
I20260710 11:05:18.961683 17423 raft_consensus.cc:359] T e27dfaeaf2844d47bf0fe388f41113c0 P 9a27556e2c07454480c8cb47f8ab8555 [term 0 FOLLOWER]: Replica starting. Triggering 0 pending ops. Active config: opid_index: -1 OBSOLETE_local: false peers { permanent_uuid: "081dca5efcfb4858b466c02f7a252e21" member_type: VOTER last_known_addr { host: "127.16.177.129" port: 42735 } } peers { permanent_uuid: "b191ed80e31e40a3a038d8dd39bd23fa" member_type: VOTER last_known_addr { host: "127.16.177.130" port: 34047 } } peers { permanent_uuid: "9a27556e2c07454480c8cb47f8ab8555" member_type: VOTER last_known_addr { host: "127.16.177.131" port: 39283 } }
I20260710 11:05:18.963815 17423 raft_consensus.cc:385] T e27dfaeaf2844d47bf0fe388f41113c0 P 9a27556e2c07454480c8cb47f8ab8555 [term 0 FOLLOWER]: Consensus starting up: Expiring failure detector timer to make a prompt election more likely
I20260710 11:05:18.964856 17423 raft_consensus.cc:740] T e27dfaeaf2844d47bf0fe388f41113c0 P 9a27556e2c07454480c8cb47f8ab8555 [term 0 FOLLOWER]: Becoming Follower/Learner. State: Replica: 9a27556e2c07454480c8cb47f8ab8555, State: Initialized, Role: FOLLOWER
I20260710 11:05:18.967301 17227 tablet_service.cc:1917] Received RequestConsensusVote() RPC: tablet_id: "9fa883a587164879930605df4074627c" candidate_uuid: "b191ed80e31e40a3a038d8dd39bd23fa" candidate_term: 1 candidate_status { last_received { term: 0 index: 0 } } ignore_live_leader: false dest_uuid: "081dca5efcfb4858b466c02f7a252e21"
I20260710 11:05:18.967868 17227 raft_consensus.cc:3060] T 9fa883a587164879930605df4074627c P 081dca5efcfb4858b466c02f7a252e21 [term 0 FOLLOWER]: Advancing to term 1
I20260710 11:05:18.968098 17445 leader_election.cc:290] T 9fa883a587164879930605df4074627c P b191ed80e31e40a3a038d8dd39bd23fa [CANDIDATE]: Term 1 election: Requested vote from peers 081dca5efcfb4858b466c02f7a252e21 (127.16.177.129:42735), 9a27556e2c07454480c8cb47f8ab8555 (127.16.177.131:39283)
I20260710 11:05:18.965632 17423 consensus_queue.cc:260] T e27dfaeaf2844d47bf0fe388f41113c0 P 9a27556e2c07454480c8cb47f8ab8555 [NON_LEADER]: Queue going to NON_LEADER mode. State: All replicated index: 0, Majority replicated index: 0, Committed index: 0, Last appended: 0.0, Last appended by leader: 0, Current term: 0, Majority size: -1, State: 0, Mode: NON_LEADER, active raft config: opid_index: -1 OBSOLETE_local: false peers { permanent_uuid: "081dca5efcfb4858b466c02f7a252e21" member_type: VOTER last_known_addr { host: "127.16.177.129" port: 42735 } } peers { permanent_uuid: "b191ed80e31e40a3a038d8dd39bd23fa" member_type: VOTER last_known_addr { host: "127.16.177.130" port: 34047 } } peers { permanent_uuid: "9a27556e2c07454480c8cb47f8ab8555" member_type: VOTER last_known_addr { host: "127.16.177.131" port: 39283 } }
I20260710 11:05:18.970880 17378 tablet_service.cc:1917] Received RequestConsensusVote() RPC: tablet_id: "9fa883a587164879930605df4074627c" candidate_uuid: "b191ed80e31e40a3a038d8dd39bd23fa" candidate_term: 1 candidate_status { last_received { term: 0 index: 0 } } ignore_live_leader: false dest_uuid: "9a27556e2c07454480c8cb47f8ab8555"
I20260710 11:05:18.971837 17423 ts_tablet_manager.cc:1434] T e27dfaeaf2844d47bf0fe388f41113c0 P 9a27556e2c07454480c8cb47f8ab8555: Time spent starting tablet: real 0.049s	user 0.006s	sys 0.001s
W20260710 11:05:18.972193 17270 leader_election.cc:343] T 9fa883a587164879930605df4074627c P b191ed80e31e40a3a038d8dd39bd23fa [CANDIDATE]: Term 1 election: Tablet error from VoteRequest() call to peer 9a27556e2c07454480c8cb47f8ab8555 (127.16.177.131:39283): Illegal state: must be running to vote when last-logged opid is not known
I20260710 11:05:18.972775 17423 tablet_bootstrap.cc:492] T 5e60521de74f488b93fcc224f9e2edaf P 9a27556e2c07454480c8cb47f8ab8555: Bootstrap starting.
I20260710 11:05:18.978600 17227 raft_consensus.cc:2468] T 9fa883a587164879930605df4074627c P 081dca5efcfb4858b466c02f7a252e21 [term 1 FOLLOWER]: Leader election vote request: Granting yes vote for candidate b191ed80e31e40a3a038d8dd39bd23fa in term 1.
I20260710 11:05:18.979353 17421 raft_consensus.cc:359] T e27dfaeaf2844d47bf0fe388f41113c0 P b191ed80e31e40a3a038d8dd39bd23fa [term 0 FOLLOWER]: Replica starting. Triggering 0 pending ops. Active config: opid_index: -1 OBSOLETE_local: false peers { permanent_uuid: "081dca5efcfb4858b466c02f7a252e21" member_type: VOTER last_known_addr { host: "127.16.177.129" port: 42735 } } peers { permanent_uuid: "b191ed80e31e40a3a038d8dd39bd23fa" member_type: VOTER last_known_addr { host: "127.16.177.130" port: 34047 } } peers { permanent_uuid: "9a27556e2c07454480c8cb47f8ab8555" member_type: VOTER last_known_addr { host: "127.16.177.131" port: 39283 } }
I20260710 11:05:18.979970 17421 raft_consensus.cc:385] T e27dfaeaf2844d47bf0fe388f41113c0 P b191ed80e31e40a3a038d8dd39bd23fa [term 0 FOLLOWER]: Consensus starting up: Expiring failure detector timer to make a prompt election more likely
I20260710 11:05:18.979801 17267 leader_election.cc:304] T 9fa883a587164879930605df4074627c P b191ed80e31e40a3a038d8dd39bd23fa [CANDIDATE]: Term 1 election: Election decided. Result: candidate won. Election summary: received 3 responses out of 3 voters: 2 yes votes; 1 no votes. yes voters: 081dca5efcfb4858b466c02f7a252e21, b191ed80e31e40a3a038d8dd39bd23fa; no voters: 9a27556e2c07454480c8cb47f8ab8555
I20260710 11:05:18.980571 17445 raft_consensus.cc:2804] T 9fa883a587164879930605df4074627c P b191ed80e31e40a3a038d8dd39bd23fa [term 1 FOLLOWER]: Leader election won for term 1
I20260710 11:05:18.980260 17421 raft_consensus.cc:740] T e27dfaeaf2844d47bf0fe388f41113c0 P b191ed80e31e40a3a038d8dd39bd23fa [term 0 FOLLOWER]: Becoming Follower/Learner. State: Replica: b191ed80e31e40a3a038d8dd39bd23fa, State: Initialized, Role: FOLLOWER
I20260710 11:05:18.981016 17445 raft_consensus.cc:697] T 9fa883a587164879930605df4074627c P b191ed80e31e40a3a038d8dd39bd23fa [term 1 LEADER]: Becoming Leader. State: Replica: b191ed80e31e40a3a038d8dd39bd23fa, State: Running, Role: LEADER
I20260710 11:05:18.982247 17422 tablet_bootstrap.cc:492] T cde970bb87634edb96b09a2bf28492e3 P 081dca5efcfb4858b466c02f7a252e21: No bootstrap required, opened a new log
