I20260710 11:05:39.167457 29761 raft_consensus.cc:2804] T ddd9d77c89a348c69ce447f1df80dfa8 P 74181c5a79004666bc8fbcb63fdee3f1 [term 0 FOLLOWER]: Leader pre-election won for term 1
I20260710 11:05:39.167752 29761 raft_consensus.cc:493] T ddd9d77c89a348c69ce447f1df80dfa8 P 74181c5a79004666bc8fbcb63fdee3f1 [term 0 FOLLOWER]: Starting leader election (no leader contacted us within the election timeout)
I20260710 11:05:39.168098 29761 raft_consensus.cc:3060] T ddd9d77c89a348c69ce447f1df80dfa8 P 74181c5a79004666bc8fbcb63fdee3f1 [term 0 FOLLOWER]: Advancing to term 1
I20260710 11:05:39.162858 29729 raft_consensus.cc:359] T 13ca3f67ec86434b994b08703cfcfdee P 74181c5a79004666bc8fbcb63fdee3f1 [term 0 FOLLOWER]: Replica starting. Triggering 0 pending ops. Active config: opid_index: -1 OBSOLETE_local: false peers { permanent_uuid: "435b7b8f5ba64305beeb252027c0d9ba" member_type: VOTER last_known_addr { host: "127.27.197.65" port: 42135 } } peers { permanent_uuid: "74181c5a79004666bc8fbcb63fdee3f1" member_type: VOTER last_known_addr { host: "127.27.197.66" port: 34049 } } peers { permanent_uuid: "58b8363b4d7443c8a8f49bd8b5bcecbe" member_type: VOTER last_known_addr { host: "127.27.197.67" port: 35913 } }
I20260710 11:05:39.170534 29729 raft_consensus.cc:385] T 13ca3f67ec86434b994b08703cfcfdee P 74181c5a79004666bc8fbcb63fdee3f1 [term 0 FOLLOWER]: Consensus starting up: Expiring failure detector timer to make a prompt election more likely
I20260710 11:05:39.170840 29729 raft_consensus.cc:740] T 13ca3f67ec86434b994b08703cfcfdee P 74181c5a79004666bc8fbcb63fdee3f1 [term 0 FOLLOWER]: Becoming Follower/Learner. State: Replica: 74181c5a79004666bc8fbcb63fdee3f1, State: Initialized, Role: FOLLOWER
I20260710 11:05:39.171581 29729 consensus_queue.cc:260] T 13ca3f67ec86434b994b08703cfcfdee P 74181c5a79004666bc8fbcb63fdee3f1 [NON_LEADER]: Queue going to NON_LEADER mode. State: All replicated index: 0, Majority replicated index: 0, Committed index: 0, Last appended: 0.0, Last appended by leader: 0, Current term: 0, Majority size: -1, State: 0, Mode: NON_LEADER, active raft config: opid_index: -1 OBSOLETE_local: false peers { permanent_uuid: "435b7b8f5ba64305beeb252027c0d9ba" member_type: VOTER last_known_addr { host: "127.27.197.65" port: 42135 } } peers { permanent_uuid: "74181c5a79004666bc8fbcb63fdee3f1" member_type: VOTER last_known_addr { host: "127.27.197.66" port: 34049 } } peers { permanent_uuid: "58b8363b4d7443c8a8f49bd8b5bcecbe" member_type: VOTER last_known_addr { host: "127.27.197.67" port: 35913 } }
I20260710 11:05:39.172034 29771 raft_consensus.cc:2749] T 0fc933fadc7c44d7ac5e694f472def92 P 74181c5a79004666bc8fbcb63fdee3f1 [term 1 FOLLOWER]: Leader election lost for term 1. Reason: could not achieve majority
I20260710 11:05:39.173944 29729 ts_tablet_manager.cc:1434] T 13ca3f67ec86434b994b08703cfcfdee P 74181c5a79004666bc8fbcb63fdee3f1: Time spent starting tablet: real 0.017s	user 0.005s	sys 0.000s
I20260710 11:05:39.174216 29732 ts_tablet_manager.cc:1434] T 13aa38580beb4906ac5feb905b2a9b4c P 435b7b8f5ba64305beeb252027c0d9ba: Time spent starting tablet: real 0.052s	user 0.005s	sys 0.000s
I20260710 11:05:39.175032 29729 tablet_bootstrap.cc:492] T df91a75d727b42718c3481b1e1d455cb P 74181c5a79004666bc8fbcb63fdee3f1: Bootstrap starting.
I20260710 11:05:39.175163 29732 tablet_bootstrap.cc:492] T df91a75d727b42718c3481b1e1d455cb P 435b7b8f5ba64305beeb252027c0d9ba: Bootstrap starting.
I20260710 11:05:39.181025 29732 tablet_bootstrap.cc:654] T df91a75d727b42718c3481b1e1d455cb P 435b7b8f5ba64305beeb252027c0d9ba: Neither blocks nor log segments found. Creating new log.
I20260710 11:05:39.181996 29729 tablet_bootstrap.cc:654] T df91a75d727b42718c3481b1e1d455cb P 74181c5a79004666bc8fbcb63fdee3f1: Neither blocks nor log segments found. Creating new log.
I20260710 11:05:39.183332 29761 raft_consensus.cc:515] T ddd9d77c89a348c69ce447f1df80dfa8 P 74181c5a79004666bc8fbcb63fdee3f1 [term 1 FOLLOWER]: Starting leader election with config: opid_index: -1 OBSOLETE_local: false peers { permanent_uuid: "435b7b8f5ba64305beeb252027c0d9ba" member_type: VOTER last_known_addr { host: "127.27.197.65" port: 42135 } } peers { permanent_uuid: "74181c5a79004666bc8fbcb63fdee3f1" member_type: VOTER last_known_addr { host: "127.27.197.66" port: 34049 } } peers { permanent_uuid: "58b8363b4d7443c8a8f49bd8b5bcecbe" member_type: VOTER last_known_addr { host: "127.27.197.67" port: 35913 } }
I20260710 11:05:39.183795 29730 tablet_bootstrap.cc:492] T 13aa38580beb4906ac5feb905b2a9b4c P 58b8363b4d7443c8a8f49bd8b5bcecbe: No bootstrap required, opened a new log
I20260710 11:05:39.186348 29730 ts_tablet_manager.cc:1403] T 13aa38580beb4906ac5feb905b2a9b4c P 58b8363b4d7443c8a8f49bd8b5bcecbe: Time spent bootstrapping tablet: real 0.047s	user 0.007s	sys 0.004s
I20260710 11:05:39.188405 29437 catalog_manager.cc:5697] T 0fc933fadc7c44d7ac5e694f472def92 P 58b8363b4d7443c8a8f49bd8b5bcecbe reported cstate change: term changed from 0 to 1, leader changed from <none> to 58b8363b4d7443c8a8f49bd8b5bcecbe (127.27.197.67). New cstate: current_term: 1 leader_uuid: "58b8363b4d7443c8a8f49bd8b5bcecbe" committed_config { opid_index: -1 OBSOLETE_local: false peers { permanent_uuid: "435b7b8f5ba64305beeb252027c0d9ba" member_type: VOTER last_known_addr { host: "127.27.197.65" port: 42135 } health_report { overall_health: UNKNOWN } } peers { permanent_uuid: "74181c5a79004666bc8fbcb63fdee3f1" member_type: VOTER last_known_addr { host: "127.27.197.66" port: 34049 } health_report { overall_health: UNKNOWN } } peers { permanent_uuid: "58b8363b4d7443c8a8f49bd8b5bcecbe" member_type: VOTER last_known_addr { host: "127.27.197.67" port: 35913 } health_report { overall_health: HEALTHY } } }
I20260710 11:05:39.189265 29730 raft_consensus.cc:359] T 13aa38580beb4906ac5feb905b2a9b4c P 58b8363b4d7443c8a8f49bd8b5bcecbe [term 0 FOLLOWER]: Replica starting. Triggering 0 pending ops. Active config: opid_index: -1 OBSOLETE_local: false peers { permanent_uuid: "58b8363b4d7443c8a8f49bd8b5bcecbe" member_type: VOTER last_known_addr { host: "127.27.197.67" port: 35913 } } peers { permanent_uuid: "74181c5a79004666bc8fbcb63fdee3f1" member_type: VOTER last_known_addr { host: "127.27.197.66" port: 34049 } } peers { permanent_uuid: "435b7b8f5ba64305beeb252027c0d9ba" member_type: VOTER last_known_addr { host: "127.27.197.65" port: 42135 } }
I20260710 11:05:39.190037 29730 raft_consensus.cc:385] T 13aa38580beb4906ac5feb905b2a9b4c P 58b8363b4d7443c8a8f49bd8b5bcecbe [term 0 FOLLOWER]: Consensus starting up: Expiring failure detector timer to make a prompt election more likely
I20260710 11:05:39.190318 29730 raft_consensus.cc:740] T 13aa38580beb4906ac5feb905b2a9b4c P 58b8363b4d7443c8a8f49bd8b5bcecbe [term 0 FOLLOWER]: Becoming Follower/Learner. State: Replica: 58b8363b4d7443c8a8f49bd8b5bcecbe, State: Initialized, Role: FOLLOWER
I20260710 11:05:39.191037 29730 consensus_queue.cc:260] T 13aa38580beb4906ac5feb905b2a9b4c P 58b8363b4d7443c8a8f49bd8b5bcecbe [NON_LEADER]: Queue going to NON_LEADER mode. State: All replicated index: 0, Majority replicated index: 0, Committed index: 0, Last appended: 0.0, Last appended by leader: 0, Current term: 0, Majority size: -1, State: 0, Mode: NON_LEADER, active raft config: opid_index: -1 OBSOLETE_local: false peers { permanent_uuid: "58b8363b4d7443c8a8f49bd8b5bcecbe" member_type: VOTER last_known_addr { host: "127.27.197.67" port: 35913 } } peers { permanent_uuid: "74181c5a79004666bc8fbcb63fdee3f1" member_type: VOTER last_known_addr { host: "127.27.197.66" port: 34049 } } peers { permanent_uuid: "435b7b8f5ba64305beeb252027c0d9ba" member_type: VOTER last_known_addr { host: "127.27.197.65" port: 42135 } }
I20260710 11:05:39.194028 29730 ts_tablet_manager.cc:1434] T 13aa38580beb4906ac5feb905b2a9b4c P 58b8363b4d7443c8a8f49bd8b5bcecbe: Time spent starting tablet: real 0.007s	user 0.002s	sys 0.004s
I20260710 11:05:39.195117 29730 tablet_bootstrap.cc:492] T 6be74c4725cb46bb98647055df251453 P 58b8363b4d7443c8a8f49bd8b5bcecbe: Bootstrap starting.
I20260710 11:05:39.200886 29539 tablet_service.cc:1917] Received RequestConsensusVote() RPC: tablet_id: "ddd9d77c89a348c69ce447f1df80dfa8" candidate_uuid: "74181c5a79004666bc8fbcb63fdee3f1" candidate_term: 1 candidate_status { last_received { term: 0 index: 0 } } ignore_live_leader: false dest_uuid: "435b7b8f5ba64305beeb252027c0d9ba"
I20260710 11:05:39.201469 29539 raft_consensus.cc:3060] T ddd9d77c89a348c69ce447f1df80dfa8 P 435b7b8f5ba64305beeb252027c0d9ba [term 0 FOLLOWER]: Advancing to term 1
I20260710 11:05:39.203948 29689 tablet_service.cc:1917] Received RequestConsensusVote() RPC: tablet_id: "ddd9d77c89a348c69ce447f1df80dfa8" candidate_uuid: "74181c5a79004666bc8fbcb63fdee3f1" candidate_term: 1 candidate_status { last_received { term: 0 index: 0 } } ignore_live_leader: false dest_uuid: "58b8363b4d7443c8a8f49bd8b5bcecbe"
I20260710 11:05:39.204527 29689 raft_consensus.cc:3060] T ddd9d77c89a348c69ce447f1df80dfa8 P 58b8363b4d7443c8a8f49bd8b5bcecbe [term 0 FOLLOWER]: Advancing to term 1
I20260710 11:05:39.207271 29729 tablet_bootstrap.cc:492] T df91a75d727b42718c3481b1e1d455cb P 74181c5a79004666bc8fbcb63fdee3f1: No bootstrap required, opened a new log
I20260710 11:05:39.207754 29729 ts_tablet_manager.cc:1403] T df91a75d727b42718c3481b1e1d455cb P 74181c5a79004666bc8fbcb63fdee3f1: Time spent bootstrapping tablet: real 0.033s	user 0.013s	sys 0.017s
I20260710 11:05:39.209403 29437 catalog_manager.cc:5697] T 8dc206ce2c7f4d478101229459f63016 P 74181c5a79004666bc8fbcb63fdee3f1 reported cstate change: term changed from 0 to 1, leader changed from <none> to 74181c5a79004666bc8fbcb63fdee3f1 (127.27.197.66). New cstate: current_term: 1 leader_uuid: "74181c5a79004666bc8fbcb63fdee3f1" committed_config { opid_index: -1 OBSOLETE_local: false peers { permanent_uuid: "435b7b8f5ba64305beeb252027c0d9ba" member_type: VOTER last_known_addr { host: "127.27.197.65" port: 42135 } health_report { overall_health: UNKNOWN } } peers { permanent_uuid: "74181c5a79004666bc8fbcb63fdee3f1" member_type: VOTER last_known_addr { host: "127.27.197.66" port: 34049 } health_report { overall_health: HEALTHY } } peers { permanent_uuid: "58b8363b4d7443c8a8f49bd8b5bcecbe" member_type: VOTER last_known_addr { host: "127.27.197.67" port: 35913 } health_report { overall_health: UNKNOWN } } }
I20260710 11:05:39.210268 29729 raft_consensus.cc:359] T df91a75d727b42718c3481b1e1d455cb P 74181c5a79004666bc8fbcb63fdee3f1 [term 0 FOLLOWER]: Replica starting. Triggering 0 pending ops. Active config: opid_index: -1 OBSOLETE_local: false peers { permanent_uuid: "435b7b8f5ba64305beeb252027c0d9ba" member_type: VOTER last_known_addr { host: "127.27.197.65" port: 42135 } } peers { permanent_uuid: "74181c5a79004666bc8fbcb63fdee3f1" member_type: VOTER last_known_addr { host: "127.27.197.66" port: 34049 } } peers { permanent_uuid: "58b8363b4d7443c8a8f49bd8b5bcecbe" member_type: VOTER last_known_addr { host: "127.27.197.67" port: 35913 } }
I20260710 11:05:39.210894 29729 raft_consensus.cc:385] T df91a75d727b42718c3481b1e1d455cb P 74181c5a79004666bc8fbcb63fdee3f1 [term 0 FOLLOWER]: Consensus starting up: Expiring failure detector timer to make a prompt election more likely
I20260710 11:05:39.211131 29729 raft_consensus.cc:740] T df91a75d727b42718c3481b1e1d455cb P 74181c5a79004666bc8fbcb63fdee3f1 [term 0 FOLLOWER]: Becoming Follower/Learner. State: Replica: 74181c5a79004666bc8fbcb63fdee3f1, State: Initialized, Role: FOLLOWER
I20260710 11:05:39.211084 29689 raft_consensus.cc:2468] T ddd9d77c89a348c69ce447f1df80dfa8 P 58b8363b4d7443c8a8f49bd8b5bcecbe [term 1 FOLLOWER]: Leader election vote request: Granting yes vote for candidate 74181c5a79004666bc8fbcb63fdee3f1 in term 1.
I20260710 11:05:39.212441 29578 leader_election.cc:304] T ddd9d77c89a348c69ce447f1df80dfa8 P 74181c5a79004666bc8fbcb63fdee3f1 [CANDIDATE]: Term 1 election: Election decided. Result: candidate won. Election summary: received 2 responses out of 3 voters: 2 yes votes; 0 no votes. yes voters: 58b8363b4d7443c8a8f49bd8b5bcecbe, 74181c5a79004666bc8fbcb63fdee3f1; no voters: 
I20260710 11:05:39.212749 29761 leader_election.cc:290] T ddd9d77c89a348c69ce447f1df80dfa8 P 74181c5a79004666bc8fbcb63fdee3f1 [CANDIDATE]: Term 1 election: Requested vote from peers 435b7b8f5ba64305beeb252027c0d9ba (127.27.197.65:42135), 58b8363b4d7443c8a8f49bd8b5bcecbe (127.27.197.67:35913)
I20260710 11:05:39.212630 29729 consensus_queue.cc:260] T df91a75d727b42718c3481b1e1d455cb P 74181c5a79004666bc8fbcb63fdee3f1 [NON_LEADER]: Queue going to NON_LEADER mode. State: All replicated index: 0, Majority replicated index: 0, Committed index: 0, Last appended: 0.0, Last appended by leader: 0, Current term: 0, Majority size: -1, State: 0, Mode: NON_LEADER, active raft config: opid_index: -1 OBSOLETE_local: false peers { permanent_uuid: "435b7b8f5ba64305beeb252027c0d9ba" member_type: VOTER last_known_addr { host: "127.27.197.65" port: 42135 } } peers { permanent_uuid: "74181c5a79004666bc8fbcb63fdee3f1" member_type: VOTER last_known_addr { host: "127.27.197.66" port: 34049 } } peers { permanent_uuid: "58b8363b4d7443c8a8f49bd8b5bcecbe" member_type: VOTER last_known_addr { host: "127.27.197.67" port: 35913 } }
I20260710 11:05:39.213382 29539 raft_consensus.cc:2468] T ddd9d77c89a348c69ce447f1df80dfa8 P 435b7b8f5ba64305beeb252027c0d9ba [term 1 FOLLOWER]: Leader election vote request: Granting yes vote for candidate 74181c5a79004666bc8fbcb63fdee3f1 in term 1.
I20260710 11:05:39.214566 29729 ts_tablet_manager.cc:1434] T df91a75d727b42718c3481b1e1d455cb P 74181c5a79004666bc8fbcb63fdee3f1: Time spent starting tablet: real 0.006s	user 0.004s	sys 0.000s
I20260710 11:05:39.214941 29761 raft_consensus.cc:2804] T ddd9d77c89a348c69ce447f1df80dfa8 P 74181c5a79004666bc8fbcb63fdee3f1 [term 1 FOLLOWER]: Leader election won for term 1
I20260710 11:05:39.215466 29729 tablet_bootstrap.cc:492] T ac0806056bbe49febb62a74545c408be P 74181c5a79004666bc8fbcb63fdee3f1: Bootstrap starting.
I20260710 11:05:39.219898 29761 raft_consensus.cc:697] T ddd9d77c89a348c69ce447f1df80dfa8 P 74181c5a79004666bc8fbcb63fdee3f1 [term 1 LEADER]: Becoming Leader. State: Replica: 74181c5a79004666bc8fbcb63fdee3f1, State: Running, Role: LEADER
I20260710 11:05:39.220719 29761 consensus_queue.cc:237] T ddd9d77c89a348c69ce447f1df80dfa8 P 74181c5a79004666bc8fbcb63fdee3f1 [LEADER]: Queue going to LEADER mode. State: All replicated index: 0, Majority replicated index: 0, Committed index: 0, Last appended: 0.0, Last appended by leader: 0, Current term: 1, Majority size: 2, State: 0, Mode: LEADER, active raft config: opid_index: -1 OBSOLETE_local: false peers { permanent_uuid: "435b7b8f5ba64305beeb252027c0d9ba" member_type: VOTER last_known_addr { host: "127.27.197.65" port: 42135 } } peers { permanent_uuid: "74181c5a79004666bc8fbcb63fdee3f1" member_type: VOTER last_known_addr { host: "127.27.197.66" port: 34049 } } peers { permanent_uuid: "58b8363b4d7443c8a8f49bd8b5bcecbe" member_type: VOTER last_known_addr { host: "127.27.197.67" port: 35913 } }
I20260710 11:05:39.217724 29730 tablet_bootstrap.cc:654] T 6be74c4725cb46bb98647055df251453 P 58b8363b4d7443c8a8f49bd8b5bcecbe: Neither blocks nor log segments found. Creating new log.
I20260710 11:05:39.224202 29729 tablet_bootstrap.cc:654] T ac0806056bbe49febb62a74545c408be P 74181c5a79004666bc8fbcb63fdee3f1: Neither blocks nor log segments found. Creating new log.
I20260710 11:05:39.226774 29730 tablet_bootstrap.cc:492] T 6be74c4725cb46bb98647055df251453 P 58b8363b4d7443c8a8f49bd8b5bcecbe: No bootstrap required, opened a new log
I20260710 11:05:39.228950 29730 ts_tablet_manager.cc:1403] T 6be74c4725cb46bb98647055df251453 P 58b8363b4d7443c8a8f49bd8b5bcecbe: Time spent bootstrapping tablet: real 0.034s	user 0.007s	sys 0.003s
I20260710 11:05:39.229570 29729 tablet_bootstrap.cc:492] T ac0806056bbe49febb62a74545c408be P 74181c5a79004666bc8fbcb63fdee3f1: No bootstrap required, opened a new log
I20260710 11:05:39.229583 29732 tablet_bootstrap.cc:492] T df91a75d727b42718c3481b1e1d455cb P 435b7b8f5ba64305beeb252027c0d9ba: No bootstrap required, opened a new log
I20260710 11:05:39.230126 29729 ts_tablet_manager.cc:1403] T ac0806056bbe49febb62a74545c408be P 74181c5a79004666bc8fbcb63fdee3f1: Time spent bootstrapping tablet: real 0.015s	user 0.010s	sys 0.001s
I20260710 11:05:39.230137 29732 ts_tablet_manager.cc:1403] T df91a75d727b42718c3481b1e1d455cb P 435b7b8f5ba64305beeb252027c0d9ba: Time spent bootstrapping tablet: real 0.055s	user 0.024s	sys 0.010s
I20260710 11:05:39.233753 29730 raft_consensus.cc:359] T 6be74c4725cb46bb98647055df251453 P 58b8363b4d7443c8a8f49bd8b5bcecbe [term 0 FOLLOWER]: Replica starting. Triggering 0 pending ops. Active config: opid_index: -1 OBSOLETE_local: false peers { permanent_uuid: "435b7b8f5ba64305beeb252027c0d9ba" member_type: VOTER last_known_addr { host: "127.27.197.65" port: 42135 } } peers { permanent_uuid: "74181c5a79004666bc8fbcb63fdee3f1" member_type: VOTER last_known_addr { host: "127.27.197.66" port: 34049 } } peers { permanent_uuid: "58b8363b4d7443c8a8f49bd8b5bcecbe" member_type: VOTER last_known_addr { host: "127.27.197.67" port: 35913 } }
I20260710 11:05:39.234442 29730 raft_consensus.cc:385] T 6be74c4725cb46bb98647055df251453 P 58b8363b4d7443c8a8f49bd8b5bcecbe [term 0 FOLLOWER]: Consensus starting up: Expiring failure detector timer to make a prompt election more likely
I20260710 11:05:39.234099 29729 raft_consensus.cc:359] T ac0806056bbe49febb62a74545c408be P 74181c5a79004666bc8fbcb63fdee3f1 [term 0 FOLLOWER]: Replica starting. Triggering 0 pending ops. Active config: opid_index: -1 OBSOLETE_local: false peers { permanent_uuid: "435b7b8f5ba64305beeb252027c0d9ba" member_type: VOTER last_known_addr { host: "127.27.197.65" port: 42135 } } peers { permanent_uuid: "74181c5a79004666bc8fbcb63fdee3f1" member_type: VOTER last_known_addr { host: "127.27.197.66" port: 34049 } } peers { permanent_uuid: "58b8363b4d7443c8a8f49bd8b5bcecbe" member_type: VOTER last_known_addr { host: "127.27.197.67" port: 35913 } }
I20260710 11:05:39.234324 29732 raft_consensus.cc:359] T df91a75d727b42718c3481b1e1d455cb P 435b7b8f5ba64305beeb252027c0d9ba [term 0 FOLLOWER]: Replica starting. Triggering 0 pending ops. Active config: opid_index: -1 OBSOLETE_local: false peers { permanent_uuid: "435b7b8f5ba64305beeb252027c0d9ba" member_type: VOTER last_known_addr { host: "127.27.197.65" port: 42135 } } peers { permanent_uuid: "74181c5a79004666bc8fbcb63fdee3f1" member_type: VOTER last_known_addr { host: "127.27.197.66" port: 34049 } } peers { permanent_uuid: "58b8363b4d7443c8a8f49bd8b5bcecbe" member_type: VOTER last_known_addr { host: "127.27.197.67" port: 35913 } }
I20260710 11:05:39.234772 29730 raft_consensus.cc:740] T 6be74c4725cb46bb98647055df251453 P 58b8363b4d7443c8a8f49bd8b5bcecbe [term 0 FOLLOWER]: Becoming Follower/Learner. State: Replica: 58b8363b4d7443c8a8f49bd8b5bcecbe, State: Initialized, Role: FOLLOWER
I20260710 11:05:39.234907 29729 raft_consensus.cc:385] T ac0806056bbe49febb62a74545c408be P 74181c5a79004666bc8fbcb63fdee3f1 [term 0 FOLLOWER]: Consensus starting up: Expiring failure detector timer to make a prompt election more likely
I20260710 11:05:39.235090 29732 raft_consensus.cc:385] T df91a75d727b42718c3481b1e1d455cb P 435b7b8f5ba64305beeb252027c0d9ba [term 0 FOLLOWER]: Consensus starting up: Expiring failure detector timer to make a prompt election more likely
I20260710 11:05:39.235298 29729 raft_consensus.cc:740] T ac0806056bbe49febb62a74545c408be P 74181c5a79004666bc8fbcb63fdee3f1 [term 0 FOLLOWER]: Becoming Follower/Learner. State: Replica: 74181c5a79004666bc8fbcb63fdee3f1, State: Initialized, Role: FOLLOWER
I20260710 11:05:39.235539 29732 raft_consensus.cc:740] T df91a75d727b42718c3481b1e1d455cb P 435b7b8f5ba64305beeb252027c0d9ba [term 0 FOLLOWER]: Becoming Follower/Learner. State: Replica: 435b7b8f5ba64305beeb252027c0d9ba, State: Initialized, Role: FOLLOWER
I20260710 11:05:39.235487 29730 consensus_queue.cc:260] T 6be74c4725cb46bb98647055df251453 P 58b8363b4d7443c8a8f49bd8b5bcecbe [NON_LEADER]: Queue going to NON_LEADER mode. State: All replicated index: 0, Majority replicated index: 0, Committed index: 0, Last appended: 0.0, Last appended by leader: 0, Current term: 0, Majority size: -1, State: 0, Mode: NON_LEADER, active raft config: opid_index: -1 OBSOLETE_local: false peers { permanent_uuid: "435b7b8f5ba64305beeb252027c0d9ba" member_type: VOTER last_known_addr { host: "127.27.197.65" port: 42135 } } peers { permanent_uuid: "74181c5a79004666bc8fbcb63fdee3f1" member_type: VOTER last_known_addr { host: "127.27.197.66" port: 34049 } } peers { permanent_uuid: "58b8363b4d7443c8a8f49bd8b5bcecbe" member_type: VOTER last_known_addr { host: "127.27.197.67" port: 35913 } }
I20260710 11:05:39.235193 29437 catalog_manager.cc:5697] T ddd9d77c89a348c69ce447f1df80dfa8 P 74181c5a79004666bc8fbcb63fdee3f1 reported cstate change: term changed from 0 to 1, leader changed from <none> to 74181c5a79004666bc8fbcb63fdee3f1 (127.27.197.66). New cstate: current_term: 1 leader_uuid: "74181c5a79004666bc8fbcb63fdee3f1" committed_config { opid_index: -1 OBSOLETE_local: false peers { permanent_uuid: "435b7b8f5ba64305beeb252027c0d9ba" member_type: VOTER last_known_addr { host: "127.27.197.65" port: 42135 } health_report { overall_health: UNKNOWN } } peers { permanent_uuid: "74181c5a79004666bc8fbcb63fdee3f1" member_type: VOTER last_known_addr { host: "127.27.197.66" port: 34049 } health_report { overall_health: HEALTHY } } peers { permanent_uuid: "58b8363b4d7443c8a8f49bd8b5bcecbe" member_type: VOTER last_known_addr { host: "127.27.197.67" port: 35913 } health_report { overall_health: UNKNOWN } } }
I20260710 11:05:39.236171 29729 consensus_queue.cc:260] T ac0806056bbe49febb62a74545c408be P 74181c5a79004666bc8fbcb63fdee3f1 [NON_LEADER]: Queue going to NON_LEADER mode. State: All replicated index: 0, Majority replicated index: 0, Committed index: 0, Last appended: 0.0, Last appended by leader: 0, Current term: 0, Majority size: -1, State: 0, Mode: NON_LEADER, active raft config: opid_index: -1 OBSOLETE_local: false peers { permanent_uuid: "435b7b8f5ba64305beeb252027c0d9ba" member_type: VOTER last_known_addr { host: "127.27.197.65" port: 42135 } } peers { permanent_uuid: "74181c5a79004666bc8fbcb63fdee3f1" member_type: VOTER last_known_addr { host: "127.27.197.66" port: 34049 } } peers { permanent_uuid: "58b8363b4d7443c8a8f49bd8b5bcecbe" member_type: VOTER last_known_addr { host: "127.27.197.67" port: 35913 } }
I20260710 11:05:39.236462 29732 consensus_queue.cc:260] T df91a75d727b42718c3481b1e1d455cb P 435b7b8f5ba64305beeb252027c0d9ba [NON_LEADER]: Queue going to NON_LEADER mode. State: All replicated index: 0, Majority replicated index: 0, Committed index: 0, Last appended: 0.0, Last appended by leader: 0, Current term: 0, Majority size: -1, State: 0, Mode: NON_LEADER, active raft config: opid_index: -1 OBSOLETE_local: false peers { permanent_uuid: "435b7b8f5ba64305beeb252027c0d9ba" member_type: VOTER last_known_addr { host: "127.27.197.65" port: 42135 } } peers { permanent_uuid: "74181c5a79004666bc8fbcb63fdee3f1" member_type: VOTER last_known_addr { host: "127.27.197.66" port: 34049 } } peers { permanent_uuid: "58b8363b4d7443c8a8f49bd8b5bcecbe" member_type: VOTER last_known_addr { host: "127.27.197.67" port: 35913 } }
I20260710 11:05:39.238286 29729 ts_tablet_manager.cc:1434] T ac0806056bbe49febb62a74545c408be P 74181c5a79004666bc8fbcb63fdee3f1: Time spent starting tablet: real 0.008s	user 0.005s	sys 0.000s
I20260710 11:05:39.239146 29729 tablet_bootstrap.cc:492] T 9e530125109c4626857af13ddd18c6b2 P 74181c5a79004666bc8fbcb63fdee3f1: Bootstrap starting.
I20260710 11:05:39.239599 29730 ts_tablet_manager.cc:1434] T 6be74c4725cb46bb98647055df251453 P 58b8363b4d7443c8a8f49bd8b5bcecbe: Time spent starting tablet: real 0.010s	user 0.004s	sys 0.000s
I20260710 11:05:39.240474 29730 tablet_bootstrap.cc:492] T 8dc206ce2c7f4d478101229459f63016 P 58b8363b4d7443c8a8f49bd8b5bcecbe: Bootstrap starting.
I20260710 11:05:39.242175 29732 ts_tablet_manager.cc:1434] T df91a75d727b42718c3481b1e1d455cb P 435b7b8f5ba64305beeb252027c0d9ba: Time spent starting tablet: real 0.012s	user 0.005s	sys 0.000s
I20260710 11:05:39.243072 29732 tablet_bootstrap.cc:492] T 9e530125109c4626857af13ddd18c6b2 P 435b7b8f5ba64305beeb252027c0d9ba: Bootstrap starting.
I20260710 11:05:39.244395 29729 tablet_bootstrap.cc:654] T 9e530125109c4626857af13ddd18c6b2 P 74181c5a79004666bc8fbcb63fdee3f1: Neither blocks nor log segments found. Creating new log.
I20260710 11:05:39.245729 29730 tablet_bootstrap.cc:654] T 8dc206ce2c7f4d478101229459f63016 P 58b8363b4d7443c8a8f49bd8b5bcecbe: Neither blocks nor log segments found. Creating new log.
I20260710 11:05:39.248420 29732 tablet_bootstrap.cc:654] T 9e530125109c4626857af13ddd18c6b2 P 435b7b8f5ba64305beeb252027c0d9ba: Neither blocks nor log segments found. Creating new log.
I20260710 11:05:39.251288 29761 raft_consensus.cc:493] T df91a75d727b42718c3481b1e1d455cb P 74181c5a79004666bc8fbcb63fdee3f1 [term 0 FOLLOWER]: Starting pre-election (no leader contacted us within the election timeout)
I20260710 11:05:39.251731 29761 raft_consensus.cc:515] T df91a75d727b42718c3481b1e1d455cb P 74181c5a79004666bc8fbcb63fdee3f1 [term 0 FOLLOWER]: Starting pre-election with config: opid_index: -1 OBSOLETE_local: false peers { permanent_uuid: "435b7b8f5ba64305beeb252027c0d9ba" member_type: VOTER last_known_addr { host: "127.27.197.65" port: 42135 } } peers { permanent_uuid: "74181c5a79004666bc8fbcb63fdee3f1" member_type: VOTER last_known_addr { host: "127.27.197.66" port: 34049 } } peers { permanent_uuid: "58b8363b4d7443c8a8f49bd8b5bcecbe" member_type: VOTER last_known_addr { host: "127.27.197.67" port: 35913 } }
I20260710 11:05:39.253759 29761 leader_election.cc:290] T df91a75d727b42718c3481b1e1d455cb P 74181c5a79004666bc8fbcb63fdee3f1 [CANDIDATE]: Term 1 pre-election: Requested pre-vote from peers 435b7b8f5ba64305beeb252027c0d9ba (127.27.197.65:42135), 58b8363b4d7443c8a8f49bd8b5bcecbe (127.27.197.67:35913)
I20260710 11:05:39.255298 29689 tablet_service.cc:1917] Received RequestConsensusVote() RPC: tablet_id: "df91a75d727b42718c3481b1e1d455cb" candidate_uuid: "74181c5a79004666bc8fbcb63fdee3f1" candidate_term: 1 candidate_status { last_received { term: 0 index: 0 } } ignore_live_leader: false dest_uuid: "58b8363b4d7443c8a8f49bd8b5bcecbe" is_pre_election: true
I20260710 11:05:39.255914 29689 raft_consensus.cc:2468] T df91a75d727b42718c3481b1e1d455cb P 58b8363b4d7443c8a8f49bd8b5bcecbe [term 0 FOLLOWER]: Leader pre-election vote request: Granting yes vote for candidate 74181c5a79004666bc8fbcb63fdee3f1 in term 0.
I20260710 11:05:39.256698 29730 tablet_bootstrap.cc:492] T 8dc206ce2c7f4d478101229459f63016 P 58b8363b4d7443c8a8f49bd8b5bcecbe: No bootstrap required, opened a new log
I20260710 11:05:39.256793 29539 tablet_service.cc:1917] Received RequestConsensusVote() RPC: tablet_id: "df91a75d727b42718c3481b1e1d455cb" candidate_uuid: "74181c5a79004666bc8fbcb63fdee3f1" candidate_term: 1 candidate_status { last_received { term: 0 index: 0 } } ignore_live_leader: false dest_uuid: "435b7b8f5ba64305beeb252027c0d9ba" is_pre_election: true
I20260710 11:05:39.257217 29730 ts_tablet_manager.cc:1403] T 8dc206ce2c7f4d478101229459f63016 P 58b8363b4d7443c8a8f49bd8b5bcecbe: Time spent bootstrapping tablet: real 0.017s	user 0.015s	sys 0.000s
I20260710 11:05:39.257031 29578 leader_election.cc:304] T df91a75d727b42718c3481b1e1d455cb P 74181c5a79004666bc8fbcb63fdee3f1 [CANDIDATE]: Term 1 pre-election: Election decided. Result: candidate won. Election summary: received 2 responses out of 3 voters: 2 yes votes; 0 no votes. yes voters: 58b8363b4d7443c8a8f49bd8b5bcecbe, 74181c5a79004666bc8fbcb63fdee3f1; no voters: 
I20260710 11:05:39.257500 29539 raft_consensus.cc:2468] T df91a75d727b42718c3481b1e1d455cb P 435b7b8f5ba64305beeb252027c0d9ba [term 0 FOLLOWER]: Leader pre-election vote request: Granting yes vote for candidate 74181c5a79004666bc8fbcb63fdee3f1 in term 0.
I20260710 11:05:39.257917 29761 raft_consensus.cc:2804] T df91a75d727b42718c3481b1e1d455cb P 74181c5a79004666bc8fbcb63fdee3f1 [term 0 FOLLOWER]: Leader pre-election won for term 1
I20260710 11:05:39.258237 29761 raft_consensus.cc:493] T df91a75d727b42718c3481b1e1d455cb P 74181c5a79004666bc8fbcb63fdee3f1 [term 0 FOLLOWER]: Starting leader election (no leader contacted us within the election timeout)
I20260710 11:05:39.258559 29761 raft_consensus.cc:3060] T df91a75d727b42718c3481b1e1d455cb P 74181c5a79004666bc8fbcb63fdee3f1 [term 0 FOLLOWER]: Advancing to term 1
I20260710 11:05:39.264662 29729 tablet_bootstrap.cc:492] T 9e530125109c4626857af13ddd18c6b2 P 74181c5a79004666bc8fbcb63fdee3f1: No bootstrap required, opened a new log
I20260710 11:05:39.265026 29729 ts_tablet_manager.cc:1403] T 9e530125109c4626857af13ddd18c6b2 P 74181c5a79004666bc8fbcb63fdee3f1: Time spent bootstrapping tablet: real 0.026s	user 0.012s	sys 0.007s
I20260710 11:05:39.265101 29761 raft_consensus.cc:515] T df91a75d727b42718c3481b1e1d455cb P 74181c5a79004666bc8fbcb63fdee3f1 [term 1 FOLLOWER]: Starting leader election with config: opid_index: -1 OBSOLETE_local: false peers { permanent_uuid: "435b7b8f5ba64305beeb252027c0d9ba" member_type: VOTER last_known_addr { host: "127.27.197.65" port: 42135 } } peers { permanent_uuid: "74181c5a79004666bc8fbcb63fdee3f1" member_type: VOTER last_known_addr { host: "127.27.197.66" port: 34049 } } peers { permanent_uuid: "58b8363b4d7443c8a8f49bd8b5bcecbe" member_type: VOTER last_known_addr { host: "127.27.197.67" port: 35913 } }
I20260710 11:05:39.267179 29761 leader_election.cc:290] T df91a75d727b42718c3481b1e1d455cb P 74181c5a79004666bc8fbcb63fdee3f1 [CANDIDATE]: Term 1 election: Requested vote from peers 435b7b8f5ba64305beeb252027c0d9ba (127.27.197.65:42135), 58b8363b4d7443c8a8f49bd8b5bcecbe (127.27.197.67:35913)
I20260710 11:05:39.267899 29539 tablet_service.cc:1917] Received RequestConsensusVote() RPC: tablet_id: "df91a75d727b42718c3481b1e1d455cb" candidate_uuid: "74181c5a79004666bc8fbcb63fdee3f1" candidate_term: 1 candidate_status { last_received { term: 0 index: 0 } } ignore_live_leader: false dest_uuid: "435b7b8f5ba64305beeb252027c0d9ba"
I20260710 11:05:39.268481 29539 raft_consensus.cc:3060] T df91a75d727b42718c3481b1e1d455cb P 435b7b8f5ba64305beeb252027c0d9ba [term 0 FOLLOWER]: Advancing to term 1
I20260710 11:05:39.270208 29689 tablet_service.cc:1917] Received RequestConsensusVote() RPC: tablet_id: "df91a75d727b42718c3481b1e1d455cb" candidate_uuid: "74181c5a79004666bc8fbcb63fdee3f1" candidate_term: 1 candidate_status { last_received { term: 0 index: 0 } } ignore_live_leader: false dest_uuid: "58b8363b4d7443c8a8f49bd8b5bcecbe"
I20260710 11:05:39.270067 29730 raft_consensus.cc:359] T 8dc206ce2c7f4d478101229459f63016 P 58b8363b4d7443c8a8f49bd8b5bcecbe [term 0 FOLLOWER]: Replica starting. Triggering 0 pending ops. Active config: opid_index: -1 OBSOLETE_local: false peers { permanent_uuid: "435b7b8f5ba64305beeb252027c0d9ba" member_type: VOTER last_known_addr { host: "127.27.197.65" port: 42135 } } peers { permanent_uuid: "74181c5a79004666bc8fbcb63fdee3f1" member_type: VOTER last_known_addr { host: "127.27.197.66" port: 34049 } } peers { permanent_uuid: "58b8363b4d7443c8a8f49bd8b5bcecbe" member_type: VOTER last_known_addr { host: "127.27.197.67" port: 35913 } }
I20260710 11:05:39.270558 29732 tablet_bootstrap.cc:492] T 9e530125109c4626857af13ddd18c6b2 P 435b7b8f5ba64305beeb252027c0d9ba: No bootstrap required, opened a new log
I20260710 11:05:39.270761 29730 raft_consensus.cc:385] T 8dc206ce2c7f4d478101229459f63016 P 58b8363b4d7443c8a8f49bd8b5bcecbe [term 0 FOLLOWER]: Consensus starting up: Expiring failure detector timer to make a prompt election more likely
I20260710 11:05:39.270990 29732 ts_tablet_manager.cc:1403] T 9e530125109c4626857af13ddd18c6b2 P 435b7b8f5ba64305beeb252027c0d9ba: Time spent bootstrapping tablet: real 0.028s	user 0.014s	sys 0.000s
I20260710 11:05:39.271014 29730 raft_consensus.cc:740] T 8dc206ce2c7f4d478101229459f63016 P 58b8363b4d7443c8a8f49bd8b5bcecbe [term 0 FOLLOWER]: Becoming Follower/Learner. State: Replica: 58b8363b4d7443c8a8f49bd8b5bcecbe, State: Initialized, Role: FOLLOWER
I20260710 11:05:39.271909 29730 consensus_queue.cc:260] T 8dc206ce2c7f4d478101229459f63016 P 58b8363b4d7443c8a8f49bd8b5bcecbe [NON_LEADER]: Queue going to NON_LEADER mode. State: All replicated index: 0, Majority replicated index: 0, Committed index: 0, Last appended: 0.0, Last appended by leader: 0, Current term: 0, Majority size: -1, State: 0, Mode: NON_LEADER, active raft config: opid_index: -1 OBSOLETE_local: false peers { permanent_uuid: "435b7b8f5ba64305beeb252027c0d9ba" member_type: VOTER last_known_addr { host: "127.27.197.65" port: 42135 } } peers { permanent_uuid: "74181c5a79004666bc8fbcb63fdee3f1" member_type: VOTER last_known_addr { host: "127.27.197.66" port: 34049 } } peers { permanent_uuid: "58b8363b4d7443c8a8f49bd8b5bcecbe" member_type: VOTER last_known_addr { host: "127.27.197.67" port: 35913 } }
I20260710 11:05:39.273535 29732 raft_consensus.cc:359] T 9e530125109c4626857af13ddd18c6b2 P 435b7b8f5ba64305beeb252027c0d9ba [term 0 FOLLOWER]: Replica starting. Triggering 0 pending ops. Active config: opid_index: -1 OBSOLETE_local: false peers { permanent_uuid: "435b7b8f5ba64305beeb252027c0d9ba" member_type: VOTER last_known_addr { host: "127.27.197.65" port: 42135 } } peers { permanent_uuid: "74181c5a79004666bc8fbcb63fdee3f1" member_type: VOTER last_known_addr { host: "127.27.197.66" port: 34049 } } peers { permanent_uuid: "58b8363b4d7443c8a8f49bd8b5bcecbe" member_type: VOTER last_known_addr { host: "127.27.197.67" port: 35913 } }
I20260710 11:05:39.274156 29732 raft_consensus.cc:385] T 9e530125109c4626857af13ddd18c6b2 P 435b7b8f5ba64305beeb252027c0d9ba [term 0 FOLLOWER]: Consensus starting up: Expiring failure detector timer to make a prompt election more likely
I20260710 11:05:39.274652 29689 raft_consensus.cc:3060] T df91a75d727b42718c3481b1e1d455cb P 58b8363b4d7443c8a8f49bd8b5bcecbe [term 0 FOLLOWER]: Advancing to term 1
I20260710 11:05:39.274396 29732 raft_consensus.cc:740] T 9e530125109c4626857af13ddd18c6b2 P 435b7b8f5ba64305beeb252027c0d9ba [term 0 FOLLOWER]: Becoming Follower/Learner. State: Replica: 435b7b8f5ba64305beeb252027c0d9ba, State: Initialized, Role: FOLLOWER
I20260710 11:05:39.275660 29732 consensus_queue.cc:260] T 9e530125109c4626857af13ddd18c6b2 P 435b7b8f5ba64305beeb252027c0d9ba [NON_LEADER]: Queue going to NON_LEADER mode. State: All replicated index: 0, Majority replicated index: 0, Committed index: 0, Last appended: 0.0, Last appended by leader: 0, Current term: 0, Majority size: -1, State: 0, Mode: NON_LEADER, active raft config: opid_index: -1 OBSOLETE_local: false peers { permanent_uuid: "435b7b8f5ba64305beeb252027c0d9ba" member_type: VOTER last_known_addr { host: "127.27.197.65" port: 42135 } } peers { permanent_uuid: "74181c5a79004666bc8fbcb63fdee3f1" member_type: VOTER last_known_addr { host: "127.27.197.66" port: 34049 } } peers { permanent_uuid: "58b8363b4d7443c8a8f49bd8b5bcecbe" member_type: VOTER last_known_addr { host: "127.27.197.67" port: 35913 } }
I20260710 11:05:39.276099 29729 raft_consensus.cc:359] T 9e530125109c4626857af13ddd18c6b2 P 74181c5a79004666bc8fbcb63fdee3f1 [term 0 FOLLOWER]: Replica starting. Triggering 0 pending ops. Active config: opid_index: -1 OBSOLETE_local: false peers { permanent_uuid: "435b7b8f5ba64305beeb252027c0d9ba" member_type: VOTER last_known_addr { host: "127.27.197.65" port: 42135 } } peers { permanent_uuid: "74181c5a79004666bc8fbcb63fdee3f1" member_type: VOTER last_known_addr { host: "127.27.197.66" port: 34049 } } peers { permanent_uuid: "58b8363b4d7443c8a8f49bd8b5bcecbe" member_type: VOTER last_known_addr { host: "127.27.197.67" port: 35913 } }
I20260710 11:05:39.276782 29730 ts_tablet_manager.cc:1434] T 8dc206ce2c7f4d478101229459f63016 P 58b8363b4d7443c8a8f49bd8b5bcecbe: Time spent starting tablet: real 0.009s	user 0.003s	sys 0.002s
I20260710 11:05:39.277369 29729 raft_consensus.cc:385] T 9e530125109c4626857af13ddd18c6b2 P 74181c5a79004666bc8fbcb63fdee3f1 [term 0 FOLLOWER]: Consensus starting up: Expiring failure detector timer to make a prompt election more likely
I20260710 11:05:39.274914 29539 raft_consensus.cc:2468] T df91a75d727b42718c3481b1e1d455cb P 435b7b8f5ba64305beeb252027c0d9ba [term 1 FOLLOWER]: Leader election vote request: Granting yes vote for candidate 74181c5a79004666bc8fbcb63fdee3f1 in term 1.
I20260710 11:05:39.278020 29730 tablet_bootstrap.cc:492] T 9e530125109c4626857af13ddd18c6b2 P 58b8363b4d7443c8a8f49bd8b5bcecbe: Bootstrap starting.
I20260710 11:05:39.278503 29581 leader_election.cc:304] T df91a75d727b42718c3481b1e1d455cb P 74181c5a79004666bc8fbcb63fdee3f1 [CANDIDATE]: Term 1 election: Election decided. Result: candidate won. Election summary: received 2 responses out of 3 voters: 2 yes votes; 0 no votes. yes voters: 435b7b8f5ba64305beeb252027c0d9ba, 74181c5a79004666bc8fbcb63fdee3f1; no voters: 
I20260710 11:05:39.279382 29761 raft_consensus.cc:2804] T df91a75d727b42718c3481b1e1d455cb P 74181c5a79004666bc8fbcb63fdee3f1 [term 1 FOLLOWER]: Leader election won for term 1
I20260710 11:05:39.280087 29761 raft_consensus.cc:697] T df91a75d727b42718c3481b1e1d455cb P 74181c5a79004666bc8fbcb63fdee3f1 [term 1 LEADER]: Becoming Leader. State: Replica: 74181c5a79004666bc8fbcb63fdee3f1, State: Running, Role: LEADER
I20260710 11:05:39.281315 29729 raft_consensus.cc:740] T 9e530125109c4626857af13ddd18c6b2 P 74181c5a79004666bc8fbcb63fdee3f1 [term 0 FOLLOWER]: Becoming Follower/Learner. State: Replica: 74181c5a79004666bc8fbcb63fdee3f1, State: Initialized, Role: FOLLOWER
I20260710 11:05:39.282300 29732 ts_tablet_manager.cc:1434] T 9e530125109c4626857af13ddd18c6b2 P 435b7b8f5ba64305beeb252027c0d9ba: Time spent starting tablet: real 0.011s	user 0.007s	sys 0.000s
I20260710 11:05:39.282124 29729 consensus_queue.cc:260] T 9e530125109c4626857af13ddd18c6b2 P 74181c5a79004666bc8fbcb63fdee3f1 [NON_LEADER]: Queue going to NON_LEADER mode. State: All replicated index: 0, Majority replicated index: 0, Committed index: 0, Last appended: 0.0, Last appended by leader: 0, Current term: 0, Majority size: -1, State: 0, Mode: NON_LEADER, active raft config: opid_index: -1 OBSOLETE_local: false peers { permanent_uuid: "435b7b8f5ba64305beeb252027c0d9ba" member_type: VOTER last_known_addr { host: "127.27.197.65" port: 42135 } } peers { permanent_uuid: "74181c5a79004666bc8fbcb63fdee3f1" member_type: VOTER last_known_addr { host: "127.27.197.66" port: 34049 } } peers { permanent_uuid: "58b8363b4d7443c8a8f49bd8b5bcecbe" member_type: VOTER last_known_addr { host: "127.27.197.67" port: 35913 } }
I20260710 11:05:39.280901 29761 consensus_queue.cc:237] T df91a75d727b42718c3481b1e1d455cb P 74181c5a79004666bc8fbcb63fdee3f1 [LEADER]: Queue going to LEADER mode. State: All replicated index: 0, Majority replicated index: 0, Committed index: 0, Last appended: 0.0, Last appended by leader: 0, Current term: 1, Majority size: 2, State: 0, Mode: LEADER, active raft config: opid_index: -1 OBSOLETE_local: false peers { permanent_uuid: "435b7b8f5ba64305beeb252027c0d9ba" member_type: VOTER last_known_addr { host: "127.27.197.65" port: 42135 } } peers { permanent_uuid: "74181c5a79004666bc8fbcb63fdee3f1" member_type: VOTER last_known_addr { host: "127.27.197.66" port: 34049 } } peers { permanent_uuid: "58b8363b4d7443c8a8f49bd8b5bcecbe" member_type: VOTER last_known_addr { host: "127.27.197.67" port: 35913 } }
I20260710 11:05:39.284602 29729 ts_tablet_manager.cc:1434] T 9e530125109c4626857af13ddd18c6b2 P 74181c5a79004666bc8fbcb63fdee3f1: Time spent starting tablet: real 0.019s	user 0.004s	sys 0.002s
I20260710 11:05:39.285490 29729 tablet_bootstrap.cc:492] T 6be74c4725cb46bb98647055df251453 P 74181c5a79004666bc8fbcb63fdee3f1: Bootstrap starting.
I20260710 11:05:39.283282 29732 tablet_bootstrap.cc:492] T afd84c946cda4949a4392a61dccc16f0 P 435b7b8f5ba64305beeb252027c0d9ba: Bootstrap starting.
I20260710 11:05:39.288106 29730 tablet_bootstrap.cc:654] T 9e530125109c4626857af13ddd18c6b2 P 58b8363b4d7443c8a8f49bd8b5bcecbe: Neither blocks nor log segments found. Creating new log.
I20260710 11:05:39.290767 29729 tablet_bootstrap.cc:654] T 6be74c4725cb46bb98647055df251453 P 74181c5a79004666bc8fbcb63fdee3f1: Neither blocks nor log segments found. Creating new log.
I20260710 11:05:39.294540 29734 raft_consensus.cc:493] T 13ca3f67ec86434b994b08703cfcfdee P 435b7b8f5ba64305beeb252027c0d9ba [term 0 FOLLOWER]: Starting pre-election (no leader contacted us within the election timeout)
I20260710 11:05:39.294977 29734 raft_consensus.cc:515] T 13ca3f67ec86434b994b08703cfcfdee P 435b7b8f5ba64305beeb252027c0d9ba [term 0 FOLLOWER]: Starting pre-election with config: opid_index: -1 OBSOLETE_local: false peers { permanent_uuid: "435b7b8f5ba64305beeb252027c0d9ba" member_type: VOTER last_known_addr { host: "127.27.197.65" port: 42135 } } peers { permanent_uuid: "74181c5a79004666bc8fbcb63fdee3f1" member_type: VOTER last_known_addr { host: "127.27.197.66" port: 34049 } } peers { permanent_uuid: "58b8363b4d7443c8a8f49bd8b5bcecbe" member_type: VOTER last_known_addr { host: "127.27.197.67" port: 35913 } }
I20260710 11:05:39.282315 29689 raft_consensus.cc:2468] T df91a75d727b42718c3481b1e1d455cb P 58b8363b4d7443c8a8f49bd8b5bcecbe [term 1 FOLLOWER]: Leader election vote request: Granting yes vote for candidate 74181c5a79004666bc8fbcb63fdee3f1 in term 1.
I20260710 11:05:39.297010 29734 leader_election.cc:290] T 13ca3f67ec86434b994b08703cfcfdee P 435b7b8f5ba64305beeb252027c0d9ba [CANDIDATE]: Term 1 pre-election: Requested pre-vote from peers 74181c5a79004666bc8fbcb63fdee3f1 (127.27.197.66:34049), 58b8363b4d7443c8a8f49bd8b5bcecbe (127.27.197.67:35913)
I20260710 11:05:39.297510 29730 tablet_bootstrap.cc:492] T 9e530125109c4626857af13ddd18c6b2 P 58b8363b4d7443c8a8f49bd8b5bcecbe: No bootstrap required, opened a new log
I20260710 11:05:39.298738 29730 ts_tablet_manager.cc:1403] T 9e530125109c4626857af13ddd18c6b2 P 58b8363b4d7443c8a8f49bd8b5bcecbe: Time spent bootstrapping tablet: real 0.021s	user 0.010s	sys 0.001s
I20260710 11:05:39.298882 29689 tablet_service.cc:1917] Received RequestConsensusVote() RPC: tablet_id: "13ca3f67ec86434b994b08703cfcfdee" candidate_uuid: "435b7b8f5ba64305beeb252027c0d9ba" candidate_term: 1 candidate_status { last_received { term: 0 index: 0 } } ignore_live_leader: false dest_uuid: "58b8363b4d7443c8a8f49bd8b5bcecbe" is_pre_election: true
I20260710 11:05:39.298942 29614 tablet_service.cc:1917] Received RequestConsensusVote() RPC: tablet_id: "13ca3f67ec86434b994b08703cfcfdee" candidate_uuid: "435b7b8f5ba64305beeb252027c0d9ba" candidate_term: 1 candidate_status { last_received { term: 0 index: 0 } } ignore_live_leader: false dest_uuid: "74181c5a79004666bc8fbcb63fdee3f1" is_pre_election: true
I20260710 11:05:39.299732 29689 raft_consensus.cc:2468] T 13ca3f67ec86434b994b08703cfcfdee P 58b8363b4d7443c8a8f49bd8b5bcecbe [term 0 FOLLOWER]: Leader pre-election vote request: Granting yes vote for candidate 435b7b8f5ba64305beeb252027c0d9ba in term 0.
I20260710 11:05:39.299899 29614 raft_consensus.cc:2468] T 13ca3f67ec86434b994b08703cfcfdee P 74181c5a79004666bc8fbcb63fdee3f1 [term 0 FOLLOWER]: Leader pre-election vote request: Granting yes vote for candidate 435b7b8f5ba64305beeb252027c0d9ba in term 0.
I20260710 11:05:39.301086 29503 leader_election.cc:304] T 13ca3f67ec86434b994b08703cfcfdee P 435b7b8f5ba64305beeb252027c0d9ba [CANDIDATE]: Term 1 pre-election: Election decided. Result: candidate won. Election summary: received 2 responses out of 3 voters: 2 yes votes; 0 no votes. yes voters: 435b7b8f5ba64305beeb252027c0d9ba, 58b8363b4d7443c8a8f49bd8b5bcecbe; no voters: 
I20260710 11:05:39.301817 29734 raft_consensus.cc:2804] T 13ca3f67ec86434b994b08703cfcfdee P 435b7b8f5ba64305beeb252027c0d9ba [term 0 FOLLOWER]: Leader pre-election won for term 1
I20260710 11:05:39.301733 29730 raft_consensus.cc:359] T 9e530125109c4626857af13ddd18c6b2 P 58b8363b4d7443c8a8f49bd8b5bcecbe [term 0 FOLLOWER]: Replica starting. Triggering 0 pending ops. Active config: opid_index: -1 OBSOLETE_local: false peers { permanent_uuid: "435b7b8f5ba64305beeb252027c0d9ba" member_type: VOTER last_known_addr { host: "127.27.197.65" port: 42135 } } peers { permanent_uuid: "74181c5a79004666bc8fbcb63fdee3f1" member_type: VOTER last_known_addr { host: "127.27.197.66" port: 34049 } } peers { permanent_uuid: "58b8363b4d7443c8a8f49bd8b5bcecbe" member_type: VOTER last_known_addr { host: "127.27.197.67" port: 35913 } }
I20260710 11:05:39.303081 29730 raft_consensus.cc:385] T 9e530125109c4626857af13ddd18c6b2 P 58b8363b4d7443c8a8f49bd8b5bcecbe [term 0 FOLLOWER]: Consensus starting up: Expiring failure detector timer to make a prompt election more likely
I20260710 11:05:39.302243 29734 raft_consensus.cc:493] T 13ca3f67ec86434b994b08703cfcfdee P 435b7b8f5ba64305beeb252027c0d9ba [term 0 FOLLOWER]: Starting leader election (no leader contacted us within the election timeout)
I20260710 11:05:39.303553 29734 raft_consensus.cc:3060] T 13ca3f67ec86434b994b08703cfcfdee P 435b7b8f5ba64305beeb252027c0d9ba [term 0 FOLLOWER]: Advancing to term 1
I20260710 11:05:39.294275 29732 tablet_bootstrap.cc:654] T afd84c946cda4949a4392a61dccc16f0 P 435b7b8f5ba64305beeb252027c0d9ba: Neither blocks nor log segments found. Creating new log.
I20260710 11:05:39.308677 29437 catalog_manager.cc:5697] T df91a75d727b42718c3481b1e1d455cb P 74181c5a79004666bc8fbcb63fdee3f1 reported cstate change: term changed from 0 to 1, leader changed from <none> to 74181c5a79004666bc8fbcb63fdee3f1 (127.27.197.66). New cstate: current_term: 1 leader_uuid: "74181c5a79004666bc8fbcb63fdee3f1" committed_config { opid_index: -1 OBSOLETE_local: false peers { permanent_uuid: "435b7b8f5ba64305beeb252027c0d9ba" member_type: VOTER last_known_addr { host: "127.27.197.65" port: 42135 } health_report { overall_health: UNKNOWN } } peers { permanent_uuid: "74181c5a79004666bc8fbcb63fdee3f1" member_type: VOTER last_known_addr { host: "127.27.197.66" port: 34049 } health_report { overall_health: HEALTHY } } peers { permanent_uuid: "58b8363b4d7443c8a8f49bd8b5bcecbe" member_type: VOTER last_known_addr { host: "127.27.197.67" port: 35913 } health_report { overall_health: UNKNOWN } } }
I20260710 11:05:39.310735 29734 raft_consensus.cc:515] T 13ca3f67ec86434b994b08703cfcfdee P 435b7b8f5ba64305beeb252027c0d9ba [term 1 FOLLOWER]: Starting leader election with config: opid_index: -1 OBSOLETE_local: false peers { permanent_uuid: "435b7b8f5ba64305beeb252027c0d9ba" member_type: VOTER last_known_addr { host: "127.27.197.65" port: 42135 } } peers { permanent_uuid: "74181c5a79004666bc8fbcb63fdee3f1" member_type: VOTER last_known_addr { host: "127.27.197.66" port: 34049 } } peers { permanent_uuid: "58b8363b4d7443c8a8f49bd8b5bcecbe" member_type: VOTER last_known_addr { host: "127.27.197.67" port: 35913 } }
I20260710 11:05:39.314419 29734 leader_election.cc:290] T 13ca3f67ec86434b994b08703cfcfdee P 435b7b8f5ba64305beeb252027c0d9ba [CANDIDATE]: Term 1 election: Requested vote from peers 74181c5a79004666bc8fbcb63fdee3f1 (127.27.197.66:34049), 58b8363b4d7443c8a8f49bd8b5bcecbe (127.27.197.67:35913)
I20260710 11:05:39.311517 29730 raft_consensus.cc:740] T 9e530125109c4626857af13ddd18c6b2 P 58b8363b4d7443c8a8f49bd8b5bcecbe [term 0 FOLLOWER]: Becoming Follower/Learner. State: Replica: 58b8363b4d7443c8a8f49bd8b5bcecbe, State: Initialized, Role: FOLLOWER
I20260710 11:05:39.315444 29614 tablet_service.cc:1917] Received RequestConsensusVote() RPC: tablet_id: "13ca3f67ec86434b994b08703cfcfdee" candidate_uuid: "435b7b8f5ba64305beeb252027c0d9ba" candidate_term: 1 candidate_status { last_received { term: 0 index: 0 } } ignore_live_leader: false dest_uuid: "74181c5a79004666bc8fbcb63fdee3f1"
I20260710 11:05:39.315295 29730 consensus_queue.cc:260] T 9e530125109c4626857af13ddd18c6b2 P 58b8363b4d7443c8a8f49bd8b5bcecbe [NON_LEADER]: Queue going to NON_LEADER mode. State: All replicated index: 0, Majority replicated index: 0, Committed index: 0, Last appended: 0.0, Last appended by leader: 0, Current term: 0, Majority size: -1, State: 0, Mode: NON_LEADER, active raft config: opid_index: -1 OBSOLETE_local: false peers { permanent_uuid: "435b7b8f5ba64305beeb252027c0d9ba" member_type: VOTER last_known_addr { host: "127.27.197.65" port: 42135 } } peers { permanent_uuid: "74181c5a79004666bc8fbcb63fdee3f1" member_type: VOTER last_known_addr { host: "127.27.197.66" port: 34049 } } peers { permanent_uuid: "58b8363b4d7443c8a8f49bd8b5bcecbe" member_type: VOTER last_known_addr { host: "127.27.197.67" port: 35913 } }
I20260710 11:05:39.315977 29614 raft_consensus.cc:3060] T 13ca3f67ec86434b994b08703cfcfdee P 74181c5a79004666bc8fbcb63fdee3f1 [term 0 FOLLOWER]: Advancing to term 1
I20260710 11:05:39.317085 29729 tablet_bootstrap.cc:492] T 6be74c4725cb46bb98647055df251453 P 74181c5a79004666bc8fbcb63fdee3f1: No bootstrap required, opened a new log
I20260710 11:05:39.317495 29729 ts_tablet_manager.cc:1403] T 6be74c4725cb46bb98647055df251453 P 74181c5a79004666bc8fbcb63fdee3f1: Time spent bootstrapping tablet: real 0.032s	user 0.016s	sys 0.011s
I20260710 11:05:39.319940 29730 ts_tablet_manager.cc:1434] T 9e530125109c4626857af13ddd18c6b2 P 58b8363b4d7443c8a8f49bd8b5bcecbe: Time spent starting tablet: real 0.020s	user 0.006s	sys 0.000s
I20260710 11:05:39.320065 29729 raft_consensus.cc:359] T 6be74c4725cb46bb98647055df251453 P 74181c5a79004666bc8fbcb63fdee3f1 [term 0 FOLLOWER]: Replica starting. Triggering 0 pending ops. Active config: opid_index: -1 OBSOLETE_local: false peers { permanent_uuid: "435b7b8f5ba64305beeb252027c0d9ba" member_type: VOTER last_known_addr { host: "127.27.197.65" port: 42135 } } peers { permanent_uuid: "74181c5a79004666bc8fbcb63fdee3f1" member_type: VOTER last_known_addr { host: "127.27.197.66" port: 34049 } } peers { permanent_uuid: "58b8363b4d7443c8a8f49bd8b5bcecbe" member_type: VOTER last_known_addr { host: "127.27.197.67" port: 35913 } }
