I20260710 11:05:16.281692 15807 raft_consensus.cc:359] T 2c0371e93d594a11a9405113d3b77eaf P e7d4b6e6796b45cfab801c68a5a722ff [term 0 FOLLOWER]: Replica starting. Triggering 0 pending ops. Active config: opid_index: -1 OBSOLETE_local: false peers { permanent_uuid: "da4ef99bafd54b0d90f8dea686a39156" member_type: VOTER last_known_addr { host: "127.15.29.129" port: 35239 } } peers { permanent_uuid: "e7d4b6e6796b45cfab801c68a5a722ff" member_type: VOTER last_known_addr { host: "127.15.29.130" port: 33493 } } peers { permanent_uuid: "044dbc8f475c453e924608c399554059" member_type: VOTER last_known_addr { host: "127.15.29.131" port: 40463 } }
I20260710 11:05:16.282368 15807 raft_consensus.cc:385] T 2c0371e93d594a11a9405113d3b77eaf P e7d4b6e6796b45cfab801c68a5a722ff [term 0 FOLLOWER]: Consensus starting up: Expiring failure detector timer to make a prompt election more likely
I20260710 11:05:16.282656 15807 raft_consensus.cc:740] T 2c0371e93d594a11a9405113d3b77eaf P e7d4b6e6796b45cfab801c68a5a722ff [term 0 FOLLOWER]: Becoming Follower/Learner. State: Replica: e7d4b6e6796b45cfab801c68a5a722ff, State: Initialized, Role: FOLLOWER
I20260710 11:05:16.283327 15807 consensus_queue.cc:260] T 2c0371e93d594a11a9405113d3b77eaf P e7d4b6e6796b45cfab801c68a5a722ff [NON_LEADER]: Queue going to NON_LEADER mode. State: All replicated index: 0, Majority replicated index: 0, Committed index: 0, Last appended: 0.0, Last appended by leader: 0, Current term: 0, Majority size: -1, State: 0, Mode: NON_LEADER, active raft config: opid_index: -1 OBSOLETE_local: false peers { permanent_uuid: "da4ef99bafd54b0d90f8dea686a39156" member_type: VOTER last_known_addr { host: "127.15.29.129" port: 35239 } } peers { permanent_uuid: "e7d4b6e6796b45cfab801c68a5a722ff" member_type: VOTER last_known_addr { host: "127.15.29.130" port: 33493 } } peers { permanent_uuid: "044dbc8f475c453e924608c399554059" member_type: VOTER last_known_addr { host: "127.15.29.131" port: 40463 } }
I20260710 11:05:16.286257 15805 tablet_bootstrap.cc:654] T 51c71036a5664b2e9a5c1c4345639ead P 044dbc8f475c453e924608c399554059: Neither blocks nor log segments found. Creating new log.
I20260710 11:05:16.289376 15804 tablet_bootstrap.cc:654] T 17e87d9c95944deebf2c3a49424226c6 P da4ef99bafd54b0d90f8dea686a39156: Neither blocks nor log segments found. Creating new log.
W20260710 11:05:16.301079 15639 tablet.cc:2406] T 4c380a64bf8f4e089dbb7a45ca952b35 P da4ef99bafd54b0d90f8dea686a39156: Can't schedule compaction. Clean time has not been advanced past its initial value.
W20260710 11:05:16.311944 15558 auto_rebalancer.cc:288] Could not retrieve cluster info: Service unavailable: Tablet not running
I20260710 11:05:16.303182 15713 heartbeater.cc:499] Master 127.15.29.190:35255 was elected leader, sending a full tablet report...
I20260710 11:05:16.328353 15807 ts_tablet_manager.cc:1434] T 2c0371e93d594a11a9405113d3b77eaf P e7d4b6e6796b45cfab801c68a5a722ff: Time spent starting tablet: real 0.049s	user 0.009s	sys 0.001s
I20260710 11:05:16.329474 15807 tablet_bootstrap.cc:492] T 51c71036a5664b2e9a5c1c4345639ead P e7d4b6e6796b45cfab801c68a5a722ff: Bootstrap starting.
I20260710 11:05:16.334764 15805 tablet_bootstrap.cc:492] T 51c71036a5664b2e9a5c1c4345639ead P 044dbc8f475c453e924608c399554059: No bootstrap required, opened a new log
I20260710 11:05:16.335197 15805 ts_tablet_manager.cc:1403] T 51c71036a5664b2e9a5c1c4345639ead P 044dbc8f475c453e924608c399554059: Time spent bootstrapping tablet: real 0.055s	user 0.026s	sys 0.013s
I20260710 11:05:16.337922 15805 raft_consensus.cc:359] T 51c71036a5664b2e9a5c1c4345639ead P 044dbc8f475c453e924608c399554059 [term 0 FOLLOWER]: Replica starting. Triggering 0 pending ops. Active config: opid_index: -1 OBSOLETE_local: false peers { permanent_uuid: "da4ef99bafd54b0d90f8dea686a39156" member_type: VOTER last_known_addr { host: "127.15.29.129" port: 35239 } } peers { permanent_uuid: "e7d4b6e6796b45cfab801c68a5a722ff" member_type: VOTER last_known_addr { host: "127.15.29.130" port: 33493 } } peers { permanent_uuid: "044dbc8f475c453e924608c399554059" member_type: VOTER last_known_addr { host: "127.15.29.131" port: 40463 } }
I20260710 11:05:16.338621 15805 raft_consensus.cc:385] T 51c71036a5664b2e9a5c1c4345639ead P 044dbc8f475c453e924608c399554059 [term 0 FOLLOWER]: Consensus starting up: Expiring failure detector timer to make a prompt election more likely
I20260710 11:05:16.338915 15805 raft_consensus.cc:740] T 51c71036a5664b2e9a5c1c4345639ead P 044dbc8f475c453e924608c399554059 [term 0 FOLLOWER]: Becoming Follower/Learner. State: Replica: 044dbc8f475c453e924608c399554059, State: Initialized, Role: FOLLOWER
I20260710 11:05:16.339748 15805 consensus_queue.cc:260] T 51c71036a5664b2e9a5c1c4345639ead P 044dbc8f475c453e924608c399554059 [NON_LEADER]: Queue going to NON_LEADER mode. State: All replicated index: 0, Majority replicated index: 0, Committed index: 0, Last appended: 0.0, Last appended by leader: 0, Current term: 0, Majority size: -1, State: 0, Mode: NON_LEADER, active raft config: opid_index: -1 OBSOLETE_local: false peers { permanent_uuid: "da4ef99bafd54b0d90f8dea686a39156" member_type: VOTER last_known_addr { host: "127.15.29.129" port: 35239 } } peers { permanent_uuid: "e7d4b6e6796b45cfab801c68a5a722ff" member_type: VOTER last_known_addr { host: "127.15.29.130" port: 33493 } } peers { permanent_uuid: "044dbc8f475c453e924608c399554059" member_type: VOTER last_known_addr { host: "127.15.29.131" port: 40463 } }
I20260710 11:05:16.341585 15804 tablet_bootstrap.cc:492] T 17e87d9c95944deebf2c3a49424226c6 P da4ef99bafd54b0d90f8dea686a39156: No bootstrap required, opened a new log
I20260710 11:05:16.341952 15805 ts_tablet_manager.cc:1434] T 51c71036a5664b2e9a5c1c4345639ead P 044dbc8f475c453e924608c399554059: Time spent starting tablet: real 0.006s	user 0.006s	sys 0.000s
I20260710 11:05:16.342033 15804 ts_tablet_manager.cc:1403] T 17e87d9c95944deebf2c3a49424226c6 P da4ef99bafd54b0d90f8dea686a39156: Time spent bootstrapping tablet: real 0.068s	user 0.019s	sys 0.035s
I20260710 11:05:16.344266 15805 tablet_bootstrap.cc:492] T 2c0371e93d594a11a9405113d3b77eaf P 044dbc8f475c453e924608c399554059: Bootstrap starting.
I20260710 11:05:16.344430 15807 tablet_bootstrap.cc:654] T 51c71036a5664b2e9a5c1c4345639ead P e7d4b6e6796b45cfab801c68a5a722ff: Neither blocks nor log segments found. Creating new log.
I20260710 11:05:16.344902 15804 raft_consensus.cc:359] T 17e87d9c95944deebf2c3a49424226c6 P da4ef99bafd54b0d90f8dea686a39156 [term 0 FOLLOWER]: Replica starting. Triggering 0 pending ops. Active config: opid_index: -1 OBSOLETE_local: false peers { permanent_uuid: "044dbc8f475c453e924608c399554059" member_type: VOTER last_known_addr { host: "127.15.29.131" port: 40463 } } peers { permanent_uuid: "e7d4b6e6796b45cfab801c68a5a722ff" member_type: VOTER last_known_addr { host: "127.15.29.130" port: 33493 } } peers { permanent_uuid: "da4ef99bafd54b0d90f8dea686a39156" member_type: VOTER last_known_addr { host: "127.15.29.129" port: 35239 } }
I20260710 11:05:16.353355 15804 raft_consensus.cc:385] T 17e87d9c95944deebf2c3a49424226c6 P da4ef99bafd54b0d90f8dea686a39156 [term 0 FOLLOWER]: Consensus starting up: Expiring failure detector timer to make a prompt election more likely
I20260710 11:05:16.353655 15804 raft_consensus.cc:740] T 17e87d9c95944deebf2c3a49424226c6 P da4ef99bafd54b0d90f8dea686a39156 [term 0 FOLLOWER]: Becoming Follower/Learner. State: Replica: da4ef99bafd54b0d90f8dea686a39156, State: Initialized, Role: FOLLOWER
I20260710 11:05:16.350405 15805 tablet_bootstrap.cc:654] T 2c0371e93d594a11a9405113d3b77eaf P 044dbc8f475c453e924608c399554059: Neither blocks nor log segments found. Creating new log.
I20260710 11:05:16.354374 15804 consensus_queue.cc:260] T 17e87d9c95944deebf2c3a49424226c6 P da4ef99bafd54b0d90f8dea686a39156 [NON_LEADER]: Queue going to NON_LEADER mode. State: All replicated index: 0, Majority replicated index: 0, Committed index: 0, Last appended: 0.0, Last appended by leader: 0, Current term: 0, Majority size: -1, State: 0, Mode: NON_LEADER, active raft config: opid_index: -1 OBSOLETE_local: false peers { permanent_uuid: "044dbc8f475c453e924608c399554059" member_type: VOTER last_known_addr { host: "127.15.29.131" port: 40463 } } peers { permanent_uuid: "e7d4b6e6796b45cfab801c68a5a722ff" member_type: VOTER last_known_addr { host: "127.15.29.130" port: 33493 } } peers { permanent_uuid: "da4ef99bafd54b0d90f8dea686a39156" member_type: VOTER last_known_addr { host: "127.15.29.129" port: 35239 } }
I20260710 11:05:16.359616 15804 ts_tablet_manager.cc:1434] T 17e87d9c95944deebf2c3a49424226c6 P da4ef99bafd54b0d90f8dea686a39156: Time spent starting tablet: real 0.017s	user 0.004s	sys 0.003s
I20260710 11:05:16.360176 15805 tablet_bootstrap.cc:492] T 2c0371e93d594a11a9405113d3b77eaf P 044dbc8f475c453e924608c399554059: No bootstrap required, opened a new log
I20260710 11:05:16.360420 15804 tablet_bootstrap.cc:492] T 677d56b7baa04c189eccc9d52e2d8a39 P da4ef99bafd54b0d90f8dea686a39156: Bootstrap starting.
I20260710 11:05:16.360694 15805 ts_tablet_manager.cc:1403] T 2c0371e93d594a11a9405113d3b77eaf P 044dbc8f475c453e924608c399554059: Time spent bootstrapping tablet: real 0.017s	user 0.008s	sys 0.003s
I20260710 11:05:16.363430 15805 raft_consensus.cc:359] T 2c0371e93d594a11a9405113d3b77eaf P 044dbc8f475c453e924608c399554059 [term 0 FOLLOWER]: Replica starting. Triggering 0 pending ops. Active config: opid_index: -1 OBSOLETE_local: false peers { permanent_uuid: "da4ef99bafd54b0d90f8dea686a39156" member_type: VOTER last_known_addr { host: "127.15.29.129" port: 35239 } } peers { permanent_uuid: "e7d4b6e6796b45cfab801c68a5a722ff" member_type: VOTER last_known_addr { host: "127.15.29.130" port: 33493 } } peers { permanent_uuid: "044dbc8f475c453e924608c399554059" member_type: VOTER last_known_addr { host: "127.15.29.131" port: 40463 } }
I20260710 11:05:16.364131 15805 raft_consensus.cc:385] T 2c0371e93d594a11a9405113d3b77eaf P 044dbc8f475c453e924608c399554059 [term 0 FOLLOWER]: Consensus starting up: Expiring failure detector timer to make a prompt election more likely
I20260710 11:05:16.364470 15805 raft_consensus.cc:740] T 2c0371e93d594a11a9405113d3b77eaf P 044dbc8f475c453e924608c399554059 [term 0 FOLLOWER]: Becoming Follower/Learner. State: Replica: 044dbc8f475c453e924608c399554059, State: Initialized, Role: FOLLOWER
I20260710 11:05:16.365159 15805 consensus_queue.cc:260] T 2c0371e93d594a11a9405113d3b77eaf P 044dbc8f475c453e924608c399554059 [NON_LEADER]: Queue going to NON_LEADER mode. State: All replicated index: 0, Majority replicated index: 0, Committed index: 0, Last appended: 0.0, Last appended by leader: 0, Current term: 0, Majority size: -1, State: 0, Mode: NON_LEADER, active raft config: opid_index: -1 OBSOLETE_local: false peers { permanent_uuid: "da4ef99bafd54b0d90f8dea686a39156" member_type: VOTER last_known_addr { host: "127.15.29.129" port: 35239 } } peers { permanent_uuid: "e7d4b6e6796b45cfab801c68a5a722ff" member_type: VOTER last_known_addr { host: "127.15.29.130" port: 33493 } } peers { permanent_uuid: "044dbc8f475c453e924608c399554059" member_type: VOTER last_known_addr { host: "127.15.29.131" port: 40463 } }
I20260710 11:05:16.367261 15805 ts_tablet_manager.cc:1434] T 2c0371e93d594a11a9405113d3b77eaf P 044dbc8f475c453e924608c399554059: Time spent starting tablet: real 0.006s	user 0.001s	sys 0.005s
I20260710 11:05:16.368160 15805 tablet_bootstrap.cc:492] T 3f1d000badb6476a8601de3522e3602f P 044dbc8f475c453e924608c399554059: Bootstrap starting.
I20260710 11:05:16.374468 15805 tablet_bootstrap.cc:654] T 3f1d000badb6476a8601de3522e3602f P 044dbc8f475c453e924608c399554059: Neither blocks nor log segments found. Creating new log.
I20260710 11:05:16.374688 15804 tablet_bootstrap.cc:654] T 677d56b7baa04c189eccc9d52e2d8a39 P da4ef99bafd54b0d90f8dea686a39156: Neither blocks nor log segments found. Creating new log.
I20260710 11:05:16.377722 15811 raft_consensus.cc:493] T 51c71036a5664b2e9a5c1c4345639ead P 044dbc8f475c453e924608c399554059 [term 0 FOLLOWER]: Starting pre-election (no leader contacted us within the election timeout)
I20260710 11:05:16.378197 15811 raft_consensus.cc:515] T 51c71036a5664b2e9a5c1c4345639ead P 044dbc8f475c453e924608c399554059 [term 0 FOLLOWER]: Starting pre-election with config: opid_index: -1 OBSOLETE_local: false peers { permanent_uuid: "da4ef99bafd54b0d90f8dea686a39156" member_type: VOTER last_known_addr { host: "127.15.29.129" port: 35239 } } peers { permanent_uuid: "e7d4b6e6796b45cfab801c68a5a722ff" member_type: VOTER last_known_addr { host: "127.15.29.130" port: 33493 } } peers { permanent_uuid: "044dbc8f475c453e924608c399554059" member_type: VOTER last_known_addr { host: "127.15.29.131" port: 40463 } }
I20260710 11:05:16.385294 15808 raft_consensus.cc:493] T 4c380a64bf8f4e089dbb7a45ca952b35 P da4ef99bafd54b0d90f8dea686a39156 [term 0 FOLLOWER]: Starting pre-election (no leader contacted us within the election timeout)
I20260710 11:05:16.385691 15808 raft_consensus.cc:515] T 4c380a64bf8f4e089dbb7a45ca952b35 P da4ef99bafd54b0d90f8dea686a39156 [term 0 FOLLOWER]: Starting pre-election with config: opid_index: -1 OBSOLETE_local: false peers { permanent_uuid: "da4ef99bafd54b0d90f8dea686a39156" member_type: VOTER last_known_addr { host: "127.15.29.129" port: 35239 } } peers { permanent_uuid: "e7d4b6e6796b45cfab801c68a5a722ff" member_type: VOTER last_known_addr { host: "127.15.29.130" port: 33493 } } peers { permanent_uuid: "044dbc8f475c453e924608c399554059" member_type: VOTER last_known_addr { host: "127.15.29.131" port: 40463 } }
I20260710 11:05:16.388126 15808 leader_election.cc:290] T 4c380a64bf8f4e089dbb7a45ca952b35 P da4ef99bafd54b0d90f8dea686a39156 [CANDIDATE]: Term 1 pre-election: Requested pre-vote from peers e7d4b6e6796b45cfab801c68a5a722ff (127.15.29.130:33493), 044dbc8f475c453e924608c399554059 (127.15.29.131:40463)
I20260710 11:05:16.390774 15804 tablet_bootstrap.cc:492] T 677d56b7baa04c189eccc9d52e2d8a39 P da4ef99bafd54b0d90f8dea686a39156: No bootstrap required, opened a new log
I20260710 11:05:16.391219 15804 ts_tablet_manager.cc:1403] T 677d56b7baa04c189eccc9d52e2d8a39 P da4ef99bafd54b0d90f8dea686a39156: Time spent bootstrapping tablet: real 0.031s	user 0.005s	sys 0.011s
I20260710 11:05:16.391682 15811 leader_election.cc:290] T 51c71036a5664b2e9a5c1c4345639ead P 044dbc8f475c453e924608c399554059 [CANDIDATE]: Term 1 pre-election: Requested pre-vote from peers da4ef99bafd54b0d90f8dea686a39156 (127.15.29.129:35239), e7d4b6e6796b45cfab801c68a5a722ff (127.15.29.130:33493)
I20260710 11:05:16.394284 15804 raft_consensus.cc:359] T 677d56b7baa04c189eccc9d52e2d8a39 P da4ef99bafd54b0d90f8dea686a39156 [term 0 FOLLOWER]: Replica starting. Triggering 0 pending ops. Active config: opid_index: -1 OBSOLETE_local: false peers { permanent_uuid: "da4ef99bafd54b0d90f8dea686a39156" member_type: VOTER last_known_addr { host: "127.15.29.129" port: 35239 } } peers { permanent_uuid: "e7d4b6e6796b45cfab801c68a5a722ff" member_type: VOTER last_known_addr { host: "127.15.29.130" port: 33493 } } peers { permanent_uuid: "044dbc8f475c453e924608c399554059" member_type: VOTER last_known_addr { host: "127.15.29.131" port: 40463 } }
I20260710 11:05:16.395066 15804 raft_consensus.cc:385] T 677d56b7baa04c189eccc9d52e2d8a39 P da4ef99bafd54b0d90f8dea686a39156 [term 0 FOLLOWER]: Consensus starting up: Expiring failure detector timer to make a prompt election more likely
I20260710 11:05:16.395346 15804 raft_consensus.cc:740] T 677d56b7baa04c189eccc9d52e2d8a39 P da4ef99bafd54b0d90f8dea686a39156 [term 0 FOLLOWER]: Becoming Follower/Learner. State: Replica: da4ef99bafd54b0d90f8dea686a39156, State: Initialized, Role: FOLLOWER
I20260710 11:05:16.395996 15804 consensus_queue.cc:260] T 677d56b7baa04c189eccc9d52e2d8a39 P da4ef99bafd54b0d90f8dea686a39156 [NON_LEADER]: Queue going to NON_LEADER mode. State: All replicated index: 0, Majority replicated index: 0, Committed index: 0, Last appended: 0.0, Last appended by leader: 0, Current term: 0, Majority size: -1, State: 0, Mode: NON_LEADER, active raft config: opid_index: -1 OBSOLETE_local: false peers { permanent_uuid: "da4ef99bafd54b0d90f8dea686a39156" member_type: VOTER last_known_addr { host: "127.15.29.129" port: 35239 } } peers { permanent_uuid: "e7d4b6e6796b45cfab801c68a5a722ff" member_type: VOTER last_known_addr { host: "127.15.29.130" port: 33493 } } peers { permanent_uuid: "044dbc8f475c453e924608c399554059" member_type: VOTER last_known_addr { host: "127.15.29.131" port: 40463 } }
I20260710 11:05:16.399308 15812 raft_consensus.cc:493] T 2c0371e93d594a11a9405113d3b77eaf P e7d4b6e6796b45cfab801c68a5a722ff [term 0 FOLLOWER]: Starting pre-election (no leader contacted us within the election timeout)
I20260710 11:05:16.399767 15812 raft_consensus.cc:515] T 2c0371e93d594a11a9405113d3b77eaf P e7d4b6e6796b45cfab801c68a5a722ff [term 0 FOLLOWER]: Starting pre-election with config: opid_index: -1 OBSOLETE_local: false peers { permanent_uuid: "da4ef99bafd54b0d90f8dea686a39156" member_type: VOTER last_known_addr { host: "127.15.29.129" port: 35239 } } peers { permanent_uuid: "e7d4b6e6796b45cfab801c68a5a722ff" member_type: VOTER last_known_addr { host: "127.15.29.130" port: 33493 } } peers { permanent_uuid: "044dbc8f475c453e924608c399554059" member_type: VOTER last_known_addr { host: "127.15.29.131" port: 40463 } }
I20260710 11:05:16.401181 15804 ts_tablet_manager.cc:1434] T 677d56b7baa04c189eccc9d52e2d8a39 P da4ef99bafd54b0d90f8dea686a39156: Time spent starting tablet: real 0.010s	user 0.004s	sys 0.002s
I20260710 11:05:16.402173 15812 leader_election.cc:290] T 2c0371e93d594a11a9405113d3b77eaf P e7d4b6e6796b45cfab801c68a5a722ff [CANDIDATE]: Term 1 pre-election: Requested pre-vote from peers da4ef99bafd54b0d90f8dea686a39156 (127.15.29.129:35239), 044dbc8f475c453e924608c399554059 (127.15.29.131:40463)
I20260710 11:05:16.404021 15807 tablet_bootstrap.cc:492] T 51c71036a5664b2e9a5c1c4345639ead P e7d4b6e6796b45cfab801c68a5a722ff: No bootstrap required, opened a new log
I20260710 11:05:16.404518 15807 ts_tablet_manager.cc:1403] T 51c71036a5664b2e9a5c1c4345639ead P e7d4b6e6796b45cfab801c68a5a722ff: Time spent bootstrapping tablet: real 0.075s	user 0.015s	sys 0.003s
I20260710 11:05:16.407259 15807 raft_consensus.cc:359] T 51c71036a5664b2e9a5c1c4345639ead P e7d4b6e6796b45cfab801c68a5a722ff [term 0 FOLLOWER]: Replica starting. Triggering 0 pending ops. Active config: opid_index: -1 OBSOLETE_local: false peers { permanent_uuid: "da4ef99bafd54b0d90f8dea686a39156" member_type: VOTER last_known_addr { host: "127.15.29.129" port: 35239 } } peers { permanent_uuid: "e7d4b6e6796b45cfab801c68a5a722ff" member_type: VOTER last_known_addr { host: "127.15.29.130" port: 33493 } } peers { permanent_uuid: "044dbc8f475c453e924608c399554059" member_type: VOTER last_known_addr { host: "127.15.29.131" port: 40463 } }
I20260710 11:05:16.407944 15807 raft_consensus.cc:385] T 51c71036a5664b2e9a5c1c4345639ead P e7d4b6e6796b45cfab801c68a5a722ff [term 0 FOLLOWER]: Consensus starting up: Expiring failure detector timer to make a prompt election more likely
I20260710 11:05:16.408275 15807 raft_consensus.cc:740] T 51c71036a5664b2e9a5c1c4345639ead P e7d4b6e6796b45cfab801c68a5a722ff [term 0 FOLLOWER]: Becoming Follower/Learner. State: Replica: e7d4b6e6796b45cfab801c68a5a722ff, State: Initialized, Role: FOLLOWER
I20260710 11:05:16.408964 15807 consensus_queue.cc:260] T 51c71036a5664b2e9a5c1c4345639ead P e7d4b6e6796b45cfab801c68a5a722ff [NON_LEADER]: Queue going to NON_LEADER mode. State: All replicated index: 0, Majority replicated index: 0, Committed index: 0, Last appended: 0.0, Last appended by leader: 0, Current term: 0, Majority size: -1, State: 0, Mode: NON_LEADER, active raft config: opid_index: -1 OBSOLETE_local: false peers { permanent_uuid: "da4ef99bafd54b0d90f8dea686a39156" member_type: VOTER last_known_addr { host: "127.15.29.129" port: 35239 } } peers { permanent_uuid: "e7d4b6e6796b45cfab801c68a5a722ff" member_type: VOTER last_known_addr { host: "127.15.29.130" port: 33493 } } peers { permanent_uuid: "044dbc8f475c453e924608c399554059" member_type: VOTER last_known_addr { host: "127.15.29.131" port: 40463 } }
I20260710 11:05:16.412564 15807 ts_tablet_manager.cc:1434] T 51c71036a5664b2e9a5c1c4345639ead P e7d4b6e6796b45cfab801c68a5a722ff: Time spent starting tablet: real 0.008s	user 0.005s	sys 0.000s
I20260710 11:05:16.413451 15807 tablet_bootstrap.cc:492] T 95bf4463ae4045a9a7f04393115d1ae2 P e7d4b6e6796b45cfab801c68a5a722ff: Bootstrap starting.
I20260710 11:05:16.402057 15804 tablet_bootstrap.cc:492] T 7303ea3e3db2483b96ca817f89297637 P da4ef99bafd54b0d90f8dea686a39156: Bootstrap starting.
I20260710 11:05:16.435909 15805 tablet_bootstrap.cc:492] T 3f1d000badb6476a8601de3522e3602f P 044dbc8f475c453e924608c399554059: No bootstrap required, opened a new log
I20260710 11:05:16.436481 15805 ts_tablet_manager.cc:1403] T 3f1d000badb6476a8601de3522e3602f P 044dbc8f475c453e924608c399554059: Time spent bootstrapping tablet: real 0.068s	user 0.022s	sys 0.010s
I20260710 11:05:16.439245 15805 raft_consensus.cc:359] T 3f1d000badb6476a8601de3522e3602f P 044dbc8f475c453e924608c399554059 [term 0 FOLLOWER]: Replica starting. Triggering 0 pending ops. Active config: opid_index: -1 OBSOLETE_local: false peers { permanent_uuid: "da4ef99bafd54b0d90f8dea686a39156" member_type: VOTER last_known_addr { host: "127.15.29.129" port: 35239 } } peers { permanent_uuid: "e7d4b6e6796b45cfab801c68a5a722ff" member_type: VOTER last_known_addr { host: "127.15.29.130" port: 33493 } } peers { permanent_uuid: "044dbc8f475c453e924608c399554059" member_type: VOTER last_known_addr { host: "127.15.29.131" port: 40463 } }
I20260710 11:05:16.439910 15805 raft_consensus.cc:385] T 3f1d000badb6476a8601de3522e3602f P 044dbc8f475c453e924608c399554059 [term 0 FOLLOWER]: Consensus starting up: Expiring failure detector timer to make a prompt election more likely
I20260710 11:05:16.440172 15805 raft_consensus.cc:740] T 3f1d000badb6476a8601de3522e3602f P 044dbc8f475c453e924608c399554059 [term 0 FOLLOWER]: Becoming Follower/Learner. State: Replica: 044dbc8f475c453e924608c399554059, State: Initialized, Role: FOLLOWER
I20260710 11:05:16.447407 15805 consensus_queue.cc:260] T 3f1d000badb6476a8601de3522e3602f P 044dbc8f475c453e924608c399554059 [NON_LEADER]: Queue going to NON_LEADER mode. State: All replicated index: 0, Majority replicated index: 0, Committed index: 0, Last appended: 0.0, Last appended by leader: 0, Current term: 0, Majority size: -1, State: 0, Mode: NON_LEADER, active raft config: opid_index: -1 OBSOLETE_local: false peers { permanent_uuid: "da4ef99bafd54b0d90f8dea686a39156" member_type: VOTER last_known_addr { host: "127.15.29.129" port: 35239 } } peers { permanent_uuid: "e7d4b6e6796b45cfab801c68a5a722ff" member_type: VOTER last_known_addr { host: "127.15.29.130" port: 33493 } } peers { permanent_uuid: "044dbc8f475c453e924608c399554059" member_type: VOTER last_known_addr { host: "127.15.29.131" port: 40463 } }
I20260710 11:05:16.451025 15805 ts_tablet_manager.cc:1434] T 3f1d000badb6476a8601de3522e3602f P 044dbc8f475c453e924608c399554059: Time spent starting tablet: real 0.014s	user 0.004s	sys 0.002s
I20260710 11:05:16.452627 15807 tablet_bootstrap.cc:654] T 95bf4463ae4045a9a7f04393115d1ae2 P e7d4b6e6796b45cfab801c68a5a722ff: Neither blocks nor log segments found. Creating new log.
I20260710 11:05:16.454862 15804 tablet_bootstrap.cc:654] T 7303ea3e3db2483b96ca817f89297637 P da4ef99bafd54b0d90f8dea686a39156: Neither blocks nor log segments found. Creating new log.
I20260710 11:05:16.456208 15805 tablet_bootstrap.cc:492] T 95bf4463ae4045a9a7f04393115d1ae2 P 044dbc8f475c453e924608c399554059: Bootstrap starting.
I20260710 11:05:16.463044 15811 raft_consensus.cc:493] T 17e87d9c95944deebf2c3a49424226c6 P 044dbc8f475c453e924608c399554059 [term 0 FOLLOWER]: Starting pre-election (no leader contacted us within the election timeout)
I20260710 11:05:16.464469 15811 raft_consensus.cc:515] T 17e87d9c95944deebf2c3a49424226c6 P 044dbc8f475c453e924608c399554059 [term 0 FOLLOWER]: Starting pre-election with config: opid_index: -1 OBSOLETE_local: false peers { permanent_uuid: "044dbc8f475c453e924608c399554059" member_type: VOTER last_known_addr { host: "127.15.29.131" port: 40463 } } peers { permanent_uuid: "e7d4b6e6796b45cfab801c68a5a722ff" member_type: VOTER last_known_addr { host: "127.15.29.130" port: 33493 } } peers { permanent_uuid: "da4ef99bafd54b0d90f8dea686a39156" member_type: VOTER last_known_addr { host: "127.15.29.129" port: 35239 } }
I20260710 11:05:16.466897 15811 leader_election.cc:290] T 17e87d9c95944deebf2c3a49424226c6 P 044dbc8f475c453e924608c399554059 [CANDIDATE]: Term 1 pre-election: Requested pre-vote from peers e7d4b6e6796b45cfab801c68a5a722ff (127.15.29.130:33493), da4ef99bafd54b0d90f8dea686a39156 (127.15.29.129:35239)
I20260710 11:05:16.491760 15804 tablet_bootstrap.cc:492] T 7303ea3e3db2483b96ca817f89297637 P da4ef99bafd54b0d90f8dea686a39156: No bootstrap required, opened a new log
I20260710 11:05:16.493016 15804 ts_tablet_manager.cc:1403] T 7303ea3e3db2483b96ca817f89297637 P da4ef99bafd54b0d90f8dea686a39156: Time spent bootstrapping tablet: real 0.091s	user 0.012s	sys 0.013s
I20260710 11:05:16.494357 15808 raft_consensus.cc:493] T 17e87d9c95944deebf2c3a49424226c6 P da4ef99bafd54b0d90f8dea686a39156 [term 0 FOLLOWER]: Starting pre-election (no leader contacted us within the election timeout)
I20260710 11:05:16.496088 15808 raft_consensus.cc:515] T 17e87d9c95944deebf2c3a49424226c6 P da4ef99bafd54b0d90f8dea686a39156 [term 0 FOLLOWER]: Starting pre-election with config: opid_index: -1 OBSOLETE_local: false peers { permanent_uuid: "044dbc8f475c453e924608c399554059" member_type: VOTER last_known_addr { host: "127.15.29.131" port: 40463 } } peers { permanent_uuid: "e7d4b6e6796b45cfab801c68a5a722ff" member_type: VOTER last_known_addr { host: "127.15.29.130" port: 33493 } } peers { permanent_uuid: "da4ef99bafd54b0d90f8dea686a39156" member_type: VOTER last_known_addr { host: "127.15.29.129" port: 35239 } }
I20260710 11:05:16.503077 15688 tablet_service.cc:1917] Received RequestConsensusVote() RPC: tablet_id: "4c380a64bf8f4e089dbb7a45ca952b35" candidate_uuid: "da4ef99bafd54b0d90f8dea686a39156" candidate_term: 1 candidate_status { last_received { term: 0 index: 0 } } ignore_live_leader: false dest_uuid: "e7d4b6e6796b45cfab801c68a5a722ff" is_pre_election: true
I20260710 11:05:16.505656 15804 raft_consensus.cc:359] T 7303ea3e3db2483b96ca817f89297637 P da4ef99bafd54b0d90f8dea686a39156 [term 0 FOLLOWER]: Replica starting. Triggering 0 pending ops. Active config: opid_index: -1 OBSOLETE_local: false peers { permanent_uuid: "da4ef99bafd54b0d90f8dea686a39156" member_type: VOTER last_known_addr { host: "127.15.29.129" port: 35239 } } peers { permanent_uuid: "e7d4b6e6796b45cfab801c68a5a722ff" member_type: VOTER last_known_addr { host: "127.15.29.130" port: 33493 } } peers { permanent_uuid: "044dbc8f475c453e924608c399554059" member_type: VOTER last_known_addr { host: "127.15.29.131" port: 40463 } }
I20260710 11:05:16.506654 15804 raft_consensus.cc:385] T 7303ea3e3db2483b96ca817f89297637 P da4ef99bafd54b0d90f8dea686a39156 [term 0 FOLLOWER]: Consensus starting up: Expiring failure detector timer to make a prompt election more likely
I20260710 11:05:16.506925 15804 raft_consensus.cc:740] T 7303ea3e3db2483b96ca817f89297637 P da4ef99bafd54b0d90f8dea686a39156 [term 0 FOLLOWER]: Becoming Follower/Learner. State: Replica: da4ef99bafd54b0d90f8dea686a39156, State: Initialized, Role: FOLLOWER
I20260710 11:05:16.507682 15804 consensus_queue.cc:260] T 7303ea3e3db2483b96ca817f89297637 P da4ef99bafd54b0d90f8dea686a39156 [NON_LEADER]: Queue going to NON_LEADER mode. State: All replicated index: 0, Majority replicated index: 0, Committed index: 0, Last appended: 0.0, Last appended by leader: 0, Current term: 0, Majority size: -1, State: 0, Mode: NON_LEADER, active raft config: opid_index: -1 OBSOLETE_local: false peers { permanent_uuid: "da4ef99bafd54b0d90f8dea686a39156" member_type: VOTER last_known_addr { host: "127.15.29.129" port: 35239 } } peers { permanent_uuid: "e7d4b6e6796b45cfab801c68a5a722ff" member_type: VOTER last_known_addr { host: "127.15.29.130" port: 33493 } } peers { permanent_uuid: "044dbc8f475c453e924608c399554059" member_type: VOTER last_known_addr { host: "127.15.29.131" port: 40463 } }
I20260710 11:05:16.508808 15808 leader_election.cc:290] T 17e87d9c95944deebf2c3a49424226c6 P da4ef99bafd54b0d90f8dea686a39156 [CANDIDATE]: Term 1 pre-election: Requested pre-vote from peers 044dbc8f475c453e924608c399554059 (127.15.29.131:40463), e7d4b6e6796b45cfab801c68a5a722ff (127.15.29.130:33493)
I20260710 11:05:16.514659 15688 tablet_service.cc:1917] Received RequestConsensusVote() RPC: tablet_id: "51c71036a5664b2e9a5c1c4345639ead" candidate_uuid: "044dbc8f475c453e924608c399554059" candidate_term: 1 candidate_status { last_received { term: 0 index: 0 } } ignore_live_leader: false dest_uuid: "e7d4b6e6796b45cfab801c68a5a722ff" is_pre_election: true
I20260710 11:05:16.517179 15762 tablet_service.cc:1917] Received RequestConsensusVote() RPC: tablet_id: "2c0371e93d594a11a9405113d3b77eaf" candidate_uuid: "e7d4b6e6796b45cfab801c68a5a722ff" candidate_term: 1 candidate_status { last_received { term: 0 index: 0 } } ignore_live_leader: false dest_uuid: "044dbc8f475c453e924608c399554059" is_pre_election: true
I20260710 11:05:16.520047 15807 tablet_bootstrap.cc:492] T 95bf4463ae4045a9a7f04393115d1ae2 P e7d4b6e6796b45cfab801c68a5a722ff: No bootstrap required, opened a new log
I20260710 11:05:16.518113 15687 tablet_service.cc:1917] Received RequestConsensusVote() RPC: tablet_id: "17e87d9c95944deebf2c3a49424226c6" candidate_uuid: "044dbc8f475c453e924608c399554059" candidate_term: 1 candidate_status { last_received { term: 0 index: 0 } } ignore_live_leader: false dest_uuid: "e7d4b6e6796b45cfab801c68a5a722ff" is_pre_election: true
I20260710 11:05:16.520768 15807 ts_tablet_manager.cc:1403] T 95bf4463ae4045a9a7f04393115d1ae2 P e7d4b6e6796b45cfab801c68a5a722ff: Time spent bootstrapping tablet: real 0.108s	user 0.016s	sys 0.005s
I20260710 11:05:16.522037 15804 ts_tablet_manager.cc:1434] T 7303ea3e3db2483b96ca817f89297637 P da4ef99bafd54b0d90f8dea686a39156: Time spent starting tablet: real 0.029s	user 0.008s	sys 0.005s
I20260710 11:05:16.519080 15762 raft_consensus.cc:2468] T 2c0371e93d594a11a9405113d3b77eaf P 044dbc8f475c453e924608c399554059 [term 0 FOLLOWER]: Leader pre-election vote request: Granting yes vote for candidate e7d4b6e6796b45cfab801c68a5a722ff in term 0.
I20260710 11:05:16.524083 15804 tablet_bootstrap.cc:492] T e4f6e1281c934ae1b9b9853a26e42331 P da4ef99bafd54b0d90f8dea686a39156: Bootstrap starting.
I20260710 11:05:16.520293 15688 raft_consensus.cc:2468] T 51c71036a5664b2e9a5c1c4345639ead P e7d4b6e6796b45cfab801c68a5a722ff [term 0 FOLLOWER]: Leader pre-election vote request: Granting yes vote for candidate 044dbc8f475c453e924608c399554059 in term 0.
I20260710 11:05:16.525390 15613 tablet_service.cc:1917] Received RequestConsensusVote() RPC: tablet_id: "2c0371e93d594a11a9405113d3b77eaf" candidate_uuid: "e7d4b6e6796b45cfab801c68a5a722ff" candidate_term: 1 candidate_status { last_received { term: 0 index: 0 } } ignore_live_leader: false dest_uuid: "da4ef99bafd54b0d90f8dea686a39156" is_pre_election: true
W20260710 11:05:16.526264 15727 leader_election.cc:343] T 17e87d9c95944deebf2c3a49424226c6 P 044dbc8f475c453e924608c399554059 [CANDIDATE]: Term 1 pre-election: Tablet error from VoteRequest() call to peer e7d4b6e6796b45cfab801c68a5a722ff (127.15.29.130:33493): Illegal state: must be running to vote when last-logged opid is not known
I20260710 11:05:16.526911 15653 leader_election.cc:304] T 2c0371e93d594a11a9405113d3b77eaf P e7d4b6e6796b45cfab801c68a5a722ff [CANDIDATE]: Term 1 pre-election: Election decided. Result: candidate won. Election summary: received 2 responses out of 3 voters: 2 yes votes; 0 no votes. yes voters: 044dbc8f475c453e924608c399554059, e7d4b6e6796b45cfab801c68a5a722ff; no voters: 
I20260710 11:05:16.528066 15812 raft_consensus.cc:2804] T 2c0371e93d594a11a9405113d3b77eaf P e7d4b6e6796b45cfab801c68a5a722ff [term 0 FOLLOWER]: Leader pre-election won for term 1
I20260710 11:05:16.528394 15812 raft_consensus.cc:493] T 2c0371e93d594a11a9405113d3b77eaf P e7d4b6e6796b45cfab801c68a5a722ff [term 0 FOLLOWER]: Starting leader election (no leader contacted us within the election timeout)
I20260710 11:05:16.528717 15812 raft_consensus.cc:3060] T 2c0371e93d594a11a9405113d3b77eaf P e7d4b6e6796b45cfab801c68a5a722ff [term 0 FOLLOWER]: Advancing to term 1
I20260710 11:05:16.529831 15727 leader_election.cc:304] T 51c71036a5664b2e9a5c1c4345639ead P 044dbc8f475c453e924608c399554059 [CANDIDATE]: Term 1 pre-election: Election decided. Result: candidate won. Election summary: received 2 responses out of 3 voters: 2 yes votes; 0 no votes. yes voters: 044dbc8f475c453e924608c399554059, e7d4b6e6796b45cfab801c68a5a722ff; no voters: 
I20260710 11:05:16.529052 15807 raft_consensus.cc:359] T 95bf4463ae4045a9a7f04393115d1ae2 P e7d4b6e6796b45cfab801c68a5a722ff [term 0 FOLLOWER]: Replica starting. Triggering 0 pending ops. Active config: opid_index: -1 OBSOLETE_local: false peers { permanent_uuid: "da4ef99bafd54b0d90f8dea686a39156" member_type: VOTER last_known_addr { host: "127.15.29.129" port: 35239 } } peers { permanent_uuid: "e7d4b6e6796b45cfab801c68a5a722ff" member_type: VOTER last_known_addr { host: "127.15.29.130" port: 33493 } } peers { permanent_uuid: "044dbc8f475c453e924608c399554059" member_type: VOTER last_known_addr { host: "127.15.29.131" port: 40463 } }
I20260710 11:05:16.531013 15807 raft_consensus.cc:385] T 95bf4463ae4045a9a7f04393115d1ae2 P e7d4b6e6796b45cfab801c68a5a722ff [term 0 FOLLOWER]: Consensus starting up: Expiring failure detector timer to make a prompt election more likely
W20260710 11:05:16.531095 15578 leader_election.cc:343] T 4c380a64bf8f4e089dbb7a45ca952b35 P da4ef99bafd54b0d90f8dea686a39156 [CANDIDATE]: Term 1 pre-election: Tablet error from VoteRequest() call to peer e7d4b6e6796b45cfab801c68a5a722ff (127.15.29.130:33493): Illegal state: must be running to vote when last-logged opid is not known
I20260710 11:05:16.531603 15811 raft_consensus.cc:2804] T 51c71036a5664b2e9a5c1c4345639ead P 044dbc8f475c453e924608c399554059 [term 0 FOLLOWER]: Leader pre-election won for term 1
W20260710 11:05:16.532521 15654 leader_election.cc:343] T 2c0371e93d594a11a9405113d3b77eaf P e7d4b6e6796b45cfab801c68a5a722ff [CANDIDATE]: Term 1 pre-election: Tablet error from VoteRequest() call to peer da4ef99bafd54b0d90f8dea686a39156 (127.15.29.129:35239): Illegal state: must be running to vote when last-logged opid is not known
I20260710 11:05:16.533445 15811 raft_consensus.cc:493] T 51c71036a5664b2e9a5c1c4345639ead P 044dbc8f475c453e924608c399554059 [term 0 FOLLOWER]: Starting leader election (no leader contacted us within the election timeout)
I20260710 11:05:16.533878 15811 raft_consensus.cc:3060] T 51c71036a5664b2e9a5c1c4345639ead P 044dbc8f475c453e924608c399554059 [term 0 FOLLOWER]: Advancing to term 1
I20260710 11:05:16.535267 15613 tablet_service.cc:1917] Received RequestConsensusVote() RPC: tablet_id: "51c71036a5664b2e9a5c1c4345639ead" candidate_uuid: "044dbc8f475c453e924608c399554059" candidate_term: 1 candidate_status { last_received { term: 0 index: 0 } } ignore_live_leader: false dest_uuid: "da4ef99bafd54b0d90f8dea686a39156" is_pre_election: true
I20260710 11:05:16.532056 15807 raft_consensus.cc:740] T 95bf4463ae4045a9a7f04393115d1ae2 P e7d4b6e6796b45cfab801c68a5a722ff [term 0 FOLLOWER]: Becoming Follower/Learner. State: Replica: e7d4b6e6796b45cfab801c68a5a722ff, State: Initialized, Role: FOLLOWER
I20260710 11:05:16.535359 15612 tablet_service.cc:1917] Received RequestConsensusVote() RPC: tablet_id: "17e87d9c95944deebf2c3a49424226c6" candidate_uuid: "044dbc8f475c453e924608c399554059" candidate_term: 1 candidate_status { last_received { term: 0 index: 0 } } ignore_live_leader: false dest_uuid: "da4ef99bafd54b0d90f8dea686a39156" is_pre_election: true
I20260710 11:05:16.536682 15805 tablet_bootstrap.cc:654] T 95bf4463ae4045a9a7f04393115d1ae2 P 044dbc8f475c453e924608c399554059: Neither blocks nor log segments found. Creating new log.
W20260710 11:05:16.538085 15728 leader_election.cc:343] T 51c71036a5664b2e9a5c1c4345639ead P 044dbc8f475c453e924608c399554059 [CANDIDATE]: Term 1 pre-election: Tablet error from VoteRequest() call to peer da4ef99bafd54b0d90f8dea686a39156 (127.15.29.129:35239): Illegal state: must be running to vote when last-logged opid is not known
I20260710 11:05:16.538713 15762 tablet_service.cc:1917] Received RequestConsensusVote() RPC: tablet_id: "4c380a64bf8f4e089dbb7a45ca952b35" candidate_uuid: "da4ef99bafd54b0d90f8dea686a39156" candidate_term: 1 candidate_status { last_received { term: 0 index: 0 } } ignore_live_leader: false dest_uuid: "044dbc8f475c453e924608c399554059" is_pre_election: true
I20260710 11:05:16.537588 15688 tablet_service.cc:1917] Received RequestConsensusVote() RPC: tablet_id: "17e87d9c95944deebf2c3a49424226c6" candidate_uuid: "da4ef99bafd54b0d90f8dea686a39156" candidate_term: 1 candidate_status { last_received { term: 0 index: 0 } } ignore_live_leader: false dest_uuid: "e7d4b6e6796b45cfab801c68a5a722ff" is_pre_election: true
I20260710 11:05:16.538678 15761 tablet_service.cc:1917] Received RequestConsensusVote() RPC: tablet_id: "17e87d9c95944deebf2c3a49424226c6" candidate_uuid: "da4ef99bafd54b0d90f8dea686a39156" candidate_term: 1 candidate_status { last_received { term: 0 index: 0 } } ignore_live_leader: false dest_uuid: "044dbc8f475c453e924608c399554059" is_pre_election: true
I20260710 11:05:16.538318 15807 consensus_queue.cc:260] T 95bf4463ae4045a9a7f04393115d1ae2 P e7d4b6e6796b45cfab801c68a5a722ff [NON_LEADER]: Queue going to NON_LEADER mode. State: All replicated index: 0, Majority replicated index: 0, Committed index: 0, Last appended: 0.0, Last appended by leader: 0, Current term: 0, Majority size: -1, State: 0, Mode: NON_LEADER, active raft config: opid_index: -1 OBSOLETE_local: false peers { permanent_uuid: "da4ef99bafd54b0d90f8dea686a39156" member_type: VOTER last_known_addr { host: "127.15.29.129" port: 35239 } } peers { permanent_uuid: "e7d4b6e6796b45cfab801c68a5a722ff" member_type: VOTER last_known_addr { host: "127.15.29.130" port: 33493 } } peers { permanent_uuid: "044dbc8f475c453e924608c399554059" member_type: VOTER last_known_addr { host: "127.15.29.131" port: 40463 } }
I20260710 11:05:16.540534 15761 raft_consensus.cc:2468] T 17e87d9c95944deebf2c3a49424226c6 P 044dbc8f475c453e924608c399554059 [term 0 FOLLOWER]: Leader pre-election vote request: Granting yes vote for candidate da4ef99bafd54b0d90f8dea686a39156 in term 0.
W20260710 11:05:16.542207 15578 leader_election.cc:343] T 4c380a64bf8f4e089dbb7a45ca952b35 P da4ef99bafd54b0d90f8dea686a39156 [CANDIDATE]: Term 1 pre-election: Tablet error from VoteRequest() call to peer 044dbc8f475c453e924608c399554059 (127.15.29.131:40463): Illegal state: must be running to vote when last-logged opid is not known
I20260710 11:05:16.542665 15578 leader_election.cc:304] T 4c380a64bf8f4e089dbb7a45ca952b35 P da4ef99bafd54b0d90f8dea686a39156 [CANDIDATE]: Term 1 pre-election: Election decided. Result: candidate lost. Election summary: received 3 responses out of 3 voters: 1 yes votes; 2 no votes. yes voters: da4ef99bafd54b0d90f8dea686a39156; no voters: 044dbc8f475c453e924608c399554059, e7d4b6e6796b45cfab801c68a5a722ff
I20260710 11:05:16.543890 15830 raft_consensus.cc:2749] T 4c380a64bf8f4e089dbb7a45ca952b35 P da4ef99bafd54b0d90f8dea686a39156 [term 0 FOLLOWER]: Leader pre-election lost for term 1. Reason: could not achieve majority
W20260710 11:05:16.544238 15578 leader_election.cc:343] T 17e87d9c95944deebf2c3a49424226c6 P da4ef99bafd54b0d90f8dea686a39156 [CANDIDATE]: Term 1 pre-election: Tablet error from VoteRequest() call to peer e7d4b6e6796b45cfab801c68a5a722ff (127.15.29.130:33493): Illegal state: must be running to vote when last-logged opid is not known
I20260710 11:05:16.545109 15578 leader_election.cc:304] T 17e87d9c95944deebf2c3a49424226c6 P da4ef99bafd54b0d90f8dea686a39156 [CANDIDATE]: Term 1 pre-election: Election decided. Result: candidate won. Election summary: received 3 responses out of 3 voters: 2 yes votes; 1 no votes. yes voters: 044dbc8f475c453e924608c399554059, da4ef99bafd54b0d90f8dea686a39156; no voters: e7d4b6e6796b45cfab801c68a5a722ff
I20260710 11:05:16.538698 15612 raft_consensus.cc:2468] T 17e87d9c95944deebf2c3a49424226c6 P da4ef99bafd54b0d90f8dea686a39156 [term 0 FOLLOWER]: Leader pre-election vote request: Granting yes vote for candidate 044dbc8f475c453e924608c399554059 in term 0.
I20260710 11:05:16.547005 15811 raft_consensus.cc:515] T 51c71036a5664b2e9a5c1c4345639ead P 044dbc8f475c453e924608c399554059 [term 1 FOLLOWER]: Starting leader election with config: opid_index: -1 OBSOLETE_local: false peers { permanent_uuid: "da4ef99bafd54b0d90f8dea686a39156" member_type: VOTER last_known_addr { host: "127.15.29.129" port: 35239 } } peers { permanent_uuid: "e7d4b6e6796b45cfab801c68a5a722ff" member_type: VOTER last_known_addr { host: "127.15.29.130" port: 33493 } } peers { permanent_uuid: "044dbc8f475c453e924608c399554059" member_type: VOTER last_known_addr { host: "127.15.29.131" port: 40463 } }
I20260710 11:05:16.547258 15812 raft_consensus.cc:515] T 2c0371e93d594a11a9405113d3b77eaf P e7d4b6e6796b45cfab801c68a5a722ff [term 1 FOLLOWER]: Starting leader election with config: opid_index: -1 OBSOLETE_local: false peers { permanent_uuid: "da4ef99bafd54b0d90f8dea686a39156" member_type: VOTER last_known_addr { host: "127.15.29.129" port: 35239 } } peers { permanent_uuid: "e7d4b6e6796b45cfab801c68a5a722ff" member_type: VOTER last_known_addr { host: "127.15.29.130" port: 33493 } } peers { permanent_uuid: "044dbc8f475c453e924608c399554059" member_type: VOTER last_known_addr { host: "127.15.29.131" port: 40463 } }
I20260710 11:05:16.547947 15728 leader_election.cc:304] T 17e87d9c95944deebf2c3a49424226c6 P 044dbc8f475c453e924608c399554059 [CANDIDATE]: Term 1 pre-election: Election decided. Result: candidate won. Election summary: received 3 responses out of 3 voters: 2 yes votes; 1 no votes. yes voters: 044dbc8f475c453e924608c399554059, da4ef99bafd54b0d90f8dea686a39156; no voters: e7d4b6e6796b45cfab801c68a5a722ff
I20260710 11:05:16.549602 15830 raft_consensus.cc:2804] T 17e87d9c95944deebf2c3a49424226c6 P da4ef99bafd54b0d90f8dea686a39156 [term 0 FOLLOWER]: Leader pre-election won for term 1
I20260710 11:05:16.550225 15830 raft_consensus.cc:493] T 17e87d9c95944deebf2c3a49424226c6 P da4ef99bafd54b0d90f8dea686a39156 [term 0 FOLLOWER]: Starting leader election (no leader contacted us within the election timeout)
I20260710 11:05:16.550537 15830 raft_consensus.cc:3060] T 17e87d9c95944deebf2c3a49424226c6 P da4ef99bafd54b0d90f8dea686a39156 [term 0 FOLLOWER]: Advancing to term 1
I20260710 11:05:16.556193 15761 tablet_service.cc:1917] Received RequestConsensusVote() RPC: tablet_id: "2c0371e93d594a11a9405113d3b77eaf" candidate_uuid: "e7d4b6e6796b45cfab801c68a5a722ff" candidate_term: 1 candidate_status { last_received { term: 0 index: 0 } } ignore_live_leader: false dest_uuid: "044dbc8f475c453e924608c399554059"
I20260710 11:05:16.562106 15761 raft_consensus.cc:3060] T 2c0371e93d594a11a9405113d3b77eaf P 044dbc8f475c453e924608c399554059 [term 0 FOLLOWER]: Advancing to term 1
I20260710 11:05:16.562503 15612 tablet_service.cc:1917] Received RequestConsensusVote() RPC: tablet_id: "2c0371e93d594a11a9405113d3b77eaf" candidate_uuid: "e7d4b6e6796b45cfab801c68a5a722ff" candidate_term: 1 candidate_status { last_received { term: 0 index: 0 } } ignore_live_leader: false dest_uuid: "da4ef99bafd54b0d90f8dea686a39156"
I20260710 11:05:16.563513 15831 raft_consensus.cc:493] T 95bf4463ae4045a9a7f04393115d1ae2 P e7d4b6e6796b45cfab801c68a5a722ff [term 0 FOLLOWER]: Starting pre-election (no leader contacted us within the election timeout)
I20260710 11:05:16.563967 15831 raft_consensus.cc:515] T 95bf4463ae4045a9a7f04393115d1ae2 P e7d4b6e6796b45cfab801c68a5a722ff [term 0 FOLLOWER]: Starting pre-election with config: opid_index: -1 OBSOLETE_local: false peers { permanent_uuid: "da4ef99bafd54b0d90f8dea686a39156" member_type: VOTER last_known_addr { host: "127.15.29.129" port: 35239 } } peers { permanent_uuid: "e7d4b6e6796b45cfab801c68a5a722ff" member_type: VOTER last_known_addr { host: "127.15.29.130" port: 33493 } } peers { permanent_uuid: "044dbc8f475c453e924608c399554059" member_type: VOTER last_known_addr { host: "127.15.29.131" port: 40463 } }
W20260710 11:05:16.564369 15654 leader_election.cc:343] T 2c0371e93d594a11a9405113d3b77eaf P e7d4b6e6796b45cfab801c68a5a722ff [CANDIDATE]: Term 1 election: Tablet error from VoteRequest() call to peer da4ef99bafd54b0d90f8dea686a39156 (127.15.29.129:35239): Illegal state: must be running to vote when last-logged opid is not known
I20260710 11:05:16.564648 15804 tablet_bootstrap.cc:654] T e4f6e1281c934ae1b9b9853a26e42331 P da4ef99bafd54b0d90f8dea686a39156: Neither blocks nor log segments found. Creating new log.
I20260710 11:05:16.562179 15812 leader_election.cc:290] T 2c0371e93d594a11a9405113d3b77eaf P e7d4b6e6796b45cfab801c68a5a722ff [CANDIDATE]: Term 1 election: Requested vote from peers da4ef99bafd54b0d90f8dea686a39156 (127.15.29.129:35239), 044dbc8f475c453e924608c399554059 (127.15.29.131:40463)
I20260710 11:05:16.566529 15807 ts_tablet_manager.cc:1434] T 95bf4463ae4045a9a7f04393115d1ae2 P e7d4b6e6796b45cfab801c68a5a722ff: Time spent starting tablet: real 0.043s	user 0.015s	sys 0.002s
I20260710 11:05:16.569484 15807 tablet_bootstrap.cc:492] T 7303ea3e3db2483b96ca817f89297637 P e7d4b6e6796b45cfab801c68a5a722ff: Bootstrap starting.
I20260710 11:05:16.569484 15612 tablet_service.cc:1917] Received RequestConsensusVote() RPC: tablet_id: "95bf4463ae4045a9a7f04393115d1ae2" candidate_uuid: "e7d4b6e6796b45cfab801c68a5a722ff" candidate_term: 1 candidate_status { last_received { term: 0 index: 0 } } ignore_live_leader: false dest_uuid: "da4ef99bafd54b0d90f8dea686a39156" is_pre_election: true
I20260710 11:05:16.572873 15688 tablet_service.cc:1917] Received RequestConsensusVote() RPC: tablet_id: "51c71036a5664b2e9a5c1c4345639ead" candidate_uuid: "044dbc8f475c453e924608c399554059" candidate_term: 1 candidate_status { last_received { term: 0 index: 0 } } ignore_live_leader: false dest_uuid: "e7d4b6e6796b45cfab801c68a5a722ff"
I20260710 11:05:16.573398 15688 raft_consensus.cc:3060] T 51c71036a5664b2e9a5c1c4345639ead P e7d4b6e6796b45cfab801c68a5a722ff [term 0 FOLLOWER]: Advancing to term 1
W20260710 11:05:16.573809 15654 leader_election.cc:343] T 95bf4463ae4045a9a7f04393115d1ae2 P e7d4b6e6796b45cfab801c68a5a722ff [CANDIDATE]: Term 1 pre-election: Tablet error from VoteRequest() call to peer da4ef99bafd54b0d90f8dea686a39156 (127.15.29.129:35239): Illegal state: must be running to vote when last-logged opid is not known
I20260710 11:05:16.575213 15811 leader_election.cc:290] T 51c71036a5664b2e9a5c1c4345639ead P 044dbc8f475c453e924608c399554059 [CANDIDATE]: Term 1 election: Requested vote from peers da4ef99bafd54b0d90f8dea686a39156 (127.15.29.129:35239), e7d4b6e6796b45cfab801c68a5a722ff (127.15.29.130:33493)
I20260710 11:05:16.575734 15811 raft_consensus.cc:2804] T 17e87d9c95944deebf2c3a49424226c6 P 044dbc8f475c453e924608c399554059 [term 0 FOLLOWER]: Leader pre-election won for term 1
I20260710 11:05:16.576069 15811 raft_consensus.cc:493] T 17e87d9c95944deebf2c3a49424226c6 P 044dbc8f475c453e924608c399554059 [term 0 FOLLOWER]: Starting leader election (no leader contacted us within the election timeout)
I20260710 11:05:16.576387 15811 raft_consensus.cc:3060] T 17e87d9c95944deebf2c3a49424226c6 P 044dbc8f475c453e924608c399554059 [term 0 FOLLOWER]: Advancing to term 1
I20260710 11:05:16.578897 15831 leader_election.cc:290] T 95bf4463ae4045a9a7f04393115d1ae2 P e7d4b6e6796b45cfab801c68a5a722ff [CANDIDATE]: Term 1 pre-election: Requested pre-vote from peers da4ef99bafd54b0d90f8dea686a39156 (127.15.29.129:35239), 044dbc8f475c453e924608c399554059 (127.15.29.131:40463)
I20260710 11:05:16.580103 15762 tablet_service.cc:1917] Received RequestConsensusVote() RPC: tablet_id: "95bf4463ae4045a9a7f04393115d1ae2" candidate_uuid: "e7d4b6e6796b45cfab801c68a5a722ff" candidate_term: 1 candidate_status { last_received { term: 0 index: 0 } } ignore_live_leader: false dest_uuid: "044dbc8f475c453e924608c399554059" is_pre_election: true
W20260710 11:05:16.581754 15653 leader_election.cc:343] T 95bf4463ae4045a9a7f04393115d1ae2 P e7d4b6e6796b45cfab801c68a5a722ff [CANDIDATE]: Term 1 pre-election: Tablet error from VoteRequest() call to peer 044dbc8f475c453e924608c399554059 (127.15.29.131:40463): Illegal state: must be running to vote when last-logged opid is not known
I20260710 11:05:16.582237 15653 leader_election.cc:304] T 95bf4463ae4045a9a7f04393115d1ae2 P e7d4b6e6796b45cfab801c68a5a722ff [CANDIDATE]: Term 1 pre-election: Election decided. Result: candidate lost. Election summary: received 3 responses out of 3 voters: 1 yes votes; 2 no votes. yes voters: e7d4b6e6796b45cfab801c68a5a722ff; no voters: 044dbc8f475c453e924608c399554059, da4ef99bafd54b0d90f8dea686a39156
I20260710 11:05:16.583844 15761 raft_consensus.cc:2468] T 2c0371e93d594a11a9405113d3b77eaf P 044dbc8f475c453e924608c399554059 [term 1 FOLLOWER]: Leader election vote request: Granting yes vote for candidate e7d4b6e6796b45cfab801c68a5a722ff in term 1.
I20260710 11:05:16.590761 15831 raft_consensus.cc:2749] T 95bf4463ae4045a9a7f04393115d1ae2 P e7d4b6e6796b45cfab801c68a5a722ff [term 0 FOLLOWER]: Leader pre-election lost for term 1. Reason: could not achieve majority
I20260710 11:05:16.584134 15688 raft_consensus.cc:2468] T 51c71036a5664b2e9a5c1c4345639ead P e7d4b6e6796b45cfab801c68a5a722ff [term 1 FOLLOWER]: Leader election vote request: Granting yes vote for candidate 044dbc8f475c453e924608c399554059 in term 1.
