I20260710 11:05:16.055900 20464 catalog_manager.cc:5697] T 5c74addb6c614d45b1012c96e992dbbe P 1218eab65aff42ac938e87bbdffd6719 reported cstate change: term changed from 1 to 2, leader changed from 8f5cc4195ff14d9abccefd0a5c47cb81 (127.19.244.130) to 1218eab65aff42ac938e87bbdffd6719 (127.19.244.129). New cstate: current_term: 2 leader_uuid: "1218eab65aff42ac938e87bbdffd6719" committed_config { opid_index: -1 OBSOLETE_local: false peers { permanent_uuid: "1218eab65aff42ac938e87bbdffd6719" member_type: VOTER last_known_addr { host: "127.19.244.129" port: 37423 } health_report { overall_health: HEALTHY } } peers { permanent_uuid: "8f5cc4195ff14d9abccefd0a5c47cb81" member_type: VOTER last_known_addr { host: "127.19.244.130" port: 42985 } health_report { overall_health: UNKNOWN } } peers { permanent_uuid: "d87e227c069642ec9596eedd6aab7317" member_type: VOTER last_known_addr { host: "127.19.244.131" port: 39825 } health_report { overall_health: UNKNOWN } } }
I20260710 11:05:16.061533 20767 raft_consensus.cc:993] T 77f00bd8ef974fb98dbeed85a87e2333 P 1218eab65aff42ac938e87bbdffd6719: : Instructing follower 8f5cc4195ff14d9abccefd0a5c47cb81 to start an election
I20260710 11:05:16.062000 20767 raft_consensus.cc:1081] T 77f00bd8ef974fb98dbeed85a87e2333 P 1218eab65aff42ac938e87bbdffd6719 [term 1 LEADER]: Signalling peer 8f5cc4195ff14d9abccefd0a5c47cb81 to start an election
I20260710 11:05:16.066156 20643 tablet_service.cc:2044] Received Run Leader Election RPC: tablet_id: "77f00bd8ef974fb98dbeed85a87e2333"
dest_uuid: "8f5cc4195ff14d9abccefd0a5c47cb81"
 from {username='slave'} at 127.0.0.1:57486
I20260710 11:05:16.066416 20767 consensus_queue.cc:1048] T 77f00bd8ef974fb98dbeed85a87e2333 P 1218eab65aff42ac938e87bbdffd6719 [LEADER]: Connected to new peer: Peer: permanent_uuid: "d87e227c069642ec9596eedd6aab7317" member_type: VOTER last_known_addr { host: "127.19.244.131" port: 39825 }, Status: LMP_MISMATCH, Last received: 0.0, Next index: 1, Last known committed idx: 0, Time since last communication: 0.000s
I20260710 11:05:16.066792 20643 raft_consensus.cc:493] T 77f00bd8ef974fb98dbeed85a87e2333 P 8f5cc4195ff14d9abccefd0a5c47cb81 [term 1 FOLLOWER]: Starting forced leader election (received explicit request)
I20260710 11:05:16.067260 20643 raft_consensus.cc:3060] T 77f00bd8ef974fb98dbeed85a87e2333 P 8f5cc4195ff14d9abccefd0a5c47cb81 [term 1 FOLLOWER]: Advancing to term 2
I20260710 11:05:16.078372 20643 raft_consensus.cc:515] T 77f00bd8ef974fb98dbeed85a87e2333 P 8f5cc4195ff14d9abccefd0a5c47cb81 [term 2 FOLLOWER]: Starting forced leader election with config: opid_index: -1 OBSOLETE_local: false peers { permanent_uuid: "1218eab65aff42ac938e87bbdffd6719" member_type: VOTER last_known_addr { host: "127.19.244.129" port: 37423 } } peers { permanent_uuid: "8f5cc4195ff14d9abccefd0a5c47cb81" member_type: VOTER last_known_addr { host: "127.19.244.130" port: 42985 } } peers { permanent_uuid: "d87e227c069642ec9596eedd6aab7317" member_type: VOTER last_known_addr { host: "127.19.244.131" port: 39825 } }
I20260710 11:05:16.079429 20644 raft_consensus.cc:1240] T 77f00bd8ef974fb98dbeed85a87e2333 P 8f5cc4195ff14d9abccefd0a5c47cb81 [term 2 FOLLOWER]: Rejecting Update request from peer 1218eab65aff42ac938e87bbdffd6719 for earlier term 1. Current term is 2. Ops: []
I20260710 11:05:16.082520 20786 consensus_queue.cc:1059] T 77f00bd8ef974fb98dbeed85a87e2333 P 1218eab65aff42ac938e87bbdffd6719 [LEADER]: Peer responded invalid term: Peer: permanent_uuid: "8f5cc4195ff14d9abccefd0a5c47cb81" member_type: VOTER last_known_addr { host: "127.19.244.130" port: 42985 }, Status: INVALID_TERM, Last received: 1.1, Next index: 2, Last known committed idx: 0, Time since last communication: 0.000s
I20260710 11:05:16.083047 20643 leader_election.cc:290] T 77f00bd8ef974fb98dbeed85a87e2333 P 8f5cc4195ff14d9abccefd0a5c47cb81 [CANDIDATE]: Term 2 election: Requested vote from peers 1218eab65aff42ac938e87bbdffd6719 (127.19.244.129:37423), d87e227c069642ec9596eedd6aab7317 (127.19.244.131:39825)
I20260710 11:05:16.083374 20786 raft_consensus.cc:3055] T 77f00bd8ef974fb98dbeed85a87e2333 P 1218eab65aff42ac938e87bbdffd6719 [term 1 LEADER]: Stepping down as leader of term 1
I20260710 11:05:16.083729 20786 raft_consensus.cc:740] T 77f00bd8ef974fb98dbeed85a87e2333 P 1218eab65aff42ac938e87bbdffd6719 [term 1 LEADER]: Becoming Follower/Learner. State: Replica: 1218eab65aff42ac938e87bbdffd6719, State: Running, Role: LEADER
I20260710 11:05:16.084641 20569 tablet_service.cc:1917] Received RequestConsensusVote() RPC: tablet_id: "77f00bd8ef974fb98dbeed85a87e2333" candidate_uuid: "8f5cc4195ff14d9abccefd0a5c47cb81" candidate_term: 2 candidate_status { last_received { term: 1 index: 1 } } ignore_live_leader: true dest_uuid: "1218eab65aff42ac938e87bbdffd6719"
I20260710 11:05:16.084491 20786 consensus_queue.cc:260] T 77f00bd8ef974fb98dbeed85a87e2333 P 1218eab65aff42ac938e87bbdffd6719 [NON_LEADER]: Queue going to NON_LEADER mode. State: All replicated index: 0, Majority replicated index: 1, Committed index: 1, Last appended: 1.1, Last appended by leader: 1, Current term: 1, Majority size: -1, State: 0, Mode: NON_LEADER, active raft config: opid_index: -1 OBSOLETE_local: false peers { permanent_uuid: "1218eab65aff42ac938e87bbdffd6719" member_type: VOTER last_known_addr { host: "127.19.244.129" port: 37423 } } peers { permanent_uuid: "8f5cc4195ff14d9abccefd0a5c47cb81" member_type: VOTER last_known_addr { host: "127.19.244.130" port: 42985 } } peers { permanent_uuid: "d87e227c069642ec9596eedd6aab7317" member_type: VOTER last_known_addr { host: "127.19.244.131" port: 39825 } }
I20260710 11:05:16.085758 20786 raft_consensus.cc:3060] T 77f00bd8ef974fb98dbeed85a87e2333 P 1218eab65aff42ac938e87bbdffd6719 [term 1 FOLLOWER]: Advancing to term 2
I20260710 11:05:16.086191 20718 tablet_service.cc:1917] Received RequestConsensusVote() RPC: tablet_id: "77f00bd8ef974fb98dbeed85a87e2333" candidate_uuid: "8f5cc4195ff14d9abccefd0a5c47cb81" candidate_term: 2 candidate_status { last_received { term: 1 index: 1 } } ignore_live_leader: true dest_uuid: "d87e227c069642ec9596eedd6aab7317"
I20260710 11:05:16.086740 20718 raft_consensus.cc:3060] T 77f00bd8ef974fb98dbeed85a87e2333 P d87e227c069642ec9596eedd6aab7317 [term 1 FOLLOWER]: Advancing to term 2
I20260710 11:05:16.093207 20718 raft_consensus.cc:2468] T 77f00bd8ef974fb98dbeed85a87e2333 P d87e227c069642ec9596eedd6aab7317 [term 2 FOLLOWER]: Leader election vote request: Granting yes vote for candidate 8f5cc4195ff14d9abccefd0a5c47cb81 in term 2.
I20260710 11:05:16.094144 20610 leader_election.cc:304] T 77f00bd8ef974fb98dbeed85a87e2333 P 8f5cc4195ff14d9abccefd0a5c47cb81 [CANDIDATE]: Term 2 election: Election decided. Result: candidate won. Election summary: received 2 responses out of 3 voters: 2 yes votes; 0 no votes. yes voters: 8f5cc4195ff14d9abccefd0a5c47cb81, d87e227c069642ec9596eedd6aab7317; no voters: 
I20260710 11:05:16.094796 20825 raft_consensus.cc:2804] T 77f00bd8ef974fb98dbeed85a87e2333 P 8f5cc4195ff14d9abccefd0a5c47cb81 [term 2 FOLLOWER]: Leader election won for term 2
I20260710 11:05:16.095247 20825 raft_consensus.cc:697] T 77f00bd8ef974fb98dbeed85a87e2333 P 8f5cc4195ff14d9abccefd0a5c47cb81 [term 2 LEADER]: Becoming Leader. State: Replica: 8f5cc4195ff14d9abccefd0a5c47cb81, State: Running, Role: LEADER
I20260710 11:05:16.096024 20825 consensus_queue.cc:237] T 77f00bd8ef974fb98dbeed85a87e2333 P 8f5cc4195ff14d9abccefd0a5c47cb81 [LEADER]: Queue going to LEADER mode. State: All replicated index: 0, Majority replicated index: 0, Committed index: 0, Last appended: 1.1, Last appended by leader: 1, Current term: 2, Majority size: 2, State: 0, Mode: LEADER, active raft config: opid_index: -1 OBSOLETE_local: false peers { permanent_uuid: "1218eab65aff42ac938e87bbdffd6719" member_type: VOTER last_known_addr { host: "127.19.244.129" port: 37423 } } peers { permanent_uuid: "8f5cc4195ff14d9abccefd0a5c47cb81" member_type: VOTER last_known_addr { host: "127.19.244.130" port: 42985 } } peers { permanent_uuid: "d87e227c069642ec9596eedd6aab7317" member_type: VOTER last_known_addr { host: "127.19.244.131" port: 39825 } }
I20260710 11:05:16.098347 20569 raft_consensus.cc:2468] T 77f00bd8ef974fb98dbeed85a87e2333 P 1218eab65aff42ac938e87bbdffd6719 [term 2 FOLLOWER]: Leader election vote request: Granting yes vote for candidate 8f5cc4195ff14d9abccefd0a5c47cb81 in term 2.
I20260710 11:05:16.103657 20466 catalog_manager.cc:5697] T 77f00bd8ef974fb98dbeed85a87e2333 P 8f5cc4195ff14d9abccefd0a5c47cb81 reported cstate change: term changed from 1 to 2, leader changed from 1218eab65aff42ac938e87bbdffd6719 (127.19.244.129) to 8f5cc4195ff14d9abccefd0a5c47cb81 (127.19.244.130). New cstate: current_term: 2 leader_uuid: "8f5cc4195ff14d9abccefd0a5c47cb81" committed_config { opid_index: -1 OBSOLETE_local: false peers { permanent_uuid: "1218eab65aff42ac938e87bbdffd6719" member_type: VOTER last_known_addr { host: "127.19.244.129" port: 37423 } health_report { overall_health: UNKNOWN } } peers { permanent_uuid: "8f5cc4195ff14d9abccefd0a5c47cb81" member_type: VOTER last_known_addr { host: "127.19.244.130" port: 42985 } health_report { overall_health: HEALTHY } } peers { permanent_uuid: "d87e227c069642ec9596eedd6aab7317" member_type: VOTER last_known_addr { host: "127.19.244.131" port: 39825 } health_report { overall_health: UNKNOWN } } }
I20260710 11:05:16.331509 20770 raft_consensus.cc:993] T 872552b7f4874645b43c4375272397b1 P d87e227c069642ec9596eedd6aab7317: : Instructing follower 8f5cc4195ff14d9abccefd0a5c47cb81 to start an election
I20260710 11:05:16.331842 20819 raft_consensus.cc:993] T ff04ea790afa4f1a8e61612ddb964f39 P d87e227c069642ec9596eedd6aab7317: : Instructing follower 1218eab65aff42ac938e87bbdffd6719 to start an election
I20260710 11:05:16.331996 20802 raft_consensus.cc:1081] T 872552b7f4874645b43c4375272397b1 P d87e227c069642ec9596eedd6aab7317 [term 1 LEADER]: Signalling peer 8f5cc4195ff14d9abccefd0a5c47cb81 to start an election
I20260710 11:05:16.332288 20770 raft_consensus.cc:1081] T ff04ea790afa4f1a8e61612ddb964f39 P d87e227c069642ec9596eedd6aab7317 [term 1 LEADER]: Signalling peer 1218eab65aff42ac938e87bbdffd6719 to start an election
I20260710 11:05:16.333544 20643 tablet_service.cc:2044] Received Run Leader Election RPC: tablet_id: "872552b7f4874645b43c4375272397b1"
dest_uuid: "8f5cc4195ff14d9abccefd0a5c47cb81"
 from {username='slave'} at 127.0.0.1:57490
I20260710 11:05:16.333792 20569 tablet_service.cc:2044] Received Run Leader Election RPC: tablet_id: "ff04ea790afa4f1a8e61612ddb964f39"
dest_uuid: "1218eab65aff42ac938e87bbdffd6719"
 from {username='slave'} at 127.0.0.1:51316
I20260710 11:05:16.334065 20643 raft_consensus.cc:493] T 872552b7f4874645b43c4375272397b1 P 8f5cc4195ff14d9abccefd0a5c47cb81 [term 1 FOLLOWER]: Starting forced leader election (received explicit request)
I20260710 11:05:16.334348 20569 raft_consensus.cc:493] T ff04ea790afa4f1a8e61612ddb964f39 P 1218eab65aff42ac938e87bbdffd6719 [term 1 FOLLOWER]: Starting forced leader election (received explicit request)
I20260710 11:05:16.334424 20643 raft_consensus.cc:3060] T 872552b7f4874645b43c4375272397b1 P 8f5cc4195ff14d9abccefd0a5c47cb81 [term 1 FOLLOWER]: Advancing to term 2
I20260710 11:05:16.334757 20569 raft_consensus.cc:3060] T ff04ea790afa4f1a8e61612ddb964f39 P 1218eab65aff42ac938e87bbdffd6719 [term 1 FOLLOWER]: Advancing to term 2
I20260710 11:05:16.338840 20643 raft_consensus.cc:515] T 872552b7f4874645b43c4375272397b1 P 8f5cc4195ff14d9abccefd0a5c47cb81 [term 2 FOLLOWER]: Starting forced leader election with config: opid_index: -1 OBSOLETE_local: false peers { permanent_uuid: "1218eab65aff42ac938e87bbdffd6719" member_type: VOTER last_known_addr { host: "127.19.244.129" port: 37423 } } peers { permanent_uuid: "8f5cc4195ff14d9abccefd0a5c47cb81" member_type: VOTER last_known_addr { host: "127.19.244.130" port: 42985 } } peers { permanent_uuid: "d87e227c069642ec9596eedd6aab7317" member_type: VOTER last_known_addr { host: "127.19.244.131" port: 39825 } }
I20260710 11:05:16.338950 20569 raft_consensus.cc:515] T ff04ea790afa4f1a8e61612ddb964f39 P 1218eab65aff42ac938e87bbdffd6719 [term 2 FOLLOWER]: Starting forced leader election with config: opid_index: -1 OBSOLETE_local: false peers { permanent_uuid: "1218eab65aff42ac938e87bbdffd6719" member_type: VOTER last_known_addr { host: "127.19.244.129" port: 37423 } } peers { permanent_uuid: "8f5cc4195ff14d9abccefd0a5c47cb81" member_type: VOTER last_known_addr { host: "127.19.244.130" port: 42985 } } peers { permanent_uuid: "d87e227c069642ec9596eedd6aab7317" member_type: VOTER last_known_addr { host: "127.19.244.131" port: 39825 } }
I20260710 11:05:16.340488 20643 leader_election.cc:290] T 872552b7f4874645b43c4375272397b1 P 8f5cc4195ff14d9abccefd0a5c47cb81 [CANDIDATE]: Term 2 election: Requested vote from peers 1218eab65aff42ac938e87bbdffd6719 (127.19.244.129:37423), d87e227c069642ec9596eedd6aab7317 (127.19.244.131:39825)
I20260710 11:05:16.340672 20569 leader_election.cc:290] T ff04ea790afa4f1a8e61612ddb964f39 P 1218eab65aff42ac938e87bbdffd6719 [CANDIDATE]: Term 2 election: Requested vote from peers 8f5cc4195ff14d9abccefd0a5c47cb81 (127.19.244.130:42985), d87e227c069642ec9596eedd6aab7317 (127.19.244.131:39825)
I20260710 11:05:16.341377 20568 tablet_service.cc:1917] Received RequestConsensusVote() RPC: tablet_id: "872552b7f4874645b43c4375272397b1" candidate_uuid: "8f5cc4195ff14d9abccefd0a5c47cb81" candidate_term: 2 candidate_status { last_received { term: 1 index: 1 } } ignore_live_leader: true dest_uuid: "1218eab65aff42ac938e87bbdffd6719"
I20260710 11:05:16.341552 20644 tablet_service.cc:1917] Received RequestConsensusVote() RPC: tablet_id: "ff04ea790afa4f1a8e61612ddb964f39" candidate_uuid: "1218eab65aff42ac938e87bbdffd6719" candidate_term: 2 candidate_status { last_received { term: 1 index: 1 } } ignore_live_leader: true dest_uuid: "8f5cc4195ff14d9abccefd0a5c47cb81"
I20260710 11:05:16.341922 20568 raft_consensus.cc:3060] T 872552b7f4874645b43c4375272397b1 P 1218eab65aff42ac938e87bbdffd6719 [term 1 FOLLOWER]: Advancing to term 2
I20260710 11:05:16.342022 20644 raft_consensus.cc:3060] T ff04ea790afa4f1a8e61612ddb964f39 P 8f5cc4195ff14d9abccefd0a5c47cb81 [term 1 FOLLOWER]: Advancing to term 2
I20260710 11:05:16.344126 20717 tablet_service.cc:1917] Received RequestConsensusVote() RPC: tablet_id: "ff04ea790afa4f1a8e61612ddb964f39" candidate_uuid: "1218eab65aff42ac938e87bbdffd6719" candidate_term: 2 candidate_status { last_received { term: 1 index: 1 } } ignore_live_leader: true dest_uuid: "d87e227c069642ec9596eedd6aab7317"
I20260710 11:05:16.344193 20718 tablet_service.cc:1917] Received RequestConsensusVote() RPC: tablet_id: "872552b7f4874645b43c4375272397b1" candidate_uuid: "8f5cc4195ff14d9abccefd0a5c47cb81" candidate_term: 2 candidate_status { last_received { term: 1 index: 1 } } ignore_live_leader: true dest_uuid: "d87e227c069642ec9596eedd6aab7317"
I20260710 11:05:16.344769 20717 raft_consensus.cc:3055] T ff04ea790afa4f1a8e61612ddb964f39 P d87e227c069642ec9596eedd6aab7317 [term 1 LEADER]: Stepping down as leader of term 1
I20260710 11:05:16.344839 20718 raft_consensus.cc:3055] T 872552b7f4874645b43c4375272397b1 P d87e227c069642ec9596eedd6aab7317 [term 1 LEADER]: Stepping down as leader of term 1
I20260710 11:05:16.345253 20717 raft_consensus.cc:740] T ff04ea790afa4f1a8e61612ddb964f39 P d87e227c069642ec9596eedd6aab7317 [term 1 LEADER]: Becoming Follower/Learner. State: Replica: d87e227c069642ec9596eedd6aab7317, State: Running, Role: LEADER
I20260710 11:05:16.345276 20718 raft_consensus.cc:740] T 872552b7f4874645b43c4375272397b1 P d87e227c069642ec9596eedd6aab7317 [term 1 LEADER]: Becoming Follower/Learner. State: Replica: d87e227c069642ec9596eedd6aab7317, State: Running, Role: LEADER
I20260710 11:05:16.346271 20717 consensus_queue.cc:260] T ff04ea790afa4f1a8e61612ddb964f39 P d87e227c069642ec9596eedd6aab7317 [NON_LEADER]: Queue going to NON_LEADER mode. State: All replicated index: 0, Majority replicated index: 1, Committed index: 1, Last appended: 1.1, Last appended by leader: 1, Current term: 1, Majority size: -1, State: 0, Mode: NON_LEADER, active raft config: opid_index: -1 OBSOLETE_local: false peers { permanent_uuid: "1218eab65aff42ac938e87bbdffd6719" member_type: VOTER last_known_addr { host: "127.19.244.129" port: 37423 } } peers { permanent_uuid: "8f5cc4195ff14d9abccefd0a5c47cb81" member_type: VOTER last_known_addr { host: "127.19.244.130" port: 42985 } } peers { permanent_uuid: "d87e227c069642ec9596eedd6aab7317" member_type: VOTER last_known_addr { host: "127.19.244.131" port: 39825 } }
I20260710 11:05:16.346330 20718 consensus_queue.cc:260] T 872552b7f4874645b43c4375272397b1 P d87e227c069642ec9596eedd6aab7317 [NON_LEADER]: Queue going to NON_LEADER mode. State: All replicated index: 0, Majority replicated index: 1, Committed index: 1, Last appended: 1.1, Last appended by leader: 1, Current term: 1, Majority size: -1, State: 0, Mode: NON_LEADER, active raft config: opid_index: -1 OBSOLETE_local: false peers { permanent_uuid: "1218eab65aff42ac938e87bbdffd6719" member_type: VOTER last_known_addr { host: "127.19.244.129" port: 37423 } } peers { permanent_uuid: "8f5cc4195ff14d9abccefd0a5c47cb81" member_type: VOTER last_known_addr { host: "127.19.244.130" port: 42985 } } peers { permanent_uuid: "d87e227c069642ec9596eedd6aab7317" member_type: VOTER last_known_addr { host: "127.19.244.131" port: 39825 } }
I20260710 11:05:16.347524 20568 raft_consensus.cc:2468] T 872552b7f4874645b43c4375272397b1 P 1218eab65aff42ac938e87bbdffd6719 [term 2 FOLLOWER]: Leader election vote request: Granting yes vote for candidate 8f5cc4195ff14d9abccefd0a5c47cb81 in term 2.
I20260710 11:05:16.347584 20717 raft_consensus.cc:3060] T ff04ea790afa4f1a8e61612ddb964f39 P d87e227c069642ec9596eedd6aab7317 [term 1 FOLLOWER]: Advancing to term 2
I20260710 11:05:16.347649 20718 raft_consensus.cc:3060] T 872552b7f4874645b43c4375272397b1 P d87e227c069642ec9596eedd6aab7317 [term 1 FOLLOWER]: Advancing to term 2
I20260710 11:05:16.348855 20610 leader_election.cc:304] T 872552b7f4874645b43c4375272397b1 P 8f5cc4195ff14d9abccefd0a5c47cb81 [CANDIDATE]: Term 2 election: Election decided. Result: candidate won. Election summary: received 2 responses out of 3 voters: 2 yes votes; 0 no votes. yes voters: 1218eab65aff42ac938e87bbdffd6719, 8f5cc4195ff14d9abccefd0a5c47cb81; no voters: 
I20260710 11:05:16.349051 20644 raft_consensus.cc:2468] T ff04ea790afa4f1a8e61612ddb964f39 P 8f5cc4195ff14d9abccefd0a5c47cb81 [term 2 FOLLOWER]: Leader election vote request: Granting yes vote for candidate 1218eab65aff42ac938e87bbdffd6719 in term 2.
I20260710 11:05:16.349731 20768 raft_consensus.cc:2804] T 872552b7f4874645b43c4375272397b1 P 8f5cc4195ff14d9abccefd0a5c47cb81 [term 2 FOLLOWER]: Leader election won for term 2
I20260710 11:05:16.350230 20768 raft_consensus.cc:697] T 872552b7f4874645b43c4375272397b1 P 8f5cc4195ff14d9abccefd0a5c47cb81 [term 2 LEADER]: Becoming Leader. State: Replica: 8f5cc4195ff14d9abccefd0a5c47cb81, State: Running, Role: LEADER
I20260710 11:05:16.351011 20768 consensus_queue.cc:237] T 872552b7f4874645b43c4375272397b1 P 8f5cc4195ff14d9abccefd0a5c47cb81 [LEADER]: Queue going to LEADER mode. State: All replicated index: 0, Majority replicated index: 1, Committed index: 1, Last appended: 1.1, Last appended by leader: 1, Current term: 2, Majority size: 2, State: 0, Mode: LEADER, active raft config: opid_index: -1 OBSOLETE_local: false peers { permanent_uuid: "1218eab65aff42ac938e87bbdffd6719" member_type: VOTER last_known_addr { host: "127.19.244.129" port: 37423 } } peers { permanent_uuid: "8f5cc4195ff14d9abccefd0a5c47cb81" member_type: VOTER last_known_addr { host: "127.19.244.130" port: 42985 } } peers { permanent_uuid: "d87e227c069642ec9596eedd6aab7317" member_type: VOTER last_known_addr { host: "127.19.244.131" port: 39825 } }
I20260710 11:05:16.353386 20717 raft_consensus.cc:2468] T ff04ea790afa4f1a8e61612ddb964f39 P d87e227c069642ec9596eedd6aab7317 [term 2 FOLLOWER]: Leader election vote request: Granting yes vote for candidate 1218eab65aff42ac938e87bbdffd6719 in term 2.
I20260710 11:05:16.354176 20718 raft_consensus.cc:2468] T 872552b7f4874645b43c4375272397b1 P d87e227c069642ec9596eedd6aab7317 [term 2 FOLLOWER]: Leader election vote request: Granting yes vote for candidate 8f5cc4195ff14d9abccefd0a5c47cb81 in term 2.
I20260710 11:05:16.354517 20535 leader_election.cc:304] T ff04ea790afa4f1a8e61612ddb964f39 P 1218eab65aff42ac938e87bbdffd6719 [CANDIDATE]: Term 2 election: Election decided. Result: candidate won. Election summary: received 2 responses out of 3 voters: 2 yes votes; 0 no votes. yes voters: 1218eab65aff42ac938e87bbdffd6719, d87e227c069642ec9596eedd6aab7317; no voters: 
I20260710 11:05:16.355268 20786 raft_consensus.cc:2804] T ff04ea790afa4f1a8e61612ddb964f39 P 1218eab65aff42ac938e87bbdffd6719 [term 2 FOLLOWER]: Leader election won for term 2
I20260710 11:05:16.355734 20786 raft_consensus.cc:697] T ff04ea790afa4f1a8e61612ddb964f39 P 1218eab65aff42ac938e87bbdffd6719 [term 2 LEADER]: Becoming Leader. State: Replica: 1218eab65aff42ac938e87bbdffd6719, State: Running, Role: LEADER
I20260710 11:05:16.356510 20786 consensus_queue.cc:237] T ff04ea790afa4f1a8e61612ddb964f39 P 1218eab65aff42ac938e87bbdffd6719 [LEADER]: Queue going to LEADER mode. State: All replicated index: 0, Majority replicated index: 1, Committed index: 1, Last appended: 1.1, Last appended by leader: 1, Current term: 2, Majority size: 2, State: 0, Mode: LEADER, active raft config: opid_index: -1 OBSOLETE_local: false peers { permanent_uuid: "1218eab65aff42ac938e87bbdffd6719" member_type: VOTER last_known_addr { host: "127.19.244.129" port: 37423 } } peers { permanent_uuid: "8f5cc4195ff14d9abccefd0a5c47cb81" member_type: VOTER last_known_addr { host: "127.19.244.130" port: 42985 } } peers { permanent_uuid: "d87e227c069642ec9596eedd6aab7317" member_type: VOTER last_known_addr { host: "127.19.244.131" port: 39825 } }
I20260710 11:05:16.360006 20466 catalog_manager.cc:5697] T 872552b7f4874645b43c4375272397b1 P 8f5cc4195ff14d9abccefd0a5c47cb81 reported cstate change: term changed from 1 to 2, leader changed from d87e227c069642ec9596eedd6aab7317 (127.19.244.131) to 8f5cc4195ff14d9abccefd0a5c47cb81 (127.19.244.130). New cstate: current_term: 2 leader_uuid: "8f5cc4195ff14d9abccefd0a5c47cb81" committed_config { opid_index: -1 OBSOLETE_local: false peers { permanent_uuid: "1218eab65aff42ac938e87bbdffd6719" member_type: VOTER last_known_addr { host: "127.19.244.129" port: 37423 } health_report { overall_health: UNKNOWN } } peers { permanent_uuid: "8f5cc4195ff14d9abccefd0a5c47cb81" member_type: VOTER last_known_addr { host: "127.19.244.130" port: 42985 } health_report { overall_health: HEALTHY } } peers { permanent_uuid: "d87e227c069642ec9596eedd6aab7317" member_type: VOTER last_known_addr { host: "127.19.244.131" port: 39825 } health_report { overall_health: UNKNOWN } } }
I20260710 11:05:16.363564 20464 catalog_manager.cc:5697] T ff04ea790afa4f1a8e61612ddb964f39 P 1218eab65aff42ac938e87bbdffd6719 reported cstate change: term changed from 1 to 2, leader changed from d87e227c069642ec9596eedd6aab7317 (127.19.244.131) to 1218eab65aff42ac938e87bbdffd6719 (127.19.244.129). New cstate: current_term: 2 leader_uuid: "1218eab65aff42ac938e87bbdffd6719" committed_config { opid_index: -1 OBSOLETE_local: false peers { permanent_uuid: "1218eab65aff42ac938e87bbdffd6719" member_type: VOTER last_known_addr { host: "127.19.244.129" port: 37423 } health_report { overall_health: HEALTHY } } peers { permanent_uuid: "8f5cc4195ff14d9abccefd0a5c47cb81" member_type: VOTER last_known_addr { host: "127.19.244.130" port: 42985 } health_report { overall_health: UNKNOWN } } peers { permanent_uuid: "d87e227c069642ec9596eedd6aab7317" member_type: VOTER last_known_addr { host: "127.19.244.131" port: 39825 } health_report { overall_health: UNKNOWN } } }
I20260710 11:05:16.417348 20568 raft_consensus.cc:1275] T bfb0a76d8eca46ecad0a72b5a48456cd P 1218eab65aff42ac938e87bbdffd6719 [term 2 FOLLOWER]: Refusing update from remote peer 8f5cc4195ff14d9abccefd0a5c47cb81: Log matching property violated. Preceding OpId in replica: term: 1 index: 1. Preceding OpId from leader: term: 2 index: 2. (index mismatch)
I20260710 11:05:16.418527 20768 consensus_queue.cc:1048] T bfb0a76d8eca46ecad0a72b5a48456cd P 8f5cc4195ff14d9abccefd0a5c47cb81 [LEADER]: Connected to new peer: Peer: permanent_uuid: "1218eab65aff42ac938e87bbdffd6719" member_type: VOTER last_known_addr { host: "127.19.244.129" port: 37423 }, Status: LMP_MISMATCH, Last received: 0.0, Next index: 2, Last known committed idx: 1, Time since last communication: 0.000s
I20260710 11:05:16.427852 20718 raft_consensus.cc:1275] T bfb0a76d8eca46ecad0a72b5a48456cd P d87e227c069642ec9596eedd6aab7317 [term 2 FOLLOWER]: Refusing update from remote peer 8f5cc4195ff14d9abccefd0a5c47cb81: Log matching property violated. Preceding OpId in replica: term: 1 index: 1. Preceding OpId from leader: term: 2 index: 2. (index mismatch)
I20260710 11:05:16.429196 20847 consensus_queue.cc:1048] T bfb0a76d8eca46ecad0a72b5a48456cd P 8f5cc4195ff14d9abccefd0a5c47cb81 [LEADER]: Connected to new peer: Peer: permanent_uuid: "d87e227c069642ec9596eedd6aab7317" member_type: VOTER last_known_addr { host: "127.19.244.131" port: 39825 }, Status: LMP_MISMATCH, Last received: 0.0, Next index: 2, Last known committed idx: 1, Time since last communication: 0.000s
I20260710 11:05:16.550411 20718 raft_consensus.cc:1275] T 5c74addb6c614d45b1012c96e992dbbe P d87e227c069642ec9596eedd6aab7317 [term 2 FOLLOWER]: Refusing update from remote peer 1218eab65aff42ac938e87bbdffd6719: Log matching property violated. Preceding OpId in replica: term: 1 index: 1. Preceding OpId from leader: term: 2 index: 2. (index mismatch)
I20260710 11:05:16.551611 20786 consensus_queue.cc:1048] T 5c74addb6c614d45b1012c96e992dbbe P 1218eab65aff42ac938e87bbdffd6719 [LEADER]: Connected to new peer: Peer: permanent_uuid: "d87e227c069642ec9596eedd6aab7317" member_type: VOTER last_known_addr { host: "127.19.244.131" port: 39825 }, Status: LMP_MISMATCH, Last received: 0.0, Next index: 2, Last known committed idx: 1, Time since last communication: 0.000s
I20260710 11:05:16.559183 20644 raft_consensus.cc:1275] T 5c74addb6c614d45b1012c96e992dbbe P 8f5cc4195ff14d9abccefd0a5c47cb81 [term 2 FOLLOWER]: Refusing update from remote peer 1218eab65aff42ac938e87bbdffd6719: Log matching property violated. Preceding OpId in replica: term: 1 index: 1. Preceding OpId from leader: term: 2 index: 2. (index mismatch)
I20260710 11:05:16.560842 20767 consensus_queue.cc:1048] T 5c74addb6c614d45b1012c96e992dbbe P 1218eab65aff42ac938e87bbdffd6719 [LEADER]: Connected to new peer: Peer: permanent_uuid: "8f5cc4195ff14d9abccefd0a5c47cb81" member_type: VOTER last_known_addr { host: "127.19.244.130" port: 42985 }, Status: LMP_MISMATCH, Last received: 0.0, Next index: 2, Last known committed idx: 1, Time since last communication: 0.000s
I20260710 11:05:16.620435 20718 raft_consensus.cc:1275] T 77f00bd8ef974fb98dbeed85a87e2333 P d87e227c069642ec9596eedd6aab7317 [term 2 FOLLOWER]: Refusing update from remote peer 8f5cc4195ff14d9abccefd0a5c47cb81: Log matching property violated. Preceding OpId in replica: term: 1 index: 1. Preceding OpId from leader: term: 2 index: 2. (index mismatch)
I20260710 11:05:16.621737 20846 consensus_queue.cc:1048] T 77f00bd8ef974fb98dbeed85a87e2333 P 8f5cc4195ff14d9abccefd0a5c47cb81 [LEADER]: Connected to new peer: Peer: permanent_uuid: "d87e227c069642ec9596eedd6aab7317" member_type: VOTER last_known_addr { host: "127.19.244.131" port: 39825 }, Status: LMP_MISMATCH, Last received: 0.0, Next index: 2, Last known committed idx: 1, Time since last communication: 0.000s
I20260710 11:05:16.630285 20568 raft_consensus.cc:1275] T 77f00bd8ef974fb98dbeed85a87e2333 P 1218eab65aff42ac938e87bbdffd6719 [term 2 FOLLOWER]: Refusing update from remote peer 8f5cc4195ff14d9abccefd0a5c47cb81: Log matching property violated. Preceding OpId in replica: term: 1 index: 1. Preceding OpId from leader: term: 2 index: 2. (index mismatch)
I20260710 11:05:16.631582 20847 consensus_queue.cc:1048] T 77f00bd8ef974fb98dbeed85a87e2333 P 8f5cc4195ff14d9abccefd0a5c47cb81 [LEADER]: Connected to new peer: Peer: permanent_uuid: "1218eab65aff42ac938e87bbdffd6719" member_type: VOTER last_known_addr { host: "127.19.244.129" port: 37423 }, Status: LMP_MISMATCH, Last received: 0.0, Next index: 2, Last known committed idx: 1, Time since last communication: 0.000s
I20260710 11:05:16.795156 20718 raft_consensus.cc:1275] T 872552b7f4874645b43c4375272397b1 P d87e227c069642ec9596eedd6aab7317 [term 2 FOLLOWER]: Refusing update from remote peer 8f5cc4195ff14d9abccefd0a5c47cb81: Log matching property violated. Preceding OpId in replica: term: 1 index: 1. Preceding OpId from leader: term: 2 index: 2. (index mismatch)
I20260710 11:05:16.797003 20847 consensus_queue.cc:1048] T 872552b7f4874645b43c4375272397b1 P 8f5cc4195ff14d9abccefd0a5c47cb81 [LEADER]: Connected to new peer: Peer: permanent_uuid: "d87e227c069642ec9596eedd6aab7317" member_type: VOTER last_known_addr { host: "127.19.244.131" port: 39825 }, Status: LMP_MISMATCH, Last received: 0.0, Next index: 2, Last known committed idx: 1, Time since last communication: 0.000s
I20260710 11:05:16.805323 20568 raft_consensus.cc:1275] T 872552b7f4874645b43c4375272397b1 P 1218eab65aff42ac938e87bbdffd6719 [term 2 FOLLOWER]: Refusing update from remote peer 8f5cc4195ff14d9abccefd0a5c47cb81: Log matching property violated. Preceding OpId in replica: term: 1 index: 1. Preceding OpId from leader: term: 2 index: 2. (index mismatch)
I20260710 11:05:16.807323 20768 consensus_queue.cc:1048] T 872552b7f4874645b43c4375272397b1 P 8f5cc4195ff14d9abccefd0a5c47cb81 [LEADER]: Connected to new peer: Peer: permanent_uuid: "1218eab65aff42ac938e87bbdffd6719" member_type: VOTER last_known_addr { host: "127.19.244.129" port: 37423 }, Status: LMP_MISMATCH, Last received: 0.0, Next index: 2, Last known committed idx: 1, Time since last communication: 0.000s
I20260710 11:05:16.896938 20718 raft_consensus.cc:1275] T ff04ea790afa4f1a8e61612ddb964f39 P d87e227c069642ec9596eedd6aab7317 [term 2 FOLLOWER]: Refusing update from remote peer 1218eab65aff42ac938e87bbdffd6719: Log matching property violated. Preceding OpId in replica: term: 1 index: 1. Preceding OpId from leader: term: 2 index: 2. (index mismatch)
I20260710 11:05:16.898157 20767 consensus_queue.cc:1048] T ff04ea790afa4f1a8e61612ddb964f39 P 1218eab65aff42ac938e87bbdffd6719 [LEADER]: Connected to new peer: Peer: permanent_uuid: "d87e227c069642ec9596eedd6aab7317" member_type: VOTER last_known_addr { host: "127.19.244.131" port: 39825 }, Status: LMP_MISMATCH, Last received: 0.0, Next index: 2, Last known committed idx: 1, Time since last communication: 0.000s
I20260710 11:05:16.900477 20644 raft_consensus.cc:1275] T ff04ea790afa4f1a8e61612ddb964f39 P 8f5cc4195ff14d9abccefd0a5c47cb81 [term 2 FOLLOWER]: Refusing update from remote peer 1218eab65aff42ac938e87bbdffd6719: Log matching property violated. Preceding OpId in replica: term: 1 index: 1. Preceding OpId from leader: term: 2 index: 2. (index mismatch)
I20260710 11:05:16.901785 20767 consensus_queue.cc:1048] T ff04ea790afa4f1a8e61612ddb964f39 P 1218eab65aff42ac938e87bbdffd6719 [LEADER]: Connected to new peer: Peer: permanent_uuid: "8f5cc4195ff14d9abccefd0a5c47cb81" member_type: VOTER last_known_addr { host: "127.19.244.130" port: 42985 }, Status: LMP_MISMATCH, Last received: 0.0, Next index: 2, Last known committed idx: 1, Time since last communication: 0.000s
I20260710 11:05:19.045809 20434 auto_leader_rebalancer-test.cc:316] The leader distribution is 
I20260710 11:05:19.046693 20434 auto_leader_rebalancer.cc:141] leader rebalance for table test-workload
I20260710 11:05:19.067387 20644 tablet_service.cc:2072] Received LeaderStepDown RPC: tablet_id: "872552b7f4874645b43c4375272397b1"
dest_uuid: "8f5cc4195ff14d9abccefd0a5c47cb81"
mode: GRACEFUL
new_leader_uuid: "d87e227c069642ec9596eedd6aab7317"
 from {username='slave'} at 127.0.0.1:38222
I20260710 11:05:19.067901 20644 raft_consensus.cc:606] T 872552b7f4874645b43c4375272397b1 P 8f5cc4195ff14d9abccefd0a5c47cb81 [term 2 LEADER]: Received request to transfer leadership to TS d87e227c069642ec9596eedd6aab7317
I20260710 11:05:19.079325 20568 tablet_service.cc:2072] Received LeaderStepDown RPC: tablet_id: "ff04ea790afa4f1a8e61612ddb964f39"
dest_uuid: "1218eab65aff42ac938e87bbdffd6719"
mode: GRACEFUL
new_leader_uuid: "d87e227c069642ec9596eedd6aab7317"
 from {username='slave'} at 127.0.0.1:38486
I20260710 11:05:19.079833 20568 raft_consensus.cc:606] T ff04ea790afa4f1a8e61612ddb964f39 P 1218eab65aff42ac938e87bbdffd6719 [term 2 LEADER]: Received request to transfer leadership to TS d87e227c069642ec9596eedd6aab7317
I20260710 11:05:19.081130 20434 auto_leader_rebalancer.cc:452] table: test-workload, leader rebalance finish, leader transfer count: 2
I20260710 11:05:19.081640 20434 auto_leader_rebalancer.cc:527] All tables' leader rebalancing finished this round
I20260710 11:05:19.219610 20767 raft_consensus.cc:993] T ff04ea790afa4f1a8e61612ddb964f39 P 1218eab65aff42ac938e87bbdffd6719: : Instructing follower d87e227c069642ec9596eedd6aab7317 to start an election
I20260710 11:05:19.220039 20767 raft_consensus.cc:1081] T ff04ea790afa4f1a8e61612ddb964f39 P 1218eab65aff42ac938e87bbdffd6719 [term 2 LEADER]: Signalling peer d87e227c069642ec9596eedd6aab7317 to start an election
I20260710 11:05:19.221375 20717 tablet_service.cc:2044] Received Run Leader Election RPC: tablet_id: "ff04ea790afa4f1a8e61612ddb964f39"
dest_uuid: "d87e227c069642ec9596eedd6aab7317"
 from {username='slave'} at 127.0.0.1:54744
I20260710 11:05:19.221933 20717 raft_consensus.cc:493] T ff04ea790afa4f1a8e61612ddb964f39 P d87e227c069642ec9596eedd6aab7317 [term 2 FOLLOWER]: Starting forced leader election (received explicit request)
I20260710 11:05:19.222386 20717 raft_consensus.cc:3060] T ff04ea790afa4f1a8e61612ddb964f39 P d87e227c069642ec9596eedd6aab7317 [term 2 FOLLOWER]: Advancing to term 3
I20260710 11:05:19.227229 20717 raft_consensus.cc:515] T ff04ea790afa4f1a8e61612ddb964f39 P d87e227c069642ec9596eedd6aab7317 [term 3 FOLLOWER]: Starting forced leader election with config: opid_index: -1 OBSOLETE_local: false peers { permanent_uuid: "1218eab65aff42ac938e87bbdffd6719" member_type: VOTER last_known_addr { host: "127.19.244.129" port: 37423 } } peers { permanent_uuid: "8f5cc4195ff14d9abccefd0a5c47cb81" member_type: VOTER last_known_addr { host: "127.19.244.130" port: 42985 } } peers { permanent_uuid: "d87e227c069642ec9596eedd6aab7317" member_type: VOTER last_known_addr { host: "127.19.244.131" port: 39825 } }
I20260710 11:05:19.229012 20717 leader_election.cc:290] T ff04ea790afa4f1a8e61612ddb964f39 P d87e227c069642ec9596eedd6aab7317 [CANDIDATE]: Term 3 election: Requested vote from peers 1218eab65aff42ac938e87bbdffd6719 (127.19.244.129:37423), 8f5cc4195ff14d9abccefd0a5c47cb81 (127.19.244.130:42985)
I20260710 11:05:19.229863 20568 tablet_service.cc:1917] Received RequestConsensusVote() RPC: tablet_id: "ff04ea790afa4f1a8e61612ddb964f39" candidate_uuid: "d87e227c069642ec9596eedd6aab7317" candidate_term: 3 candidate_status { last_received { term: 2 index: 2 } } ignore_live_leader: true dest_uuid: "1218eab65aff42ac938e87bbdffd6719"
I20260710 11:05:19.230156 20644 tablet_service.cc:1917] Received RequestConsensusVote() RPC: tablet_id: "ff04ea790afa4f1a8e61612ddb964f39" candidate_uuid: "d87e227c069642ec9596eedd6aab7317" candidate_term: 3 candidate_status { last_received { term: 2 index: 2 } } ignore_live_leader: true dest_uuid: "8f5cc4195ff14d9abccefd0a5c47cb81"
I20260710 11:05:19.230454 20568 raft_consensus.cc:3055] T ff04ea790afa4f1a8e61612ddb964f39 P 1218eab65aff42ac938e87bbdffd6719 [term 2 LEADER]: Stepping down as leader of term 2
I20260710 11:05:19.230707 20644 raft_consensus.cc:3060] T ff04ea790afa4f1a8e61612ddb964f39 P 8f5cc4195ff14d9abccefd0a5c47cb81 [term 2 FOLLOWER]: Advancing to term 3
I20260710 11:05:19.230813 20568 raft_consensus.cc:740] T ff04ea790afa4f1a8e61612ddb964f39 P 1218eab65aff42ac938e87bbdffd6719 [term 2 LEADER]: Becoming Follower/Learner. State: Replica: 1218eab65aff42ac938e87bbdffd6719, State: Running, Role: LEADER
I20260710 11:05:19.231631 20568 consensus_queue.cc:260] T ff04ea790afa4f1a8e61612ddb964f39 P 1218eab65aff42ac938e87bbdffd6719 [NON_LEADER]: Queue going to NON_LEADER mode. State: All replicated index: 0, Majority replicated index: 2, Committed index: 2, Last appended: 2.2, Last appended by leader: 2, Current term: 2, Majority size: -1, State: 0, Mode: NON_LEADER, active raft config: opid_index: -1 OBSOLETE_local: false peers { permanent_uuid: "1218eab65aff42ac938e87bbdffd6719" member_type: VOTER last_known_addr { host: "127.19.244.129" port: 37423 } } peers { permanent_uuid: "8f5cc4195ff14d9abccefd0a5c47cb81" member_type: VOTER last_known_addr { host: "127.19.244.130" port: 42985 } } peers { permanent_uuid: "d87e227c069642ec9596eedd6aab7317" member_type: VOTER last_known_addr { host: "127.19.244.131" port: 39825 } }
I20260710 11:05:19.232822 20568 raft_consensus.cc:3060] T ff04ea790afa4f1a8e61612ddb964f39 P 1218eab65aff42ac938e87bbdffd6719 [term 2 FOLLOWER]: Advancing to term 3
I20260710 11:05:19.237322 20644 raft_consensus.cc:2468] T ff04ea790afa4f1a8e61612ddb964f39 P 8f5cc4195ff14d9abccefd0a5c47cb81 [term 3 FOLLOWER]: Leader election vote request: Granting yes vote for candidate d87e227c069642ec9596eedd6aab7317 in term 3.
I20260710 11:05:19.238517 20681 leader_election.cc:304] T ff04ea790afa4f1a8e61612ddb964f39 P d87e227c069642ec9596eedd6aab7317 [CANDIDATE]: Term 3 election: Election decided. Result: candidate won. Election summary: received 2 responses out of 3 voters: 2 yes votes; 0 no votes. yes voters: 8f5cc4195ff14d9abccefd0a5c47cb81, d87e227c069642ec9596eedd6aab7317; no voters: 
I20260710 11:05:19.238930 20568 raft_consensus.cc:2468] T ff04ea790afa4f1a8e61612ddb964f39 P 1218eab65aff42ac938e87bbdffd6719 [term 3 FOLLOWER]: Leader election vote request: Granting yes vote for candidate d87e227c069642ec9596eedd6aab7317 in term 3.
I20260710 11:05:19.239223 20770 raft_consensus.cc:2804] T ff04ea790afa4f1a8e61612ddb964f39 P d87e227c069642ec9596eedd6aab7317 [term 3 FOLLOWER]: Leader election won for term 3
I20260710 11:05:19.240502 20770 raft_consensus.cc:697] T ff04ea790afa4f1a8e61612ddb964f39 P d87e227c069642ec9596eedd6aab7317 [term 3 LEADER]: Becoming Leader. State: Replica: d87e227c069642ec9596eedd6aab7317, State: Running, Role: LEADER
I20260710 11:05:19.241240 20770 consensus_queue.cc:237] T ff04ea790afa4f1a8e61612ddb964f39 P d87e227c069642ec9596eedd6aab7317 [LEADER]: Queue going to LEADER mode. State: All replicated index: 0, Majority replicated index: 2, Committed index: 2, Last appended: 2.2, Last appended by leader: 2, Current term: 3, Majority size: 2, State: 0, Mode: LEADER, active raft config: opid_index: -1 OBSOLETE_local: false peers { permanent_uuid: "1218eab65aff42ac938e87bbdffd6719" member_type: VOTER last_known_addr { host: "127.19.244.129" port: 37423 } } peers { permanent_uuid: "8f5cc4195ff14d9abccefd0a5c47cb81" member_type: VOTER last_known_addr { host: "127.19.244.130" port: 42985 } } peers { permanent_uuid: "d87e227c069642ec9596eedd6aab7317" member_type: VOTER last_known_addr { host: "127.19.244.131" port: 39825 } }
I20260710 11:05:19.250600 20465 catalog_manager.cc:5697] T ff04ea790afa4f1a8e61612ddb964f39 P d87e227c069642ec9596eedd6aab7317 reported cstate change: term changed from 2 to 3, leader changed from 1218eab65aff42ac938e87bbdffd6719 (127.19.244.129) to d87e227c069642ec9596eedd6aab7317 (127.19.244.131). New cstate: current_term: 3 leader_uuid: "d87e227c069642ec9596eedd6aab7317" committed_config { opid_index: -1 OBSOLETE_local: false peers { permanent_uuid: "1218eab65aff42ac938e87bbdffd6719" member_type: VOTER last_known_addr { host: "127.19.244.129" port: 37423 } health_report { overall_health: UNKNOWN } } peers { permanent_uuid: "8f5cc4195ff14d9abccefd0a5c47cb81" member_type: VOTER last_known_addr { host: "127.19.244.130" port: 42985 } health_report { overall_health: UNKNOWN } } peers { permanent_uuid: "d87e227c069642ec9596eedd6aab7317" member_type: VOTER last_known_addr { host: "127.19.244.131" port: 39825 } health_report { overall_health: HEALTHY } } }
I20260710 11:05:19.558010 20862 raft_consensus.cc:993] T 872552b7f4874645b43c4375272397b1 P 8f5cc4195ff14d9abccefd0a5c47cb81: : Instructing follower d87e227c069642ec9596eedd6aab7317 to start an election
I20260710 11:05:19.558497 20862 raft_consensus.cc:1081] T 872552b7f4874645b43c4375272397b1 P 8f5cc4195ff14d9abccefd0a5c47cb81 [term 2 LEADER]: Signalling peer d87e227c069642ec9596eedd6aab7317 to start an election
I20260710 11:05:19.559846 20717 tablet_service.cc:2044] Received Run Leader Election RPC: tablet_id: "872552b7f4874645b43c4375272397b1"
dest_uuid: "d87e227c069642ec9596eedd6aab7317"
 from {username='slave'} at 127.0.0.1:54748
I20260710 11:05:19.560356 20717 raft_consensus.cc:493] T 872552b7f4874645b43c4375272397b1 P d87e227c069642ec9596eedd6aab7317 [term 2 FOLLOWER]: Starting forced leader election (received explicit request)
I20260710 11:05:19.560665 20717 raft_consensus.cc:3060] T 872552b7f4874645b43c4375272397b1 P d87e227c069642ec9596eedd6aab7317 [term 2 FOLLOWER]: Advancing to term 3
I20260710 11:05:19.565392 20717 raft_consensus.cc:515] T 872552b7f4874645b43c4375272397b1 P d87e227c069642ec9596eedd6aab7317 [term 3 FOLLOWER]: Starting forced leader election with config: opid_index: -1 OBSOLETE_local: false peers { permanent_uuid: "1218eab65aff42ac938e87bbdffd6719" member_type: VOTER last_known_addr { host: "127.19.244.129" port: 37423 } } peers { permanent_uuid: "8f5cc4195ff14d9abccefd0a5c47cb81" member_type: VOTER last_known_addr { host: "127.19.244.130" port: 42985 } } peers { permanent_uuid: "d87e227c069642ec9596eedd6aab7317" member_type: VOTER last_known_addr { host: "127.19.244.131" port: 39825 } }
I20260710 11:05:19.566890 20717 leader_election.cc:290] T 872552b7f4874645b43c4375272397b1 P d87e227c069642ec9596eedd6aab7317 [CANDIDATE]: Term 3 election: Requested vote from peers 1218eab65aff42ac938e87bbdffd6719 (127.19.244.129:37423), 8f5cc4195ff14d9abccefd0a5c47cb81 (127.19.244.130:42985)
I20260710 11:05:19.567988 20568 tablet_service.cc:1917] Received RequestConsensusVote() RPC: tablet_id: "872552b7f4874645b43c4375272397b1" candidate_uuid: "d87e227c069642ec9596eedd6aab7317" candidate_term: 3 candidate_status { last_received { term: 2 index: 2 } } ignore_live_leader: true dest_uuid: "1218eab65aff42ac938e87bbdffd6719"
I20260710 11:05:19.568142 20644 tablet_service.cc:1917] Received RequestConsensusVote() RPC: tablet_id: "872552b7f4874645b43c4375272397b1" candidate_uuid: "d87e227c069642ec9596eedd6aab7317" candidate_term: 3 candidate_status { last_received { term: 2 index: 2 } } ignore_live_leader: true dest_uuid: "8f5cc4195ff14d9abccefd0a5c47cb81"
I20260710 11:05:19.568569 20568 raft_consensus.cc:3060] T 872552b7f4874645b43c4375272397b1 P 1218eab65aff42ac938e87bbdffd6719 [term 2 FOLLOWER]: Advancing to term 3
I20260710 11:05:19.568612 20644 raft_consensus.cc:3055] T 872552b7f4874645b43c4375272397b1 P 8f5cc4195ff14d9abccefd0a5c47cb81 [term 2 LEADER]: Stepping down as leader of term 2
I20260710 11:05:19.569033 20644 raft_consensus.cc:740] T 872552b7f4874645b43c4375272397b1 P 8f5cc4195ff14d9abccefd0a5c47cb81 [term 2 LEADER]: Becoming Follower/Learner. State: Replica: 8f5cc4195ff14d9abccefd0a5c47cb81, State: Running, Role: LEADER
I20260710 11:05:19.569824 20644 consensus_queue.cc:260] T 872552b7f4874645b43c4375272397b1 P 8f5cc4195ff14d9abccefd0a5c47cb81 [NON_LEADER]: Queue going to NON_LEADER mode. State: All replicated index: 0, Majority replicated index: 2, Committed index: 2, Last appended: 2.2, Last appended by leader: 2, Current term: 2, Majority size: -1, State: 0, Mode: NON_LEADER, active raft config: opid_index: -1 OBSOLETE_local: false peers { permanent_uuid: "1218eab65aff42ac938e87bbdffd6719" member_type: VOTER last_known_addr { host: "127.19.244.129" port: 37423 } } peers { permanent_uuid: "8f5cc4195ff14d9abccefd0a5c47cb81" member_type: VOTER last_known_addr { host: "127.19.244.130" port: 42985 } } peers { permanent_uuid: "d87e227c069642ec9596eedd6aab7317" member_type: VOTER last_known_addr { host: "127.19.244.131" port: 39825 } }
I20260710 11:05:19.570953 20644 raft_consensus.cc:3060] T 872552b7f4874645b43c4375272397b1 P 8f5cc4195ff14d9abccefd0a5c47cb81 [term 2 FOLLOWER]: Advancing to term 3
I20260710 11:05:19.575076 20568 raft_consensus.cc:2468] T 872552b7f4874645b43c4375272397b1 P 1218eab65aff42ac938e87bbdffd6719 [term 3 FOLLOWER]: Leader election vote request: Granting yes vote for candidate d87e227c069642ec9596eedd6aab7317 in term 3.
I20260710 11:05:19.576272 20684 leader_election.cc:304] T 872552b7f4874645b43c4375272397b1 P d87e227c069642ec9596eedd6aab7317 [CANDIDATE]: Term 3 election: Election decided. Result: candidate won. Election summary: received 2 responses out of 3 voters: 2 yes votes; 0 no votes. yes voters: 1218eab65aff42ac938e87bbdffd6719, d87e227c069642ec9596eedd6aab7317; no voters: 
I20260710 11:05:19.576846 20644 raft_consensus.cc:2468] T 872552b7f4874645b43c4375272397b1 P 8f5cc4195ff14d9abccefd0a5c47cb81 [term 3 FOLLOWER]: Leader election vote request: Granting yes vote for candidate d87e227c069642ec9596eedd6aab7317 in term 3.
I20260710 11:05:19.576956 20770 raft_consensus.cc:2804] T 872552b7f4874645b43c4375272397b1 P d87e227c069642ec9596eedd6aab7317 [term 3 FOLLOWER]: Leader election won for term 3
I20260710 11:05:19.577474 20770 raft_consensus.cc:697] T 872552b7f4874645b43c4375272397b1 P d87e227c069642ec9596eedd6aab7317 [term 3 LEADER]: Becoming Leader. State: Replica: d87e227c069642ec9596eedd6aab7317, State: Running, Role: LEADER
I20260710 11:05:19.578217 20770 consensus_queue.cc:237] T 872552b7f4874645b43c4375272397b1 P d87e227c069642ec9596eedd6aab7317 [LEADER]: Queue going to LEADER mode. State: All replicated index: 0, Majority replicated index: 2, Committed index: 2, Last appended: 2.2, Last appended by leader: 2, Current term: 3, Majority size: 2, State: 0, Mode: LEADER, active raft config: opid_index: -1 OBSOLETE_local: false peers { permanent_uuid: "1218eab65aff42ac938e87bbdffd6719" member_type: VOTER last_known_addr { host: "127.19.244.129" port: 37423 } } peers { permanent_uuid: "8f5cc4195ff14d9abccefd0a5c47cb81" member_type: VOTER last_known_addr { host: "127.19.244.130" port: 42985 } } peers { permanent_uuid: "d87e227c069642ec9596eedd6aab7317" member_type: VOTER last_known_addr { host: "127.19.244.131" port: 39825 } }
I20260710 11:05:19.585884 20465 catalog_manager.cc:5697] T 872552b7f4874645b43c4375272397b1 P d87e227c069642ec9596eedd6aab7317 reported cstate change: term changed from 2 to 3, leader changed from 8f5cc4195ff14d9abccefd0a5c47cb81 (127.19.244.130) to d87e227c069642ec9596eedd6aab7317 (127.19.244.131). New cstate: current_term: 3 leader_uuid: "d87e227c069642ec9596eedd6aab7317" committed_config { opid_index: -1 OBSOLETE_local: false peers { permanent_uuid: "1218eab65aff42ac938e87bbdffd6719" member_type: VOTER last_known_addr { host: "127.19.244.129" port: 37423 } health_report { overall_health: UNKNOWN } } peers { permanent_uuid: "8f5cc4195ff14d9abccefd0a5c47cb81" member_type: VOTER last_known_addr { host: "127.19.244.130" port: 42985 } health_report { overall_health: UNKNOWN } } peers { permanent_uuid: "d87e227c069642ec9596eedd6aab7317" member_type: VOTER last_known_addr { host: "127.19.244.131" port: 39825 } health_report { overall_health: HEALTHY } } }
I20260710 11:05:19.691401 20644 raft_consensus.cc:1275] T ff04ea790afa4f1a8e61612ddb964f39 P 8f5cc4195ff14d9abccefd0a5c47cb81 [term 3 FOLLOWER]: Refusing update from remote peer d87e227c069642ec9596eedd6aab7317: Log matching property violated. Preceding OpId in replica: term: 2 index: 2. Preceding OpId from leader: term: 3 index: 3. (index mismatch)
I20260710 11:05:19.692597 20770 consensus_queue.cc:1048] T ff04ea790afa4f1a8e61612ddb964f39 P d87e227c069642ec9596eedd6aab7317 [LEADER]: Connected to new peer: Peer: permanent_uuid: "8f5cc4195ff14d9abccefd0a5c47cb81" member_type: VOTER last_known_addr { host: "127.19.244.130" port: 42985 }, Status: LMP_MISMATCH, Last received: 0.0, Next index: 3, Last known committed idx: 2, Time since last communication: 0.000s
I20260710 11:05:19.702793 20568 raft_consensus.cc:1275] T ff04ea790afa4f1a8e61612ddb964f39 P 1218eab65aff42ac938e87bbdffd6719 [term 3 FOLLOWER]: Refusing update from remote peer d87e227c069642ec9596eedd6aab7317: Log matching property violated. Preceding OpId in replica: term: 2 index: 2. Preceding OpId from leader: term: 3 index: 3. (index mismatch)
I20260710 11:05:19.704185 20866 consensus_queue.cc:1048] T ff04ea790afa4f1a8e61612ddb964f39 P d87e227c069642ec9596eedd6aab7317 [LEADER]: Connected to new peer: Peer: permanent_uuid: "1218eab65aff42ac938e87bbdffd6719" member_type: VOTER last_known_addr { host: "127.19.244.129" port: 37423 }, Status: LMP_MISMATCH, Last received: 0.0, Next index: 3, Last known committed idx: 2, Time since last communication: 0.000s
I20260710 11:05:20.039441 20644 raft_consensus.cc:1275] T 872552b7f4874645b43c4375272397b1 P 8f5cc4195ff14d9abccefd0a5c47cb81 [term 3 FOLLOWER]: Refusing update from remote peer d87e227c069642ec9596eedd6aab7317: Log matching property violated. Preceding OpId in replica: term: 2 index: 2. Preceding OpId from leader: term: 3 index: 3. (index mismatch)
I20260710 11:05:20.040716 20866 consensus_queue.cc:1048] T 872552b7f4874645b43c4375272397b1 P d87e227c069642ec9596eedd6aab7317 [LEADER]: Connected to new peer: Peer: permanent_uuid: "8f5cc4195ff14d9abccefd0a5c47cb81" member_type: VOTER last_known_addr { host: "127.19.244.130" port: 42985 }, Status: LMP_MISMATCH, Last received: 0.0, Next index: 3, Last known committed idx: 2, Time since last communication: 0.000s
