I20260710 11:05:24.106213 32471 catalog_manager.cc:5697] T 34aea1a72f6848dab1e30c3279930278 P 35ea28c2494f43c59fe06e0bf488fccf reported cstate change: term changed from 0 to 1, leader changed from <none> to 35ea28c2494f43c59fe06e0bf488fccf (127.31.52.2). New cstate: current_term: 1 leader_uuid: "35ea28c2494f43c59fe06e0bf488fccf" committed_config { opid_index: -1 OBSOLETE_local: false peers { permanent_uuid: "3547c650858f45f7b5ea43fc21675bc0" member_type: VOTER last_known_addr { host: "127.31.52.1" port: 38929 } health_report { overall_health: UNKNOWN } } peers { permanent_uuid: "35ea28c2494f43c59fe06e0bf488fccf" member_type: VOTER last_known_addr { host: "127.31.52.2" port: 41645 } health_report { overall_health: HEALTHY } } peers { permanent_uuid: "f663b9de831c4aea936b49886f6b404e" member_type: VOTER last_known_addr { host: "127.31.52.3" port: 40647 } health_report { overall_health: UNKNOWN } } }
I20260710 11:05:24.111603 32723 raft_consensus.cc:2468] T cca5a77f668b480fac3f7a37279ce81c P f663b9de831c4aea936b49886f6b404e [term 1 FOLLOWER]: Leader election vote request: Granting yes vote for candidate 3547c650858f45f7b5ea43fc21675bc0 in term 1.
I20260710 11:05:24.111620 32649 raft_consensus.cc:2468] T cca5a77f668b480fac3f7a37279ce81c P 35ea28c2494f43c59fe06e0bf488fccf [term 1 FOLLOWER]: Leader election vote request: Granting yes vote for candidate 3547c650858f45f7b5ea43fc21675bc0 in term 1.
I20260710 11:05:24.112792 32540 leader_election.cc:304] T cca5a77f668b480fac3f7a37279ce81c P 3547c650858f45f7b5ea43fc21675bc0 [CANDIDATE]: Term 1 election: Election decided. Result: candidate won. Election summary: received 2 responses out of 3 voters: 2 yes votes; 0 no votes. yes voters: 3547c650858f45f7b5ea43fc21675bc0, 35ea28c2494f43c59fe06e0bf488fccf; no voters: 
I20260710 11:05:24.113410   305 raft_consensus.cc:2804] T cca5a77f668b480fac3f7a37279ce81c P 3547c650858f45f7b5ea43fc21675bc0 [term 1 FOLLOWER]: Leader election won for term 1
I20260710 11:05:24.114424   305 raft_consensus.cc:697] T cca5a77f668b480fac3f7a37279ce81c P 3547c650858f45f7b5ea43fc21675bc0 [term 1 LEADER]: Becoming Leader. State: Replica: 3547c650858f45f7b5ea43fc21675bc0, State: Running, Role: LEADER
I20260710 11:05:24.115121   305 consensus_queue.cc:237] T cca5a77f668b480fac3f7a37279ce81c P 3547c650858f45f7b5ea43fc21675bc0 [LEADER]: Queue going to LEADER mode. State: All replicated index: 0, Majority replicated index: 0, Committed index: 0, Last appended: 0.0, Last appended by leader: 0, Current term: 1, Majority size: 2, State: 0, Mode: LEADER, active raft config: opid_index: -1 OBSOLETE_local: false peers { permanent_uuid: "3547c650858f45f7b5ea43fc21675bc0" member_type: VOTER last_known_addr { host: "127.31.52.1" port: 38929 } } peers { permanent_uuid: "35ea28c2494f43c59fe06e0bf488fccf" member_type: VOTER last_known_addr { host: "127.31.52.2" port: 41645 } } peers { permanent_uuid: "f663b9de831c4aea936b49886f6b404e" member_type: VOTER last_known_addr { host: "127.31.52.3" port: 40647 } }
I20260710 11:05:24.122074 32471 catalog_manager.cc:5697] T cca5a77f668b480fac3f7a37279ce81c P 3547c650858f45f7b5ea43fc21675bc0 reported cstate change: term changed from 0 to 1, leader changed from <none> to 3547c650858f45f7b5ea43fc21675bc0 (127.31.52.1). New cstate: current_term: 1 leader_uuid: "3547c650858f45f7b5ea43fc21675bc0" committed_config { opid_index: -1 OBSOLETE_local: false peers { permanent_uuid: "3547c650858f45f7b5ea43fc21675bc0" member_type: VOTER last_known_addr { host: "127.31.52.1" port: 38929 } health_report { overall_health: HEALTHY } } peers { permanent_uuid: "35ea28c2494f43c59fe06e0bf488fccf" member_type: VOTER last_known_addr { host: "127.31.52.2" port: 41645 } health_report { overall_health: UNKNOWN } } peers { permanent_uuid: "f663b9de831c4aea936b49886f6b404e" member_type: VOTER last_known_addr { host: "127.31.52.3" port: 40647 } health_report { overall_health: UNKNOWN } } }
I20260710 11:05:24.152007 32574 raft_consensus.cc:3060] T db2c9ca00df94ff08766b4f71e4ce349 P 3547c650858f45f7b5ea43fc21675bc0 [term 0 FOLLOWER]: Advancing to term 1
I20260710 11:05:24.157992   312 consensus_queue.cc:1048] T db2c9ca00df94ff08766b4f71e4ce349 P f663b9de831c4aea936b49886f6b404e [LEADER]: Connected to new peer: Peer: permanent_uuid: "3547c650858f45f7b5ea43fc21675bc0" member_type: VOTER last_known_addr { host: "127.31.52.1" port: 38929 }, Status: LMP_MISMATCH, Last received: 0.0, Next index: 1, Last known committed idx: 0, Time since last communication: 0.000s
I20260710 11:05:24.160934   305 raft_consensus.cc:493] T ba84a281cbd24370b0cfacd6064acbe3 P 3547c650858f45f7b5ea43fc21675bc0 [term 0 FOLLOWER]: Starting pre-election (no leader contacted us within the election timeout)
I20260710 11:05:24.161407   305 raft_consensus.cc:515] T ba84a281cbd24370b0cfacd6064acbe3 P 3547c650858f45f7b5ea43fc21675bc0 [term 0 FOLLOWER]: Starting pre-election with config: opid_index: -1 OBSOLETE_local: false peers { permanent_uuid: "3547c650858f45f7b5ea43fc21675bc0" member_type: VOTER last_known_addr { host: "127.31.52.1" port: 38929 } } peers { permanent_uuid: "35ea28c2494f43c59fe06e0bf488fccf" member_type: VOTER last_known_addr { host: "127.31.52.2" port: 41645 } } peers { permanent_uuid: "f663b9de831c4aea936b49886f6b404e" member_type: VOTER last_known_addr { host: "127.31.52.3" port: 40647 } }
I20260710 11:05:24.163431   305 leader_election.cc:290] T ba84a281cbd24370b0cfacd6064acbe3 P 3547c650858f45f7b5ea43fc21675bc0 [CANDIDATE]: Term 1 pre-election: Requested pre-vote from peers 35ea28c2494f43c59fe06e0bf488fccf (127.31.52.2:41645), f663b9de831c4aea936b49886f6b404e (127.31.52.3:40647)
I20260710 11:05:24.164800 32649 tablet_service.cc:1917] Received RequestConsensusVote() RPC: tablet_id: "ba84a281cbd24370b0cfacd6064acbe3" candidate_uuid: "3547c650858f45f7b5ea43fc21675bc0" candidate_term: 1 candidate_status { last_received { term: 0 index: 0 } } ignore_live_leader: false dest_uuid: "35ea28c2494f43c59fe06e0bf488fccf" is_pre_election: true
I20260710 11:05:24.165426 32649 raft_consensus.cc:2468] T ba84a281cbd24370b0cfacd6064acbe3 P 35ea28c2494f43c59fe06e0bf488fccf [term 0 FOLLOWER]: Leader pre-election vote request: Granting yes vote for candidate 3547c650858f45f7b5ea43fc21675bc0 in term 0.
I20260710 11:05:24.165912 32723 tablet_service.cc:1917] Received RequestConsensusVote() RPC: tablet_id: "ba84a281cbd24370b0cfacd6064acbe3" candidate_uuid: "3547c650858f45f7b5ea43fc21675bc0" candidate_term: 1 candidate_status { last_received { term: 0 index: 0 } } ignore_live_leader: false dest_uuid: "f663b9de831c4aea936b49886f6b404e" is_pre_election: true
I20260710 11:05:24.166472 32723 raft_consensus.cc:2468] T ba84a281cbd24370b0cfacd6064acbe3 P f663b9de831c4aea936b49886f6b404e [term 0 FOLLOWER]: Leader pre-election vote request: Granting yes vote for candidate 3547c650858f45f7b5ea43fc21675bc0 in term 0.
I20260710 11:05:24.166594 32540 leader_election.cc:304] T ba84a281cbd24370b0cfacd6064acbe3 P 3547c650858f45f7b5ea43fc21675bc0 [CANDIDATE]: Term 1 pre-election: Election decided. Result: candidate won. Election summary: received 2 responses out of 3 voters: 2 yes votes; 0 no votes. yes voters: 3547c650858f45f7b5ea43fc21675bc0, 35ea28c2494f43c59fe06e0bf488fccf; no voters: 
I20260710 11:05:24.167428   305 raft_consensus.cc:2804] T ba84a281cbd24370b0cfacd6064acbe3 P 3547c650858f45f7b5ea43fc21675bc0 [term 0 FOLLOWER]: Leader pre-election won for term 1
I20260710 11:05:24.167788   305 raft_consensus.cc:493] T ba84a281cbd24370b0cfacd6064acbe3 P 3547c650858f45f7b5ea43fc21675bc0 [term 0 FOLLOWER]: Starting leader election (no leader contacted us within the election timeout)
I20260710 11:05:24.168123   305 raft_consensus.cc:3060] T ba84a281cbd24370b0cfacd6064acbe3 P 3547c650858f45f7b5ea43fc21675bc0 [term 0 FOLLOWER]: Advancing to term 1
I20260710 11:05:24.171191 32767 consensus_queue.cc:1048] T db2c9ca00df94ff08766b4f71e4ce349 P f663b9de831c4aea936b49886f6b404e [LEADER]: Connected to new peer: Peer: permanent_uuid: "35ea28c2494f43c59fe06e0bf488fccf" member_type: VOTER last_known_addr { host: "127.31.52.2" port: 41645 }, Status: LMP_MISMATCH, Last received: 0.0, Next index: 1, Last known committed idx: 0, Time since last communication: 0.000s
I20260710 11:05:24.177994   349 raft_consensus.cc:493] T 89334a5500d6440c80bd4672c97117d3 P 3547c650858f45f7b5ea43fc21675bc0 [term 0 FOLLOWER]: Starting pre-election (no leader contacted us within the election timeout)
I20260710 11:05:24.178463   349 raft_consensus.cc:515] T 89334a5500d6440c80bd4672c97117d3 P 3547c650858f45f7b5ea43fc21675bc0 [term 0 FOLLOWER]: Starting pre-election with config: opid_index: -1 OBSOLETE_local: false peers { permanent_uuid: "3547c650858f45f7b5ea43fc21675bc0" member_type: VOTER last_known_addr { host: "127.31.52.1" port: 38929 } } peers { permanent_uuid: "35ea28c2494f43c59fe06e0bf488fccf" member_type: VOTER last_known_addr { host: "127.31.52.2" port: 41645 } } peers { permanent_uuid: "f663b9de831c4aea936b49886f6b404e" member_type: VOTER last_known_addr { host: "127.31.52.3" port: 40647 } }
I20260710 11:05:24.177739   305 raft_consensus.cc:515] T ba84a281cbd24370b0cfacd6064acbe3 P 3547c650858f45f7b5ea43fc21675bc0 [term 1 FOLLOWER]: Starting leader election with config: opid_index: -1 OBSOLETE_local: false peers { permanent_uuid: "3547c650858f45f7b5ea43fc21675bc0" member_type: VOTER last_known_addr { host: "127.31.52.1" port: 38929 } } peers { permanent_uuid: "35ea28c2494f43c59fe06e0bf488fccf" member_type: VOTER last_known_addr { host: "127.31.52.2" port: 41645 } } peers { permanent_uuid: "f663b9de831c4aea936b49886f6b404e" member_type: VOTER last_known_addr { host: "127.31.52.3" port: 40647 } }
I20260710 11:05:24.180449   349 leader_election.cc:290] T 89334a5500d6440c80bd4672c97117d3 P 3547c650858f45f7b5ea43fc21675bc0 [CANDIDATE]: Term 1 pre-election: Requested pre-vote from peers 35ea28c2494f43c59fe06e0bf488fccf (127.31.52.2:41645), f663b9de831c4aea936b49886f6b404e (127.31.52.3:40647)
I20260710 11:05:24.181964   305 leader_election.cc:290] T ba84a281cbd24370b0cfacd6064acbe3 P 3547c650858f45f7b5ea43fc21675bc0 [CANDIDATE]: Term 1 election: Requested vote from peers 35ea28c2494f43c59fe06e0bf488fccf (127.31.52.2:41645), f663b9de831c4aea936b49886f6b404e (127.31.52.3:40647)
I20260710 11:05:24.181882 32649 tablet_service.cc:1917] Received RequestConsensusVote() RPC: tablet_id: "89334a5500d6440c80bd4672c97117d3" candidate_uuid: "3547c650858f45f7b5ea43fc21675bc0" candidate_term: 1 candidate_status { last_received { term: 0 index: 0 } } ignore_live_leader: false dest_uuid: "35ea28c2494f43c59fe06e0bf488fccf" is_pre_election: true
I20260710 11:05:24.182192 32723 tablet_service.cc:1917] Received RequestConsensusVote() RPC: tablet_id: "89334a5500d6440c80bd4672c97117d3" candidate_uuid: "3547c650858f45f7b5ea43fc21675bc0" candidate_term: 1 candidate_status { last_received { term: 0 index: 0 } } ignore_live_leader: false dest_uuid: "f663b9de831c4aea936b49886f6b404e" is_pre_election: true
I20260710 11:05:24.182693 32649 raft_consensus.cc:2393] T 89334a5500d6440c80bd4672c97117d3 P 35ea28c2494f43c59fe06e0bf488fccf [term 1 FOLLOWER]: Leader pre-election vote request: Denying vote to candidate 3547c650858f45f7b5ea43fc21675bc0 in current term 1: Already voted for candidate f663b9de831c4aea936b49886f6b404e in this term.
I20260710 11:05:24.184968 32574 raft_consensus.cc:3060] T 087879391fdb4e64a7d0d4fedbad237e P 3547c650858f45f7b5ea43fc21675bc0 [term 0 FOLLOWER]: Advancing to term 1
I20260710 11:05:24.185135 32540 leader_election.cc:304] T 89334a5500d6440c80bd4672c97117d3 P 3547c650858f45f7b5ea43fc21675bc0 [CANDIDATE]: Term 1 pre-election: Election decided. Result: candidate lost. Election summary: received 3 responses out of 3 voters: 1 yes votes; 2 no votes. yes voters: 3547c650858f45f7b5ea43fc21675bc0; no voters: 35ea28c2494f43c59fe06e0bf488fccf, f663b9de831c4aea936b49886f6b404e
I20260710 11:05:24.186357 32723 tablet_service.cc:1917] Received RequestConsensusVote() RPC: tablet_id: "ba84a281cbd24370b0cfacd6064acbe3" candidate_uuid: "3547c650858f45f7b5ea43fc21675bc0" candidate_term: 1 candidate_status { last_received { term: 0 index: 0 } } ignore_live_leader: false dest_uuid: "f663b9de831c4aea936b49886f6b404e"
I20260710 11:05:24.186892 32723 raft_consensus.cc:3060] T ba84a281cbd24370b0cfacd6064acbe3 P f663b9de831c4aea936b49886f6b404e [term 0 FOLLOWER]: Advancing to term 1
I20260710 11:05:24.187436 32649 tablet_service.cc:1917] Received RequestConsensusVote() RPC: tablet_id: "ba84a281cbd24370b0cfacd6064acbe3" candidate_uuid: "3547c650858f45f7b5ea43fc21675bc0" candidate_term: 1 candidate_status { last_received { term: 0 index: 0 } } ignore_live_leader: false dest_uuid: "35ea28c2494f43c59fe06e0bf488fccf"
I20260710 11:05:24.187952 32649 raft_consensus.cc:3060] T ba84a281cbd24370b0cfacd6064acbe3 P 35ea28c2494f43c59fe06e0bf488fccf [term 0 FOLLOWER]: Advancing to term 1
I20260710 11:05:24.193060 32723 raft_consensus.cc:2468] T ba84a281cbd24370b0cfacd6064acbe3 P f663b9de831c4aea936b49886f6b404e [term 1 FOLLOWER]: Leader election vote request: Granting yes vote for candidate 3547c650858f45f7b5ea43fc21675bc0 in term 1.
I20260710 11:05:24.193423   322 consensus_queue.cc:1048] T 087879391fdb4e64a7d0d4fedbad237e P 35ea28c2494f43c59fe06e0bf488fccf [LEADER]: Connected to new peer: Peer: permanent_uuid: "3547c650858f45f7b5ea43fc21675bc0" member_type: VOTER last_known_addr { host: "127.31.52.1" port: 38929 }, Status: LMP_MISMATCH, Last received: 0.0, Next index: 1, Last known committed idx: 0, Time since last communication: 0.000s
I20260710 11:05:24.193854   305 raft_consensus.cc:3060] T 89334a5500d6440c80bd4672c97117d3 P 3547c650858f45f7b5ea43fc21675bc0 [term 0 FOLLOWER]: Advancing to term 1
I20260710 11:05:24.194264 32540 leader_election.cc:304] T ba84a281cbd24370b0cfacd6064acbe3 P 3547c650858f45f7b5ea43fc21675bc0 [CANDIDATE]: Term 1 election: Election decided. Result: candidate won. Election summary: received 2 responses out of 3 voters: 2 yes votes; 0 no votes. yes voters: 3547c650858f45f7b5ea43fc21675bc0, f663b9de831c4aea936b49886f6b404e; no voters: 
I20260710 11:05:24.194943   349 raft_consensus.cc:2804] T ba84a281cbd24370b0cfacd6064acbe3 P 3547c650858f45f7b5ea43fc21675bc0 [term 1 FOLLOWER]: Leader election won for term 1
I20260710 11:05:24.195953   349 raft_consensus.cc:697] T ba84a281cbd24370b0cfacd6064acbe3 P 3547c650858f45f7b5ea43fc21675bc0 [term 1 LEADER]: Becoming Leader. State: Replica: 3547c650858f45f7b5ea43fc21675bc0, State: Running, Role: LEADER
I20260710 11:05:24.194662 32649 raft_consensus.cc:2468] T ba84a281cbd24370b0cfacd6064acbe3 P 35ea28c2494f43c59fe06e0bf488fccf [term 1 FOLLOWER]: Leader election vote request: Granting yes vote for candidate 3547c650858f45f7b5ea43fc21675bc0 in term 1.
I20260710 11:05:24.196795   349 consensus_queue.cc:237] T ba84a281cbd24370b0cfacd6064acbe3 P 3547c650858f45f7b5ea43fc21675bc0 [LEADER]: Queue going to LEADER mode. State: All replicated index: 0, Majority replicated index: 0, Committed index: 0, Last appended: 0.0, Last appended by leader: 0, Current term: 1, Majority size: 2, State: 0, Mode: LEADER, active raft config: opid_index: -1 OBSOLETE_local: false peers { permanent_uuid: "3547c650858f45f7b5ea43fc21675bc0" member_type: VOTER last_known_addr { host: "127.31.52.1" port: 38929 } } peers { permanent_uuid: "35ea28c2494f43c59fe06e0bf488fccf" member_type: VOTER last_known_addr { host: "127.31.52.2" port: 41645 } } peers { permanent_uuid: "f663b9de831c4aea936b49886f6b404e" member_type: VOTER last_known_addr { host: "127.31.52.3" port: 40647 } }
I20260710 11:05:24.199395   305 raft_consensus.cc:2749] T 89334a5500d6440c80bd4672c97117d3 P 3547c650858f45f7b5ea43fc21675bc0 [term 1 FOLLOWER]: Leader pre-election lost for term 1. Reason: could not achieve majority
I20260710 11:05:24.206801 32471 catalog_manager.cc:5697] T ba84a281cbd24370b0cfacd6064acbe3 P 3547c650858f45f7b5ea43fc21675bc0 reported cstate change: term changed from 0 to 1, leader changed from <none> to 3547c650858f45f7b5ea43fc21675bc0 (127.31.52.1). New cstate: current_term: 1 leader_uuid: "3547c650858f45f7b5ea43fc21675bc0" committed_config { opid_index: -1 OBSOLETE_local: false peers { permanent_uuid: "3547c650858f45f7b5ea43fc21675bc0" member_type: VOTER last_known_addr { host: "127.31.52.1" port: 38929 } health_report { overall_health: HEALTHY } } peers { permanent_uuid: "35ea28c2494f43c59fe06e0bf488fccf" member_type: VOTER last_known_addr { host: "127.31.52.2" port: 41645 } health_report { overall_health: UNKNOWN } } peers { permanent_uuid: "f663b9de831c4aea936b49886f6b404e" member_type: VOTER last_known_addr { host: "127.31.52.3" port: 40647 } health_report { overall_health: UNKNOWN } } }
I20260710 11:05:24.209561   346 consensus_queue.cc:1048] T 087879391fdb4e64a7d0d4fedbad237e P 35ea28c2494f43c59fe06e0bf488fccf [LEADER]: Connected to new peer: Peer: permanent_uuid: "f663b9de831c4aea936b49886f6b404e" member_type: VOTER last_known_addr { host: "127.31.52.3" port: 40647 }, Status: LMP_MISMATCH, Last received: 0.0, Next index: 1, Last known committed idx: 0, Time since last communication: 0.000s
I20260710 11:05:24.275563 32723 tablet_service.cc:2072] Received LeaderStepDown RPC: tablet_id: "db2c9ca00df94ff08766b4f71e4ce349"
dest_uuid: "f663b9de831c4aea936b49886f6b404e"
mode: GRACEFUL
new_leader_uuid: "3547c650858f45f7b5ea43fc21675bc0"
 from {username='slave'} at 127.0.0.1:53948
I20260710 11:05:24.276000 32723 raft_consensus.cc:606] T db2c9ca00df94ff08766b4f71e4ce349 P f663b9de831c4aea936b49886f6b404e [term 1 LEADER]: Received request to transfer leadership to TS 3547c650858f45f7b5ea43fc21675bc0
I20260710 11:05:24.287442 32649 tablet_service.cc:2072] Received LeaderStepDown RPC: tablet_id: "087879391fdb4e64a7d0d4fedbad237e"
dest_uuid: "35ea28c2494f43c59fe06e0bf488fccf"
mode: GRACEFUL
new_leader_uuid: "3547c650858f45f7b5ea43fc21675bc0"
 from {username='slave'} at 127.0.0.1:36118
I20260710 11:05:24.287928 32649 raft_consensus.cc:606] T 087879391fdb4e64a7d0d4fedbad237e P 35ea28c2494f43c59fe06e0bf488fccf [term 1 LEADER]: Received request to transfer leadership to TS 3547c650858f45f7b5ea43fc21675bc0
I20260710 11:05:24.292485 32723 tablet_service.cc:2072] Received LeaderStepDown RPC: tablet_id: "82c7d186712144baa8db7d487dfff693"
dest_uuid: "f663b9de831c4aea936b49886f6b404e"
mode: GRACEFUL
new_leader_uuid: "3547c650858f45f7b5ea43fc21675bc0"
 from {username='slave'} at 127.0.0.1:53948
I20260710 11:05:24.292900 32723 raft_consensus.cc:606] T 82c7d186712144baa8db7d487dfff693 P f663b9de831c4aea936b49886f6b404e [term 1 LEADER]: Received request to transfer leadership to TS 3547c650858f45f7b5ea43fc21675bc0
I20260710 11:05:24.299734 32723 tablet_service.cc:2072] Received LeaderStepDown RPC: tablet_id: "89334a5500d6440c80bd4672c97117d3"
dest_uuid: "f663b9de831c4aea936b49886f6b404e"
mode: GRACEFUL
new_leader_uuid: "3547c650858f45f7b5ea43fc21675bc0"
 from {username='slave'} at 127.0.0.1:53948
I20260710 11:05:24.300158 32723 raft_consensus.cc:606] T 89334a5500d6440c80bd4672c97117d3 P f663b9de831c4aea936b49886f6b404e [term 1 LEADER]: Received request to transfer leadership to TS 3547c650858f45f7b5ea43fc21675bc0
I20260710 11:05:24.304090 32723 tablet_service.cc:2072] Received LeaderStepDown RPC: tablet_id: "0e14e633a5e749d6aa860c58df57a9bb"
dest_uuid: "f663b9de831c4aea936b49886f6b404e"
mode: GRACEFUL
new_leader_uuid: "35ea28c2494f43c59fe06e0bf488fccf"
 from {username='slave'} at 127.0.0.1:53948
I20260710 11:05:24.304615 32723 raft_consensus.cc:606] T 0e14e633a5e749d6aa860c58df57a9bb P f663b9de831c4aea936b49886f6b404e [term 1 LEADER]: Received request to transfer leadership to TS 35ea28c2494f43c59fe06e0bf488fccf
I20260710 11:05:24.307137   332 consensus_queue.cc:1048] T 042f9fc65e65486a95476a5ac7f60465 P f663b9de831c4aea936b49886f6b404e [LEADER]: Connected to new peer: Peer: permanent_uuid: "3547c650858f45f7b5ea43fc21675bc0" member_type: VOTER last_known_addr { host: "127.31.52.1" port: 38929 }, Status: LMP_MISMATCH, Last received: 0.0, Next index: 1, Last known committed idx: 0, Time since last communication: 0.000s
I20260710 11:05:24.309307 32723 tablet_service.cc:2072] Received LeaderStepDown RPC: tablet_id: "042f9fc65e65486a95476a5ac7f60465"
dest_uuid: "f663b9de831c4aea936b49886f6b404e"
mode: GRACEFUL
new_leader_uuid: "35ea28c2494f43c59fe06e0bf488fccf"
 from {username='slave'} at 127.0.0.1:53948
I20260710 11:05:24.309779 32723 raft_consensus.cc:606] T 042f9fc65e65486a95476a5ac7f60465 P f663b9de831c4aea936b49886f6b404e [term 1 LEADER]: Received request to transfer leadership to TS 35ea28c2494f43c59fe06e0bf488fccf
I20260710 11:05:24.320380 32649 raft_consensus.cc:3060] T 042f9fc65e65486a95476a5ac7f60465 P 35ea28c2494f43c59fe06e0bf488fccf [term 0 FOLLOWER]: Advancing to term 1
I20260710 11:05:24.327643 32767 consensus_queue.cc:1048] T 042f9fc65e65486a95476a5ac7f60465 P f663b9de831c4aea936b49886f6b404e [LEADER]: Connected to new peer: Peer: permanent_uuid: "35ea28c2494f43c59fe06e0bf488fccf" member_type: VOTER last_known_addr { host: "127.31.52.2" port: 41645 }, Status: LMP_MISMATCH, Last received: 0.0, Next index: 1, Last known committed idx: 0, Time since last communication: 0.000s
I20260710 11:05:24.331933 32574 tablet_service.cc:2072] Received LeaderStepDown RPC: tablet_id: "ba84a281cbd24370b0cfacd6064acbe3"
dest_uuid: "3547c650858f45f7b5ea43fc21675bc0"
mode: GRACEFUL
new_leader_uuid: "35ea28c2494f43c59fe06e0bf488fccf"
 from {username='slave'} at 127.0.0.1:39166
I20260710 11:05:24.332515 32574 raft_consensus.cc:606] T ba84a281cbd24370b0cfacd6064acbe3 P 3547c650858f45f7b5ea43fc21675bc0 [term 1 LEADER]: Received request to transfer leadership to TS 35ea28c2494f43c59fe06e0bf488fccf
I20260710 11:05:24.335009   332 raft_consensus.cc:993] T 042f9fc65e65486a95476a5ac7f60465 P f663b9de831c4aea936b49886f6b404e: : Instructing follower 35ea28c2494f43c59fe06e0bf488fccf to start an election
I20260710 11:05:24.335379 32767 raft_consensus.cc:1081] T 042f9fc65e65486a95476a5ac7f60465 P f663b9de831c4aea936b49886f6b404e [term 1 LEADER]: Signalling peer 35ea28c2494f43c59fe06e0bf488fccf to start an election
I20260710 11:05:24.336824 32649 tablet_service.cc:2044] Received Run Leader Election RPC: tablet_id: "042f9fc65e65486a95476a5ac7f60465"
dest_uuid: "35ea28c2494f43c59fe06e0bf488fccf"
 from {username='slave'} at 127.0.0.1:36096
I20260710 11:05:24.337320 32649 raft_consensus.cc:493] T 042f9fc65e65486a95476a5ac7f60465 P 35ea28c2494f43c59fe06e0bf488fccf [term 1 FOLLOWER]: Starting forced leader election (received explicit request)
I20260710 11:05:24.337646 32649 raft_consensus.cc:3060] T 042f9fc65e65486a95476a5ac7f60465 P 35ea28c2494f43c59fe06e0bf488fccf [term 1 FOLLOWER]: Advancing to term 2
I20260710 11:05:24.338333 32648 tablet_service.cc:2072] Received LeaderStepDown RPC: tablet_id: "34aea1a72f6848dab1e30c3279930278"
dest_uuid: "35ea28c2494f43c59fe06e0bf488fccf"
mode: GRACEFUL
new_leader_uuid: "f663b9de831c4aea936b49886f6b404e"
 from {username='slave'} at 127.0.0.1:36118
I20260710 11:05:24.338869 32648 raft_consensus.cc:606] T 34aea1a72f6848dab1e30c3279930278 P 35ea28c2494f43c59fe06e0bf488fccf [term 1 LEADER]: Received request to transfer leadership to TS f663b9de831c4aea936b49886f6b404e
I20260710 11:05:24.342092 32649 raft_consensus.cc:515] T 042f9fc65e65486a95476a5ac7f60465 P 35ea28c2494f43c59fe06e0bf488fccf [term 2 FOLLOWER]: Starting forced leader election with config: opid_index: -1 OBSOLETE_local: false peers { permanent_uuid: "3547c650858f45f7b5ea43fc21675bc0" member_type: VOTER last_known_addr { host: "127.31.52.1" port: 38929 } } peers { permanent_uuid: "35ea28c2494f43c59fe06e0bf488fccf" member_type: VOTER last_known_addr { host: "127.31.52.2" port: 41645 } } peers { permanent_uuid: "f663b9de831c4aea936b49886f6b404e" member_type: VOTER last_known_addr { host: "127.31.52.3" port: 40647 } }
I20260710 11:05:24.343549 32649 leader_election.cc:290] T 042f9fc65e65486a95476a5ac7f60465 P 35ea28c2494f43c59fe06e0bf488fccf [CANDIDATE]: Term 2 election: Requested vote from peers 3547c650858f45f7b5ea43fc21675bc0 (127.31.52.1:38929), f663b9de831c4aea936b49886f6b404e (127.31.52.3:40647)
I20260710 11:05:24.344276 32574 tablet_service.cc:1917] Received RequestConsensusVote() RPC: tablet_id: "042f9fc65e65486a95476a5ac7f60465" candidate_uuid: "35ea28c2494f43c59fe06e0bf488fccf" candidate_term: 2 candidate_status { last_received { term: 1 index: 1 } } ignore_live_leader: true dest_uuid: "3547c650858f45f7b5ea43fc21675bc0"
I20260710 11:05:24.344563 32723 tablet_service.cc:1917] Received RequestConsensusVote() RPC: tablet_id: "042f9fc65e65486a95476a5ac7f60465" candidate_uuid: "35ea28c2494f43c59fe06e0bf488fccf" candidate_term: 2 candidate_status { last_received { term: 1 index: 1 } } ignore_live_leader: true dest_uuid: "f663b9de831c4aea936b49886f6b404e"
I20260710 11:05:24.344813 32574 raft_consensus.cc:3060] T 042f9fc65e65486a95476a5ac7f60465 P 3547c650858f45f7b5ea43fc21675bc0 [term 1 FOLLOWER]: Advancing to term 2
I20260710 11:05:24.345118 32723 raft_consensus.cc:3055] T 042f9fc65e65486a95476a5ac7f60465 P f663b9de831c4aea936b49886f6b404e [term 1 LEADER]: Stepping down as leader of term 1
I20260710 11:05:24.345451 32723 raft_consensus.cc:740] T 042f9fc65e65486a95476a5ac7f60465 P f663b9de831c4aea936b49886f6b404e [term 1 LEADER]: Becoming Follower/Learner. State: Replica: f663b9de831c4aea936b49886f6b404e, State: Running, Role: LEADER
I20260710 11:05:24.346202 32723 consensus_queue.cc:260] T 042f9fc65e65486a95476a5ac7f60465 P f663b9de831c4aea936b49886f6b404e [NON_LEADER]: Queue going to NON_LEADER mode. State: All replicated index: 0, Majority replicated index: 1, Committed index: 1, Last appended: 1.1, Last appended by leader: 1, Current term: 1, Majority size: -1, State: 0, Mode: NON_LEADER, active raft config: opid_index: -1 OBSOLETE_local: false peers { permanent_uuid: "3547c650858f45f7b5ea43fc21675bc0" member_type: VOTER last_known_addr { host: "127.31.52.1" port: 38929 } } peers { permanent_uuid: "35ea28c2494f43c59fe06e0bf488fccf" member_type: VOTER last_known_addr { host: "127.31.52.2" port: 41645 } } peers { permanent_uuid: "f663b9de831c4aea936b49886f6b404e" member_type: VOTER last_known_addr { host: "127.31.52.3" port: 40647 } }
I20260710 11:05:24.347357 32723 raft_consensus.cc:3060] T 042f9fc65e65486a95476a5ac7f60465 P f663b9de831c4aea936b49886f6b404e [term 1 FOLLOWER]: Advancing to term 2
I20260710 11:05:24.350948 32574 raft_consensus.cc:2468] T 042f9fc65e65486a95476a5ac7f60465 P 3547c650858f45f7b5ea43fc21675bc0 [term 2 FOLLOWER]: Leader election vote request: Granting yes vote for candidate 35ea28c2494f43c59fe06e0bf488fccf in term 2.
I20260710 11:05:24.351951 32614 leader_election.cc:304] T 042f9fc65e65486a95476a5ac7f60465 P 35ea28c2494f43c59fe06e0bf488fccf [CANDIDATE]: Term 2 election: Election decided. Result: candidate won. Election summary: received 2 responses out of 3 voters: 2 yes votes; 0 no votes. yes voters: 3547c650858f45f7b5ea43fc21675bc0, 35ea28c2494f43c59fe06e0bf488fccf; no voters: 
I20260710 11:05:24.352641   304 raft_consensus.cc:2804] T 042f9fc65e65486a95476a5ac7f60465 P 35ea28c2494f43c59fe06e0bf488fccf [term 2 FOLLOWER]: Leader election won for term 2
I20260710 11:05:24.353055   304 raft_consensus.cc:697] T 042f9fc65e65486a95476a5ac7f60465 P 35ea28c2494f43c59fe06e0bf488fccf [term 2 LEADER]: Becoming Leader. State: Replica: 35ea28c2494f43c59fe06e0bf488fccf, State: Running, Role: LEADER
I20260710 11:05:24.353258 32723 raft_consensus.cc:2468] T 042f9fc65e65486a95476a5ac7f60465 P f663b9de831c4aea936b49886f6b404e [term 2 FOLLOWER]: Leader election vote request: Granting yes vote for candidate 35ea28c2494f43c59fe06e0bf488fccf in term 2.
I20260710 11:05:24.353863   304 consensus_queue.cc:237] T 042f9fc65e65486a95476a5ac7f60465 P 35ea28c2494f43c59fe06e0bf488fccf [LEADER]: Queue going to LEADER mode. State: All replicated index: 0, Majority replicated index: 1, Committed index: 1, Last appended: 1.1, Last appended by leader: 1, Current term: 2, Majority size: 2, State: 0, Mode: LEADER, active raft config: opid_index: -1 OBSOLETE_local: false peers { permanent_uuid: "3547c650858f45f7b5ea43fc21675bc0" member_type: VOTER last_known_addr { host: "127.31.52.1" port: 38929 } } peers { permanent_uuid: "35ea28c2494f43c59fe06e0bf488fccf" member_type: VOTER last_known_addr { host: "127.31.52.2" port: 41645 } } peers { permanent_uuid: "f663b9de831c4aea936b49886f6b404e" member_type: VOTER last_known_addr { host: "127.31.52.3" port: 40647 } }
I20260710 11:05:24.354557 32767 consensus_queue.cc:1048] T 82c7d186712144baa8db7d487dfff693 P f663b9de831c4aea936b49886f6b404e [LEADER]: Connected to new peer: Peer: permanent_uuid: "3547c650858f45f7b5ea43fc21675bc0" member_type: VOTER last_known_addr { host: "127.31.52.1" port: 38929 }, Status: LMP_MISMATCH, Last received: 0.0, Next index: 1, Last known committed idx: 0, Time since last communication: 0.000s
I20260710 11:05:24.360688   332 raft_consensus.cc:993] T 82c7d186712144baa8db7d487dfff693 P f663b9de831c4aea936b49886f6b404e: : Instructing follower 3547c650858f45f7b5ea43fc21675bc0 to start an election
I20260710 11:05:24.361073   332 raft_consensus.cc:1081] T 82c7d186712144baa8db7d487dfff693 P f663b9de831c4aea936b49886f6b404e [term 1 LEADER]: Signalling peer 3547c650858f45f7b5ea43fc21675bc0 to start an election
I20260710 11:05:24.360343 32469 catalog_manager.cc:5697] T 042f9fc65e65486a95476a5ac7f60465 P 35ea28c2494f43c59fe06e0bf488fccf reported cstate change: term changed from 1 to 2, leader changed from f663b9de831c4aea936b49886f6b404e (127.31.52.3) to 35ea28c2494f43c59fe06e0bf488fccf (127.31.52.2). New cstate: current_term: 2 leader_uuid: "35ea28c2494f43c59fe06e0bf488fccf" committed_config { opid_index: -1 OBSOLETE_local: false peers { permanent_uuid: "3547c650858f45f7b5ea43fc21675bc0" member_type: VOTER last_known_addr { host: "127.31.52.1" port: 38929 } health_report { overall_health: UNKNOWN } } peers { permanent_uuid: "35ea28c2494f43c59fe06e0bf488fccf" member_type: VOTER last_known_addr { host: "127.31.52.2" port: 41645 } health_report { overall_health: HEALTHY } } peers { permanent_uuid: "f663b9de831c4aea936b49886f6b404e" member_type: VOTER last_known_addr { host: "127.31.52.3" port: 40647 } health_report { overall_health: UNKNOWN } } }
I20260710 11:05:24.366525   312 consensus_queue.cc:1048] T 82c7d186712144baa8db7d487dfff693 P f663b9de831c4aea936b49886f6b404e [LEADER]: Connected to new peer: Peer: permanent_uuid: "35ea28c2494f43c59fe06e0bf488fccf" member_type: VOTER last_known_addr { host: "127.31.52.2" port: 41645 }, Status: LMP_MISMATCH, Last received: 0.0, Next index: 1, Last known committed idx: 0, Time since last communication: 0.000s
I20260710 11:05:24.368307 32574 tablet_service.cc:2044] Received Run Leader Election RPC: tablet_id: "82c7d186712144baa8db7d487dfff693"
dest_uuid: "3547c650858f45f7b5ea43fc21675bc0"
 from {username='slave'} at 127.0.0.1:39138
I20260710 11:05:24.368840 32574 raft_consensus.cc:493] T 82c7d186712144baa8db7d487dfff693 P 3547c650858f45f7b5ea43fc21675bc0 [term 1 FOLLOWER]: Starting forced leader election (received explicit request)
I20260710 11:05:24.369215 32574 raft_consensus.cc:3060] T 82c7d186712144baa8db7d487dfff693 P 3547c650858f45f7b5ea43fc21675bc0 [term 1 FOLLOWER]: Advancing to term 2
I20260710 11:05:24.374940 32574 raft_consensus.cc:515] T 82c7d186712144baa8db7d487dfff693 P 3547c650858f45f7b5ea43fc21675bc0 [term 2 FOLLOWER]: Starting forced leader election with config: opid_index: -1 OBSOLETE_local: false peers { permanent_uuid: "3547c650858f45f7b5ea43fc21675bc0" member_type: VOTER last_known_addr { host: "127.31.52.1" port: 38929 } } peers { permanent_uuid: "35ea28c2494f43c59fe06e0bf488fccf" member_type: VOTER last_known_addr { host: "127.31.52.2" port: 41645 } } peers { permanent_uuid: "f663b9de831c4aea936b49886f6b404e" member_type: VOTER last_known_addr { host: "127.31.52.3" port: 40647 } }
I20260710 11:05:24.376492 32574 leader_election.cc:290] T 82c7d186712144baa8db7d487dfff693 P 3547c650858f45f7b5ea43fc21675bc0 [CANDIDATE]: Term 2 election: Requested vote from peers 35ea28c2494f43c59fe06e0bf488fccf (127.31.52.2:41645), f663b9de831c4aea936b49886f6b404e (127.31.52.3:40647)
I20260710 11:05:24.377266 32649 tablet_service.cc:1917] Received RequestConsensusVote() RPC: tablet_id: "82c7d186712144baa8db7d487dfff693" candidate_uuid: "3547c650858f45f7b5ea43fc21675bc0" candidate_term: 2 candidate_status { last_received { term: 1 index: 1 } } ignore_live_leader: true dest_uuid: "35ea28c2494f43c59fe06e0bf488fccf"
I20260710 11:05:24.377629 32723 tablet_service.cc:1917] Received RequestConsensusVote() RPC: tablet_id: "82c7d186712144baa8db7d487dfff693" candidate_uuid: "3547c650858f45f7b5ea43fc21675bc0" candidate_term: 2 candidate_status { last_received { term: 1 index: 1 } } ignore_live_leader: true dest_uuid: "f663b9de831c4aea936b49886f6b404e"
I20260710 11:05:24.377792 32649 raft_consensus.cc:3060] T 82c7d186712144baa8db7d487dfff693 P 35ea28c2494f43c59fe06e0bf488fccf [term 1 FOLLOWER]: Advancing to term 2
I20260710 11:05:24.378150 32723 raft_consensus.cc:3055] T 82c7d186712144baa8db7d487dfff693 P f663b9de831c4aea936b49886f6b404e [term 1 LEADER]: Stepping down as leader of term 1
I20260710 11:05:24.378459 32723 raft_consensus.cc:740] T 82c7d186712144baa8db7d487dfff693 P f663b9de831c4aea936b49886f6b404e [term 1 LEADER]: Becoming Follower/Learner. State: Replica: f663b9de831c4aea936b49886f6b404e, State: Running, Role: LEADER
I20260710 11:05:24.379227 32723 consensus_queue.cc:260] T 82c7d186712144baa8db7d487dfff693 P f663b9de831c4aea936b49886f6b404e [NON_LEADER]: Queue going to NON_LEADER mode. State: All replicated index: 0, Majority replicated index: 1, Committed index: 1, Last appended: 1.1, Last appended by leader: 1, Current term: 1, Majority size: -1, State: 0, Mode: NON_LEADER, active raft config: opid_index: -1 OBSOLETE_local: false peers { permanent_uuid: "3547c650858f45f7b5ea43fc21675bc0" member_type: VOTER last_known_addr { host: "127.31.52.1" port: 38929 } } peers { permanent_uuid: "35ea28c2494f43c59fe06e0bf488fccf" member_type: VOTER last_known_addr { host: "127.31.52.2" port: 41645 } } peers { permanent_uuid: "f663b9de831c4aea936b49886f6b404e" member_type: VOTER last_known_addr { host: "127.31.52.3" port: 40647 } }
I20260710 11:05:24.380371 32723 raft_consensus.cc:3060] T 82c7d186712144baa8db7d487dfff693 P f663b9de831c4aea936b49886f6b404e [term 1 FOLLOWER]: Advancing to term 2
I20260710 11:05:24.383575   332 consensus_queue.cc:1048] T 89334a5500d6440c80bd4672c97117d3 P f663b9de831c4aea936b49886f6b404e [LEADER]: Connected to new peer: Peer: permanent_uuid: "3547c650858f45f7b5ea43fc21675bc0" member_type: VOTER last_known_addr { host: "127.31.52.1" port: 38929 }, Status: LMP_MISMATCH, Last received: 0.0, Next index: 1, Last known committed idx: 0, Time since last communication: 0.000s
I20260710 11:05:24.384130 32649 raft_consensus.cc:2468] T 82c7d186712144baa8db7d487dfff693 P 35ea28c2494f43c59fe06e0bf488fccf [term 2 FOLLOWER]: Leader election vote request: Granting yes vote for candidate 3547c650858f45f7b5ea43fc21675bc0 in term 2.
I20260710 11:05:24.385089 32540 leader_election.cc:304] T 82c7d186712144baa8db7d487dfff693 P 3547c650858f45f7b5ea43fc21675bc0 [CANDIDATE]: Term 2 election: Election decided. Result: candidate won. Election summary: received 2 responses out of 3 voters: 2 yes votes; 0 no votes. yes voters: 3547c650858f45f7b5ea43fc21675bc0, 35ea28c2494f43c59fe06e0bf488fccf; no voters: 
I20260710 11:05:24.385730   349 raft_consensus.cc:2804] T 82c7d186712144baa8db7d487dfff693 P 3547c650858f45f7b5ea43fc21675bc0 [term 2 FOLLOWER]: Leader election won for term 2
I20260710 11:05:24.386170   349 raft_consensus.cc:697] T 82c7d186712144baa8db7d487dfff693 P 3547c650858f45f7b5ea43fc21675bc0 [term 2 LEADER]: Becoming Leader. State: Replica: 3547c650858f45f7b5ea43fc21675bc0, State: Running, Role: LEADER
I20260710 11:05:24.386442 32723 raft_consensus.cc:2468] T 82c7d186712144baa8db7d487dfff693 P f663b9de831c4aea936b49886f6b404e [term 2 FOLLOWER]: Leader election vote request: Granting yes vote for candidate 3547c650858f45f7b5ea43fc21675bc0 in term 2.
I20260710 11:05:24.386912   349 consensus_queue.cc:237] T 82c7d186712144baa8db7d487dfff693 P 3547c650858f45f7b5ea43fc21675bc0 [LEADER]: Queue going to LEADER mode. State: All replicated index: 0, Majority replicated index: 1, Committed index: 1, Last appended: 1.1, Last appended by leader: 1, Current term: 2, Majority size: 2, State: 0, Mode: LEADER, active raft config: opid_index: -1 OBSOLETE_local: false peers { permanent_uuid: "3547c650858f45f7b5ea43fc21675bc0" member_type: VOTER last_known_addr { host: "127.31.52.1" port: 38929 } } peers { permanent_uuid: "35ea28c2494f43c59fe06e0bf488fccf" member_type: VOTER last_known_addr { host: "127.31.52.2" port: 41645 } } peers { permanent_uuid: "f663b9de831c4aea936b49886f6b404e" member_type: VOTER last_known_addr { host: "127.31.52.3" port: 40647 } }
I20260710 11:05:24.391707   312 raft_consensus.cc:993] T 89334a5500d6440c80bd4672c97117d3 P f663b9de831c4aea936b49886f6b404e: : Instructing follower 3547c650858f45f7b5ea43fc21675bc0 to start an election
I20260710 11:05:24.392091 32767 raft_consensus.cc:1081] T 89334a5500d6440c80bd4672c97117d3 P f663b9de831c4aea936b49886f6b404e [term 1 LEADER]: Signalling peer 3547c650858f45f7b5ea43fc21675bc0 to start an election
I20260710 11:05:24.393502 32573 tablet_service.cc:2044] Received Run Leader Election RPC: tablet_id: "89334a5500d6440c80bd4672c97117d3"
dest_uuid: "3547c650858f45f7b5ea43fc21675bc0"
 from {username='slave'} at 127.0.0.1:39138
I20260710 11:05:24.393422 32469 catalog_manager.cc:5697] T 82c7d186712144baa8db7d487dfff693 P 3547c650858f45f7b5ea43fc21675bc0 reported cstate change: term changed from 1 to 2, leader changed from f663b9de831c4aea936b49886f6b404e (127.31.52.3) to 3547c650858f45f7b5ea43fc21675bc0 (127.31.52.1). New cstate: current_term: 2 leader_uuid: "3547c650858f45f7b5ea43fc21675bc0" committed_config { opid_index: -1 OBSOLETE_local: false peers { permanent_uuid: "3547c650858f45f7b5ea43fc21675bc0" member_type: VOTER last_known_addr { host: "127.31.52.1" port: 38929 } health_report { overall_health: HEALTHY } } peers { permanent_uuid: "35ea28c2494f43c59fe06e0bf488fccf" member_type: VOTER last_known_addr { host: "127.31.52.2" port: 41645 } health_report { overall_health: UNKNOWN } } peers { permanent_uuid: "f663b9de831c4aea936b49886f6b404e" member_type: VOTER last_known_addr { host: "127.31.52.3" port: 40647 } health_report { overall_health: UNKNOWN } } }
I20260710 11:05:24.396943 32573 raft_consensus.cc:493] T 89334a5500d6440c80bd4672c97117d3 P 3547c650858f45f7b5ea43fc21675bc0 [term 1 FOLLOWER]: Starting forced leader election (received explicit request)
I20260710 11:05:24.396970   312 consensus_queue.cc:1048] T 89334a5500d6440c80bd4672c97117d3 P f663b9de831c4aea936b49886f6b404e [LEADER]: Connected to new peer: Peer: permanent_uuid: "35ea28c2494f43c59fe06e0bf488fccf" member_type: VOTER last_known_addr { host: "127.31.52.2" port: 41645 }, Status: LMP_MISMATCH, Last received: 0.0, Next index: 1, Last known committed idx: 0, Time since last communication: 0.001s
I20260710 11:05:24.397501 32573 raft_consensus.cc:3060] T 89334a5500d6440c80bd4672c97117d3 P 3547c650858f45f7b5ea43fc21675bc0 [term 1 FOLLOWER]: Advancing to term 2
I20260710 11:05:24.404259 32573 raft_consensus.cc:515] T 89334a5500d6440c80bd4672c97117d3 P 3547c650858f45f7b5ea43fc21675bc0 [term 2 FOLLOWER]: Starting forced leader election with config: opid_index: -1 OBSOLETE_local: false peers { permanent_uuid: "3547c650858f45f7b5ea43fc21675bc0" member_type: VOTER last_known_addr { host: "127.31.52.1" port: 38929 } } peers { permanent_uuid: "35ea28c2494f43c59fe06e0bf488fccf" member_type: VOTER last_known_addr { host: "127.31.52.2" port: 41645 } } peers { permanent_uuid: "f663b9de831c4aea936b49886f6b404e" member_type: VOTER last_known_addr { host: "127.31.52.3" port: 40647 } }
I20260710 11:05:24.405543   312 consensus_queue.cc:1048] T 0e14e633a5e749d6aa860c58df57a9bb P f663b9de831c4aea936b49886f6b404e [LEADER]: Connected to new peer: Peer: permanent_uuid: "35ea28c2494f43c59fe06e0bf488fccf" member_type: VOTER last_known_addr { host: "127.31.52.2" port: 41645 }, Status: LMP_MISMATCH, Last received: 0.0, Next index: 1, Last known committed idx: 0, Time since last communication: 0.000s
I20260710 11:05:24.410952 32647 tablet_service.cc:1917] Received RequestConsensusVote() RPC: tablet_id: "89334a5500d6440c80bd4672c97117d3" candidate_uuid: "3547c650858f45f7b5ea43fc21675bc0" candidate_term: 2 candidate_status { last_received { term: 1 index: 1 } } ignore_live_leader: true dest_uuid: "35ea28c2494f43c59fe06e0bf488fccf"
I20260710 11:05:24.412076 32723 tablet_service.cc:1917] Received RequestConsensusVote() RPC: tablet_id: "89334a5500d6440c80bd4672c97117d3" candidate_uuid: "3547c650858f45f7b5ea43fc21675bc0" candidate_term: 2 candidate_status { last_received { term: 1 index: 1 } } ignore_live_leader: true dest_uuid: "f663b9de831c4aea936b49886f6b404e"
I20260710 11:05:24.412590 32723 raft_consensus.cc:3055] T 89334a5500d6440c80bd4672c97117d3 P f663b9de831c4aea936b49886f6b404e [term 1 LEADER]: Stepping down as leader of term 1
I20260710 11:05:24.412909 32723 raft_consensus.cc:740] T 89334a5500d6440c80bd4672c97117d3 P f663b9de831c4aea936b49886f6b404e [term 1 LEADER]: Becoming Follower/Learner. State: Replica: f663b9de831c4aea936b49886f6b404e, State: Running, Role: LEADER
I20260710 11:05:24.413621 32573 leader_election.cc:290] T 89334a5500d6440c80bd4672c97117d3 P 3547c650858f45f7b5ea43fc21675bc0 [CANDIDATE]: Term 2 election: Requested vote from peers 35ea28c2494f43c59fe06e0bf488fccf (127.31.52.2:41645), f663b9de831c4aea936b49886f6b404e (127.31.52.3:40647)
I20260710 11:05:24.417362 32723 consensus_queue.cc:260] T 89334a5500d6440c80bd4672c97117d3 P f663b9de831c4aea936b49886f6b404e [NON_LEADER]: Queue going to NON_LEADER mode. State: All replicated index: 0, Majority replicated index: 1, Committed index: 1, Last appended: 1.1, Last appended by leader: 1, Current term: 1, Majority size: -1, State: 0, Mode: NON_LEADER, active raft config: opid_index: -1 OBSOLETE_local: false peers { permanent_uuid: "3547c650858f45f7b5ea43fc21675bc0" member_type: VOTER last_known_addr { host: "127.31.52.1" port: 38929 } } peers { permanent_uuid: "35ea28c2494f43c59fe06e0bf488fccf" member_type: VOTER last_known_addr { host: "127.31.52.2" port: 41645 } } peers { permanent_uuid: "f663b9de831c4aea936b49886f6b404e" member_type: VOTER last_known_addr { host: "127.31.52.3" port: 40647 } }
I20260710 11:05:24.418644 32723 raft_consensus.cc:3060] T 89334a5500d6440c80bd4672c97117d3 P f663b9de831c4aea936b49886f6b404e [term 1 FOLLOWER]: Advancing to term 2
I20260710 11:05:24.424404 32723 raft_consensus.cc:2468] T 89334a5500d6440c80bd4672c97117d3 P f663b9de831c4aea936b49886f6b404e [term 2 FOLLOWER]: Leader election vote request: Granting yes vote for candidate 3547c650858f45f7b5ea43fc21675bc0 in term 2.
I20260710 11:05:24.424957   312 raft_consensus.cc:993] T 0e14e633a5e749d6aa860c58df57a9bb P f663b9de831c4aea936b49886f6b404e: : Instructing follower 35ea28c2494f43c59fe06e0bf488fccf to start an election
I20260710 11:05:24.425388   314 raft_consensus.cc:1081] T 0e14e633a5e749d6aa860c58df57a9bb P f663b9de831c4aea936b49886f6b404e [term 1 LEADER]: Signalling peer 35ea28c2494f43c59fe06e0bf488fccf to start an election
I20260710 11:05:24.425427 32540 leader_election.cc:304] T 89334a5500d6440c80bd4672c97117d3 P 3547c650858f45f7b5ea43fc21675bc0 [CANDIDATE]: Term 2 election: Election decided. Result: candidate won. Election summary: received 3 responses out of 3 voters: 2 yes votes; 1 no votes. yes voters: 3547c650858f45f7b5ea43fc21675bc0, f663b9de831c4aea936b49886f6b404e; no voters: 35ea28c2494f43c59fe06e0bf488fccf
I20260710 11:05:24.426201   349 raft_consensus.cc:2804] T 89334a5500d6440c80bd4672c97117d3 P 3547c650858f45f7b5ea43fc21675bc0 [term 2 FOLLOWER]: Leader election won for term 2
I20260710 11:05:24.426659   349 raft_consensus.cc:697] T 89334a5500d6440c80bd4672c97117d3 P 3547c650858f45f7b5ea43fc21675bc0 [term 2 LEADER]: Becoming Leader. State: Replica: 3547c650858f45f7b5ea43fc21675bc0, State: Running, Role: LEADER
I20260710 11:05:24.427003 32649 tablet_service.cc:2044] Received Run Leader Election RPC: tablet_id: "0e14e633a5e749d6aa860c58df57a9bb"
dest_uuid: "35ea28c2494f43c59fe06e0bf488fccf"
 from {username='slave'} at 127.0.0.1:36096
I20260710 11:05:24.427533 32649 raft_consensus.cc:493] T 0e14e633a5e749d6aa860c58df57a9bb P 35ea28c2494f43c59fe06e0bf488fccf [term 1 FOLLOWER]: Starting forced leader election (received explicit request)
I20260710 11:05:24.427361   349 consensus_queue.cc:237] T 89334a5500d6440c80bd4672c97117d3 P 3547c650858f45f7b5ea43fc21675bc0 [LEADER]: Queue going to LEADER mode. State: All replicated index: 0, Majority replicated index: 1, Committed index: 1, Last appended: 1.1, Last appended by leader: 1, Current term: 2, Majority size: 2, State: 0, Mode: LEADER, active raft config: opid_index: -1 OBSOLETE_local: false peers { permanent_uuid: "3547c650858f45f7b5ea43fc21675bc0" member_type: VOTER last_known_addr { host: "127.31.52.1" port: 38929 } } peers { permanent_uuid: "35ea28c2494f43c59fe06e0bf488fccf" member_type: VOTER last_known_addr { host: "127.31.52.2" port: 41645 } } peers { permanent_uuid: "f663b9de831c4aea936b49886f6b404e" member_type: VOTER last_known_addr { host: "127.31.52.3" port: 40647 } }
I20260710 11:05:24.427901 32649 raft_consensus.cc:3060] T 0e14e633a5e749d6aa860c58df57a9bb P 35ea28c2494f43c59fe06e0bf488fccf [term 1 FOLLOWER]: Advancing to term 2
I20260710 11:05:24.432909   332 consensus_queue.cc:1048] T 0e14e633a5e749d6aa860c58df57a9bb P f663b9de831c4aea936b49886f6b404e [LEADER]: Connected to new peer: Peer: permanent_uuid: "3547c650858f45f7b5ea43fc21675bc0" member_type: VOTER last_known_addr { host: "127.31.52.1" port: 38929 }, Status: LMP_MISMATCH, Last received: 0.0, Next index: 1, Last known committed idx: 0, Time since last communication: 0.000s
I20260710 11:05:24.434156 32649 raft_consensus.cc:515] T 0e14e633a5e749d6aa860c58df57a9bb P 35ea28c2494f43c59fe06e0bf488fccf [term 2 FOLLOWER]: Starting forced leader election with config: opid_index: -1 OBSOLETE_local: false peers { permanent_uuid: "3547c650858f45f7b5ea43fc21675bc0" member_type: VOTER last_known_addr { host: "127.31.52.1" port: 38929 } } peers { permanent_uuid: "35ea28c2494f43c59fe06e0bf488fccf" member_type: VOTER last_known_addr { host: "127.31.52.2" port: 41645 } } peers { permanent_uuid: "f663b9de831c4aea936b49886f6b404e" member_type: VOTER last_known_addr { host: "127.31.52.3" port: 40647 } }
I20260710 11:05:24.435562 32471 catalog_manager.cc:5697] T 89334a5500d6440c80bd4672c97117d3 P 3547c650858f45f7b5ea43fc21675bc0 reported cstate change: term changed from 1 to 2, leader changed from f663b9de831c4aea936b49886f6b404e (127.31.52.3) to 3547c650858f45f7b5ea43fc21675bc0 (127.31.52.1). New cstate: current_term: 2 leader_uuid: "3547c650858f45f7b5ea43fc21675bc0" committed_config { opid_index: -1 OBSOLETE_local: false peers { permanent_uuid: "3547c650858f45f7b5ea43fc21675bc0" member_type: VOTER last_known_addr { host: "127.31.52.1" port: 38929 } health_report { overall_health: HEALTHY } } peers { permanent_uuid: "35ea28c2494f43c59fe06e0bf488fccf" member_type: VOTER last_known_addr { host: "127.31.52.2" port: 41645 } health_report { overall_health: UNKNOWN } } peers { permanent_uuid: "f663b9de831c4aea936b49886f6b404e" member_type: VOTER last_known_addr { host: "127.31.52.3" port: 40647 } health_report { overall_health: UNKNOWN } } }
I20260710 11:05:24.436681 32574 tablet_service.cc:1917] Received RequestConsensusVote() RPC: tablet_id: "0e14e633a5e749d6aa860c58df57a9bb" candidate_uuid: "35ea28c2494f43c59fe06e0bf488fccf" candidate_term: 2 candidate_status { last_received { term: 1 index: 1 } } ignore_live_leader: true dest_uuid: "3547c650858f45f7b5ea43fc21675bc0"
I20260710 11:05:24.438512 32648 raft_consensus.cc:1240] T 0e14e633a5e749d6aa860c58df57a9bb P 35ea28c2494f43c59fe06e0bf488fccf [term 2 FOLLOWER]: Rejecting Update request from peer f663b9de831c4aea936b49886f6b404e for earlier term 1. Current term is 2. Ops: []
I20260710 11:05:24.439812   332 consensus_queue.cc:1059] T 0e14e633a5e749d6aa860c58df57a9bb P f663b9de831c4aea936b49886f6b404e [LEADER]: Peer responded invalid term: Peer: permanent_uuid: "35ea28c2494f43c59fe06e0bf488fccf" member_type: VOTER last_known_addr { host: "127.31.52.2" port: 41645 }, Status: INVALID_TERM, Last received: 1.1, Next index: 2, Last known committed idx: 0, Time since last communication: 0.000s
I20260710 11:05:24.440565   332 raft_consensus.cc:3055] T 0e14e633a5e749d6aa860c58df57a9bb P f663b9de831c4aea936b49886f6b404e [term 1 LEADER]: Stepping down as leader of term 1
I20260710 11:05:24.440860   332 raft_consensus.cc:740] T 0e14e633a5e749d6aa860c58df57a9bb P f663b9de831c4aea936b49886f6b404e [term 1 LEADER]: Becoming Follower/Learner. State: Replica: f663b9de831c4aea936b49886f6b404e, State: Running, Role: LEADER
I20260710 11:05:24.441774   332 consensus_queue.cc:260] T 0e14e633a5e749d6aa860c58df57a9bb P f663b9de831c4aea936b49886f6b404e [NON_LEADER]: Queue going to NON_LEADER mode. State: All replicated index: 0, Majority replicated index: 1, Committed index: 1, Last appended: 1.1, Last appended by leader: 1, Current term: 1, Majority size: -1, State: 0, Mode: NON_LEADER, active raft config: opid_index: -1 OBSOLETE_local: false peers { permanent_uuid: "3547c650858f45f7b5ea43fc21675bc0" member_type: VOTER last_known_addr { host: "127.31.52.1" port: 38929 } } peers { permanent_uuid: "35ea28c2494f43c59fe06e0bf488fccf" member_type: VOTER last_known_addr { host: "127.31.52.2" port: 41645 } } peers { permanent_uuid: "f663b9de831c4aea936b49886f6b404e" member_type: VOTER last_known_addr { host: "127.31.52.3" port: 40647 } }
