I20260710 11:05:35.721508   576 raft_consensus.cc:3060] T ed14e11089dd4deca6f8a5b7077ce3cf P 351f4ce2bc9c4770b2721ffb51e25614 [term 0 FOLLOWER]: Advancing to term 1
I20260710 11:05:35.725958   807 raft_consensus.cc:515] T 0dd43d6d334f4aff9b7ffc1081a0434a P 889ef90d1fc744f99d510c4effcbf2b9 [term 1 FOLLOWER]: Starting leader election with config: opid_index: -1 OBSOLETE_local: false peers { permanent_uuid: "351f4ce2bc9c4770b2721ffb51e25614" member_type: VOTER last_known_addr { host: "127.31.52.1" port: 41791 } } peers { permanent_uuid: "889ef90d1fc744f99d510c4effcbf2b9" member_type: VOTER last_known_addr { host: "127.31.52.2" port: 43147 } } peers { permanent_uuid: "861e1754dc5b406cae196935004798aa" member_type: VOTER last_known_addr { host: "127.31.52.3" port: 43731 } }
I20260710 11:05:35.730261   576 raft_consensus.cc:2468] T ed14e11089dd4deca6f8a5b7077ce3cf P 351f4ce2bc9c4770b2721ffb51e25614 [term 1 FOLLOWER]: Leader election vote request: Granting yes vote for candidate 861e1754dc5b406cae196935004798aa in term 1.
I20260710 11:05:35.730644   776 raft_consensus.cc:493] T c245ec3f4d944f9590078e08f125c638 P 861e1754dc5b406cae196935004798aa [term 0 FOLLOWER]: Starting pre-election (no leader contacted us within the election timeout)
I20260710 11:05:35.731144   776 raft_consensus.cc:515] T c245ec3f4d944f9590078e08f125c638 P 861e1754dc5b406cae196935004798aa [term 0 FOLLOWER]: Starting pre-election with config: opid_index: -1 OBSOLETE_local: false peers { permanent_uuid: "351f4ce2bc9c4770b2721ffb51e25614" member_type: VOTER last_known_addr { host: "127.31.52.1" port: 41791 } } peers { permanent_uuid: "889ef90d1fc744f99d510c4effcbf2b9" member_type: VOTER last_known_addr { host: "127.31.52.2" port: 43147 } } peers { permanent_uuid: "861e1754dc5b406cae196935004798aa" member_type: VOTER last_known_addr { host: "127.31.52.3" port: 43731 } }
I20260710 11:05:35.731328   692 leader_election.cc:304] T ed14e11089dd4deca6f8a5b7077ce3cf P 861e1754dc5b406cae196935004798aa [CANDIDATE]: Term 1 election: Election decided. Result: candidate won. Election summary: received 3 responses out of 3 voters: 2 yes votes; 1 no votes. yes voters: 351f4ce2bc9c4770b2721ffb51e25614, 861e1754dc5b406cae196935004798aa; no voters: 889ef90d1fc744f99d510c4effcbf2b9
I20260710 11:05:35.731808   577 tablet_service.cc:1917] Received RequestConsensusVote() RPC: tablet_id: "0dd43d6d334f4aff9b7ffc1081a0434a" candidate_uuid: "889ef90d1fc744f99d510c4effcbf2b9" candidate_term: 1 candidate_status { last_received { term: 0 index: 0 } } ignore_live_leader: false dest_uuid: "351f4ce2bc9c4770b2721ffb51e25614"
I20260710 11:05:35.732380   775 raft_consensus.cc:493] T 0dd43d6d334f4aff9b7ffc1081a0434a P 861e1754dc5b406cae196935004798aa [term 0 FOLLOWER]: Starting pre-election (no leader contacted us within the election timeout)
I20260710 11:05:35.732846   775 raft_consensus.cc:515] T 0dd43d6d334f4aff9b7ffc1081a0434a P 861e1754dc5b406cae196935004798aa [term 0 FOLLOWER]: Starting pre-election with config: opid_index: -1 OBSOLETE_local: false peers { permanent_uuid: "351f4ce2bc9c4770b2721ffb51e25614" member_type: VOTER last_known_addr { host: "127.31.52.1" port: 41791 } } peers { permanent_uuid: "889ef90d1fc744f99d510c4effcbf2b9" member_type: VOTER last_known_addr { host: "127.31.52.2" port: 43147 } } peers { permanent_uuid: "861e1754dc5b406cae196935004798aa" member_type: VOTER last_known_addr { host: "127.31.52.3" port: 43731 } }
I20260710 11:05:35.733843   776 leader_election.cc:290] T c245ec3f4d944f9590078e08f125c638 P 861e1754dc5b406cae196935004798aa [CANDIDATE]: Term 1 pre-election: Requested pre-vote from peers 351f4ce2bc9c4770b2721ffb51e25614 (127.31.52.1:41791), 889ef90d1fc744f99d510c4effcbf2b9 (127.31.52.2:43147)
I20260710 11:05:35.734416   776 raft_consensus.cc:2804] T ed14e11089dd4deca6f8a5b7077ce3cf P 861e1754dc5b406cae196935004798aa [term 1 FOLLOWER]: Leader election won for term 1
I20260710 11:05:35.734747   775 leader_election.cc:290] T 0dd43d6d334f4aff9b7ffc1081a0434a P 861e1754dc5b406cae196935004798aa [CANDIDATE]: Term 1 pre-election: Requested pre-vote from peers 351f4ce2bc9c4770b2721ffb51e25614 (127.31.52.1:41791), 889ef90d1fc744f99d510c4effcbf2b9 (127.31.52.2:43147)
I20260710 11:05:35.734871   776 raft_consensus.cc:697] T ed14e11089dd4deca6f8a5b7077ce3cf P 861e1754dc5b406cae196935004798aa [term 1 LEADER]: Becoming Leader. State: Replica: 861e1754dc5b406cae196935004798aa, State: Running, Role: LEADER
I20260710 11:05:35.733750   807 leader_election.cc:290] T 0dd43d6d334f4aff9b7ffc1081a0434a P 889ef90d1fc744f99d510c4effcbf2b9 [CANDIDATE]: Term 1 election: Requested vote from peers 351f4ce2bc9c4770b2721ffb51e25614 (127.31.52.1:41791), 861e1754dc5b406cae196935004798aa (127.31.52.3:43731)
I20260710 11:05:35.735826   776 consensus_queue.cc:237] T ed14e11089dd4deca6f8a5b7077ce3cf P 861e1754dc5b406cae196935004798aa [LEADER]: Queue going to LEADER mode. State: All replicated index: 0, Majority replicated index: 0, Committed index: 0, Last appended: 0.0, Last appended by leader: 0, Current term: 1, Majority size: 2, State: 0, Mode: LEADER, active raft config: opid_index: -1 OBSOLETE_local: false peers { permanent_uuid: "351f4ce2bc9c4770b2721ffb51e25614" member_type: VOTER last_known_addr { host: "127.31.52.1" port: 41791 } } peers { permanent_uuid: "889ef90d1fc744f99d510c4effcbf2b9" member_type: VOTER last_known_addr { host: "127.31.52.2" port: 43147 } } peers { permanent_uuid: "861e1754dc5b406cae196935004798aa" member_type: VOTER last_known_addr { host: "127.31.52.3" port: 43731 } }
I20260710 11:05:35.737345   578 tablet_service.cc:1917] Received RequestConsensusVote() RPC: tablet_id: "c245ec3f4d944f9590078e08f125c638" candidate_uuid: "861e1754dc5b406cae196935004798aa" candidate_term: 1 candidate_status { last_received { term: 0 index: 0 } } ignore_live_leader: false dest_uuid: "351f4ce2bc9c4770b2721ffb51e25614" is_pre_election: true
I20260710 11:05:35.737980   578 raft_consensus.cc:2468] T c245ec3f4d944f9590078e08f125c638 P 351f4ce2bc9c4770b2721ffb51e25614 [term 0 FOLLOWER]: Leader pre-election vote request: Granting yes vote for candidate 861e1754dc5b406cae196935004798aa in term 0.
I20260710 11:05:35.739657   651 tablet_service.cc:1917] Received RequestConsensusVote() RPC: tablet_id: "c245ec3f4d944f9590078e08f125c638" candidate_uuid: "861e1754dc5b406cae196935004798aa" candidate_term: 1 candidate_status { last_received { term: 0 index: 0 } } ignore_live_leader: false dest_uuid: "889ef90d1fc744f99d510c4effcbf2b9" is_pre_election: true
I20260710 11:05:35.740224   651 raft_consensus.cc:2468] T c245ec3f4d944f9590078e08f125c638 P 889ef90d1fc744f99d510c4effcbf2b9 [term 0 FOLLOWER]: Leader pre-election vote request: Granting yes vote for candidate 861e1754dc5b406cae196935004798aa in term 0.
I20260710 11:05:35.740358   772 leader_election.cc:290] T 0dd43d6d334f4aff9b7ffc1081a0434a P 889ef90d1fc744f99d510c4effcbf2b9 [CANDIDATE]: Term 1 pre-election: Requested pre-vote from peers 351f4ce2bc9c4770b2721ffb51e25614 (127.31.52.1:41791), 861e1754dc5b406cae196935004798aa (127.31.52.3:43731)
I20260710 11:05:35.741176   653 tablet_service.cc:1917] Received RequestConsensusVote() RPC: tablet_id: "0dd43d6d334f4aff9b7ffc1081a0434a" candidate_uuid: "861e1754dc5b406cae196935004798aa" candidate_term: 1 candidate_status { last_received { term: 0 index: 0 } } ignore_live_leader: false dest_uuid: "889ef90d1fc744f99d510c4effcbf2b9" is_pre_election: true
I20260710 11:05:35.741928   653 raft_consensus.cc:2393] T 0dd43d6d334f4aff9b7ffc1081a0434a P 889ef90d1fc744f99d510c4effcbf2b9 [term 1 FOLLOWER]: Leader pre-election vote request: Denying vote to candidate 861e1754dc5b406cae196935004798aa in current term 1: Already voted for candidate 889ef90d1fc744f99d510c4effcbf2b9 in this term.
I20260710 11:05:35.733074   777 raft_consensus.cc:493] T e3a3e2b2c91149dab60110b89acbbd63 P 351f4ce2bc9c4770b2721ffb51e25614 [term 0 FOLLOWER]: Starting pre-election (no leader contacted us within the election timeout)
I20260710 11:05:35.743052   777 raft_consensus.cc:515] T e3a3e2b2c91149dab60110b89acbbd63 P 351f4ce2bc9c4770b2721ffb51e25614 [term 0 FOLLOWER]: Starting pre-election with config: opid_index: -1 OBSOLETE_local: false peers { permanent_uuid: "351f4ce2bc9c4770b2721ffb51e25614" member_type: VOTER last_known_addr { host: "127.31.52.1" port: 41791 } } peers { permanent_uuid: "889ef90d1fc744f99d510c4effcbf2b9" member_type: VOTER last_known_addr { host: "127.31.52.2" port: 43147 } } peers { permanent_uuid: "861e1754dc5b406cae196935004798aa" member_type: VOTER last_known_addr { host: "127.31.52.3" port: 43731 } }
I20260710 11:05:35.744925   777 leader_election.cc:290] T e3a3e2b2c91149dab60110b89acbbd63 P 351f4ce2bc9c4770b2721ffb51e25614 [CANDIDATE]: Term 1 pre-election: Requested pre-vote from peers 889ef90d1fc744f99d510c4effcbf2b9 (127.31.52.2:43147), 861e1754dc5b406cae196935004798aa (127.31.52.3:43731)
I20260710 11:05:35.746614   725 tablet_service.cc:1917] Received RequestConsensusVote() RPC: tablet_id: "0dd43d6d334f4aff9b7ffc1081a0434a" candidate_uuid: "889ef90d1fc744f99d510c4effcbf2b9" candidate_term: 1 candidate_status { last_received { term: 0 index: 0 } } ignore_live_leader: false dest_uuid: "861e1754dc5b406cae196935004798aa" is_pre_election: true
I20260710 11:05:35.752027   725 raft_consensus.cc:2468] T 0dd43d6d334f4aff9b7ffc1081a0434a P 861e1754dc5b406cae196935004798aa [term 0 FOLLOWER]: Leader pre-election vote request: Granting yes vote for candidate 889ef90d1fc744f99d510c4effcbf2b9 in term 0.
I20260710 11:05:35.748579   723 tablet_service.cc:1917] Received RequestConsensusVote() RPC: tablet_id: "e3a3e2b2c91149dab60110b89acbbd63" candidate_uuid: "351f4ce2bc9c4770b2721ffb51e25614" candidate_term: 1 candidate_status { last_received { term: 0 index: 0 } } ignore_live_leader: false dest_uuid: "861e1754dc5b406cae196935004798aa" is_pre_election: true
I20260710 11:05:35.752373   474 catalog_manager.cc:5697] T 9b53b04a27c44b2a9d7f44dafd72bb6a P 889ef90d1fc744f99d510c4effcbf2b9 reported cstate change: term changed from 0 to 1, leader changed from <none> to 889ef90d1fc744f99d510c4effcbf2b9 (127.31.52.2). New cstate: current_term: 1 leader_uuid: "889ef90d1fc744f99d510c4effcbf2b9" committed_config { opid_index: -1 OBSOLETE_local: false peers { permanent_uuid: "351f4ce2bc9c4770b2721ffb51e25614" member_type: VOTER last_known_addr { host: "127.31.52.1" port: 41791 } health_report { overall_health: UNKNOWN } } peers { permanent_uuid: "889ef90d1fc744f99d510c4effcbf2b9" member_type: VOTER last_known_addr { host: "127.31.52.2" port: 43147 } health_report { overall_health: HEALTHY } } peers { permanent_uuid: "861e1754dc5b406cae196935004798aa" member_type: VOTER last_known_addr { host: "127.31.52.3" port: 43731 } health_report { overall_health: UNKNOWN } } }
W20260710 11:05:35.754467   542 leader_election.cc:343] T e3a3e2b2c91149dab60110b89acbbd63 P 351f4ce2bc9c4770b2721ffb51e25614 [CANDIDATE]: Term 1 pre-election: Tablet error from VoteRequest() call to peer 861e1754dc5b406cae196935004798aa (127.31.52.3:43731): Illegal state: must be running to vote when last-logged opid is not known
I20260710 11:05:35.755283   770 tablet_bootstrap.cc:492] T 51e8547a07914d2e9ac926f5cc40f0cd P 351f4ce2bc9c4770b2721ffb51e25614: No bootstrap required, opened a new log
I20260710 11:05:35.732395   577 raft_consensus.cc:3060] T 0dd43d6d334f4aff9b7ffc1081a0434a P 351f4ce2bc9c4770b2721ffb51e25614 [term 0 FOLLOWER]: Advancing to term 1
I20260710 11:05:35.749487   769 tablet_bootstrap.cc:492] T ed14e11089dd4deca6f8a5b7077ce3cf P 889ef90d1fc744f99d510c4effcbf2b9: No bootstrap required, opened a new log
I20260710 11:05:35.750671   653 tablet_service.cc:1917] Received RequestConsensusVote() RPC: tablet_id: "e3a3e2b2c91149dab60110b89acbbd63" candidate_uuid: "351f4ce2bc9c4770b2721ffb51e25614" candidate_term: 1 candidate_status { last_received { term: 0 index: 0 } } ignore_live_leader: false dest_uuid: "889ef90d1fc744f99d510c4effcbf2b9" is_pre_election: true
I20260710 11:05:35.751291   692 leader_election.cc:304] T c245ec3f4d944f9590078e08f125c638 P 861e1754dc5b406cae196935004798aa [CANDIDATE]: Term 1 pre-election: Election decided. Result: candidate won. Election summary: received 2 responses out of 3 voters: 2 yes votes; 0 no votes. yes voters: 861e1754dc5b406cae196935004798aa, 889ef90d1fc744f99d510c4effcbf2b9; no voters: 
I20260710 11:05:35.756796   769 ts_tablet_manager.cc:1403] T ed14e11089dd4deca6f8a5b7077ce3cf P 889ef90d1fc744f99d510c4effcbf2b9: Time spent bootstrapping tablet: real 0.110s	user 0.042s	sys 0.050s
I20260710 11:05:35.757762   653 raft_consensus.cc:2468] T e3a3e2b2c91149dab60110b89acbbd63 P 889ef90d1fc744f99d510c4effcbf2b9 [term 0 FOLLOWER]: Leader pre-election vote request: Granting yes vote for candidate 351f4ce2bc9c4770b2721ffb51e25614 in term 0.
I20260710 11:05:35.759083   543 leader_election.cc:304] T e3a3e2b2c91149dab60110b89acbbd63 P 351f4ce2bc9c4770b2721ffb51e25614 [CANDIDATE]: Term 1 pre-election: Election decided. Result: candidate won. Election summary: received 3 responses out of 3 voters: 2 yes votes; 1 no votes. yes voters: 351f4ce2bc9c4770b2721ffb51e25614, 889ef90d1fc744f99d510c4effcbf2b9; no voters: 861e1754dc5b406cae196935004798aa
I20260710 11:05:35.759585   769 raft_consensus.cc:359] T ed14e11089dd4deca6f8a5b7077ce3cf P 889ef90d1fc744f99d510c4effcbf2b9 [term 0 FOLLOWER]: Replica starting. Triggering 0 pending ops. Active config: opid_index: -1 OBSOLETE_local: false peers { permanent_uuid: "351f4ce2bc9c4770b2721ffb51e25614" member_type: VOTER last_known_addr { host: "127.31.52.1" port: 41791 } } peers { permanent_uuid: "889ef90d1fc744f99d510c4effcbf2b9" member_type: VOTER last_known_addr { host: "127.31.52.2" port: 43147 } } peers { permanent_uuid: "861e1754dc5b406cae196935004798aa" member_type: VOTER last_known_addr { host: "127.31.52.3" port: 43731 } }
I20260710 11:05:35.760180   777 raft_consensus.cc:2804] T e3a3e2b2c91149dab60110b89acbbd63 P 351f4ce2bc9c4770b2721ffb51e25614 [term 0 FOLLOWER]: Leader pre-election won for term 1
I20260710 11:05:35.760584   777 raft_consensus.cc:493] T e3a3e2b2c91149dab60110b89acbbd63 P 351f4ce2bc9c4770b2721ffb51e25614 [term 0 FOLLOWER]: Starting leader election (no leader contacted us within the election timeout)
I20260710 11:05:35.760458   576 tablet_service.cc:1917] Received RequestConsensusVote() RPC: tablet_id: "0dd43d6d334f4aff9b7ffc1081a0434a" candidate_uuid: "861e1754dc5b406cae196935004798aa" candidate_term: 1 candidate_status { last_received { term: 0 index: 0 } } ignore_live_leader: false dest_uuid: "351f4ce2bc9c4770b2721ffb51e25614" is_pre_election: true
I20260710 11:05:35.755718   724 tablet_service.cc:1917] Received RequestConsensusVote() RPC: tablet_id: "0dd43d6d334f4aff9b7ffc1081a0434a" candidate_uuid: "889ef90d1fc744f99d510c4effcbf2b9" candidate_term: 1 candidate_status { last_received { term: 0 index: 0 } } ignore_live_leader: false dest_uuid: "861e1754dc5b406cae196935004798aa"
I20260710 11:05:35.761240   777 raft_consensus.cc:3060] T e3a3e2b2c91149dab60110b89acbbd63 P 351f4ce2bc9c4770b2721ffb51e25614 [term 0 FOLLOWER]: Advancing to term 1
I20260710 11:05:35.761394   775 raft_consensus.cc:2804] T c245ec3f4d944f9590078e08f125c638 P 861e1754dc5b406cae196935004798aa [term 0 FOLLOWER]: Leader pre-election won for term 1
I20260710 11:05:35.755743   770 ts_tablet_manager.cc:1403] T 51e8547a07914d2e9ac926f5cc40f0cd P 351f4ce2bc9c4770b2721ffb51e25614: Time spent bootstrapping tablet: real 0.079s	user 0.019s	sys 0.010s
I20260710 11:05:35.766501   775 raft_consensus.cc:493] T c245ec3f4d944f9590078e08f125c638 P 861e1754dc5b406cae196935004798aa [term 0 FOLLOWER]: Starting leader election (no leader contacted us within the election timeout)
I20260710 11:05:35.766930   775 raft_consensus.cc:3060] T c245ec3f4d944f9590078e08f125c638 P 861e1754dc5b406cae196935004798aa [term 0 FOLLOWER]: Advancing to term 1
I20260710 11:05:35.769534   770 raft_consensus.cc:359] T 51e8547a07914d2e9ac926f5cc40f0cd P 351f4ce2bc9c4770b2721ffb51e25614 [term 0 FOLLOWER]: Replica starting. Triggering 0 pending ops. Active config: opid_index: -1 OBSOLETE_local: false peers { permanent_uuid: "351f4ce2bc9c4770b2721ffb51e25614" member_type: VOTER last_known_addr { host: "127.31.52.1" port: 41791 } } peers { permanent_uuid: "889ef90d1fc744f99d510c4effcbf2b9" member_type: VOTER last_known_addr { host: "127.31.52.2" port: 43147 } } peers { permanent_uuid: "861e1754dc5b406cae196935004798aa" member_type: VOTER last_known_addr { host: "127.31.52.3" port: 43731 } }
I20260710 11:05:35.770228   770 raft_consensus.cc:385] T 51e8547a07914d2e9ac926f5cc40f0cd P 351f4ce2bc9c4770b2721ffb51e25614 [term 0 FOLLOWER]: Consensus starting up: Expiring failure detector timer to make a prompt election more likely
I20260710 11:05:35.770485   770 raft_consensus.cc:740] T 51e8547a07914d2e9ac926f5cc40f0cd P 351f4ce2bc9c4770b2721ffb51e25614 [term 0 FOLLOWER]: Becoming Follower/Learner. State: Replica: 351f4ce2bc9c4770b2721ffb51e25614, State: Initialized, Role: FOLLOWER
I20260710 11:05:35.771128   770 consensus_queue.cc:260] T 51e8547a07914d2e9ac926f5cc40f0cd P 351f4ce2bc9c4770b2721ffb51e25614 [NON_LEADER]: Queue going to NON_LEADER mode. State: All replicated index: 0, Majority replicated index: 0, Committed index: 0, Last appended: 0.0, Last appended by leader: 0, Current term: 0, Majority size: -1, State: 0, Mode: NON_LEADER, active raft config: opid_index: -1 OBSOLETE_local: false peers { permanent_uuid: "351f4ce2bc9c4770b2721ffb51e25614" member_type: VOTER last_known_addr { host: "127.31.52.1" port: 41791 } } peers { permanent_uuid: "889ef90d1fc744f99d510c4effcbf2b9" member_type: VOTER last_known_addr { host: "127.31.52.2" port: 43147 } } peers { permanent_uuid: "861e1754dc5b406cae196935004798aa" member_type: VOTER last_known_addr { host: "127.31.52.3" port: 43731 } }
I20260710 11:05:35.771955   777 raft_consensus.cc:515] T e3a3e2b2c91149dab60110b89acbbd63 P 351f4ce2bc9c4770b2721ffb51e25614 [term 1 FOLLOWER]: Starting leader election with config: opid_index: -1 OBSOLETE_local: false peers { permanent_uuid: "351f4ce2bc9c4770b2721ffb51e25614" member_type: VOTER last_known_addr { host: "127.31.52.1" port: 41791 } } peers { permanent_uuid: "889ef90d1fc744f99d510c4effcbf2b9" member_type: VOTER last_known_addr { host: "127.31.52.2" port: 43147 } } peers { permanent_uuid: "861e1754dc5b406cae196935004798aa" member_type: VOTER last_known_addr { host: "127.31.52.3" port: 43731 } }
I20260710 11:05:35.773129   770 ts_tablet_manager.cc:1434] T 51e8547a07914d2e9ac926f5cc40f0cd P 351f4ce2bc9c4770b2721ffb51e25614: Time spent starting tablet: real 0.007s	user 0.003s	sys 0.000s
I20260710 11:05:35.760197   769 raft_consensus.cc:385] T ed14e11089dd4deca6f8a5b7077ce3cf P 889ef90d1fc744f99d510c4effcbf2b9 [term 0 FOLLOWER]: Consensus starting up: Expiring failure detector timer to make a prompt election more likely
I20260710 11:05:35.773546   769 raft_consensus.cc:740] T ed14e11089dd4deca6f8a5b7077ce3cf P 889ef90d1fc744f99d510c4effcbf2b9 [term 0 FOLLOWER]: Becoming Follower/Learner. State: Replica: 889ef90d1fc744f99d510c4effcbf2b9, State: Initialized, Role: FOLLOWER
I20260710 11:05:35.763478   768 tablet_bootstrap.cc:492] T e3a3e2b2c91149dab60110b89acbbd63 P 861e1754dc5b406cae196935004798aa: No bootstrap required, opened a new log
I20260710 11:05:35.775048   768 ts_tablet_manager.cc:1403] T e3a3e2b2c91149dab60110b89acbbd63 P 861e1754dc5b406cae196935004798aa: Time spent bootstrapping tablet: real 0.091s	user 0.003s	sys 0.029s
I20260710 11:05:35.774219   769 consensus_queue.cc:260] T ed14e11089dd4deca6f8a5b7077ce3cf P 889ef90d1fc744f99d510c4effcbf2b9 [NON_LEADER]: Queue going to NON_LEADER mode. State: All replicated index: 0, Majority replicated index: 0, Committed index: 0, Last appended: 0.0, Last appended by leader: 0, Current term: 0, Majority size: -1, State: 0, Mode: NON_LEADER, active raft config: opid_index: -1 OBSOLETE_local: false peers { permanent_uuid: "351f4ce2bc9c4770b2721ffb51e25614" member_type: VOTER last_known_addr { host: "127.31.52.1" port: 41791 } } peers { permanent_uuid: "889ef90d1fc744f99d510c4effcbf2b9" member_type: VOTER last_known_addr { host: "127.31.52.2" port: 43147 } } peers { permanent_uuid: "861e1754dc5b406cae196935004798aa" member_type: VOTER last_known_addr { host: "127.31.52.3" port: 43731 } }
I20260710 11:05:35.778366   769 ts_tablet_manager.cc:1434] T ed14e11089dd4deca6f8a5b7077ce3cf P 889ef90d1fc744f99d510c4effcbf2b9: Time spent starting tablet: real 0.021s	user 0.006s	sys 0.000s
I20260710 11:05:35.776449   807 consensus_queue.cc:1048] T 99b3f20206d6435c8f12247abb325b8c P 889ef90d1fc744f99d510c4effcbf2b9 [LEADER]: Connected to new peer: Peer: permanent_uuid: "351f4ce2bc9c4770b2721ffb51e25614" member_type: VOTER last_known_addr { host: "127.31.52.1" port: 41791 }, Status: LMP_MISMATCH, Last received: 0.0, Next index: 1, Last known committed idx: 0, Time since last communication: 0.004s
I20260710 11:05:35.775476   724 raft_consensus.cc:3060] T 0dd43d6d334f4aff9b7ffc1081a0434a P 861e1754dc5b406cae196935004798aa [term 0 FOLLOWER]: Advancing to term 1
I20260710 11:05:35.781880   577 raft_consensus.cc:2468] T 0dd43d6d334f4aff9b7ffc1081a0434a P 351f4ce2bc9c4770b2721ffb51e25614 [term 1 FOLLOWER]: Leader election vote request: Granting yes vote for candidate 889ef90d1fc744f99d510c4effcbf2b9 in term 1.
I20260710 11:05:35.782708   723 tablet_service.cc:1917] Received RequestConsensusVote() RPC: tablet_id: "e3a3e2b2c91149dab60110b89acbbd63" candidate_uuid: "351f4ce2bc9c4770b2721ffb51e25614" candidate_term: 1 candidate_status { last_received { term: 0 index: 0 } } ignore_live_leader: false dest_uuid: "861e1754dc5b406cae196935004798aa"
I20260710 11:05:35.782909   618 leader_election.cc:304] T 0dd43d6d334f4aff9b7ffc1081a0434a P 889ef90d1fc744f99d510c4effcbf2b9 [CANDIDATE]: Term 1 election: Election decided. Result: candidate won. Election summary: received 2 responses out of 3 voters: 2 yes votes; 0 no votes. yes voters: 351f4ce2bc9c4770b2721ffb51e25614, 889ef90d1fc744f99d510c4effcbf2b9; no voters: 
I20260710 11:05:35.783321   777 leader_election.cc:290] T e3a3e2b2c91149dab60110b89acbbd63 P 351f4ce2bc9c4770b2721ffb51e25614 [CANDIDATE]: Term 1 election: Requested vote from peers 889ef90d1fc744f99d510c4effcbf2b9 (127.31.52.2:43147), 861e1754dc5b406cae196935004798aa (127.31.52.3:43731)
I20260710 11:05:35.783768   807 raft_consensus.cc:2804] T 0dd43d6d334f4aff9b7ffc1081a0434a P 889ef90d1fc744f99d510c4effcbf2b9 [term 1 FOLLOWER]: Leader election won for term 1
I20260710 11:05:35.784379   807 raft_consensus.cc:697] T 0dd43d6d334f4aff9b7ffc1081a0434a P 889ef90d1fc744f99d510c4effcbf2b9 [term 1 LEADER]: Becoming Leader. State: Replica: 889ef90d1fc744f99d510c4effcbf2b9, State: Running, Role: LEADER
I20260710 11:05:35.784956   692 leader_election.cc:304] T 0dd43d6d334f4aff9b7ffc1081a0434a P 861e1754dc5b406cae196935004798aa [CANDIDATE]: Term 1 pre-election: Election decided. Result: candidate lost. Election summary: received 3 responses out of 3 voters: 1 yes votes; 2 no votes. yes voters: 861e1754dc5b406cae196935004798aa; no voters: 351f4ce2bc9c4770b2721ffb51e25614, 889ef90d1fc744f99d510c4effcbf2b9
I20260710 11:05:35.785965   653 tablet_service.cc:1917] Received RequestConsensusVote() RPC: tablet_id: "e3a3e2b2c91149dab60110b89acbbd63" candidate_uuid: "351f4ce2bc9c4770b2721ffb51e25614" candidate_term: 1 candidate_status { last_received { term: 0 index: 0 } } ignore_live_leader: false dest_uuid: "889ef90d1fc744f99d510c4effcbf2b9"
I20260710 11:05:35.785656   807 consensus_queue.cc:237] T 0dd43d6d334f4aff9b7ffc1081a0434a P 889ef90d1fc744f99d510c4effcbf2b9 [LEADER]: Queue going to LEADER mode. State: All replicated index: 0, Majority replicated index: 0, Committed index: 0, Last appended: 0.0, Last appended by leader: 0, Current term: 1, Majority size: 2, State: 0, Mode: LEADER, active raft config: opid_index: -1 OBSOLETE_local: false peers { permanent_uuid: "351f4ce2bc9c4770b2721ffb51e25614" member_type: VOTER last_known_addr { host: "127.31.52.1" port: 41791 } } peers { permanent_uuid: "889ef90d1fc744f99d510c4effcbf2b9" member_type: VOTER last_known_addr { host: "127.31.52.2" port: 43147 } } peers { permanent_uuid: "861e1754dc5b406cae196935004798aa" member_type: VOTER last_known_addr { host: "127.31.52.3" port: 43731 } }
I20260710 11:05:35.786490   653 raft_consensus.cc:3060] T e3a3e2b2c91149dab60110b89acbbd63 P 889ef90d1fc744f99d510c4effcbf2b9 [term 0 FOLLOWER]: Advancing to term 1
I20260710 11:05:35.788269   769 tablet_bootstrap.cc:492] T 51e8547a07914d2e9ac926f5cc40f0cd P 889ef90d1fc744f99d510c4effcbf2b9: Bootstrap starting.
I20260710 11:05:35.785697   775 raft_consensus.cc:515] T c245ec3f4d944f9590078e08f125c638 P 861e1754dc5b406cae196935004798aa [term 1 FOLLOWER]: Starting leader election with config: opid_index: -1 OBSOLETE_local: false peers { permanent_uuid: "351f4ce2bc9c4770b2721ffb51e25614" member_type: VOTER last_known_addr { host: "127.31.52.1" port: 41791 } } peers { permanent_uuid: "889ef90d1fc744f99d510c4effcbf2b9" member_type: VOTER last_known_addr { host: "127.31.52.2" port: 43147 } } peers { permanent_uuid: "861e1754dc5b406cae196935004798aa" member_type: VOTER last_known_addr { host: "127.31.52.3" port: 43731 } }
I20260710 11:05:35.792426   576 tablet_service.cc:1917] Received RequestConsensusVote() RPC: tablet_id: "c245ec3f4d944f9590078e08f125c638" candidate_uuid: "861e1754dc5b406cae196935004798aa" candidate_term: 1 candidate_status { last_received { term: 0 index: 0 } } ignore_live_leader: false dest_uuid: "351f4ce2bc9c4770b2721ffb51e25614"
I20260710 11:05:35.797127   816 consensus_queue.cc:1048] T 4663199bb63648f6a971791c8b457880 P 889ef90d1fc744f99d510c4effcbf2b9 [LEADER]: Connected to new peer: Peer: permanent_uuid: "351f4ce2bc9c4770b2721ffb51e25614" member_type: VOTER last_known_addr { host: "127.31.52.1" port: 41791 }, Status: LMP_MISMATCH, Last received: 0.0, Next index: 1, Last known committed idx: 0, Time since last communication: 0.000s
I20260710 11:05:35.799090   775 leader_election.cc:290] T c245ec3f4d944f9590078e08f125c638 P 861e1754dc5b406cae196935004798aa [CANDIDATE]: Term 1 election: Requested vote from peers 351f4ce2bc9c4770b2721ffb51e25614 (127.31.52.1:41791), 889ef90d1fc744f99d510c4effcbf2b9 (127.31.52.2:43147)
I20260710 11:05:35.800096   769 tablet_bootstrap.cc:654] T 51e8547a07914d2e9ac926f5cc40f0cd P 889ef90d1fc744f99d510c4effcbf2b9: Neither blocks nor log segments found. Creating new log.
I20260710 11:05:35.803606   651 tablet_service.cc:1917] Received RequestConsensusVote() RPC: tablet_id: "c245ec3f4d944f9590078e08f125c638" candidate_uuid: "861e1754dc5b406cae196935004798aa" candidate_term: 1 candidate_status { last_received { term: 0 index: 0 } } ignore_live_leader: false dest_uuid: "889ef90d1fc744f99d510c4effcbf2b9"
I20260710 11:05:35.804211   651 raft_consensus.cc:3060] T c245ec3f4d944f9590078e08f125c638 P 889ef90d1fc744f99d510c4effcbf2b9 [term 0 FOLLOWER]: Advancing to term 1
I20260710 11:05:35.813656   651 raft_consensus.cc:2468] T c245ec3f4d944f9590078e08f125c638 P 889ef90d1fc744f99d510c4effcbf2b9 [term 1 FOLLOWER]: Leader election vote request: Granting yes vote for candidate 861e1754dc5b406cae196935004798aa in term 1.
I20260710 11:05:35.810264   576 raft_consensus.cc:3060] T c245ec3f4d944f9590078e08f125c638 P 351f4ce2bc9c4770b2721ffb51e25614 [term 0 FOLLOWER]: Advancing to term 1
I20260710 11:05:35.814922   692 leader_election.cc:304] T c245ec3f4d944f9590078e08f125c638 P 861e1754dc5b406cae196935004798aa [CANDIDATE]: Term 1 election: Election decided. Result: candidate won. Election summary: received 2 responses out of 3 voters: 2 yes votes; 0 no votes. yes voters: 861e1754dc5b406cae196935004798aa, 889ef90d1fc744f99d510c4effcbf2b9; no voters: 
I20260710 11:05:35.815824   775 raft_consensus.cc:2804] T c245ec3f4d944f9590078e08f125c638 P 861e1754dc5b406cae196935004798aa [term 1 FOLLOWER]: Leader election won for term 1
I20260710 11:05:35.816301   775 raft_consensus.cc:697] T c245ec3f4d944f9590078e08f125c638 P 861e1754dc5b406cae196935004798aa [term 1 LEADER]: Becoming Leader. State: Replica: 861e1754dc5b406cae196935004798aa, State: Running, Role: LEADER
I20260710 11:05:35.818042   775 consensus_queue.cc:237] T c245ec3f4d944f9590078e08f125c638 P 861e1754dc5b406cae196935004798aa [LEADER]: Queue going to LEADER mode. State: All replicated index: 0, Majority replicated index: 0, Committed index: 0, Last appended: 0.0, Last appended by leader: 0, Current term: 1, Majority size: 2, State: 0, Mode: LEADER, active raft config: opid_index: -1 OBSOLETE_local: false peers { permanent_uuid: "351f4ce2bc9c4770b2721ffb51e25614" member_type: VOTER last_known_addr { host: "127.31.52.1" port: 41791 } } peers { permanent_uuid: "889ef90d1fc744f99d510c4effcbf2b9" member_type: VOTER last_known_addr { host: "127.31.52.2" port: 43147 } } peers { permanent_uuid: "861e1754dc5b406cae196935004798aa" member_type: VOTER last_known_addr { host: "127.31.52.3" port: 43731 } }
I20260710 11:05:35.816723   724 raft_consensus.cc:2468] T 0dd43d6d334f4aff9b7ffc1081a0434a P 861e1754dc5b406cae196935004798aa [term 1 FOLLOWER]: Leader election vote request: Granting yes vote for candidate 889ef90d1fc744f99d510c4effcbf2b9 in term 1.
I20260710 11:05:35.825522   776 raft_consensus.cc:2749] T 0dd43d6d334f4aff9b7ffc1081a0434a P 861e1754dc5b406cae196935004798aa [term 1 FOLLOWER]: Leader pre-election lost for term 1. Reason: could not achieve majority
I20260710 11:05:35.800175   653 raft_consensus.cc:2468] T e3a3e2b2c91149dab60110b89acbbd63 P 889ef90d1fc744f99d510c4effcbf2b9 [term 1 FOLLOWER]: Leader election vote request: Granting yes vote for candidate 351f4ce2bc9c4770b2721ffb51e25614 in term 1.
I20260710 11:05:35.849615   543 leader_election.cc:304] T e3a3e2b2c91149dab60110b89acbbd63 P 351f4ce2bc9c4770b2721ffb51e25614 [CANDIDATE]: Term 1 election: Election decided. Result: candidate won. Election summary: received 2 responses out of 3 voters: 2 yes votes; 0 no votes. yes voters: 351f4ce2bc9c4770b2721ffb51e25614, 889ef90d1fc744f99d510c4effcbf2b9; no voters: 
I20260710 11:05:35.850540   777 raft_consensus.cc:2804] T e3a3e2b2c91149dab60110b89acbbd63 P 351f4ce2bc9c4770b2721ffb51e25614 [term 1 FOLLOWER]: Leader election won for term 1
I20260710 11:05:35.851028   777 raft_consensus.cc:697] T e3a3e2b2c91149dab60110b89acbbd63 P 351f4ce2bc9c4770b2721ffb51e25614 [term 1 LEADER]: Becoming Leader. State: Replica: 351f4ce2bc9c4770b2721ffb51e25614, State: Running, Role: LEADER
I20260710 11:05:35.851835   777 consensus_queue.cc:237] T e3a3e2b2c91149dab60110b89acbbd63 P 351f4ce2bc9c4770b2721ffb51e25614 [LEADER]: Queue going to LEADER mode. State: All replicated index: 0, Majority replicated index: 0, Committed index: 0, Last appended: 0.0, Last appended by leader: 0, Current term: 1, Majority size: 2, State: 0, Mode: LEADER, active raft config: opid_index: -1 OBSOLETE_local: false peers { permanent_uuid: "351f4ce2bc9c4770b2721ffb51e25614" member_type: VOTER last_known_addr { host: "127.31.52.1" port: 41791 } } peers { permanent_uuid: "889ef90d1fc744f99d510c4effcbf2b9" member_type: VOTER last_known_addr { host: "127.31.52.2" port: 43147 } } peers { permanent_uuid: "861e1754dc5b406cae196935004798aa" member_type: VOTER last_known_addr { host: "127.31.52.3" port: 43731 } }
I20260710 11:05:35.853171   816 consensus_queue.cc:1048] T 4663199bb63648f6a971791c8b457880 P 889ef90d1fc744f99d510c4effcbf2b9 [LEADER]: Connected to new peer: Peer: permanent_uuid: "861e1754dc5b406cae196935004798aa" member_type: VOTER last_known_addr { host: "127.31.52.3" port: 43731 }, Status: LMP_MISMATCH, Last received: 0.0, Next index: 1, Last known committed idx: 0, Time since last communication: 0.000s
I20260710 11:05:35.865837   576 raft_consensus.cc:2468] T c245ec3f4d944f9590078e08f125c638 P 351f4ce2bc9c4770b2721ffb51e25614 [term 1 FOLLOWER]: Leader election vote request: Granting yes vote for candidate 861e1754dc5b406cae196935004798aa in term 1.
I20260710 11:05:35.865262   772 raft_consensus.cc:493] T ed14e11089dd4deca6f8a5b7077ce3cf P 889ef90d1fc744f99d510c4effcbf2b9 [term 0 FOLLOWER]: Starting pre-election (no leader contacted us within the election timeout)
I20260710 11:05:35.866747   772 raft_consensus.cc:515] T ed14e11089dd4deca6f8a5b7077ce3cf P 889ef90d1fc744f99d510c4effcbf2b9 [term 0 FOLLOWER]: Starting pre-election with config: opid_index: -1 OBSOLETE_local: false peers { permanent_uuid: "351f4ce2bc9c4770b2721ffb51e25614" member_type: VOTER last_known_addr { host: "127.31.52.1" port: 41791 } } peers { permanent_uuid: "889ef90d1fc744f99d510c4effcbf2b9" member_type: VOTER last_known_addr { host: "127.31.52.2" port: 43147 } } peers { permanent_uuid: "861e1754dc5b406cae196935004798aa" member_type: VOTER last_known_addr { host: "127.31.52.3" port: 43731 } }
I20260710 11:05:35.874321   772 leader_election.cc:290] T ed14e11089dd4deca6f8a5b7077ce3cf P 889ef90d1fc744f99d510c4effcbf2b9 [CANDIDATE]: Term 1 pre-election: Requested pre-vote from peers 351f4ce2bc9c4770b2721ffb51e25614 (127.31.52.1:41791), 861e1754dc5b406cae196935004798aa (127.31.52.3:43731)
I20260710 11:05:35.877246   724 tablet_service.cc:1917] Received RequestConsensusVote() RPC: tablet_id: "ed14e11089dd4deca6f8a5b7077ce3cf" candidate_uuid: "889ef90d1fc744f99d510c4effcbf2b9" candidate_term: 1 candidate_status { last_received { term: 0 index: 0 } } ignore_live_leader: false dest_uuid: "861e1754dc5b406cae196935004798aa" is_pre_election: true
I20260710 11:05:35.879529   477 catalog_manager.cc:5697] T 0dd43d6d334f4aff9b7ffc1081a0434a P 889ef90d1fc744f99d510c4effcbf2b9 reported cstate change: term changed from 0 to 1, leader changed from <none> to 889ef90d1fc744f99d510c4effcbf2b9 (127.31.52.2). New cstate: current_term: 1 leader_uuid: "889ef90d1fc744f99d510c4effcbf2b9" committed_config { opid_index: -1 OBSOLETE_local: false peers { permanent_uuid: "351f4ce2bc9c4770b2721ffb51e25614" member_type: VOTER last_known_addr { host: "127.31.52.1" port: 41791 } health_report { overall_health: UNKNOWN } } peers { permanent_uuid: "889ef90d1fc744f99d510c4effcbf2b9" member_type: VOTER last_known_addr { host: "127.31.52.2" port: 43147 } health_report { overall_health: HEALTHY } } peers { permanent_uuid: "861e1754dc5b406cae196935004798aa" member_type: VOTER last_known_addr { host: "127.31.52.3" port: 43731 } health_report { overall_health: UNKNOWN } } }
I20260710 11:05:35.891994   768 raft_consensus.cc:359] T e3a3e2b2c91149dab60110b89acbbd63 P 861e1754dc5b406cae196935004798aa [term 0 FOLLOWER]: Replica starting. Triggering 0 pending ops. Active config: opid_index: -1 OBSOLETE_local: false peers { permanent_uuid: "351f4ce2bc9c4770b2721ffb51e25614" member_type: VOTER last_known_addr { host: "127.31.52.1" port: 41791 } } peers { permanent_uuid: "889ef90d1fc744f99d510c4effcbf2b9" member_type: VOTER last_known_addr { host: "127.31.52.2" port: 43147 } } peers { permanent_uuid: "861e1754dc5b406cae196935004798aa" member_type: VOTER last_known_addr { host: "127.31.52.3" port: 43731 } }
I20260710 11:05:35.892822   576 tablet_service.cc:1917] Received RequestConsensusVote() RPC: tablet_id: "ed14e11089dd4deca6f8a5b7077ce3cf" candidate_uuid: "889ef90d1fc744f99d510c4effcbf2b9" candidate_term: 1 candidate_status { last_received { term: 0 index: 0 } } ignore_live_leader: false dest_uuid: "351f4ce2bc9c4770b2721ffb51e25614" is_pre_election: true
I20260710 11:05:35.893590   576 raft_consensus.cc:2393] T ed14e11089dd4deca6f8a5b7077ce3cf P 351f4ce2bc9c4770b2721ffb51e25614 [term 1 FOLLOWER]: Leader pre-election vote request: Denying vote to candidate 889ef90d1fc744f99d510c4effcbf2b9 in current term 1: Already voted for candidate 861e1754dc5b406cae196935004798aa in this term.
I20260710 11:05:35.894680   618 leader_election.cc:304] T ed14e11089dd4deca6f8a5b7077ce3cf P 889ef90d1fc744f99d510c4effcbf2b9 [CANDIDATE]: Term 1 pre-election: Election decided. Result: candidate lost. Election summary: received 3 responses out of 3 voters: 1 yes votes; 2 no votes. yes voters: 889ef90d1fc744f99d510c4effcbf2b9; no voters: 351f4ce2bc9c4770b2721ffb51e25614, 861e1754dc5b406cae196935004798aa
I20260710 11:05:35.893157   768 raft_consensus.cc:385] T e3a3e2b2c91149dab60110b89acbbd63 P 861e1754dc5b406cae196935004798aa [term 0 FOLLOWER]: Consensus starting up: Expiring failure detector timer to make a prompt election more likely
I20260710 11:05:35.895699   768 raft_consensus.cc:740] T e3a3e2b2c91149dab60110b89acbbd63 P 861e1754dc5b406cae196935004798aa [term 0 FOLLOWER]: Becoming Follower/Learner. State: Replica: 861e1754dc5b406cae196935004798aa, State: Initialized, Role: FOLLOWER
I20260710 11:05:35.895737   807 raft_consensus.cc:3060] T ed14e11089dd4deca6f8a5b7077ce3cf P 889ef90d1fc744f99d510c4effcbf2b9 [term 0 FOLLOWER]: Advancing to term 1
I20260710 11:05:35.896624   768 consensus_queue.cc:260] T e3a3e2b2c91149dab60110b89acbbd63 P 861e1754dc5b406cae196935004798aa [NON_LEADER]: Queue going to NON_LEADER mode. State: All replicated index: 0, Majority replicated index: 0, Committed index: 0, Last appended: 0.0, Last appended by leader: 0, Current term: 0, Majority size: -1, State: 0, Mode: NON_LEADER, active raft config: opid_index: -1 OBSOLETE_local: false peers { permanent_uuid: "351f4ce2bc9c4770b2721ffb51e25614" member_type: VOTER last_known_addr { host: "127.31.52.1" port: 41791 } } peers { permanent_uuid: "889ef90d1fc744f99d510c4effcbf2b9" member_type: VOTER last_known_addr { host: "127.31.52.2" port: 43147 } } peers { permanent_uuid: "861e1754dc5b406cae196935004798aa" member_type: VOTER last_known_addr { host: "127.31.52.3" port: 43731 } }
I20260710 11:05:35.897536   723 raft_consensus.cc:3060] T e3a3e2b2c91149dab60110b89acbbd63 P 861e1754dc5b406cae196935004798aa [term 0 FOLLOWER]: Advancing to term 1
I20260710 11:05:35.897208   474 catalog_manager.cc:5697] T ed14e11089dd4deca6f8a5b7077ce3cf P 861e1754dc5b406cae196935004798aa reported cstate change: term changed from 0 to 1, leader changed from <none> to 861e1754dc5b406cae196935004798aa (127.31.52.3). New cstate: current_term: 1 leader_uuid: "861e1754dc5b406cae196935004798aa" committed_config { opid_index: -1 OBSOLETE_local: false peers { permanent_uuid: "351f4ce2bc9c4770b2721ffb51e25614" member_type: VOTER last_known_addr { host: "127.31.52.1" port: 41791 } health_report { overall_health: UNKNOWN } } peers { permanent_uuid: "889ef90d1fc744f99d510c4effcbf2b9" member_type: VOTER last_known_addr { host: "127.31.52.2" port: 43147 } health_report { overall_health: UNKNOWN } } peers { permanent_uuid: "861e1754dc5b406cae196935004798aa" member_type: VOTER last_known_addr { host: "127.31.52.3" port: 43731 } health_report { overall_health: HEALTHY } } }
I20260710 11:05:35.928915   723 raft_consensus.cc:2468] T e3a3e2b2c91149dab60110b89acbbd63 P 861e1754dc5b406cae196935004798aa [term 1 FOLLOWER]: Leader election vote request: Granting yes vote for candidate 351f4ce2bc9c4770b2721ffb51e25614 in term 1.
I20260710 11:05:35.930486   807 raft_consensus.cc:2749] T ed14e11089dd4deca6f8a5b7077ce3cf P 889ef90d1fc744f99d510c4effcbf2b9 [term 1 FOLLOWER]: Leader pre-election lost for term 1. Reason: could not achieve majority
I20260710 11:05:35.931731   842 raft_consensus.cc:493] T 51e8547a07914d2e9ac926f5cc40f0cd P 351f4ce2bc9c4770b2721ffb51e25614 [term 0 FOLLOWER]: Starting pre-election (no leader contacted us within the election timeout)
I20260710 11:05:35.932214   842 raft_consensus.cc:515] T 51e8547a07914d2e9ac926f5cc40f0cd P 351f4ce2bc9c4770b2721ffb51e25614 [term 0 FOLLOWER]: Starting pre-election with config: opid_index: -1 OBSOLETE_local: false peers { permanent_uuid: "351f4ce2bc9c4770b2721ffb51e25614" member_type: VOTER last_known_addr { host: "127.31.52.1" port: 41791 } } peers { permanent_uuid: "889ef90d1fc744f99d510c4effcbf2b9" member_type: VOTER last_known_addr { host: "127.31.52.2" port: 43147 } } peers { permanent_uuid: "861e1754dc5b406cae196935004798aa" member_type: VOTER last_known_addr { host: "127.31.52.3" port: 43731 } }
I20260710 11:05:35.933706   768 ts_tablet_manager.cc:1434] T e3a3e2b2c91149dab60110b89acbbd63 P 861e1754dc5b406cae196935004798aa: Time spent starting tablet: real 0.158s	user 0.029s	sys 0.035s
I20260710 11:05:35.934233   842 leader_election.cc:290] T 51e8547a07914d2e9ac926f5cc40f0cd P 351f4ce2bc9c4770b2721ffb51e25614 [CANDIDATE]: Term 1 pre-election: Requested pre-vote from peers 889ef90d1fc744f99d510c4effcbf2b9 (127.31.52.2:43147), 861e1754dc5b406cae196935004798aa (127.31.52.3:43731)
I20260710 11:05:35.934444   769 tablet_bootstrap.cc:492] T 51e8547a07914d2e9ac926f5cc40f0cd P 889ef90d1fc744f99d510c4effcbf2b9: No bootstrap required, opened a new log
I20260710 11:05:35.934588   768 tablet_bootstrap.cc:492] T 51e8547a07914d2e9ac926f5cc40f0cd P 861e1754dc5b406cae196935004798aa: Bootstrap starting.
I20260710 11:05:35.934935   769 ts_tablet_manager.cc:1403] T 51e8547a07914d2e9ac926f5cc40f0cd P 889ef90d1fc744f99d510c4effcbf2b9: Time spent bootstrapping tablet: real 0.147s	user 0.011s	sys 0.010s
I20260710 11:05:35.942840   653 tablet_service.cc:1917] Received RequestConsensusVote() RPC: tablet_id: "51e8547a07914d2e9ac926f5cc40f0cd" candidate_uuid: "351f4ce2bc9c4770b2721ffb51e25614" candidate_term: 1 candidate_status { last_received { term: 0 index: 0 } } ignore_live_leader: false dest_uuid: "889ef90d1fc744f99d510c4effcbf2b9" is_pre_election: true
I20260710 11:05:35.942930   477 catalog_manager.cc:5697] T e3a3e2b2c91149dab60110b89acbbd63 P 351f4ce2bc9c4770b2721ffb51e25614 reported cstate change: term changed from 0 to 1, leader changed from <none> to 351f4ce2bc9c4770b2721ffb51e25614 (127.31.52.1). New cstate: current_term: 1 leader_uuid: "351f4ce2bc9c4770b2721ffb51e25614" committed_config { opid_index: -1 OBSOLETE_local: false peers { permanent_uuid: "351f4ce2bc9c4770b2721ffb51e25614" member_type: VOTER last_known_addr { host: "127.31.52.1" port: 41791 } health_report { overall_health: HEALTHY } } peers { permanent_uuid: "889ef90d1fc744f99d510c4effcbf2b9" member_type: VOTER last_known_addr { host: "127.31.52.2" port: 43147 } health_report { overall_health: UNKNOWN } } peers { permanent_uuid: "861e1754dc5b406cae196935004798aa" member_type: VOTER last_known_addr { host: "127.31.52.3" port: 43731 } health_report { overall_health: UNKNOWN } } }
W20260710 11:05:35.948550   543 leader_election.cc:343] T 51e8547a07914d2e9ac926f5cc40f0cd P 351f4ce2bc9c4770b2721ffb51e25614 [CANDIDATE]: Term 1 pre-election: Tablet error from VoteRequest() call to peer 889ef90d1fc744f99d510c4effcbf2b9 (127.31.52.2:43147): Illegal state: must be running to vote when last-logged opid is not known
I20260710 11:05:35.949175   769 raft_consensus.cc:359] T 51e8547a07914d2e9ac926f5cc40f0cd P 889ef90d1fc744f99d510c4effcbf2b9 [term 0 FOLLOWER]: Replica starting. Triggering 0 pending ops. Active config: opid_index: -1 OBSOLETE_local: false peers { permanent_uuid: "351f4ce2bc9c4770b2721ffb51e25614" member_type: VOTER last_known_addr { host: "127.31.52.1" port: 41791 } } peers { permanent_uuid: "889ef90d1fc744f99d510c4effcbf2b9" member_type: VOTER last_known_addr { host: "127.31.52.2" port: 43147 } } peers { permanent_uuid: "861e1754dc5b406cae196935004798aa" member_type: VOTER last_known_addr { host: "127.31.52.3" port: 43731 } }
I20260710 11:05:35.949836   769 raft_consensus.cc:385] T 51e8547a07914d2e9ac926f5cc40f0cd P 889ef90d1fc744f99d510c4effcbf2b9 [term 0 FOLLOWER]: Consensus starting up: Expiring failure detector timer to make a prompt election more likely
I20260710 11:05:35.950081   769 raft_consensus.cc:740] T 51e8547a07914d2e9ac926f5cc40f0cd P 889ef90d1fc744f99d510c4effcbf2b9 [term 0 FOLLOWER]: Becoming Follower/Learner. State: Replica: 889ef90d1fc744f99d510c4effcbf2b9, State: Initialized, Role: FOLLOWER
I20260710 11:05:35.950714   807 consensus_queue.cc:1048] T 99b3f20206d6435c8f12247abb325b8c P 889ef90d1fc744f99d510c4effcbf2b9 [LEADER]: Connected to new peer: Peer: permanent_uuid: "861e1754dc5b406cae196935004798aa" member_type: VOTER last_known_addr { host: "127.31.52.3" port: 43731 }, Status: LMP_MISMATCH, Last received: 0.0, Next index: 1, Last known committed idx: 0, Time since last communication: 0.000s
I20260710 11:05:35.950656   769 consensus_queue.cc:260] T 51e8547a07914d2e9ac926f5cc40f0cd P 889ef90d1fc744f99d510c4effcbf2b9 [NON_LEADER]: Queue going to NON_LEADER mode. State: All replicated index: 0, Majority replicated index: 0, Committed index: 0, Last appended: 0.0, Last appended by leader: 0, Current term: 0, Majority size: -1, State: 0, Mode: NON_LEADER, active raft config: opid_index: -1 OBSOLETE_local: false peers { permanent_uuid: "351f4ce2bc9c4770b2721ffb51e25614" member_type: VOTER last_known_addr { host: "127.31.52.1" port: 41791 } } peers { permanent_uuid: "889ef90d1fc744f99d510c4effcbf2b9" member_type: VOTER last_known_addr { host: "127.31.52.2" port: 43147 } } peers { permanent_uuid: "861e1754dc5b406cae196935004798aa" member_type: VOTER last_known_addr { host: "127.31.52.3" port: 43731 } }
I20260710 11:05:35.957517   768 tablet_bootstrap.cc:654] T 51e8547a07914d2e9ac926f5cc40f0cd P 861e1754dc5b406cae196935004798aa: Neither blocks nor log segments found. Creating new log.
I20260710 11:05:35.960188   769 ts_tablet_manager.cc:1434] T 51e8547a07914d2e9ac926f5cc40f0cd P 889ef90d1fc744f99d510c4effcbf2b9: Time spent starting tablet: real 0.025s	user 0.005s	sys 0.000s
I20260710 11:05:35.965844   768 tablet_bootstrap.cc:492] T 51e8547a07914d2e9ac926f5cc40f0cd P 861e1754dc5b406cae196935004798aa: No bootstrap required, opened a new log
I20260710 11:05:35.966257   768 ts_tablet_manager.cc:1403] T 51e8547a07914d2e9ac926f5cc40f0cd P 861e1754dc5b406cae196935004798aa: Time spent bootstrapping tablet: real 0.032s	user 0.008s	sys 0.003s
I20260710 11:05:35.968767   768 raft_consensus.cc:359] T 51e8547a07914d2e9ac926f5cc40f0cd P 861e1754dc5b406cae196935004798aa [term 0 FOLLOWER]: Replica starting. Triggering 0 pending ops. Active config: opid_index: -1 OBSOLETE_local: false peers { permanent_uuid: "351f4ce2bc9c4770b2721ffb51e25614" member_type: VOTER last_known_addr { host: "127.31.52.1" port: 41791 } } peers { permanent_uuid: "889ef90d1fc744f99d510c4effcbf2b9" member_type: VOTER last_known_addr { host: "127.31.52.2" port: 43147 } } peers { permanent_uuid: "861e1754dc5b406cae196935004798aa" member_type: VOTER last_known_addr { host: "127.31.52.3" port: 43731 } }
I20260710 11:05:35.969406   768 raft_consensus.cc:385] T 51e8547a07914d2e9ac926f5cc40f0cd P 861e1754dc5b406cae196935004798aa [term 0 FOLLOWER]: Consensus starting up: Expiring failure detector timer to make a prompt election more likely
I20260710 11:05:35.969667   768 raft_consensus.cc:740] T 51e8547a07914d2e9ac926f5cc40f0cd P 861e1754dc5b406cae196935004798aa [term 0 FOLLOWER]: Becoming Follower/Learner. State: Replica: 861e1754dc5b406cae196935004798aa, State: Initialized, Role: FOLLOWER
I20260710 11:05:35.970274   768 consensus_queue.cc:260] T 51e8547a07914d2e9ac926f5cc40f0cd P 861e1754dc5b406cae196935004798aa [NON_LEADER]: Queue going to NON_LEADER mode. State: All replicated index: 0, Majority replicated index: 0, Committed index: 0, Last appended: 0.0, Last appended by leader: 0, Current term: 0, Majority size: -1, State: 0, Mode: NON_LEADER, active raft config: opid_index: -1 OBSOLETE_local: false peers { permanent_uuid: "351f4ce2bc9c4770b2721ffb51e25614" member_type: VOTER last_known_addr { host: "127.31.52.1" port: 41791 } } peers { permanent_uuid: "889ef90d1fc744f99d510c4effcbf2b9" member_type: VOTER last_known_addr { host: "127.31.52.2" port: 43147 } } peers { permanent_uuid: "861e1754dc5b406cae196935004798aa" member_type: VOTER last_known_addr { host: "127.31.52.3" port: 43731 } }
I20260710 11:05:35.972187   768 ts_tablet_manager.cc:1434] T 51e8547a07914d2e9ac926f5cc40f0cd P 861e1754dc5b406cae196935004798aa: Time spent starting tablet: real 0.006s	user 0.004s	sys 0.000s
I20260710 11:05:35.975940   723 tablet_service.cc:1917] Received RequestConsensusVote() RPC: tablet_id: "51e8547a07914d2e9ac926f5cc40f0cd" candidate_uuid: "351f4ce2bc9c4770b2721ffb51e25614" candidate_term: 1 candidate_status { last_received { term: 0 index: 0 } } ignore_live_leader: false dest_uuid: "861e1754dc5b406cae196935004798aa" is_pre_election: true
I20260710 11:05:35.975553   475 catalog_manager.cc:5697] T c245ec3f4d944f9590078e08f125c638 P 861e1754dc5b406cae196935004798aa reported cstate change: term changed from 0 to 1, leader changed from <none> to 861e1754dc5b406cae196935004798aa (127.31.52.3). New cstate: current_term: 1 leader_uuid: "861e1754dc5b406cae196935004798aa" committed_config { opid_index: -1 OBSOLETE_local: false peers { permanent_uuid: "351f4ce2bc9c4770b2721ffb51e25614" member_type: VOTER last_known_addr { host: "127.31.52.1" port: 41791 } health_report { overall_health: UNKNOWN } } peers { permanent_uuid: "889ef90d1fc744f99d510c4effcbf2b9" member_type: VOTER last_known_addr { host: "127.31.52.2" port: 43147 } health_report { overall_health: UNKNOWN } } peers { permanent_uuid: "861e1754dc5b406cae196935004798aa" member_type: VOTER last_known_addr { host: "127.31.52.3" port: 43731 } health_report { overall_health: HEALTHY } } }
I20260710 11:05:35.976522   723 raft_consensus.cc:2468] T 51e8547a07914d2e9ac926f5cc40f0cd P 861e1754dc5b406cae196935004798aa [term 0 FOLLOWER]: Leader pre-election vote request: Granting yes vote for candidate 351f4ce2bc9c4770b2721ffb51e25614 in term 0.
I20260710 11:05:35.979753   542 leader_election.cc:304] T 51e8547a07914d2e9ac926f5cc40f0cd P 351f4ce2bc9c4770b2721ffb51e25614 [CANDIDATE]: Term 1 pre-election: Election decided. Result: candidate won. Election summary: received 3 responses out of 3 voters: 2 yes votes; 1 no votes. yes voters: 351f4ce2bc9c4770b2721ffb51e25614, 861e1754dc5b406cae196935004798aa; no voters: 889ef90d1fc744f99d510c4effcbf2b9
I20260710 11:05:35.980580   926 raft_consensus.cc:2804] T 51e8547a07914d2e9ac926f5cc40f0cd P 351f4ce2bc9c4770b2721ffb51e25614 [term 0 FOLLOWER]: Leader pre-election won for term 1
