I20260710 11:05:56.038832 25624 consensus_queue.cc:237] T 364b595ae2824665be116b67f2cd10b6 P e639fc2b29dd49b5bd9c79af24752093 [LEADER]: Queue going to LEADER mode. State: All replicated index: 0, Majority replicated index: 4, Committed index: 4, Last appended: 1.4, Last appended by leader: 4, Current term: 2, Majority size: 2, State: 0, Mode: LEADER, active raft config: opid_index: 4 OBSOLETE_local: false peers { permanent_uuid: "6bc7251e232f415a9cf2fccde3323822" member_type: VOTER last_known_addr { host: "127.23.35.129" port: 45889 } } peers { permanent_uuid: "7626f10d312943de9cf979eecd3512ba" member_type: VOTER last_known_addr { host: "127.23.35.131" port: 45691 } } peers { permanent_uuid: "e639fc2b29dd49b5bd9c79af24752093" member_type: VOTER last_known_addr { host: "127.23.35.132" port: 42215 } attrs { promote: false } }
I20260710 11:05:56.045107 24717 catalog_manager.cc:5697] T 364b595ae2824665be116b67f2cd10b6 P e639fc2b29dd49b5bd9c79af24752093 reported cstate change: term changed from 1 to 2, leader changed from 7626f10d312943de9cf979eecd3512ba (127.23.35.131) to e639fc2b29dd49b5bd9c79af24752093 (127.23.35.132). New cstate: current_term: 2 leader_uuid: "e639fc2b29dd49b5bd9c79af24752093" committed_config { opid_index: 4 OBSOLETE_local: false peers { permanent_uuid: "6bc7251e232f415a9cf2fccde3323822" member_type: VOTER last_known_addr { host: "127.23.35.129" port: 45889 } health_report { overall_health: UNKNOWN } } peers { permanent_uuid: "7626f10d312943de9cf979eecd3512ba" member_type: VOTER last_known_addr { host: "127.23.35.131" port: 45691 } health_report { overall_health: UNKNOWN } } peers { permanent_uuid: "e639fc2b29dd49b5bd9c79af24752093" member_type: VOTER last_known_addr { host: "127.23.35.132" port: 42215 } attrs { promote: false } health_report { overall_health: HEALTHY } } }
I20260710 11:05:56.089102 25634 raft_consensus.cc:993] T 9cd7a833c7884c49b692ce8b766a9db5 P 7626f10d312943de9cf979eecd3512ba: : Instructing follower e639fc2b29dd49b5bd9c79af24752093 to start an election
I20260710 11:05:56.089478 25594 raft_consensus.cc:1081] T 9cd7a833c7884c49b692ce8b766a9db5 P 7626f10d312943de9cf979eecd3512ba [term 1 LEADER]: Signalling peer e639fc2b29dd49b5bd9c79af24752093 to start an election
I20260710 11:05:56.090878 25230 tablet_service.cc:2044] Received Run Leader Election RPC: tablet_id: "9cd7a833c7884c49b692ce8b766a9db5"
dest_uuid: "e639fc2b29dd49b5bd9c79af24752093"
 from {username='slave'} at 127.0.0.1:53240
I20260710 11:05:56.091256 25230 raft_consensus.cc:493] T 9cd7a833c7884c49b692ce8b766a9db5 P e639fc2b29dd49b5bd9c79af24752093 [term 1 FOLLOWER]: Starting forced leader election (received explicit request)
I20260710 11:05:56.091522 25230 raft_consensus.cc:3060] T 9cd7a833c7884c49b692ce8b766a9db5 P e639fc2b29dd49b5bd9c79af24752093 [term 1 FOLLOWER]: Advancing to term 2
I20260710 11:05:56.095369 25230 raft_consensus.cc:515] T 9cd7a833c7884c49b692ce8b766a9db5 P e639fc2b29dd49b5bd9c79af24752093 [term 2 FOLLOWER]: Starting forced leader election with config: opid_index: 4 OBSOLETE_local: false peers { permanent_uuid: "6bc7251e232f415a9cf2fccde3323822" member_type: VOTER last_known_addr { host: "127.23.35.129" port: 45889 } } peers { permanent_uuid: "7626f10d312943de9cf979eecd3512ba" member_type: VOTER last_known_addr { host: "127.23.35.131" port: 45691 } } peers { permanent_uuid: "e639fc2b29dd49b5bd9c79af24752093" member_type: VOTER last_known_addr { host: "127.23.35.132" port: 42215 } attrs { promote: false } }
I20260710 11:05:56.096748 25230 leader_election.cc:290] T 9cd7a833c7884c49b692ce8b766a9db5 P e639fc2b29dd49b5bd9c79af24752093 [CANDIDATE]: Term 2 election: Requested vote from peers 6bc7251e232f415a9cf2fccde3323822 (127.23.35.129:45889), 7626f10d312943de9cf979eecd3512ba (127.23.35.131:45691)
I20260710 11:05:56.097306 24821 tablet_service.cc:1917] Received RequestConsensusVote() RPC: tablet_id: "9cd7a833c7884c49b692ce8b766a9db5" candidate_uuid: "e639fc2b29dd49b5bd9c79af24752093" candidate_term: 2 candidate_status { last_received { term: 1 index: 4 } } ignore_live_leader: true dest_uuid: "6bc7251e232f415a9cf2fccde3323822"
I20260710 11:05:56.097532 24969 tablet_service.cc:1917] Received RequestConsensusVote() RPC: tablet_id: "9cd7a833c7884c49b692ce8b766a9db5" candidate_uuid: "e639fc2b29dd49b5bd9c79af24752093" candidate_term: 2 candidate_status { last_received { term: 1 index: 4 } } ignore_live_leader: true dest_uuid: "7626f10d312943de9cf979eecd3512ba"
I20260710 11:05:56.097844 24821 raft_consensus.cc:3060] T 9cd7a833c7884c49b692ce8b766a9db5 P 6bc7251e232f415a9cf2fccde3323822 [term 1 FOLLOWER]: Advancing to term 2
I20260710 11:05:56.098033 24969 raft_consensus.cc:3055] T 9cd7a833c7884c49b692ce8b766a9db5 P 7626f10d312943de9cf979eecd3512ba [term 1 LEADER]: Stepping down as leader of term 1
I20260710 11:05:56.098364 24969 raft_consensus.cc:740] T 9cd7a833c7884c49b692ce8b766a9db5 P 7626f10d312943de9cf979eecd3512ba [term 1 LEADER]: Becoming Follower/Learner. State: Replica: 7626f10d312943de9cf979eecd3512ba, State: Running, Role: LEADER
I20260710 11:05:56.099076 24969 consensus_queue.cc:260] T 9cd7a833c7884c49b692ce8b766a9db5 P 7626f10d312943de9cf979eecd3512ba [NON_LEADER]: Queue going to NON_LEADER mode. State: All replicated index: 0, Majority replicated index: 4, Committed index: 4, Last appended: 1.4, Last appended by leader: 4, Current term: 1, Majority size: -1, State: 0, Mode: NON_LEADER, active raft config: opid_index: 4 OBSOLETE_local: false peers { permanent_uuid: "6bc7251e232f415a9cf2fccde3323822" member_type: VOTER last_known_addr { host: "127.23.35.129" port: 45889 } } peers { permanent_uuid: "7626f10d312943de9cf979eecd3512ba" member_type: VOTER last_known_addr { host: "127.23.35.131" port: 45691 } } peers { permanent_uuid: "e639fc2b29dd49b5bd9c79af24752093" member_type: VOTER last_known_addr { host: "127.23.35.132" port: 42215 } attrs { promote: false } }
I20260710 11:05:56.099956 24969 raft_consensus.cc:3060] T 9cd7a833c7884c49b692ce8b766a9db5 P 7626f10d312943de9cf979eecd3512ba [term 1 FOLLOWER]: Advancing to term 2
I20260710 11:05:56.102344 24821 raft_consensus.cc:2468] T 9cd7a833c7884c49b692ce8b766a9db5 P 6bc7251e232f415a9cf2fccde3323822 [term 2 FOLLOWER]: Leader election vote request: Granting yes vote for candidate e639fc2b29dd49b5bd9c79af24752093 in term 2.
I20260710 11:05:56.103123 25195 leader_election.cc:304] T 9cd7a833c7884c49b692ce8b766a9db5 P e639fc2b29dd49b5bd9c79af24752093 [CANDIDATE]: Term 2 election: Election decided. Result: candidate won. Election summary: received 2 responses out of 3 voters: 2 yes votes; 0 no votes. yes voters: 6bc7251e232f415a9cf2fccde3323822, e639fc2b29dd49b5bd9c79af24752093; no voters: 
I20260710 11:05:56.103744 25624 raft_consensus.cc:2804] T 9cd7a833c7884c49b692ce8b766a9db5 P e639fc2b29dd49b5bd9c79af24752093 [term 2 FOLLOWER]: Leader election won for term 2
I20260710 11:05:56.103960 24969 raft_consensus.cc:2468] T 9cd7a833c7884c49b692ce8b766a9db5 P 7626f10d312943de9cf979eecd3512ba [term 2 FOLLOWER]: Leader election vote request: Granting yes vote for candidate e639fc2b29dd49b5bd9c79af24752093 in term 2.
I20260710 11:05:56.104147 25624 raft_consensus.cc:697] T 9cd7a833c7884c49b692ce8b766a9db5 P e639fc2b29dd49b5bd9c79af24752093 [term 2 LEADER]: Becoming Leader. State: Replica: e639fc2b29dd49b5bd9c79af24752093, State: Running, Role: LEADER
I20260710 11:05:56.105194 25624 consensus_queue.cc:237] T 9cd7a833c7884c49b692ce8b766a9db5 P e639fc2b29dd49b5bd9c79af24752093 [LEADER]: Queue going to LEADER mode. State: All replicated index: 0, Majority replicated index: 4, Committed index: 4, Last appended: 1.4, Last appended by leader: 4, Current term: 2, Majority size: 2, State: 0, Mode: LEADER, active raft config: opid_index: 4 OBSOLETE_local: false peers { permanent_uuid: "6bc7251e232f415a9cf2fccde3323822" member_type: VOTER last_known_addr { host: "127.23.35.129" port: 45889 } } peers { permanent_uuid: "7626f10d312943de9cf979eecd3512ba" member_type: VOTER last_known_addr { host: "127.23.35.131" port: 45691 } } peers { permanent_uuid: "e639fc2b29dd49b5bd9c79af24752093" member_type: VOTER last_known_addr { host: "127.23.35.132" port: 42215 } attrs { promote: false } }
I20260710 11:05:56.111443 24717 catalog_manager.cc:5697] T 9cd7a833c7884c49b692ce8b766a9db5 P e639fc2b29dd49b5bd9c79af24752093 reported cstate change: term changed from 1 to 2, leader changed from 7626f10d312943de9cf979eecd3512ba (127.23.35.131) to e639fc2b29dd49b5bd9c79af24752093 (127.23.35.132). New cstate: current_term: 2 leader_uuid: "e639fc2b29dd49b5bd9c79af24752093" committed_config { opid_index: 4 OBSOLETE_local: false peers { permanent_uuid: "6bc7251e232f415a9cf2fccde3323822" member_type: VOTER last_known_addr { host: "127.23.35.129" port: 45889 } health_report { overall_health: UNKNOWN } } peers { permanent_uuid: "7626f10d312943de9cf979eecd3512ba" member_type: VOTER last_known_addr { host: "127.23.35.131" port: 45691 } health_report { overall_health: UNKNOWN } } peers { permanent_uuid: "e639fc2b29dd49b5bd9c79af24752093" member_type: VOTER last_known_addr { host: "127.23.35.132" port: 42215 } attrs { promote: false } health_report { overall_health: HEALTHY } } }
I20260710 11:05:56.413471 24969 raft_consensus.cc:1275] T 525ae1c4abb241b0ab88a5679fef2226 P 7626f10d312943de9cf979eecd3512ba [term 2 FOLLOWER]: Refusing update from remote peer e639fc2b29dd49b5bd9c79af24752093: Log matching property violated. Preceding OpId in replica: term: 1 index: 4. Preceding OpId from leader: term: 2 index: 5. (index mismatch)
I20260710 11:05:56.414479 25641 consensus_queue.cc:1048] T 525ae1c4abb241b0ab88a5679fef2226 P e639fc2b29dd49b5bd9c79af24752093 [LEADER]: Connected to new peer: Peer: permanent_uuid: "7626f10d312943de9cf979eecd3512ba" member_type: VOTER last_known_addr { host: "127.23.35.131" port: 45691 }, Status: LMP_MISMATCH, Last received: 0.0, Next index: 5, Last known committed idx: 4, Time since last communication: 0.000s
I20260710 11:05:56.423379 24896 raft_consensus.cc:1275] T 525ae1c4abb241b0ab88a5679fef2226 P f509188cee7744fea01e94b8f2975e95 [term 2 FOLLOWER]: Refusing update from remote peer e639fc2b29dd49b5bd9c79af24752093: Log matching property violated. Preceding OpId in replica: term: 1 index: 4. Preceding OpId from leader: term: 2 index: 5. (index mismatch)
I20260710 11:05:56.428278 25624 consensus_queue.cc:1048] T 525ae1c4abb241b0ab88a5679fef2226 P e639fc2b29dd49b5bd9c79af24752093 [LEADER]: Connected to new peer: Peer: permanent_uuid: "f509188cee7744fea01e94b8f2975e95" member_type: VOTER last_known_addr { host: "127.23.35.130" port: 44333 }, Status: LMP_MISMATCH, Last received: 0.0, Next index: 5, Last known committed idx: 4, Time since last communication: 0.000s
I20260710 11:05:56.486533 24969 raft_consensus.cc:1275] T 9cd7a833c7884c49b692ce8b766a9db5 P 7626f10d312943de9cf979eecd3512ba [term 2 FOLLOWER]: Refusing update from remote peer e639fc2b29dd49b5bd9c79af24752093: Log matching property violated. Preceding OpId in replica: term: 1 index: 4. Preceding OpId from leader: term: 2 index: 5. (index mismatch)
I20260710 11:05:56.487517 25624 consensus_queue.cc:1048] T 9cd7a833c7884c49b692ce8b766a9db5 P e639fc2b29dd49b5bd9c79af24752093 [LEADER]: Connected to new peer: Peer: permanent_uuid: "7626f10d312943de9cf979eecd3512ba" member_type: VOTER last_known_addr { host: "127.23.35.131" port: 45691 }, Status: LMP_MISMATCH, Last received: 0.0, Next index: 5, Last known committed idx: 4, Time since last communication: 0.000s
I20260710 11:05:56.495914 24822 raft_consensus.cc:1275] T 9cd7a833c7884c49b692ce8b766a9db5 P 6bc7251e232f415a9cf2fccde3323822 [term 2 FOLLOWER]: Refusing update from remote peer e639fc2b29dd49b5bd9c79af24752093: Log matching property violated. Preceding OpId in replica: term: 1 index: 4. Preceding OpId from leader: term: 2 index: 5. (index mismatch)
I20260710 11:05:56.497139 25624 consensus_queue.cc:1048] T 9cd7a833c7884c49b692ce8b766a9db5 P e639fc2b29dd49b5bd9c79af24752093 [LEADER]: Connected to new peer: Peer: permanent_uuid: "6bc7251e232f415a9cf2fccde3323822" member_type: VOTER last_known_addr { host: "127.23.35.129" port: 45889 }, Status: LMP_MISMATCH, Last received: 0.0, Next index: 5, Last known committed idx: 4, Time since last communication: 0.000s
I20260710 11:05:56.570132 24969 raft_consensus.cc:1275] T 364b595ae2824665be116b67f2cd10b6 P 7626f10d312943de9cf979eecd3512ba [term 2 FOLLOWER]: Refusing update from remote peer e639fc2b29dd49b5bd9c79af24752093: Log matching property violated. Preceding OpId in replica: term: 1 index: 4. Preceding OpId from leader: term: 2 index: 5. (index mismatch)
I20260710 11:05:56.571172 25624 consensus_queue.cc:1048] T 364b595ae2824665be116b67f2cd10b6 P e639fc2b29dd49b5bd9c79af24752093 [LEADER]: Connected to new peer: Peer: permanent_uuid: "7626f10d312943de9cf979eecd3512ba" member_type: VOTER last_known_addr { host: "127.23.35.131" port: 45691 }, Status: LMP_MISMATCH, Last received: 0.0, Next index: 5, Last known committed idx: 4, Time since last communication: 0.000s
I20260710 11:05:56.579161 24822 raft_consensus.cc:1275] T 364b595ae2824665be116b67f2cd10b6 P 6bc7251e232f415a9cf2fccde3323822 [term 2 FOLLOWER]: Refusing update from remote peer e639fc2b29dd49b5bd9c79af24752093: Log matching property violated. Preceding OpId in replica: term: 1 index: 4. Preceding OpId from leader: term: 2 index: 5. (index mismatch)
I20260710 11:05:56.580933 25624 consensus_queue.cc:1048] T 364b595ae2824665be116b67f2cd10b6 P e639fc2b29dd49b5bd9c79af24752093 [LEADER]: Connected to new peer: Peer: permanent_uuid: "6bc7251e232f415a9cf2fccde3323822" member_type: VOTER last_known_addr { host: "127.23.35.129" port: 45889 }, Status: LMP_MISMATCH, Last received: 0.0, Next index: 5, Last known committed idx: 4, Time since last communication: 0.000s
I20260710 11:05:56.792033 23694 auto_leader_rebalancer.cc:141] leader rebalance for table test-workload
I20260710 11:05:56.804998 23694 tablet_server.cc:179] TabletServer@127.23.35.129:0 shutting down...
W20260710 11:05:56.825047 24935 proxy.cc:239] Call had error, refreshing address and retrying: Remote error: Service unavailable: service kudu.consensus.ConsensusService not registered on TabletServer [suppressed 7 similar messages]
W20260710 11:05:56.828577 24935 consensus_peers.cc:597] T 80f496e1c40e445ab2e52a377463b240 P 7626f10d312943de9cf979eecd3512ba -> Peer 6bc7251e232f415a9cf2fccde3323822 (127.23.35.129:45889): Couldn't send request to peer 6bc7251e232f415a9cf2fccde3323822. Status: Remote error: Service unavailable: service kudu.consensus.ConsensusService not registered on TabletServer. This is attempt 1: this message will repeat every 5th retry.
I20260710 11:05:56.843354 23694 ts_tablet_manager.cc:1507] Shutting down tablet manager...
I20260710 11:05:56.844013 23694 tablet_replica.cc:333] T 364b595ae2824665be116b67f2cd10b6 P 6bc7251e232f415a9cf2fccde3323822: stopping tablet replica
I20260710 11:05:56.844538 23694 raft_consensus.cc:2243] T 364b595ae2824665be116b67f2cd10b6 P 6bc7251e232f415a9cf2fccde3323822 [term 2 FOLLOWER]: Raft consensus shutting down.
I20260710 11:05:56.845081 23694 raft_consensus.cc:2272] T 364b595ae2824665be116b67f2cd10b6 P 6bc7251e232f415a9cf2fccde3323822 [term 2 FOLLOWER]: Raft consensus is shut down!
I20260710 11:05:56.847031 23694 tablet_replica.cc:333] T 887eed5ed5634169bd92581f1d47ed9a P 6bc7251e232f415a9cf2fccde3323822: stopping tablet replica
I20260710 11:05:56.847532 23694 raft_consensus.cc:2243] T 887eed5ed5634169bd92581f1d47ed9a P 6bc7251e232f415a9cf2fccde3323822 [term 1 LEADER]: Raft consensus shutting down.
I20260710 11:05:56.848338 23694 raft_consensus.cc:2272] T 887eed5ed5634169bd92581f1d47ed9a P 6bc7251e232f415a9cf2fccde3323822 [term 1 FOLLOWER]: Raft consensus is shut down!
I20260710 11:05:56.850435 23694 tablet_replica.cc:333] T 677e95cc342a4838b5d3b061fc408b6b P 6bc7251e232f415a9cf2fccde3323822: stopping tablet replica
I20260710 11:05:56.850908 23694 raft_consensus.cc:2243] T 677e95cc342a4838b5d3b061fc408b6b P 6bc7251e232f415a9cf2fccde3323822 [term 2 FOLLOWER]: Raft consensus shutting down.
I20260710 11:05:56.851361 23694 raft_consensus.cc:2272] T 677e95cc342a4838b5d3b061fc408b6b P 6bc7251e232f415a9cf2fccde3323822 [term 2 FOLLOWER]: Raft consensus is shut down!
I20260710 11:05:56.852798 23694 tablet_replica.cc:333] T ee42c30e9d0d4d68abf1419d9e9c82a8 P 6bc7251e232f415a9cf2fccde3323822: stopping tablet replica
I20260710 11:05:56.853281 23694 raft_consensus.cc:2243] T ee42c30e9d0d4d68abf1419d9e9c82a8 P 6bc7251e232f415a9cf2fccde3323822 [term 1 LEADER]: Raft consensus shutting down.
I20260710 11:05:56.853897 23694 raft_consensus.cc:2272] T ee42c30e9d0d4d68abf1419d9e9c82a8 P 6bc7251e232f415a9cf2fccde3323822 [term 1 FOLLOWER]: Raft consensus is shut down!
I20260710 11:05:56.855365 23694 tablet_replica.cc:333] T a66e6c82f67145688beec16d5a4650e4 P 6bc7251e232f415a9cf2fccde3323822: stopping tablet replica
I20260710 11:05:56.855850 23694 raft_consensus.cc:2243] T a66e6c82f67145688beec16d5a4650e4 P 6bc7251e232f415a9cf2fccde3323822 [term 2 FOLLOWER]: Raft consensus shutting down.
I20260710 11:05:56.856200 23694 raft_consensus.cc:2272] T a66e6c82f67145688beec16d5a4650e4 P 6bc7251e232f415a9cf2fccde3323822 [term 2 FOLLOWER]: Raft consensus is shut down!
I20260710 11:05:56.857731 23694 tablet_replica.cc:333] T c5f8d5097f8c46f38a3f17a5e2067c7f P 6bc7251e232f415a9cf2fccde3323822: stopping tablet replica
I20260710 11:05:56.858294 23694 raft_consensus.cc:2243] T c5f8d5097f8c46f38a3f17a5e2067c7f P 6bc7251e232f415a9cf2fccde3323822 [term 2 FOLLOWER]: Raft consensus shutting down.
I20260710 11:05:56.858623 23694 raft_consensus.cc:2272] T c5f8d5097f8c46f38a3f17a5e2067c7f P 6bc7251e232f415a9cf2fccde3323822 [term 2 FOLLOWER]: Raft consensus is shut down!
I20260710 11:05:56.860140 23694 tablet_replica.cc:333] T 80f496e1c40e445ab2e52a377463b240 P 6bc7251e232f415a9cf2fccde3323822: stopping tablet replica
I20260710 11:05:56.860549 23694 raft_consensus.cc:2243] T 80f496e1c40e445ab2e52a377463b240 P 6bc7251e232f415a9cf2fccde3323822 [term 1 FOLLOWER]: Raft consensus shutting down.
I20260710 11:05:56.860875 23694 raft_consensus.cc:2272] T 80f496e1c40e445ab2e52a377463b240 P 6bc7251e232f415a9cf2fccde3323822 [term 1 FOLLOWER]: Raft consensus is shut down!
I20260710 11:05:56.862234 23694 tablet_replica.cc:333] T f28daa847b6d40deb24f6231686d9977 P 6bc7251e232f415a9cf2fccde3323822: stopping tablet replica
I20260710 11:05:56.862635 23694 raft_consensus.cc:2243] T f28daa847b6d40deb24f6231686d9977 P 6bc7251e232f415a9cf2fccde3323822 [term 2 FOLLOWER]: Raft consensus shutting down.
I20260710 11:05:56.862932 23694 raft_consensus.cc:2272] T f28daa847b6d40deb24f6231686d9977 P 6bc7251e232f415a9cf2fccde3323822 [term 2 FOLLOWER]: Raft consensus is shut down!
I20260710 11:05:56.864423 23694 tablet_replica.cc:333] T 0a3f6e5794464d3785023920da148c68 P 6bc7251e232f415a9cf2fccde3323822: stopping tablet replica
I20260710 11:05:56.864815 23694 raft_consensus.cc:2243] T 0a3f6e5794464d3785023920da148c68 P 6bc7251e232f415a9cf2fccde3323822 [term 1 FOLLOWER]: Raft consensus shutting down.
I20260710 11:05:56.865163 23694 raft_consensus.cc:2272] T 0a3f6e5794464d3785023920da148c68 P 6bc7251e232f415a9cf2fccde3323822 [term 1 FOLLOWER]: Raft consensus is shut down!
I20260710 11:05:56.866688 23694 tablet_replica.cc:333] T 8535beb1f75144d08f9c8245c097d521 P 6bc7251e232f415a9cf2fccde3323822: stopping tablet replica
I20260710 11:05:56.867116 23694 raft_consensus.cc:2243] T 8535beb1f75144d08f9c8245c097d521 P 6bc7251e232f415a9cf2fccde3323822 [term 1 LEADER]: Raft consensus shutting down.
I20260710 11:05:56.867709 23694 raft_consensus.cc:2272] T 8535beb1f75144d08f9c8245c097d521 P 6bc7251e232f415a9cf2fccde3323822 [term 1 FOLLOWER]: Raft consensus is shut down!
I20260710 11:05:56.869371 23694 tablet_replica.cc:333] T cad6267ded254561b017e7e8de8e5ab8 P 6bc7251e232f415a9cf2fccde3323822: stopping tablet replica
I20260710 11:05:56.869812 23694 raft_consensus.cc:2243] T cad6267ded254561b017e7e8de8e5ab8 P 6bc7251e232f415a9cf2fccde3323822 [term 1 FOLLOWER]: Raft consensus shutting down.
I20260710 11:05:56.870185 23694 raft_consensus.cc:2272] T cad6267ded254561b017e7e8de8e5ab8 P 6bc7251e232f415a9cf2fccde3323822 [term 1 FOLLOWER]: Raft consensus is shut down!
I20260710 11:05:56.871668 23694 tablet_replica.cc:333] T 9cd7a833c7884c49b692ce8b766a9db5 P 6bc7251e232f415a9cf2fccde3323822: stopping tablet replica
I20260710 11:05:56.872112 23694 raft_consensus.cc:2243] T 9cd7a833c7884c49b692ce8b766a9db5 P 6bc7251e232f415a9cf2fccde3323822 [term 2 FOLLOWER]: Raft consensus shutting down.
I20260710 11:05:56.872445 23694 raft_consensus.cc:2272] T 9cd7a833c7884c49b692ce8b766a9db5 P 6bc7251e232f415a9cf2fccde3323822 [term 2 FOLLOWER]: Raft consensus is shut down!
I20260710 11:05:56.874168 23694 tablet_replica.cc:333] T 8123381f9b0c4f7ead2e84605607ea8f P 6bc7251e232f415a9cf2fccde3323822: stopping tablet replica
I20260710 11:05:56.874572 23694 raft_consensus.cc:2243] T 8123381f9b0c4f7ead2e84605607ea8f P 6bc7251e232f415a9cf2fccde3323822 [term 1 LEADER]: Raft consensus shutting down.
I20260710 11:05:56.875226 23694 raft_consensus.cc:2272] T 8123381f9b0c4f7ead2e84605607ea8f P 6bc7251e232f415a9cf2fccde3323822 [term 1 FOLLOWER]: Raft consensus is shut down!
I20260710 11:05:56.876747 23694 tablet_replica.cc:333] T dcde1dfbbe8a44f187c459016e0e0d5c P 6bc7251e232f415a9cf2fccde3323822: stopping tablet replica
I20260710 11:05:56.877146 23694 raft_consensus.cc:2243] T dcde1dfbbe8a44f187c459016e0e0d5c P 6bc7251e232f415a9cf2fccde3323822 [term 1 LEADER]: Raft consensus shutting down.
I20260710 11:05:56.877731 23694 raft_consensus.cc:2272] T dcde1dfbbe8a44f187c459016e0e0d5c P 6bc7251e232f415a9cf2fccde3323822 [term 1 FOLLOWER]: Raft consensus is shut down!
I20260710 11:05:56.879237 23694 tablet_replica.cc:333] T 532accfcd0c94f099d427ea26a8d846f P 6bc7251e232f415a9cf2fccde3323822: stopping tablet replica
I20260710 11:05:56.879622 23694 raft_consensus.cc:2243] T 532accfcd0c94f099d427ea26a8d846f P 6bc7251e232f415a9cf2fccde3323822 [term 1 FOLLOWER]: Raft consensus shutting down.
I20260710 11:05:56.879959 23694 raft_consensus.cc:2272] T 532accfcd0c94f099d427ea26a8d846f P 6bc7251e232f415a9cf2fccde3323822 [term 1 FOLLOWER]: Raft consensus is shut down!
I20260710 11:05:56.881472 23694 tablet_replica.cc:333] T c98ad71196fb4ff998a7b77e2062489b P 6bc7251e232f415a9cf2fccde3323822: stopping tablet replica
I20260710 11:05:56.881840 23694 raft_consensus.cc:2243] T c98ad71196fb4ff998a7b77e2062489b P 6bc7251e232f415a9cf2fccde3323822 [term 2 FOLLOWER]: Raft consensus shutting down.
I20260710 11:05:56.882146 23694 raft_consensus.cc:2272] T c98ad71196fb4ff998a7b77e2062489b P 6bc7251e232f415a9cf2fccde3323822 [term 2 FOLLOWER]: Raft consensus is shut down!
I20260710 11:05:56.883539 23694 tablet_replica.cc:333] T 0249fb00ad534ced93953df48a14f83d P 6bc7251e232f415a9cf2fccde3323822: stopping tablet replica
I20260710 11:05:56.883934 23694 raft_consensus.cc:2243] T 0249fb00ad534ced93953df48a14f83d P 6bc7251e232f415a9cf2fccde3323822 [term 1 FOLLOWER]: Raft consensus shutting down.
I20260710 11:05:56.884328 23694 raft_consensus.cc:2272] T 0249fb00ad534ced93953df48a14f83d P 6bc7251e232f415a9cf2fccde3323822 [term 1 FOLLOWER]: Raft consensus is shut down!
I20260710 11:05:56.886016 23694 tablet_replica.cc:333] T b658e67730cd48648eeed79d4dd78e51 P 6bc7251e232f415a9cf2fccde3323822: stopping tablet replica
I20260710 11:05:56.886471 23694 raft_consensus.cc:2243] T b658e67730cd48648eeed79d4dd78e51 P 6bc7251e232f415a9cf2fccde3323822 [term 1 LEADER]: Raft consensus shutting down.
I20260710 11:05:56.887174 23694 raft_consensus.cc:2272] T b658e67730cd48648eeed79d4dd78e51 P 6bc7251e232f415a9cf2fccde3323822 [term 1 FOLLOWER]: Raft consensus is shut down!
I20260710 11:05:56.948976 23694 tablet_server.cc:196] TabletServer@127.23.35.129:0 shutdown complete.
W20260710 11:05:56.966355 25195 consensus_peers.cc:597] T f28daa847b6d40deb24f6231686d9977 P e639fc2b29dd49b5bd9c79af24752093 -> Peer 6bc7251e232f415a9cf2fccde3323822 (127.23.35.129:45889): Couldn't send request to peer 6bc7251e232f415a9cf2fccde3323822. Status: Network error: Client connection negotiation failed: client connection to 127.23.35.129:45889: connect: Connection refused (error 111). This is attempt 1: this message will repeat every 5th retry.
I20260710 11:05:56.986056 23694 tablet_server.cc:179] TabletServer@127.23.35.130:0 shutting down...
I20260710 11:05:57.008474 23694 ts_tablet_manager.cc:1507] Shutting down tablet manager...
I20260710 11:05:57.009110 23694 tablet_replica.cc:333] T 525ae1c4abb241b0ab88a5679fef2226 P f509188cee7744fea01e94b8f2975e95: stopping tablet replica
I20260710 11:05:57.009618 23694 raft_consensus.cc:2243] T 525ae1c4abb241b0ab88a5679fef2226 P f509188cee7744fea01e94b8f2975e95 [term 2 FOLLOWER]: Raft consensus shutting down.
I20260710 11:05:57.010020 23694 raft_consensus.cc:2272] T 525ae1c4abb241b0ab88a5679fef2226 P f509188cee7744fea01e94b8f2975e95 [term 2 FOLLOWER]: Raft consensus is shut down!
I20260710 11:05:57.012127 23694 tablet_replica.cc:333] T 887eed5ed5634169bd92581f1d47ed9a P f509188cee7744fea01e94b8f2975e95: stopping tablet replica
I20260710 11:05:57.012637 23694 raft_consensus.cc:2243] T 887eed5ed5634169bd92581f1d47ed9a P f509188cee7744fea01e94b8f2975e95 [term 1 FOLLOWER]: Raft consensus shutting down.
I20260710 11:05:57.013087 23694 raft_consensus.cc:2272] T 887eed5ed5634169bd92581f1d47ed9a P f509188cee7744fea01e94b8f2975e95 [term 1 FOLLOWER]: Raft consensus is shut down!
I20260710 11:05:57.014760 23694 tablet_replica.cc:333] T ee42c30e9d0d4d68abf1419d9e9c82a8 P f509188cee7744fea01e94b8f2975e95: stopping tablet replica
I20260710 11:05:57.015230 23694 raft_consensus.cc:2243] T ee42c30e9d0d4d68abf1419d9e9c82a8 P f509188cee7744fea01e94b8f2975e95 [term 1 FOLLOWER]: Raft consensus shutting down.
I20260710 11:05:57.015630 23694 raft_consensus.cc:2272] T ee42c30e9d0d4d68abf1419d9e9c82a8 P f509188cee7744fea01e94b8f2975e95 [term 1 FOLLOWER]: Raft consensus is shut down!
I20260710 11:05:57.017582 23694 tablet_replica.cc:333] T 532accfcd0c94f099d427ea26a8d846f P f509188cee7744fea01e94b8f2975e95: stopping tablet replica
I20260710 11:05:57.018265 23694 raft_consensus.cc:2243] T 532accfcd0c94f099d427ea26a8d846f P f509188cee7744fea01e94b8f2975e95 [term 1 FOLLOWER]: Raft consensus shutting down.
I20260710 11:05:57.018623 23694 raft_consensus.cc:2272] T 532accfcd0c94f099d427ea26a8d846f P f509188cee7744fea01e94b8f2975e95 [term 1 FOLLOWER]: Raft consensus is shut down!
I20260710 11:05:57.020675 23694 tablet_replica.cc:333] T 09e6f5e774b54cf69b8b174a657f664d P f509188cee7744fea01e94b8f2975e95: stopping tablet replica
I20260710 11:05:57.021258 23694 raft_consensus.cc:2243] T 09e6f5e774b54cf69b8b174a657f664d P f509188cee7744fea01e94b8f2975e95 [term 1 LEADER]: Raft consensus shutting down.
I20260710 11:05:57.021931 23694 raft_consensus.cc:2272] T 09e6f5e774b54cf69b8b174a657f664d P f509188cee7744fea01e94b8f2975e95 [term 1 FOLLOWER]: Raft consensus is shut down!
W20260710 11:05:57.023073 24861 consensus_peers.cc:597] T 0a3f6e5794464d3785023920da148c68 P f509188cee7744fea01e94b8f2975e95 -> Peer 6bc7251e232f415a9cf2fccde3323822 (127.23.35.129:45889): Couldn't send request to peer 6bc7251e232f415a9cf2fccde3323822. Status: Network error: Client connection negotiation failed: client connection to 127.23.35.129:45889: connect: Connection refused (error 111). This is attempt 1: this message will repeat every 5th retry.
I20260710 11:05:57.024085 23694 tablet_replica.cc:333] T c5f8d5097f8c46f38a3f17a5e2067c7f P f509188cee7744fea01e94b8f2975e95: stopping tablet replica
I20260710 11:05:57.024717 23694 raft_consensus.cc:2243] T c5f8d5097f8c46f38a3f17a5e2067c7f P f509188cee7744fea01e94b8f2975e95 [term 2 LEADER]: Raft consensus shutting down.
I20260710 11:05:57.025488 23694 raft_consensus.cc:2272] T c5f8d5097f8c46f38a3f17a5e2067c7f P f509188cee7744fea01e94b8f2975e95 [term 2 FOLLOWER]: Raft consensus is shut down!
I20260710 11:05:57.027125 23694 tablet_replica.cc:333] T 80f496e1c40e445ab2e52a377463b240 P f509188cee7744fea01e94b8f2975e95: stopping tablet replica
I20260710 11:05:57.027570 23694 raft_consensus.cc:2243] T 80f496e1c40e445ab2e52a377463b240 P f509188cee7744fea01e94b8f2975e95 [term 1 FOLLOWER]: Raft consensus shutting down.
I20260710 11:05:57.027953 23694 raft_consensus.cc:2272] T 80f496e1c40e445ab2e52a377463b240 P f509188cee7744fea01e94b8f2975e95 [term 1 FOLLOWER]: Raft consensus is shut down!
I20260710 11:05:57.029511 23694 tablet_replica.cc:333] T a66e6c82f67145688beec16d5a4650e4 P f509188cee7744fea01e94b8f2975e95: stopping tablet replica
I20260710 11:05:57.029954 23694 raft_consensus.cc:2243] T a66e6c82f67145688beec16d5a4650e4 P f509188cee7744fea01e94b8f2975e95 [term 2 LEADER]: Raft consensus shutting down.
I20260710 11:05:57.030603 23694 raft_consensus.cc:2272] T a66e6c82f67145688beec16d5a4650e4 P f509188cee7744fea01e94b8f2975e95 [term 2 FOLLOWER]: Raft consensus is shut down!
I20260710 11:05:57.032300 23694 tablet_replica.cc:333] T 04d6a6d2b87c4a55a77da31b95324aea P f509188cee7744fea01e94b8f2975e95: stopping tablet replica
I20260710 11:05:57.032745 23694 raft_consensus.cc:2243] T 04d6a6d2b87c4a55a77da31b95324aea P f509188cee7744fea01e94b8f2975e95 [term 1 FOLLOWER]: Raft consensus shutting down.
I20260710 11:05:57.033243 23694 raft_consensus.cc:2272] T 04d6a6d2b87c4a55a77da31b95324aea P f509188cee7744fea01e94b8f2975e95 [term 1 FOLLOWER]: Raft consensus is shut down!
I20260710 11:05:57.034865 23694 tablet_replica.cc:333] T dcde1dfbbe8a44f187c459016e0e0d5c P f509188cee7744fea01e94b8f2975e95: stopping tablet replica
I20260710 11:05:57.035279 23694 raft_consensus.cc:2243] T dcde1dfbbe8a44f187c459016e0e0d5c P f509188cee7744fea01e94b8f2975e95 [term 1 FOLLOWER]: Raft consensus shutting down.
I20260710 11:05:57.035921 23694 raft_consensus.cc:2272] T dcde1dfbbe8a44f187c459016e0e0d5c P f509188cee7744fea01e94b8f2975e95 [term 1 FOLLOWER]: Raft consensus is shut down!
I20260710 11:05:57.037528 23694 tablet_replica.cc:333] T 08a25cd85481406db4737de54c1f879b P f509188cee7744fea01e94b8f2975e95: stopping tablet replica
I20260710 11:05:57.037995 23694 raft_consensus.cc:2243] T 08a25cd85481406db4737de54c1f879b P f509188cee7744fea01e94b8f2975e95 [term 1 LEADER]: Raft consensus shutting down.
I20260710 11:05:57.038833 23694 raft_consensus.cc:2272] T 08a25cd85481406db4737de54c1f879b P f509188cee7744fea01e94b8f2975e95 [term 1 FOLLOWER]: Raft consensus is shut down!
I20260710 11:05:57.040805 23694 tablet_replica.cc:333] T cad6267ded254561b017e7e8de8e5ab8 P f509188cee7744fea01e94b8f2975e95: stopping tablet replica
W20260710 11:05:57.041188 25196 consensus_peers.cc:597] T c98ad71196fb4ff998a7b77e2062489b P e639fc2b29dd49b5bd9c79af24752093 -> Peer f509188cee7744fea01e94b8f2975e95 (127.23.35.130:44333): Couldn't send request to peer f509188cee7744fea01e94b8f2975e95. Status: Remote error: Service unavailable: service kudu.consensus.ConsensusService not registered on TabletServer. This is attempt 1: this message will repeat every 5th retry.
I20260710 11:05:57.041410 23694 raft_consensus.cc:2243] T cad6267ded254561b017e7e8de8e5ab8 P f509188cee7744fea01e94b8f2975e95 [term 1 FOLLOWER]: Raft consensus shutting down.
I20260710 11:05:57.041831 23694 raft_consensus.cc:2272] T cad6267ded254561b017e7e8de8e5ab8 P f509188cee7744fea01e94b8f2975e95 [term 1 FOLLOWER]: Raft consensus is shut down!
I20260710 11:05:57.043385 23694 tablet_replica.cc:333] T 8535beb1f75144d08f9c8245c097d521 P f509188cee7744fea01e94b8f2975e95: stopping tablet replica
I20260710 11:05:57.043852 23694 raft_consensus.cc:2243] T 8535beb1f75144d08f9c8245c097d521 P f509188cee7744fea01e94b8f2975e95 [term 1 FOLLOWER]: Raft consensus shutting down.
I20260710 11:05:57.044253 23694 raft_consensus.cc:2272] T 8535beb1f75144d08f9c8245c097d521 P f509188cee7744fea01e94b8f2975e95 [term 1 FOLLOWER]: Raft consensus is shut down!
I20260710 11:05:57.045746 23694 tablet_replica.cc:333] T 0a3f6e5794464d3785023920da148c68 P f509188cee7744fea01e94b8f2975e95: stopping tablet replica
I20260710 11:05:57.046166 23694 raft_consensus.cc:2243] T 0a3f6e5794464d3785023920da148c68 P f509188cee7744fea01e94b8f2975e95 [term 1 LEADER]: Raft consensus shutting down.
I20260710 11:05:57.046814 23694 raft_consensus.cc:2272] T 0a3f6e5794464d3785023920da148c68 P f509188cee7744fea01e94b8f2975e95 [term 1 FOLLOWER]: Raft consensus is shut down!
I20260710 11:05:57.048496 23694 tablet_replica.cc:333] T 8123381f9b0c4f7ead2e84605607ea8f P f509188cee7744fea01e94b8f2975e95: stopping tablet replica
I20260710 11:05:57.048942 23694 raft_consensus.cc:2243] T 8123381f9b0c4f7ead2e84605607ea8f P f509188cee7744fea01e94b8f2975e95 [term 1 FOLLOWER]: Raft consensus shutting down.
I20260710 11:05:57.049410 23694 raft_consensus.cc:2272] T 8123381f9b0c4f7ead2e84605607ea8f P f509188cee7744fea01e94b8f2975e95 [term 1 FOLLOWER]: Raft consensus is shut down!
I20260710 11:05:57.051232 23694 tablet_replica.cc:333] T c98ad71196fb4ff998a7b77e2062489b P f509188cee7744fea01e94b8f2975e95: stopping tablet replica
I20260710 11:05:57.051649 23694 raft_consensus.cc:2243] T c98ad71196fb4ff998a7b77e2062489b P f509188cee7744fea01e94b8f2975e95 [term 2 FOLLOWER]: Raft consensus shutting down.
I20260710 11:05:57.052191 23694 raft_consensus.cc:2272] T c98ad71196fb4ff998a7b77e2062489b P f509188cee7744fea01e94b8f2975e95 [term 2 FOLLOWER]: Raft consensus is shut down!
I20260710 11:05:57.053759 23694 tablet_replica.cc:333] T 2688bf1883904bb9bb6cc68856bb394b P f509188cee7744fea01e94b8f2975e95: stopping tablet replica
I20260710 11:05:57.054176 23694 raft_consensus.cc:2243] T 2688bf1883904bb9bb6cc68856bb394b P f509188cee7744fea01e94b8f2975e95 [term 1 FOLLOWER]: Raft consensus shutting down.
W20260710 11:05:57.054502 24935 consensus_peers.cc:597] T 532accfcd0c94f099d427ea26a8d846f P 7626f10d312943de9cf979eecd3512ba -> Peer 6bc7251e232f415a9cf2fccde3323822 (127.23.35.129:45889): Couldn't send request to peer 6bc7251e232f415a9cf2fccde3323822. Status: Network error: Client connection negotiation failed: client connection to 127.23.35.129:45889: connect: Connection refused (error 111). This is attempt 1: this message will repeat every 5th retry.
I20260710 11:05:57.054548 23694 raft_consensus.cc:2272] T 2688bf1883904bb9bb6cc68856bb394b P f509188cee7744fea01e94b8f2975e95 [term 1 FOLLOWER]: Raft consensus is shut down!
I20260710 11:05:57.056270 23694 tablet_replica.cc:333] T 138d7158d05f4657bd2eb991b88c05f7 P f509188cee7744fea01e94b8f2975e95: stopping tablet replica
I20260710 11:05:57.056682 23694 raft_consensus.cc:2243] T 138d7158d05f4657bd2eb991b88c05f7 P f509188cee7744fea01e94b8f2975e95 [term 1 LEADER]: Raft consensus shutting down.
I20260710 11:05:57.057298 23694 raft_consensus.cc:2272] T 138d7158d05f4657bd2eb991b88c05f7 P f509188cee7744fea01e94b8f2975e95 [term 1 FOLLOWER]: Raft consensus is shut down!
W20260710 11:05:57.093063 25195 consensus_peers.cc:597] T 9cd7a833c7884c49b692ce8b766a9db5 P e639fc2b29dd49b5bd9c79af24752093 -> Peer 6bc7251e232f415a9cf2fccde3323822 (127.23.35.129:45889): Couldn't send request to peer 6bc7251e232f415a9cf2fccde3323822. Status: Network error: Client connection negotiation failed: client connection to 127.23.35.129:45889: connect: Connection refused (error 111). This is attempt 1: this message will repeat every 5th retry.
I20260710 11:05:57.098273 23694 tablet_server.cc:196] TabletServer@127.23.35.130:0 shutdown complete.
W20260710 11:05:57.117656 24935 consensus_peers.cc:597] T cad6267ded254561b017e7e8de8e5ab8 P 7626f10d312943de9cf979eecd3512ba -> Peer 6bc7251e232f415a9cf2fccde3323822 (127.23.35.129:45889): Couldn't send request to peer 6bc7251e232f415a9cf2fccde3323822. Status: Network error: Client connection negotiation failed: client connection to 127.23.35.129:45889: connect: Connection refused (error 111). This is attempt 1: this message will repeat every 5th retry.
W20260710 11:05:57.121336 25195 consensus_peers.cc:597] T 677e95cc342a4838b5d3b061fc408b6b P e639fc2b29dd49b5bd9c79af24752093 -> Peer 6bc7251e232f415a9cf2fccde3323822 (127.23.35.129:45889): Couldn't send request to peer 6bc7251e232f415a9cf2fccde3323822. Status: Network error: Client connection negotiation failed: client connection to 127.23.35.129:45889: connect: Connection refused (error 111). This is attempt 1: this message will repeat every 5th retry.
W20260710 11:05:57.131949 25195 consensus_peers.cc:597] T c98ad71196fb4ff998a7b77e2062489b P e639fc2b29dd49b5bd9c79af24752093 -> Peer 6bc7251e232f415a9cf2fccde3323822 (127.23.35.129:45889): Couldn't send request to peer 6bc7251e232f415a9cf2fccde3323822. Status: Network error: Client connection negotiation failed: client connection to 127.23.35.129:45889: connect: Connection refused (error 111). This is attempt 1: this message will repeat every 5th retry.
I20260710 11:05:57.133507 23694 tablet_server.cc:179] TabletServer@127.23.35.131:0 shutting down...
W20260710 11:05:57.157133 24936 consensus_peers.cc:597] T 2688bf1883904bb9bb6cc68856bb394b P 7626f10d312943de9cf979eecd3512ba -> Peer f509188cee7744fea01e94b8f2975e95 (127.23.35.130:44333): Couldn't send request to peer f509188cee7744fea01e94b8f2975e95. Status: Network error: Client connection negotiation failed: client connection to 127.23.35.130:44333: connect: Connection refused (error 111). This is attempt 1: this message will repeat every 5th retry.
I20260710 11:05:57.157631 23694 ts_tablet_manager.cc:1507] Shutting down tablet manager...
I20260710 11:05:57.158351 23694 tablet_replica.cc:333] T 364b595ae2824665be116b67f2cd10b6 P 7626f10d312943de9cf979eecd3512ba: stopping tablet replica
I20260710 11:05:57.158964 23694 raft_consensus.cc:2243] T 364b595ae2824665be116b67f2cd10b6 P 7626f10d312943de9cf979eecd3512ba [term 2 FOLLOWER]: Raft consensus shutting down.
I20260710 11:05:57.159442 23694 raft_consensus.cc:2272] T 364b595ae2824665be116b67f2cd10b6 P 7626f10d312943de9cf979eecd3512ba [term 2 FOLLOWER]: Raft consensus is shut down!
W20260710 11:05:57.160000 25196 consensus_peers.cc:597] T 364b595ae2824665be116b67f2cd10b6 P e639fc2b29dd49b5bd9c79af24752093 -> Peer 7626f10d312943de9cf979eecd3512ba (127.23.35.131:45691): Couldn't send request to peer 7626f10d312943de9cf979eecd3512ba. Status: Remote error: Service unavailable: service kudu.consensus.ConsensusService not registered on TabletServer. This is attempt 1: this message will repeat every 5th retry.
I20260710 11:05:57.161499 23694 tablet_replica.cc:333] T 525ae1c4abb241b0ab88a5679fef2226 P 7626f10d312943de9cf979eecd3512ba: stopping tablet replica
I20260710 11:05:57.162016 23694 raft_consensus.cc:2243] T 525ae1c4abb241b0ab88a5679fef2226 P 7626f10d312943de9cf979eecd3512ba [term 2 FOLLOWER]: Raft consensus shutting down.
I20260710 11:05:57.162453 23694 raft_consensus.cc:2272] T 525ae1c4abb241b0ab88a5679fef2226 P 7626f10d312943de9cf979eecd3512ba [term 2 FOLLOWER]: Raft consensus is shut down!
I20260710 11:05:57.164736 23694 tablet_replica.cc:333] T 677e95cc342a4838b5d3b061fc408b6b P 7626f10d312943de9cf979eecd3512ba: stopping tablet replica
I20260710 11:05:57.165161 23694 raft_consensus.cc:2243] T 677e95cc342a4838b5d3b061fc408b6b P 7626f10d312943de9cf979eecd3512ba [term 2 FOLLOWER]: Raft consensus shutting down.
I20260710 11:05:57.165475 23694 raft_consensus.cc:2272] T 677e95cc342a4838b5d3b061fc408b6b P 7626f10d312943de9cf979eecd3512ba [term 2 FOLLOWER]: Raft consensus is shut down!
I20260710 11:05:57.167083 23694 tablet_replica.cc:333] T a66e6c82f67145688beec16d5a4650e4 P 7626f10d312943de9cf979eecd3512ba: stopping tablet replica
I20260710 11:05:57.167505 23694 raft_consensus.cc:2243] T a66e6c82f67145688beec16d5a4650e4 P 7626f10d312943de9cf979eecd3512ba [term 2 FOLLOWER]: Raft consensus shutting down.
I20260710 11:05:57.167874 23694 raft_consensus.cc:2272] T a66e6c82f67145688beec16d5a4650e4 P 7626f10d312943de9cf979eecd3512ba [term 2 FOLLOWER]: Raft consensus is shut down!
I20260710 11:05:57.169207 23694 tablet_replica.cc:333] T 532accfcd0c94f099d427ea26a8d846f P 7626f10d312943de9cf979eecd3512ba: stopping tablet replica
I20260710 11:05:57.169777 23694 raft_consensus.cc:2243] T 532accfcd0c94f099d427ea26a8d846f P 7626f10d312943de9cf979eecd3512ba [term 1 LEADER]: Raft consensus shutting down.
I20260710 11:05:57.170500 23694 raft_consensus.cc:2272] T 532accfcd0c94f099d427ea26a8d846f P 7626f10d312943de9cf979eecd3512ba [term 1 FOLLOWER]: Raft consensus is shut down!
W20260710 11:05:57.172441 24935 consensus_peers.cc:597] T 0249fb00ad534ced93953df48a14f83d P 7626f10d312943de9cf979eecd3512ba -> Peer 6bc7251e232f415a9cf2fccde3323822 (127.23.35.129:45889): Couldn't send request to peer 6bc7251e232f415a9cf2fccde3323822. Status: Network error: Client connection negotiation failed: client connection to 127.23.35.129:45889: connect: Connection refused (error 111). This is attempt 1: this message will repeat every 5th retry.
I20260710 11:05:57.172569 23694 tablet_replica.cc:333] T 09e6f5e774b54cf69b8b174a657f664d P 7626f10d312943de9cf979eecd3512ba: stopping tablet replica
I20260710 11:05:57.173166 23694 raft_consensus.cc:2243] T 09e6f5e774b54cf69b8b174a657f664d P 7626f10d312943de9cf979eecd3512ba [term 1 FOLLOWER]: Raft consensus shutting down.
I20260710 11:05:57.173563 23694 raft_consensus.cc:2272] T 09e6f5e774b54cf69b8b174a657f664d P 7626f10d312943de9cf979eecd3512ba [term 1 FOLLOWER]: Raft consensus is shut down!
I20260710 11:05:57.175102 23694 tablet_replica.cc:333] T c5f8d5097f8c46f38a3f17a5e2067c7f P 7626f10d312943de9cf979eecd3512ba: stopping tablet replica
I20260710 11:05:57.175525 23694 raft_consensus.cc:2243] T c5f8d5097f8c46f38a3f17a5e2067c7f P 7626f10d312943de9cf979eecd3512ba [term 2 FOLLOWER]: Raft consensus shutting down.
I20260710 11:05:57.175884 23694 raft_consensus.cc:2272] T c5f8d5097f8c46f38a3f17a5e2067c7f P 7626f10d312943de9cf979eecd3512ba [term 2 FOLLOWER]: Raft consensus is shut down!
I20260710 11:05:57.177237 23694 tablet_replica.cc:333] T 80f496e1c40e445ab2e52a377463b240 P 7626f10d312943de9cf979eecd3512ba: stopping tablet replica
I20260710 11:05:57.177670 23694 raft_consensus.cc:2243] T 80f496e1c40e445ab2e52a377463b240 P 7626f10d312943de9cf979eecd3512ba [term 1 LEADER]: Raft consensus shutting down.
I20260710 11:05:57.178238 23694 raft_consensus.cc:2272] T 80f496e1c40e445ab2e52a377463b240 P 7626f10d312943de9cf979eecd3512ba [term 1 FOLLOWER]: Raft consensus is shut down!
I20260710 11:05:57.179693 23694 tablet_replica.cc:333] T f28daa847b6d40deb24f6231686d9977 P 7626f10d312943de9cf979eecd3512ba: stopping tablet replica
I20260710 11:05:57.180142 23694 raft_consensus.cc:2243] T f28daa847b6d40deb24f6231686d9977 P 7626f10d312943de9cf979eecd3512ba [term 2 FOLLOWER]: Raft consensus shutting down.
I20260710 11:05:57.180604 23694 raft_consensus.cc:2272] T f28daa847b6d40deb24f6231686d9977 P 7626f10d312943de9cf979eecd3512ba [term 2 FOLLOWER]: Raft consensus is shut down!
I20260710 11:05:57.181962 23694 tablet_replica.cc:333] T 2688bf1883904bb9bb6cc68856bb394b P 7626f10d312943de9cf979eecd3512ba: stopping tablet replica
I20260710 11:05:57.182376 23694 raft_consensus.cc:2243] T 2688bf1883904bb9bb6cc68856bb394b P 7626f10d312943de9cf979eecd3512ba [term 1 LEADER]: Raft consensus shutting down.
I20260710 11:05:57.182947 23694 raft_consensus.cc:2272] T 2688bf1883904bb9bb6cc68856bb394b P 7626f10d312943de9cf979eecd3512ba [term 1 FOLLOWER]: Raft consensus is shut down!
I20260710 11:05:57.184557 23694 tablet_replica.cc:333] T 138d7158d05f4657bd2eb991b88c05f7 P 7626f10d312943de9cf979eecd3512ba: stopping tablet replica
I20260710 11:05:57.184983 23694 raft_consensus.cc:2243] T 138d7158d05f4657bd2eb991b88c05f7 P 7626f10d312943de9cf979eecd3512ba [term 1 FOLLOWER]: Raft consensus shutting down.
I20260710 11:05:57.185444 23694 raft_consensus.cc:2272] T 138d7158d05f4657bd2eb991b88c05f7 P 7626f10d312943de9cf979eecd3512ba [term 1 FOLLOWER]: Raft consensus is shut down!
I20260710 11:05:57.187191 23694 tablet_replica.cc:333] T 04d6a6d2b87c4a55a77da31b95324aea P 7626f10d312943de9cf979eecd3512ba: stopping tablet replica
I20260710 11:05:57.187788 23694 raft_consensus.cc:2243] T 04d6a6d2b87c4a55a77da31b95324aea P 7626f10d312943de9cf979eecd3512ba [term 1 LEADER]: Raft consensus shutting down.
I20260710 11:05:57.188621 23694 raft_consensus.cc:2272] T 04d6a6d2b87c4a55a77da31b95324aea P 7626f10d312943de9cf979eecd3512ba [term 1 FOLLOWER]: Raft consensus is shut down!
I20260710 11:05:57.190655 23694 tablet_replica.cc:333] T 0249fb00ad534ced93953df48a14f83d P 7626f10d312943de9cf979eecd3512ba: stopping tablet replica
I20260710 11:05:57.191162 23694 raft_consensus.cc:2243] T 0249fb00ad534ced93953df48a14f83d P 7626f10d312943de9cf979eecd3512ba [term 1 LEADER]: Raft consensus shutting down.
W20260710 11:05:57.191937 25195 consensus_peers.cc:597] T 364b595ae2824665be116b67f2cd10b6 P e639fc2b29dd49b5bd9c79af24752093 -> Peer 6bc7251e232f415a9cf2fccde3323822 (127.23.35.129:45889): Couldn't send request to peer 6bc7251e232f415a9cf2fccde3323822. Status: Network error: Client connection negotiation failed: client connection to 127.23.35.129:45889: connect: Connection refused (error 111). This is attempt 1: this message will repeat every 5th retry.
I20260710 11:05:57.192065 23694 raft_consensus.cc:2272] T 0249fb00ad534ced93953df48a14f83d P 7626f10d312943de9cf979eecd3512ba [term 1 FOLLOWER]: Raft consensus is shut down!
I20260710 11:05:57.193861 23694 tablet_replica.cc:333] T 08a25cd85481406db4737de54c1f879b P 7626f10d312943de9cf979eecd3512ba: stopping tablet replica
I20260710 11:05:57.194298 23694 raft_consensus.cc:2243] T 08a25cd85481406db4737de54c1f879b P 7626f10d312943de9cf979eecd3512ba [term 1 FOLLOWER]: Raft consensus shutting down.
I20260710 11:05:57.194713 23694 raft_consensus.cc:2272] T 08a25cd85481406db4737de54c1f879b P 7626f10d312943de9cf979eecd3512ba [term 1 FOLLOWER]: Raft consensus is shut down!
I20260710 11:05:57.196365 23694 tablet_replica.cc:333] T 9cd7a833c7884c49b692ce8b766a9db5 P 7626f10d312943de9cf979eecd3512ba: stopping tablet replica
I20260710 11:05:57.196782 23694 raft_consensus.cc:2243] T 9cd7a833c7884c49b692ce8b766a9db5 P 7626f10d312943de9cf979eecd3512ba [term 2 FOLLOWER]: Raft consensus shutting down.
I20260710 11:05:57.197111 23694 raft_consensus.cc:2272] T 9cd7a833c7884c49b692ce8b766a9db5 P 7626f10d312943de9cf979eecd3512ba [term 2 FOLLOWER]: Raft consensus is shut down!
I20260710 11:05:57.198859 23694 tablet_replica.cc:333] T cad6267ded254561b017e7e8de8e5ab8 P 7626f10d312943de9cf979eecd3512ba: stopping tablet replica
I20260710 11:05:57.199271 23694 raft_consensus.cc:2243] T cad6267ded254561b017e7e8de8e5ab8 P 7626f10d312943de9cf979eecd3512ba [term 1 LEADER]: Raft consensus shutting down.
I20260710 11:05:57.199918 23694 raft_consensus.cc:2272] T cad6267ded254561b017e7e8de8e5ab8 P 7626f10d312943de9cf979eecd3512ba [term 1 FOLLOWER]: Raft consensus is shut down!
I20260710 11:05:57.201344 23694 tablet_replica.cc:333] T 8535beb1f75144d08f9c8245c097d521 P 7626f10d312943de9cf979eecd3512ba: stopping tablet replica
I20260710 11:05:57.201730 23694 raft_consensus.cc:2243] T 8535beb1f75144d08f9c8245c097d521 P 7626f10d312943de9cf979eecd3512ba [term 1 FOLLOWER]: Raft consensus shutting down.
I20260710 11:05:57.202123 23694 raft_consensus.cc:2272] T 8535beb1f75144d08f9c8245c097d521 P 7626f10d312943de9cf979eecd3512ba [term 1 FOLLOWER]: Raft consensus is shut down!
I20260710 11:05:57.203639 23694 tablet_replica.cc:333] T b658e67730cd48648eeed79d4dd78e51 P 7626f10d312943de9cf979eecd3512ba: stopping tablet replica
I20260710 11:05:57.204030 23694 raft_consensus.cc:2243] T b658e67730cd48648eeed79d4dd78e51 P 7626f10d312943de9cf979eecd3512ba [term 1 FOLLOWER]: Raft consensus shutting down.
I20260710 11:05:57.204442 23694 raft_consensus.cc:2272] T b658e67730cd48648eeed79d4dd78e51 P 7626f10d312943de9cf979eecd3512ba [term 1 FOLLOWER]: Raft consensus is shut down!
I20260710 11:05:57.242357 23694 tablet_server.cc:196] TabletServer@127.23.35.131:0 shutdown complete.
I20260710 11:05:57.275698 23694 tablet_server.cc:179] TabletServer@127.23.35.132:0 shutting down...
W20260710 11:05:57.290447 25196 consensus_peers.cc:597] T 677e95cc342a4838b5d3b061fc408b6b P e639fc2b29dd49b5bd9c79af24752093 -> Peer 7626f10d312943de9cf979eecd3512ba (127.23.35.131:45691): Couldn't send request to peer 7626f10d312943de9cf979eecd3512ba. Status: Network error: Client connection negotiation failed: client connection to 127.23.35.131:45691: connect: Connection refused (error 111). This is attempt 1: this message will repeat every 5th retry.
I20260710 11:05:57.297472 23694 ts_tablet_manager.cc:1507] Shutting down tablet manager...
I20260710 11:05:57.298156 23694 tablet_replica.cc:333] T 138d7158d05f4657bd2eb991b88c05f7 P e639fc2b29dd49b5bd9c79af24752093: stopping tablet replica
I20260710 11:05:57.298708 23694 raft_consensus.cc:2243] T 138d7158d05f4657bd2eb991b88c05f7 P e639fc2b29dd49b5bd9c79af24752093 [term 1 FOLLOWER]: Raft consensus shutting down.
I20260710 11:05:57.299257 23694 raft_consensus.cc:2272] T 138d7158d05f4657bd2eb991b88c05f7 P e639fc2b29dd49b5bd9c79af24752093 [term 1 FOLLOWER]: Raft consensus is shut down!
I20260710 11:05:57.301025 23694 tablet_replica.cc:333] T 0a3f6e5794464d3785023920da148c68 P e639fc2b29dd49b5bd9c79af24752093: stopping tablet replica
I20260710 11:05:57.301491 23694 raft_consensus.cc:2243] T 0a3f6e5794464d3785023920da148c68 P e639fc2b29dd49b5bd9c79af24752093 [term 1 FOLLOWER]: Raft consensus shutting down.
I20260710 11:05:57.301913 23694 raft_consensus.cc:2272] T 0a3f6e5794464d3785023920da148c68 P e639fc2b29dd49b5bd9c79af24752093 [term 1 FOLLOWER]: Raft consensus is shut down!
I20260710 11:05:57.303397 23694 tablet_replica.cc:333] T 0249fb00ad534ced93953df48a14f83d P e639fc2b29dd49b5bd9c79af24752093: stopping tablet replica
I20260710 11:05:57.303897 23694 raft_consensus.cc:2243] T 0249fb00ad534ced93953df48a14f83d P e639fc2b29dd49b5bd9c79af24752093 [term 1 FOLLOWER]: Raft consensus shutting down.
I20260710 11:05:57.304283 23694 raft_consensus.cc:2272] T 0249fb00ad534ced93953df48a14f83d P e639fc2b29dd49b5bd9c79af24752093 [term 1 FOLLOWER]: Raft consensus is shut down!
