I20260710 11:04:48.898862 26569 tablet_service.cc:1917] Received RequestConsensusVote() RPC: tablet_id: "50a96fae886541f0a0d8c7807fe86317" candidate_uuid: "32622e41f53c4fc3a3f9ab250fa36f7c" candidate_term: 2 candidate_status { last_received { term: 0 index: 0 } } ignore_live_leader: false dest_uuid: "4bcba0b01ed54ec98bf300874273b987" is_pre_election: true
I20260710 11:04:48.901028 26608 leader_election.cc:304] T 50a96fae886541f0a0d8c7807fe86317 P 32622e41f53c4fc3a3f9ab250fa36f7c [CANDIDATE]: Term 2 pre-election: Election decided. Result: candidate lost. Election summary: received 3 responses out of 3 voters: 1 yes votes; 2 no votes. yes voters: 32622e41f53c4fc3a3f9ab250fa36f7c; no voters: 4bcba0b01ed54ec98bf300874273b987, c97f1abcc9fa446c93584190d9d4cb6d
I20260710 11:04:48.914161 26785 consensus_queue.cc:1048] T 3dbdaef274964445b13eac020fd0f527 P c97f1abcc9fa446c93584190d9d4cb6d [LEADER]: Connected to new peer: Peer: permanent_uuid: "4bcba0b01ed54ec98bf300874273b987" member_type: VOTER last_known_addr { host: "127.24.201.66" port: 34803 }, Status: LMP_MISMATCH, Last received: 0.0, Next index: 1, Last known committed idx: 0, Time since last communication: 0.001s
I20260710 11:04:48.919997 26733 raft_consensus.cc:2749] T 50a96fae886541f0a0d8c7807fe86317 P 32622e41f53c4fc3a3f9ab250fa36f7c [term 1 FOLLOWER]: Leader pre-election lost for term 2. Reason: could not achieve majority
I20260710 11:04:48.937523 26393 catalog_manager.cc:5697] T 4593a337ef2b46a588ea99fd2a8af601 P c97f1abcc9fa446c93584190d9d4cb6d reported cstate change: term changed from 0 to 1, leader changed from <none> to c97f1abcc9fa446c93584190d9d4cb6d (127.24.201.65). New cstate: current_term: 1 leader_uuid: "c97f1abcc9fa446c93584190d9d4cb6d" committed_config { opid_index: -1 OBSOLETE_local: false peers { permanent_uuid: "c97f1abcc9fa446c93584190d9d4cb6d" member_type: VOTER last_known_addr { host: "127.24.201.65" port: 43751 } health_report { overall_health: HEALTHY } } peers { permanent_uuid: "4bcba0b01ed54ec98bf300874273b987" member_type: VOTER last_known_addr { host: "127.24.201.66" port: 34803 } health_report { overall_health: UNKNOWN } } peers { permanent_uuid: "32622e41f53c4fc3a3f9ab250fa36f7c" member_type: VOTER last_known_addr { host: "127.24.201.67" port: 33901 } health_report { overall_health: UNKNOWN } } }
I20260710 11:04:48.940858 26687 tablet_bootstrap.cc:492] T 50e221dd060e43128868c0e81bd9f9e7 P 32622e41f53c4fc3a3f9ab250fa36f7c: No bootstrap required, opened a new log
I20260710 11:04:48.941360 26687 ts_tablet_manager.cc:1403] T 50e221dd060e43128868c0e81bd9f9e7 P 32622e41f53c4fc3a3f9ab250fa36f7c: Time spent bootstrapping tablet: real 0.079s	user 0.022s	sys 0.007s
I20260710 11:04:48.929754 26746 raft_consensus.cc:515] T c4b5b457a9ee4da380f48437f8fda783 P c97f1abcc9fa446c93584190d9d4cb6d [term 1 FOLLOWER]: Starting leader election with config: opid_index: -1 OBSOLETE_local: false peers { permanent_uuid: "c97f1abcc9fa446c93584190d9d4cb6d" member_type: VOTER last_known_addr { host: "127.24.201.65" port: 43751 } } peers { permanent_uuid: "4bcba0b01ed54ec98bf300874273b987" member_type: VOTER last_known_addr { host: "127.24.201.66" port: 34803 } } peers { permanent_uuid: "32622e41f53c4fc3a3f9ab250fa36f7c" member_type: VOTER last_known_addr { host: "127.24.201.67" port: 33901 } }
I20260710 11:04:48.947489 26567 raft_consensus.cc:2468] T c4b5b457a9ee4da380f48437f8fda783 P 4bcba0b01ed54ec98bf300874273b987 [term 1 FOLLOWER]: Leader election vote request: Granting yes vote for candidate 32622e41f53c4fc3a3f9ab250fa36f7c in term 1.
I20260710 11:04:48.947623 26495 raft_consensus.cc:2393] T c4b5b457a9ee4da380f48437f8fda783 P c97f1abcc9fa446c93584190d9d4cb6d [term 1 FOLLOWER]: Leader election vote request: Denying vote to candidate 32622e41f53c4fc3a3f9ab250fa36f7c in current term 1: Already voted for candidate c97f1abcc9fa446c93584190d9d4cb6d in this term.
I20260710 11:04:48.951438 26685 tablet_bootstrap.cc:654] T 13529cbc69564dfe80d88fdb8ae125a1 P 4bcba0b01ed54ec98bf300874273b987: Neither blocks nor log segments found. Creating new log.
I20260710 11:04:48.946991 26687 raft_consensus.cc:359] T 50e221dd060e43128868c0e81bd9f9e7 P 32622e41f53c4fc3a3f9ab250fa36f7c [term 0 FOLLOWER]: Replica starting. Triggering 0 pending ops. Active config: opid_index: -1 OBSOLETE_local: false peers { permanent_uuid: "c97f1abcc9fa446c93584190d9d4cb6d" member_type: VOTER last_known_addr { host: "127.24.201.65" port: 43751 } } peers { permanent_uuid: "4bcba0b01ed54ec98bf300874273b987" member_type: VOTER last_known_addr { host: "127.24.201.66" port: 34803 } } peers { permanent_uuid: "32622e41f53c4fc3a3f9ab250fa36f7c" member_type: VOTER last_known_addr { host: "127.24.201.67" port: 33901 } }
I20260710 11:04:48.952930 26687 raft_consensus.cc:385] T 50e221dd060e43128868c0e81bd9f9e7 P 32622e41f53c4fc3a3f9ab250fa36f7c [term 0 FOLLOWER]: Consensus starting up: Expiring failure detector timer to make a prompt election more likely
I20260710 11:04:48.953150 26684 ts_tablet_manager.cc:1434] T c4b5b457a9ee4da380f48437f8fda783 P c97f1abcc9fa446c93584190d9d4cb6d: Time spent starting tablet: real 0.219s	user 0.005s	sys 0.002s
I20260710 11:04:48.953234 26687 raft_consensus.cc:740] T 50e221dd060e43128868c0e81bd9f9e7 P 32622e41f53c4fc3a3f9ab250fa36f7c [term 0 FOLLOWER]: Becoming Follower/Learner. State: Replica: 32622e41f53c4fc3a3f9ab250fa36f7c, State: Initialized, Role: FOLLOWER
I20260710 11:04:48.959602 26687 consensus_queue.cc:260] T 50e221dd060e43128868c0e81bd9f9e7 P 32622e41f53c4fc3a3f9ab250fa36f7c [NON_LEADER]: Queue going to NON_LEADER mode. State: All replicated index: 0, Majority replicated index: 0, Committed index: 0, Last appended: 0.0, Last appended by leader: 0, Current term: 0, Majority size: -1, State: 0, Mode: NON_LEADER, active raft config: opid_index: -1 OBSOLETE_local: false peers { permanent_uuid: "c97f1abcc9fa446c93584190d9d4cb6d" member_type: VOTER last_known_addr { host: "127.24.201.65" port: 43751 } } peers { permanent_uuid: "4bcba0b01ed54ec98bf300874273b987" member_type: VOTER last_known_addr { host: "127.24.201.66" port: 34803 } } peers { permanent_uuid: "32622e41f53c4fc3a3f9ab250fa36f7c" member_type: VOTER last_known_addr { host: "127.24.201.67" port: 33901 } }
I20260710 11:04:48.960928 26684 tablet_bootstrap.cc:492] T e6fb647a28d348a7ad721f9ba291b749 P c97f1abcc9fa446c93584190d9d4cb6d: Bootstrap starting.
I20260710 11:04:48.961624 26570 tablet_service.cc:1917] Received RequestConsensusVote() RPC: tablet_id: "c4b5b457a9ee4da380f48437f8fda783" candidate_uuid: "c97f1abcc9fa446c93584190d9d4cb6d" candidate_term: 1 candidate_status { last_received { term: 0 index: 0 } } ignore_live_leader: false dest_uuid: "4bcba0b01ed54ec98bf300874273b987"
I20260710 11:04:48.962503 26570 raft_consensus.cc:2393] T c4b5b457a9ee4da380f48437f8fda783 P 4bcba0b01ed54ec98bf300874273b987 [term 1 FOLLOWER]: Leader election vote request: Denying vote to candidate c97f1abcc9fa446c93584190d9d4cb6d in current term 1: Already voted for candidate 32622e41f53c4fc3a3f9ab250fa36f7c in this term.
I20260710 11:04:48.964358 26687 ts_tablet_manager.cc:1434] T 50e221dd060e43128868c0e81bd9f9e7 P 32622e41f53c4fc3a3f9ab250fa36f7c: Time spent starting tablet: real 0.023s	user 0.006s	sys 0.002s
I20260710 11:04:48.965343 26687 tablet_bootstrap.cc:492] T b69bcc1479ca4a9399270ff5f1332ee3 P 32622e41f53c4fc3a3f9ab250fa36f7c: Bootstrap starting.
I20260710 11:04:48.960500 26733 raft_consensus.cc:493] T 50e221dd060e43128868c0e81bd9f9e7 P 32622e41f53c4fc3a3f9ab250fa36f7c [term 0 FOLLOWER]: Starting pre-election (no leader contacted us within the election timeout)
I20260710 11:04:48.969722 26733 raft_consensus.cc:515] T 50e221dd060e43128868c0e81bd9f9e7 P 32622e41f53c4fc3a3f9ab250fa36f7c [term 0 FOLLOWER]: Starting pre-election with config: opid_index: -1 OBSOLETE_local: false peers { permanent_uuid: "c97f1abcc9fa446c93584190d9d4cb6d" member_type: VOTER last_known_addr { host: "127.24.201.65" port: 43751 } } peers { permanent_uuid: "4bcba0b01ed54ec98bf300874273b987" member_type: VOTER last_known_addr { host: "127.24.201.66" port: 34803 } } peers { permanent_uuid: "32622e41f53c4fc3a3f9ab250fa36f7c" member_type: VOTER last_known_addr { host: "127.24.201.67" port: 33901 } }
I20260710 11:04:48.973542 26746 leader_election.cc:290] T c4b5b457a9ee4da380f48437f8fda783 P c97f1abcc9fa446c93584190d9d4cb6d [CANDIDATE]: Term 1 election: Requested vote from peers 4bcba0b01ed54ec98bf300874273b987 (127.24.201.66:34803), 32622e41f53c4fc3a3f9ab250fa36f7c (127.24.201.67:33901)
I20260710 11:04:48.975600 26495 tablet_service.cc:1917] Received RequestConsensusVote() RPC: tablet_id: "50e221dd060e43128868c0e81bd9f9e7" candidate_uuid: "32622e41f53c4fc3a3f9ab250fa36f7c" candidate_term: 1 candidate_status { last_received { term: 0 index: 0 } } ignore_live_leader: false dest_uuid: "c97f1abcc9fa446c93584190d9d4cb6d" is_pre_election: true
I20260710 11:04:48.976243 26684 tablet_bootstrap.cc:654] T e6fb647a28d348a7ad721f9ba291b749 P c97f1abcc9fa446c93584190d9d4cb6d: Neither blocks nor log segments found. Creating new log.
I20260710 11:04:48.973666 26640 tablet_service.cc:1917] Received RequestConsensusVote() RPC: tablet_id: "c4b5b457a9ee4da380f48437f8fda783" candidate_uuid: "c97f1abcc9fa446c93584190d9d4cb6d" candidate_term: 1 candidate_status { last_received { term: 0 index: 0 } } ignore_live_leader: false dest_uuid: "32622e41f53c4fc3a3f9ab250fa36f7c"
I20260710 11:04:48.978176 26640 raft_consensus.cc:2393] T c4b5b457a9ee4da380f48437f8fda783 P 32622e41f53c4fc3a3f9ab250fa36f7c [term 1 FOLLOWER]: Leader election vote request: Denying vote to candidate c97f1abcc9fa446c93584190d9d4cb6d in current term 1: Already voted for candidate 32622e41f53c4fc3a3f9ab250fa36f7c in this term.
W20260710 11:04:48.978463 26608 leader_election.cc:343] T 50e221dd060e43128868c0e81bd9f9e7 P 32622e41f53c4fc3a3f9ab250fa36f7c [CANDIDATE]: Term 1 pre-election: Tablet error from VoteRequest() call to peer c97f1abcc9fa446c93584190d9d4cb6d (127.24.201.65:43751): Illegal state: must be running to vote when last-logged opid is not known
I20260710 11:04:48.979374 26458 leader_election.cc:304] T c4b5b457a9ee4da380f48437f8fda783 P c97f1abcc9fa446c93584190d9d4cb6d [CANDIDATE]: Term 1 election: Election decided. Result: candidate lost. Election summary: received 3 responses out of 3 voters: 1 yes votes; 2 no votes. yes voters: c97f1abcc9fa446c93584190d9d4cb6d; no voters: 32622e41f53c4fc3a3f9ab250fa36f7c, 4bcba0b01ed54ec98bf300874273b987
I20260710 11:04:48.980404 26736 raft_consensus.cc:2749] T c4b5b457a9ee4da380f48437f8fda783 P c97f1abcc9fa446c93584190d9d4cb6d [term 1 FOLLOWER]: Leader election lost for term 1. Reason: could not achieve majority
I20260710 11:04:48.984020 26608 leader_election.cc:304] T c4b5b457a9ee4da380f48437f8fda783 P 32622e41f53c4fc3a3f9ab250fa36f7c [CANDIDATE]: Term 1 election: Election decided. Result: candidate won. Election summary: received 3 responses out of 3 voters: 2 yes votes; 1 no votes. yes voters: 32622e41f53c4fc3a3f9ab250fa36f7c, 4bcba0b01ed54ec98bf300874273b987; no voters: c97f1abcc9fa446c93584190d9d4cb6d
I20260710 11:04:48.986688 26694 raft_consensus.cc:2804] T c4b5b457a9ee4da380f48437f8fda783 P 32622e41f53c4fc3a3f9ab250fa36f7c [term 1 FOLLOWER]: Leader election won for term 1
I20260710 11:04:48.981245 26733 leader_election.cc:290] T 50e221dd060e43128868c0e81bd9f9e7 P 32622e41f53c4fc3a3f9ab250fa36f7c [CANDIDATE]: Term 1 pre-election: Requested pre-vote from peers c97f1abcc9fa446c93584190d9d4cb6d (127.24.201.65:43751), 4bcba0b01ed54ec98bf300874273b987 (127.24.201.66:34803)
I20260710 11:04:48.992563 26694 raft_consensus.cc:697] T c4b5b457a9ee4da380f48437f8fda783 P 32622e41f53c4fc3a3f9ab250fa36f7c [term 1 LEADER]: Becoming Leader. State: Replica: 32622e41f53c4fc3a3f9ab250fa36f7c, State: Running, Role: LEADER
I20260710 11:04:48.995601 26694 consensus_queue.cc:237] T c4b5b457a9ee4da380f48437f8fda783 P 32622e41f53c4fc3a3f9ab250fa36f7c [LEADER]: Queue going to LEADER mode. State: All replicated index: 0, Majority replicated index: 0, Committed index: 0, Last appended: 0.0, Last appended by leader: 0, Current term: 1, Majority size: 2, State: 0, Mode: LEADER, active raft config: opid_index: -1 OBSOLETE_local: false peers { permanent_uuid: "c97f1abcc9fa446c93584190d9d4cb6d" member_type: VOTER last_known_addr { host: "127.24.201.65" port: 43751 } } peers { permanent_uuid: "4bcba0b01ed54ec98bf300874273b987" member_type: VOTER last_known_addr { host: "127.24.201.66" port: 34803 } } peers { permanent_uuid: "32622e41f53c4fc3a3f9ab250fa36f7c" member_type: VOTER last_known_addr { host: "127.24.201.67" port: 33901 } }
I20260710 11:04:48.999938 26722 consensus_queue.cc:1048] T b0079b3e880343eca289d9332323a210 P 4bcba0b01ed54ec98bf300874273b987 [LEADER]: Connected to new peer: Peer: permanent_uuid: "c97f1abcc9fa446c93584190d9d4cb6d" member_type: VOTER last_known_addr { host: "127.24.201.65" port: 43751 }, Status: LMP_MISMATCH, Last received: 0.0, Next index: 1, Last known committed idx: 0, Time since last communication: 0.000s
I20260710 11:04:49.009120 26567 tablet_service.cc:1917] Received RequestConsensusVote() RPC: tablet_id: "50e221dd060e43128868c0e81bd9f9e7" candidate_uuid: "32622e41f53c4fc3a3f9ab250fa36f7c" candidate_term: 1 candidate_status { last_received { term: 0 index: 0 } } ignore_live_leader: false dest_uuid: "4bcba0b01ed54ec98bf300874273b987" is_pre_election: true
I20260710 11:04:49.016325 26684 tablet_bootstrap.cc:492] T e6fb647a28d348a7ad721f9ba291b749 P c97f1abcc9fa446c93584190d9d4cb6d: No bootstrap required, opened a new log
I20260710 11:04:49.017481 26684 ts_tablet_manager.cc:1403] T e6fb647a28d348a7ad721f9ba291b749 P c97f1abcc9fa446c93584190d9d4cb6d: Time spent bootstrapping tablet: real 0.063s	user 0.018s	sys 0.003s
I20260710 11:04:49.017788 26722 consensus_queue.cc:1048] T b0079b3e880343eca289d9332323a210 P 4bcba0b01ed54ec98bf300874273b987 [LEADER]: Connected to new peer: Peer: permanent_uuid: "32622e41f53c4fc3a3f9ab250fa36f7c" member_type: VOTER last_known_addr { host: "127.24.201.67" port: 33901 }, Status: LMP_MISMATCH, Last received: 0.0, Next index: 1, Last known committed idx: 0, Time since last communication: 0.001s
I20260710 11:04:49.010977 26736 consensus_queue.cc:1048] T 3dbdaef274964445b13eac020fd0f527 P c97f1abcc9fa446c93584190d9d4cb6d [LEADER]: Connected to new peer: Peer: permanent_uuid: "32622e41f53c4fc3a3f9ab250fa36f7c" member_type: VOTER last_known_addr { host: "127.24.201.67" port: 33901 }, Status: LMP_MISMATCH, Last received: 0.0, Next index: 1, Last known committed idx: 0, Time since last communication: 0.006s
W20260710 11:04:49.036918 26608 leader_election.cc:343] T 50e221dd060e43128868c0e81bd9f9e7 P 32622e41f53c4fc3a3f9ab250fa36f7c [CANDIDATE]: Term 1 pre-election: Tablet error from VoteRequest() call to peer 4bcba0b01ed54ec98bf300874273b987 (127.24.201.66:34803): Illegal state: must be running to vote when last-logged opid is not known
I20260710 11:04:49.037591 26687 tablet_bootstrap.cc:654] T b69bcc1479ca4a9399270ff5f1332ee3 P 32622e41f53c4fc3a3f9ab250fa36f7c: Neither blocks nor log segments found. Creating new log.
I20260710 11:04:49.037616 26608 leader_election.cc:304] T 50e221dd060e43128868c0e81bd9f9e7 P 32622e41f53c4fc3a3f9ab250fa36f7c [CANDIDATE]: Term 1 pre-election: Election decided. Result: candidate lost. Election summary: received 3 responses out of 3 voters: 1 yes votes; 2 no votes. yes voters: 32622e41f53c4fc3a3f9ab250fa36f7c; no voters: 4bcba0b01ed54ec98bf300874273b987, c97f1abcc9fa446c93584190d9d4cb6d
I20260710 11:04:49.048781 26733 raft_consensus.cc:2749] T 50e221dd060e43128868c0e81bd9f9e7 P 32622e41f53c4fc3a3f9ab250fa36f7c [term 0 FOLLOWER]: Leader pre-election lost for term 1. Reason: could not achieve majority
I20260710 11:04:49.043004 26684 raft_consensus.cc:359] T e6fb647a28d348a7ad721f9ba291b749 P c97f1abcc9fa446c93584190d9d4cb6d [term 0 FOLLOWER]: Replica starting. Triggering 0 pending ops. Active config: opid_index: -1 OBSOLETE_local: false peers { permanent_uuid: "c97f1abcc9fa446c93584190d9d4cb6d" member_type: VOTER last_known_addr { host: "127.24.201.65" port: 43751 } } peers { permanent_uuid: "4bcba0b01ed54ec98bf300874273b987" member_type: VOTER last_known_addr { host: "127.24.201.66" port: 34803 } } peers { permanent_uuid: "32622e41f53c4fc3a3f9ab250fa36f7c" member_type: VOTER last_known_addr { host: "127.24.201.67" port: 33901 } }
I20260710 11:04:49.050659 26684 raft_consensus.cc:385] T e6fb647a28d348a7ad721f9ba291b749 P c97f1abcc9fa446c93584190d9d4cb6d [term 0 FOLLOWER]: Consensus starting up: Expiring failure detector timer to make a prompt election more likely
I20260710 11:04:49.051088 26684 raft_consensus.cc:740] T e6fb647a28d348a7ad721f9ba291b749 P c97f1abcc9fa446c93584190d9d4cb6d [term 0 FOLLOWER]: Becoming Follower/Learner. State: Replica: c97f1abcc9fa446c93584190d9d4cb6d, State: Initialized, Role: FOLLOWER
I20260710 11:04:49.052078 26684 consensus_queue.cc:260] T e6fb647a28d348a7ad721f9ba291b749 P c97f1abcc9fa446c93584190d9d4cb6d [NON_LEADER]: Queue going to NON_LEADER mode. State: All replicated index: 0, Majority replicated index: 0, Committed index: 0, Last appended: 0.0, Last appended by leader: 0, Current term: 0, Majority size: -1, State: 0, Mode: NON_LEADER, active raft config: opid_index: -1 OBSOLETE_local: false peers { permanent_uuid: "c97f1abcc9fa446c93584190d9d4cb6d" member_type: VOTER last_known_addr { host: "127.24.201.65" port: 43751 } } peers { permanent_uuid: "4bcba0b01ed54ec98bf300874273b987" member_type: VOTER last_known_addr { host: "127.24.201.66" port: 34803 } } peers { permanent_uuid: "32622e41f53c4fc3a3f9ab250fa36f7c" member_type: VOTER last_known_addr { host: "127.24.201.67" port: 33901 } }
I20260710 11:04:49.053275 26494 raft_consensus.cc:1240] T 7051d5a2b10c4b66943d64d4ac9d6f23 P c97f1abcc9fa446c93584190d9d4cb6d [term 2 FOLLOWER]: Rejecting Update request from peer 32622e41f53c4fc3a3f9ab250fa36f7c for earlier term 1. Current term is 2. Ops: []
I20260710 11:04:49.059638 26685 tablet_bootstrap.cc:492] T 13529cbc69564dfe80d88fdb8ae125a1 P 4bcba0b01ed54ec98bf300874273b987: No bootstrap required, opened a new log
I20260710 11:04:49.060190 26685 ts_tablet_manager.cc:1403] T 13529cbc69564dfe80d88fdb8ae125a1 P 4bcba0b01ed54ec98bf300874273b987: Time spent bootstrapping tablet: real 0.175s	user 0.018s	sys 0.012s
I20260710 11:04:49.065626 26392 catalog_manager.cc:5697] T c4b5b457a9ee4da380f48437f8fda783 P 32622e41f53c4fc3a3f9ab250fa36f7c reported cstate change: term changed from 0 to 1, leader changed from <none> to 32622e41f53c4fc3a3f9ab250fa36f7c (127.24.201.67). New cstate: current_term: 1 leader_uuid: "32622e41f53c4fc3a3f9ab250fa36f7c" committed_config { opid_index: -1 OBSOLETE_local: false peers { permanent_uuid: "c97f1abcc9fa446c93584190d9d4cb6d" member_type: VOTER last_known_addr { host: "127.24.201.65" port: 43751 } health_report { overall_health: UNKNOWN } } peers { permanent_uuid: "4bcba0b01ed54ec98bf300874273b987" member_type: VOTER last_known_addr { host: "127.24.201.66" port: 34803 } health_report { overall_health: UNKNOWN } } peers { permanent_uuid: "32622e41f53c4fc3a3f9ab250fa36f7c" member_type: VOTER last_known_addr { host: "127.24.201.67" port: 33901 } health_report { overall_health: HEALTHY } } }
I20260710 11:04:49.074651 26684 ts_tablet_manager.cc:1434] T e6fb647a28d348a7ad721f9ba291b749 P c97f1abcc9fa446c93584190d9d4cb6d: Time spent starting tablet: real 0.056s	user 0.008s	sys 0.000s
I20260710 11:04:49.075515 26684 tablet_bootstrap.cc:492] T 9f89f0f1e7134ab492b57e6eb8a25195 P c97f1abcc9fa446c93584190d9d4cb6d: Bootstrap starting.
I20260710 11:04:49.076262 26694 consensus_queue.cc:1059] T 7051d5a2b10c4b66943d64d4ac9d6f23 P 32622e41f53c4fc3a3f9ab250fa36f7c [LEADER]: Peer responded invalid term: Peer: permanent_uuid: "c97f1abcc9fa446c93584190d9d4cb6d" member_type: VOTER last_known_addr { host: "127.24.201.65" port: 43751 }, Status: INVALID_TERM, Last received: 1.1, Next index: 2, Last known committed idx: 1, Time since last communication: 0.001s
I20260710 11:04:49.077379 26694 raft_consensus.cc:3055] T 7051d5a2b10c4b66943d64d4ac9d6f23 P 32622e41f53c4fc3a3f9ab250fa36f7c [term 1 LEADER]: Stepping down as leader of term 1
I20260710 11:04:49.077769 26694 raft_consensus.cc:740] T 7051d5a2b10c4b66943d64d4ac9d6f23 P 32622e41f53c4fc3a3f9ab250fa36f7c [term 1 LEADER]: Becoming Follower/Learner. State: Replica: 32622e41f53c4fc3a3f9ab250fa36f7c, State: Running, Role: LEADER
I20260710 11:04:49.078274 26737 raft_consensus.cc:493] T 8dfc7e624e2942059dd38ae120e20b52 P 32622e41f53c4fc3a3f9ab250fa36f7c [term 0 FOLLOWER]: Starting pre-election (no leader contacted us within the election timeout)
I20260710 11:04:49.078783 26737 raft_consensus.cc:515] T 8dfc7e624e2942059dd38ae120e20b52 P 32622e41f53c4fc3a3f9ab250fa36f7c [term 0 FOLLOWER]: Starting pre-election with config: opid_index: -1 OBSOLETE_local: false peers { permanent_uuid: "c97f1abcc9fa446c93584190d9d4cb6d" member_type: VOTER last_known_addr { host: "127.24.201.65" port: 43751 } } peers { permanent_uuid: "4bcba0b01ed54ec98bf300874273b987" member_type: VOTER last_known_addr { host: "127.24.201.66" port: 34803 } } peers { permanent_uuid: "32622e41f53c4fc3a3f9ab250fa36f7c" member_type: VOTER last_known_addr { host: "127.24.201.67" port: 33901 } }
I20260710 11:04:49.078688 26694 consensus_queue.cc:260] T 7051d5a2b10c4b66943d64d4ac9d6f23 P 32622e41f53c4fc3a3f9ab250fa36f7c [NON_LEADER]: Queue going to NON_LEADER mode. State: All replicated index: 0, Majority replicated index: 1, Committed index: 1, Last appended: 1.1, Last appended by leader: 1, Current term: 1, Majority size: -1, State: 0, Mode: NON_LEADER, active raft config: opid_index: -1 OBSOLETE_local: false peers { permanent_uuid: "c97f1abcc9fa446c93584190d9d4cb6d" member_type: VOTER last_known_addr { host: "127.24.201.65" port: 43751 } } peers { permanent_uuid: "4bcba0b01ed54ec98bf300874273b987" member_type: VOTER last_known_addr { host: "127.24.201.66" port: 34803 } } peers { permanent_uuid: "32622e41f53c4fc3a3f9ab250fa36f7c" member_type: VOTER last_known_addr { host: "127.24.201.67" port: 33901 } }
I20260710 11:04:49.080147 26694 raft_consensus.cc:3060] T 7051d5a2b10c4b66943d64d4ac9d6f23 P 32622e41f53c4fc3a3f9ab250fa36f7c [term 1 FOLLOWER]: Advancing to term 2
I20260710 11:04:49.081018 26737 leader_election.cc:290] T 8dfc7e624e2942059dd38ae120e20b52 P 32622e41f53c4fc3a3f9ab250fa36f7c [CANDIDATE]: Term 1 pre-election: Requested pre-vote from peers c97f1abcc9fa446c93584190d9d4cb6d (127.24.201.65:43751), 4bcba0b01ed54ec98bf300874273b987 (127.24.201.66:34803)
I20260710 11:04:49.085879 26567 tablet_service.cc:1917] Received RequestConsensusVote() RPC: tablet_id: "8dfc7e624e2942059dd38ae120e20b52" candidate_uuid: "32622e41f53c4fc3a3f9ab250fa36f7c" candidate_term: 1 candidate_status { last_received { term: 0 index: 0 } } ignore_live_leader: false dest_uuid: "4bcba0b01ed54ec98bf300874273b987" is_pre_election: true
I20260710 11:04:49.086753 26567 raft_consensus.cc:2468] T 8dfc7e624e2942059dd38ae120e20b52 P 4bcba0b01ed54ec98bf300874273b987 [term 0 FOLLOWER]: Leader pre-election vote request: Granting yes vote for candidate 32622e41f53c4fc3a3f9ab250fa36f7c in term 0.
I20260710 11:04:49.090018 26495 tablet_service.cc:1917] Received RequestConsensusVote() RPC: tablet_id: "8dfc7e624e2942059dd38ae120e20b52" candidate_uuid: "32622e41f53c4fc3a3f9ab250fa36f7c" candidate_term: 1 candidate_status { last_received { term: 0 index: 0 } } ignore_live_leader: false dest_uuid: "c97f1abcc9fa446c93584190d9d4cb6d" is_pre_election: true
I20260710 11:04:49.090158 26608 leader_election.cc:304] T 8dfc7e624e2942059dd38ae120e20b52 P 32622e41f53c4fc3a3f9ab250fa36f7c [CANDIDATE]: Term 1 pre-election: Election decided. Result: candidate won. Election summary: received 2 responses out of 3 voters: 2 yes votes; 0 no votes. yes voters: 32622e41f53c4fc3a3f9ab250fa36f7c, 4bcba0b01ed54ec98bf300874273b987; no voters: 
I20260710 11:04:49.091988 26733 raft_consensus.cc:2804] T 8dfc7e624e2942059dd38ae120e20b52 P 32622e41f53c4fc3a3f9ab250fa36f7c [term 0 FOLLOWER]: Leader pre-election won for term 1
I20260710 11:04:49.092418 26733 raft_consensus.cc:493] T 8dfc7e624e2942059dd38ae120e20b52 P 32622e41f53c4fc3a3f9ab250fa36f7c [term 0 FOLLOWER]: Starting leader election (no leader contacted us within the election timeout)
I20260710 11:04:49.092777 26733 raft_consensus.cc:3060] T 8dfc7e624e2942059dd38ae120e20b52 P 32622e41f53c4fc3a3f9ab250fa36f7c [term 0 FOLLOWER]: Advancing to term 1
W20260710 11:04:49.098702 26608 leader_election.cc:343] T 8dfc7e624e2942059dd38ae120e20b52 P 32622e41f53c4fc3a3f9ab250fa36f7c [CANDIDATE]: Term 1 pre-election: Tablet error from VoteRequest() call to peer c97f1abcc9fa446c93584190d9d4cb6d (127.24.201.65:43751): Illegal state: must be running to vote when last-logged opid is not known
I20260710 11:04:49.102094 26733 raft_consensus.cc:515] T 8dfc7e624e2942059dd38ae120e20b52 P 32622e41f53c4fc3a3f9ab250fa36f7c [term 1 FOLLOWER]: Starting leader election with config: opid_index: -1 OBSOLETE_local: false peers { permanent_uuid: "c97f1abcc9fa446c93584190d9d4cb6d" member_type: VOTER last_known_addr { host: "127.24.201.65" port: 43751 } } peers { permanent_uuid: "4bcba0b01ed54ec98bf300874273b987" member_type: VOTER last_known_addr { host: "127.24.201.66" port: 34803 } } peers { permanent_uuid: "32622e41f53c4fc3a3f9ab250fa36f7c" member_type: VOTER last_known_addr { host: "127.24.201.67" port: 33901 } }
I20260710 11:04:49.113154 26685 raft_consensus.cc:359] T 13529cbc69564dfe80d88fdb8ae125a1 P 4bcba0b01ed54ec98bf300874273b987 [term 0 FOLLOWER]: Replica starting. Triggering 0 pending ops. Active config: opid_index: -1 OBSOLETE_local: false peers { permanent_uuid: "c97f1abcc9fa446c93584190d9d4cb6d" member_type: VOTER last_known_addr { host: "127.24.201.65" port: 43751 } } peers { permanent_uuid: "4bcba0b01ed54ec98bf300874273b987" member_type: VOTER last_known_addr { host: "127.24.201.66" port: 34803 } } peers { permanent_uuid: "32622e41f53c4fc3a3f9ab250fa36f7c" member_type: VOTER last_known_addr { host: "127.24.201.67" port: 33901 } }
I20260710 11:04:49.115084 26685 raft_consensus.cc:385] T 13529cbc69564dfe80d88fdb8ae125a1 P 4bcba0b01ed54ec98bf300874273b987 [term 0 FOLLOWER]: Consensus starting up: Expiring failure detector timer to make a prompt election more likely
I20260710 11:04:49.115442 26685 raft_consensus.cc:740] T 13529cbc69564dfe80d88fdb8ae125a1 P 4bcba0b01ed54ec98bf300874273b987 [term 0 FOLLOWER]: Becoming Follower/Learner. State: Replica: 4bcba0b01ed54ec98bf300874273b987, State: Initialized, Role: FOLLOWER
I20260710 11:04:49.116314 26685 consensus_queue.cc:260] T 13529cbc69564dfe80d88fdb8ae125a1 P 4bcba0b01ed54ec98bf300874273b987 [NON_LEADER]: Queue going to NON_LEADER mode. State: All replicated index: 0, Majority replicated index: 0, Committed index: 0, Last appended: 0.0, Last appended by leader: 0, Current term: 0, Majority size: -1, State: 0, Mode: NON_LEADER, active raft config: opid_index: -1 OBSOLETE_local: false peers { permanent_uuid: "c97f1abcc9fa446c93584190d9d4cb6d" member_type: VOTER last_known_addr { host: "127.24.201.65" port: 43751 } } peers { permanent_uuid: "4bcba0b01ed54ec98bf300874273b987" member_type: VOTER last_known_addr { host: "127.24.201.66" port: 34803 } } peers { permanent_uuid: "32622e41f53c4fc3a3f9ab250fa36f7c" member_type: VOTER last_known_addr { host: "127.24.201.67" port: 33901 } }
I20260710 11:04:49.117684 26495 tablet_service.cc:1917] Received RequestConsensusVote() RPC: tablet_id: "8dfc7e624e2942059dd38ae120e20b52" candidate_uuid: "32622e41f53c4fc3a3f9ab250fa36f7c" candidate_term: 1 candidate_status { last_received { term: 0 index: 0 } } ignore_live_leader: false dest_uuid: "c97f1abcc9fa446c93584190d9d4cb6d"
I20260710 11:04:49.118707 26685 ts_tablet_manager.cc:1434] T 13529cbc69564dfe80d88fdb8ae125a1 P 4bcba0b01ed54ec98bf300874273b987: Time spent starting tablet: real 0.058s	user 0.006s	sys 0.003s
W20260710 11:04:49.119242 26608 leader_election.cc:343] T 8dfc7e624e2942059dd38ae120e20b52 P 32622e41f53c4fc3a3f9ab250fa36f7c [CANDIDATE]: Term 1 election: Tablet error from VoteRequest() call to peer c97f1abcc9fa446c93584190d9d4cb6d (127.24.201.65:43751): Illegal state: must be running to vote when last-logged opid is not known
I20260710 11:04:49.119760 26685 tablet_bootstrap.cc:492] T 36c7156d6049492aa5dbd4f367f5f368 P 4bcba0b01ed54ec98bf300874273b987: Bootstrap starting.
I20260710 11:04:49.122296 26687 tablet_bootstrap.cc:492] T b69bcc1479ca4a9399270ff5f1332ee3 P 32622e41f53c4fc3a3f9ab250fa36f7c: No bootstrap required, opened a new log
I20260710 11:04:49.122910 26687 ts_tablet_manager.cc:1403] T b69bcc1479ca4a9399270ff5f1332ee3 P 32622e41f53c4fc3a3f9ab250fa36f7c: Time spent bootstrapping tablet: real 0.158s	user 0.023s	sys 0.013s
I20260710 11:04:49.126026 26687 raft_consensus.cc:359] T b69bcc1479ca4a9399270ff5f1332ee3 P 32622e41f53c4fc3a3f9ab250fa36f7c [term 0 FOLLOWER]: Replica starting. Triggering 0 pending ops. Active config: opid_index: -1 OBSOLETE_local: false peers { permanent_uuid: "c97f1abcc9fa446c93584190d9d4cb6d" member_type: VOTER last_known_addr { host: "127.24.201.65" port: 43751 } } peers { permanent_uuid: "4bcba0b01ed54ec98bf300874273b987" member_type: VOTER last_known_addr { host: "127.24.201.66" port: 34803 } } peers { permanent_uuid: "32622e41f53c4fc3a3f9ab250fa36f7c" member_type: VOTER last_known_addr { host: "127.24.201.67" port: 33901 } }
I20260710 11:04:49.128428 26687 raft_consensus.cc:385] T b69bcc1479ca4a9399270ff5f1332ee3 P 32622e41f53c4fc3a3f9ab250fa36f7c [term 0 FOLLOWER]: Consensus starting up: Expiring failure detector timer to make a prompt election more likely
I20260710 11:04:49.129695 26687 raft_consensus.cc:740] T b69bcc1479ca4a9399270ff5f1332ee3 P 32622e41f53c4fc3a3f9ab250fa36f7c [term 0 FOLLOWER]: Becoming Follower/Learner. State: Replica: 32622e41f53c4fc3a3f9ab250fa36f7c, State: Initialized, Role: FOLLOWER
I20260710 11:04:49.130617 26687 consensus_queue.cc:260] T b69bcc1479ca4a9399270ff5f1332ee3 P 32622e41f53c4fc3a3f9ab250fa36f7c [NON_LEADER]: Queue going to NON_LEADER mode. State: All replicated index: 0, Majority replicated index: 0, Committed index: 0, Last appended: 0.0, Last appended by leader: 0, Current term: 0, Majority size: -1, State: 0, Mode: NON_LEADER, active raft config: opid_index: -1 OBSOLETE_local: false peers { permanent_uuid: "c97f1abcc9fa446c93584190d9d4cb6d" member_type: VOTER last_known_addr { host: "127.24.201.65" port: 43751 } } peers { permanent_uuid: "4bcba0b01ed54ec98bf300874273b987" member_type: VOTER last_known_addr { host: "127.24.201.66" port: 34803 } } peers { permanent_uuid: "32622e41f53c4fc3a3f9ab250fa36f7c" member_type: VOTER last_known_addr { host: "127.24.201.67" port: 33901 } }
I20260710 11:04:49.128777 26685 tablet_bootstrap.cc:654] T 36c7156d6049492aa5dbd4f367f5f368 P 4bcba0b01ed54ec98bf300874273b987: Neither blocks nor log segments found. Creating new log.
I20260710 11:04:49.132109 26567 tablet_service.cc:1917] Received RequestConsensusVote() RPC: tablet_id: "8dfc7e624e2942059dd38ae120e20b52" candidate_uuid: "32622e41f53c4fc3a3f9ab250fa36f7c" candidate_term: 1 candidate_status { last_received { term: 0 index: 0 } } ignore_live_leader: false dest_uuid: "4bcba0b01ed54ec98bf300874273b987"
I20260710 11:04:49.132838 26567 raft_consensus.cc:3060] T 8dfc7e624e2942059dd38ae120e20b52 P 4bcba0b01ed54ec98bf300874273b987 [term 0 FOLLOWER]: Advancing to term 1
I20260710 11:04:49.129305 26733 leader_election.cc:290] T 8dfc7e624e2942059dd38ae120e20b52 P 32622e41f53c4fc3a3f9ab250fa36f7c [CANDIDATE]: Term 1 election: Requested vote from peers c97f1abcc9fa446c93584190d9d4cb6d (127.24.201.65:43751), 4bcba0b01ed54ec98bf300874273b987 (127.24.201.66:34803)
I20260710 11:04:49.136039 26687 ts_tablet_manager.cc:1434] T b69bcc1479ca4a9399270ff5f1332ee3 P 32622e41f53c4fc3a3f9ab250fa36f7c: Time spent starting tablet: real 0.013s	user 0.004s	sys 0.002s
I20260710 11:04:49.137075 26687 tablet_bootstrap.cc:492] T 36c7156d6049492aa5dbd4f367f5f368 P 32622e41f53c4fc3a3f9ab250fa36f7c: Bootstrap starting.
I20260710 11:04:49.140025 26685 tablet_bootstrap.cc:492] T 36c7156d6049492aa5dbd4f367f5f368 P 4bcba0b01ed54ec98bf300874273b987: No bootstrap required, opened a new log
I20260710 11:04:49.140184 26567 raft_consensus.cc:2468] T 8dfc7e624e2942059dd38ae120e20b52 P 4bcba0b01ed54ec98bf300874273b987 [term 1 FOLLOWER]: Leader election vote request: Granting yes vote for candidate 32622e41f53c4fc3a3f9ab250fa36f7c in term 1.
I20260710 11:04:49.140535 26685 ts_tablet_manager.cc:1403] T 36c7156d6049492aa5dbd4f367f5f368 P 4bcba0b01ed54ec98bf300874273b987: Time spent bootstrapping tablet: real 0.021s	user 0.012s	sys 0.000s
I20260710 11:04:49.143520 26687 tablet_bootstrap.cc:654] T 36c7156d6049492aa5dbd4f367f5f368 P 32622e41f53c4fc3a3f9ab250fa36f7c: Neither blocks nor log segments found. Creating new log.
I20260710 11:04:49.143328 26685 raft_consensus.cc:359] T 36c7156d6049492aa5dbd4f367f5f368 P 4bcba0b01ed54ec98bf300874273b987 [term 0 FOLLOWER]: Replica starting. Triggering 0 pending ops. Active config: opid_index: -1 OBSOLETE_local: false peers { permanent_uuid: "c97f1abcc9fa446c93584190d9d4cb6d" member_type: VOTER last_known_addr { host: "127.24.201.65" port: 43751 } } peers { permanent_uuid: "4bcba0b01ed54ec98bf300874273b987" member_type: VOTER last_known_addr { host: "127.24.201.66" port: 34803 } } peers { permanent_uuid: "32622e41f53c4fc3a3f9ab250fa36f7c" member_type: VOTER last_known_addr { host: "127.24.201.67" port: 33901 } }
I20260710 11:04:49.143800 26608 leader_election.cc:304] T 8dfc7e624e2942059dd38ae120e20b52 P 32622e41f53c4fc3a3f9ab250fa36f7c [CANDIDATE]: Term 1 election: Election decided. Result: candidate won. Election summary: received 3 responses out of 3 voters: 2 yes votes; 1 no votes. yes voters: 32622e41f53c4fc3a3f9ab250fa36f7c, 4bcba0b01ed54ec98bf300874273b987; no voters: c97f1abcc9fa446c93584190d9d4cb6d
I20260710 11:04:49.144164 26685 raft_consensus.cc:385] T 36c7156d6049492aa5dbd4f367f5f368 P 4bcba0b01ed54ec98bf300874273b987 [term 0 FOLLOWER]: Consensus starting up: Expiring failure detector timer to make a prompt election more likely
I20260710 11:04:49.144486 26685 raft_consensus.cc:740] T 36c7156d6049492aa5dbd4f367f5f368 P 4bcba0b01ed54ec98bf300874273b987 [term 0 FOLLOWER]: Becoming Follower/Learner. State: Replica: 4bcba0b01ed54ec98bf300874273b987, State: Initialized, Role: FOLLOWER
I20260710 11:04:49.145238 26685 consensus_queue.cc:260] T 36c7156d6049492aa5dbd4f367f5f368 P 4bcba0b01ed54ec98bf300874273b987 [NON_LEADER]: Queue going to NON_LEADER mode. State: All replicated index: 0, Majority replicated index: 0, Committed index: 0, Last appended: 0.0, Last appended by leader: 0, Current term: 0, Majority size: -1, State: 0, Mode: NON_LEADER, active raft config: opid_index: -1 OBSOLETE_local: false peers { permanent_uuid: "c97f1abcc9fa446c93584190d9d4cb6d" member_type: VOTER last_known_addr { host: "127.24.201.65" port: 43751 } } peers { permanent_uuid: "4bcba0b01ed54ec98bf300874273b987" member_type: VOTER last_known_addr { host: "127.24.201.66" port: 34803 } } peers { permanent_uuid: "32622e41f53c4fc3a3f9ab250fa36f7c" member_type: VOTER last_known_addr { host: "127.24.201.67" port: 33901 } }
I20260710 11:04:49.145634 26733 raft_consensus.cc:2804] T 8dfc7e624e2942059dd38ae120e20b52 P 32622e41f53c4fc3a3f9ab250fa36f7c [term 1 FOLLOWER]: Leader election won for term 1
I20260710 11:04:49.146193 26733 raft_consensus.cc:697] T 8dfc7e624e2942059dd38ae120e20b52 P 32622e41f53c4fc3a3f9ab250fa36f7c [term 1 LEADER]: Becoming Leader. State: Replica: 32622e41f53c4fc3a3f9ab250fa36f7c, State: Running, Role: LEADER
I20260710 11:04:49.147616 26685 ts_tablet_manager.cc:1434] T 36c7156d6049492aa5dbd4f367f5f368 P 4bcba0b01ed54ec98bf300874273b987: Time spent starting tablet: real 0.007s	user 0.005s	sys 0.000s
I20260710 11:04:49.149547 26733 consensus_queue.cc:237] T 8dfc7e624e2942059dd38ae120e20b52 P 32622e41f53c4fc3a3f9ab250fa36f7c [LEADER]: Queue going to LEADER mode. State: All replicated index: 0, Majority replicated index: 0, Committed index: 0, Last appended: 0.0, Last appended by leader: 0, Current term: 1, Majority size: 2, State: 0, Mode: LEADER, active raft config: opid_index: -1 OBSOLETE_local: false peers { permanent_uuid: "c97f1abcc9fa446c93584190d9d4cb6d" member_type: VOTER last_known_addr { host: "127.24.201.65" port: 43751 } } peers { permanent_uuid: "4bcba0b01ed54ec98bf300874273b987" member_type: VOTER last_known_addr { host: "127.24.201.66" port: 34803 } } peers { permanent_uuid: "32622e41f53c4fc3a3f9ab250fa36f7c" member_type: VOTER last_known_addr { host: "127.24.201.67" port: 33901 } }
I20260710 11:04:49.150615 26685 tablet_bootstrap.cc:492] T 4593a337ef2b46a588ea99fd2a8af601 P 4bcba0b01ed54ec98bf300874273b987: Bootstrap starting.
I20260710 11:04:49.152037 26760 raft_consensus.cc:493] T 13529cbc69564dfe80d88fdb8ae125a1 P 4bcba0b01ed54ec98bf300874273b987 [term 0 FOLLOWER]: Starting pre-election (no leader contacted us within the election timeout)
I20260710 11:04:49.152776 26760 raft_consensus.cc:515] T 13529cbc69564dfe80d88fdb8ae125a1 P 4bcba0b01ed54ec98bf300874273b987 [term 0 FOLLOWER]: Starting pre-election with config: opid_index: -1 OBSOLETE_local: false peers { permanent_uuid: "c97f1abcc9fa446c93584190d9d4cb6d" member_type: VOTER last_known_addr { host: "127.24.201.65" port: 43751 } } peers { permanent_uuid: "4bcba0b01ed54ec98bf300874273b987" member_type: VOTER last_known_addr { host: "127.24.201.66" port: 34803 } } peers { permanent_uuid: "32622e41f53c4fc3a3f9ab250fa36f7c" member_type: VOTER last_known_addr { host: "127.24.201.67" port: 33901 } }
I20260710 11:04:49.156776 26495 tablet_service.cc:1917] Received RequestConsensusVote() RPC: tablet_id: "13529cbc69564dfe80d88fdb8ae125a1" candidate_uuid: "4bcba0b01ed54ec98bf300874273b987" candidate_term: 1 candidate_status { last_received { term: 0 index: 0 } } ignore_live_leader: false dest_uuid: "c97f1abcc9fa446c93584190d9d4cb6d" is_pre_election: true
I20260710 11:04:49.157385 26641 tablet_service.cc:1917] Received RequestConsensusVote() RPC: tablet_id: "13529cbc69564dfe80d88fdb8ae125a1" candidate_uuid: "4bcba0b01ed54ec98bf300874273b987" candidate_term: 1 candidate_status { last_received { term: 0 index: 0 } } ignore_live_leader: false dest_uuid: "32622e41f53c4fc3a3f9ab250fa36f7c" is_pre_election: true
I20260710 11:04:49.158063 26685 tablet_bootstrap.cc:654] T 4593a337ef2b46a588ea99fd2a8af601 P 4bcba0b01ed54ec98bf300874273b987: Neither blocks nor log segments found. Creating new log.
W20260710 11:04:49.158340 26534 leader_election.cc:343] T 13529cbc69564dfe80d88fdb8ae125a1 P 4bcba0b01ed54ec98bf300874273b987 [CANDIDATE]: Term 1 pre-election: Tablet error from VoteRequest() call to peer c97f1abcc9fa446c93584190d9d4cb6d (127.24.201.65:43751): Illegal state: must be running to vote when last-logged opid is not known
W20260710 11:04:49.159271 26533 leader_election.cc:343] T 13529cbc69564dfe80d88fdb8ae125a1 P 4bcba0b01ed54ec98bf300874273b987 [CANDIDATE]: Term 1 pre-election: Tablet error from VoteRequest() call to peer 32622e41f53c4fc3a3f9ab250fa36f7c (127.24.201.67:33901): Illegal state: must be running to vote when last-logged opid is not known
I20260710 11:04:49.159952 26533 leader_election.cc:304] T 13529cbc69564dfe80d88fdb8ae125a1 P 4bcba0b01ed54ec98bf300874273b987 [CANDIDATE]: Term 1 pre-election: Election decided. Result: candidate lost. Election summary: received 3 responses out of 3 voters: 1 yes votes; 2 no votes. yes voters: 4bcba0b01ed54ec98bf300874273b987; no voters: 32622e41f53c4fc3a3f9ab250fa36f7c, c97f1abcc9fa446c93584190d9d4cb6d
I20260710 11:04:49.161207 26690 raft_consensus.cc:2749] T 13529cbc69564dfe80d88fdb8ae125a1 P 4bcba0b01ed54ec98bf300874273b987 [term 0 FOLLOWER]: Leader pre-election lost for term 1. Reason: could not achieve majority
I20260710 11:04:49.162634 26760 leader_election.cc:290] T 13529cbc69564dfe80d88fdb8ae125a1 P 4bcba0b01ed54ec98bf300874273b987 [CANDIDATE]: Term 1 pre-election: Requested pre-vote from peers c97f1abcc9fa446c93584190d9d4cb6d (127.24.201.65:43751), 32622e41f53c4fc3a3f9ab250fa36f7c (127.24.201.67:33901)
I20260710 11:04:49.172365 26685 tablet_bootstrap.cc:492] T 4593a337ef2b46a588ea99fd2a8af601 P 4bcba0b01ed54ec98bf300874273b987: No bootstrap required, opened a new log
I20260710 11:04:49.172979 26685 ts_tablet_manager.cc:1403] T 4593a337ef2b46a588ea99fd2a8af601 P 4bcba0b01ed54ec98bf300874273b987: Time spent bootstrapping tablet: real 0.023s	user 0.014s	sys 0.005s
I20260710 11:04:49.175832 26685 raft_consensus.cc:359] T 4593a337ef2b46a588ea99fd2a8af601 P 4bcba0b01ed54ec98bf300874273b987 [term 0 FOLLOWER]: Replica starting. Triggering 0 pending ops. Active config: opid_index: -1 OBSOLETE_local: false peers { permanent_uuid: "c97f1abcc9fa446c93584190d9d4cb6d" member_type: VOTER last_known_addr { host: "127.24.201.65" port: 43751 } } peers { permanent_uuid: "4bcba0b01ed54ec98bf300874273b987" member_type: VOTER last_known_addr { host: "127.24.201.66" port: 34803 } } peers { permanent_uuid: "32622e41f53c4fc3a3f9ab250fa36f7c" member_type: VOTER last_known_addr { host: "127.24.201.67" port: 33901 } }
I20260710 11:04:49.176749 26685 raft_consensus.cc:385] T 4593a337ef2b46a588ea99fd2a8af601 P 4bcba0b01ed54ec98bf300874273b987 [term 0 FOLLOWER]: Consensus starting up: Expiring failure detector timer to make a prompt election more likely
I20260710 11:04:49.177099 26685 raft_consensus.cc:740] T 4593a337ef2b46a588ea99fd2a8af601 P 4bcba0b01ed54ec98bf300874273b987 [term 0 FOLLOWER]: Becoming Follower/Learner. State: Replica: 4bcba0b01ed54ec98bf300874273b987, State: Initialized, Role: FOLLOWER
I20260710 11:04:49.178776 26685 consensus_queue.cc:260] T 4593a337ef2b46a588ea99fd2a8af601 P 4bcba0b01ed54ec98bf300874273b987 [NON_LEADER]: Queue going to NON_LEADER mode. State: All replicated index: 0, Majority replicated index: 0, Committed index: 0, Last appended: 0.0, Last appended by leader: 0, Current term: 0, Majority size: -1, State: 0, Mode: NON_LEADER, active raft config: opid_index: -1 OBSOLETE_local: false peers { permanent_uuid: "c97f1abcc9fa446c93584190d9d4cb6d" member_type: VOTER last_known_addr { host: "127.24.201.65" port: 43751 } } peers { permanent_uuid: "4bcba0b01ed54ec98bf300874273b987" member_type: VOTER last_known_addr { host: "127.24.201.66" port: 34803 } } peers { permanent_uuid: "32622e41f53c4fc3a3f9ab250fa36f7c" member_type: VOTER last_known_addr { host: "127.24.201.67" port: 33901 } }
I20260710 11:04:49.181285 26685 ts_tablet_manager.cc:1434] T 4593a337ef2b46a588ea99fd2a8af601 P 4bcba0b01ed54ec98bf300874273b987: Time spent starting tablet: real 0.008s	user 0.005s	sys 0.001s
I20260710 11:04:49.181066 26390 catalog_manager.cc:5697] T 8dfc7e624e2942059dd38ae120e20b52 P 32622e41f53c4fc3a3f9ab250fa36f7c reported cstate change: term changed from 0 to 1, leader changed from <none> to 32622e41f53c4fc3a3f9ab250fa36f7c (127.24.201.67). New cstate: current_term: 1 leader_uuid: "32622e41f53c4fc3a3f9ab250fa36f7c" committed_config { opid_index: -1 OBSOLETE_local: false peers { permanent_uuid: "c97f1abcc9fa446c93584190d9d4cb6d" member_type: VOTER last_known_addr { host: "127.24.201.65" port: 43751 } health_report { overall_health: UNKNOWN } } peers { permanent_uuid: "4bcba0b01ed54ec98bf300874273b987" member_type: VOTER last_known_addr { host: "127.24.201.66" port: 34803 } health_report { overall_health: UNKNOWN } } peers { permanent_uuid: "32622e41f53c4fc3a3f9ab250fa36f7c" member_type: VOTER last_known_addr { host: "127.24.201.67" port: 33901 } health_report { overall_health: HEALTHY } } }
I20260710 11:04:49.182335 26685 tablet_bootstrap.cc:492] T b69bcc1479ca4a9399270ff5f1332ee3 P 4bcba0b01ed54ec98bf300874273b987: Bootstrap starting.
I20260710 11:04:49.183997 26684 tablet_bootstrap.cc:654] T 9f89f0f1e7134ab492b57e6eb8a25195 P c97f1abcc9fa446c93584190d9d4cb6d: Neither blocks nor log segments found. Creating new log.
I20260710 11:04:49.189845 26685 tablet_bootstrap.cc:654] T b69bcc1479ca4a9399270ff5f1332ee3 P 4bcba0b01ed54ec98bf300874273b987: Neither blocks nor log segments found. Creating new log.
I20260710 11:04:49.190685 26687 tablet_bootstrap.cc:492] T 36c7156d6049492aa5dbd4f367f5f368 P 32622e41f53c4fc3a3f9ab250fa36f7c: No bootstrap required, opened a new log
I20260710 11:04:49.191198 26687 ts_tablet_manager.cc:1403] T 36c7156d6049492aa5dbd4f367f5f368 P 32622e41f53c4fc3a3f9ab250fa36f7c: Time spent bootstrapping tablet: real 0.054s	user 0.020s	sys 0.031s
I20260710 11:04:49.194113 26687 raft_consensus.cc:359] T 36c7156d6049492aa5dbd4f367f5f368 P 32622e41f53c4fc3a3f9ab250fa36f7c [term 0 FOLLOWER]: Replica starting. Triggering 0 pending ops. Active config: opid_index: -1 OBSOLETE_local: false peers { permanent_uuid: "c97f1abcc9fa446c93584190d9d4cb6d" member_type: VOTER last_known_addr { host: "127.24.201.65" port: 43751 } } peers { permanent_uuid: "4bcba0b01ed54ec98bf300874273b987" member_type: VOTER last_known_addr { host: "127.24.201.66" port: 34803 } } peers { permanent_uuid: "32622e41f53c4fc3a3f9ab250fa36f7c" member_type: VOTER last_known_addr { host: "127.24.201.67" port: 33901 } }
I20260710 11:04:49.194922 26687 raft_consensus.cc:385] T 36c7156d6049492aa5dbd4f367f5f368 P 32622e41f53c4fc3a3f9ab250fa36f7c [term 0 FOLLOWER]: Consensus starting up: Expiring failure detector timer to make a prompt election more likely
I20260710 11:04:49.195210 26687 raft_consensus.cc:740] T 36c7156d6049492aa5dbd4f367f5f368 P 32622e41f53c4fc3a3f9ab250fa36f7c [term 0 FOLLOWER]: Becoming Follower/Learner. State: Replica: 32622e41f53c4fc3a3f9ab250fa36f7c, State: Initialized, Role: FOLLOWER
I20260710 11:04:49.196269 26760 raft_consensus.cc:493] T 9f89f0f1e7134ab492b57e6eb8a25195 P 4bcba0b01ed54ec98bf300874273b987 [term 0 FOLLOWER]: Starting pre-election (no leader contacted us within the election timeout)
I20260710 11:04:49.196094 26687 consensus_queue.cc:260] T 36c7156d6049492aa5dbd4f367f5f368 P 32622e41f53c4fc3a3f9ab250fa36f7c [NON_LEADER]: Queue going to NON_LEADER mode. State: All replicated index: 0, Majority replicated index: 0, Committed index: 0, Last appended: 0.0, Last appended by leader: 0, Current term: 0, Majority size: -1, State: 0, Mode: NON_LEADER, active raft config: opid_index: -1 OBSOLETE_local: false peers { permanent_uuid: "c97f1abcc9fa446c93584190d9d4cb6d" member_type: VOTER last_known_addr { host: "127.24.201.65" port: 43751 } } peers { permanent_uuid: "4bcba0b01ed54ec98bf300874273b987" member_type: VOTER last_known_addr { host: "127.24.201.66" port: 34803 } } peers { permanent_uuid: "32622e41f53c4fc3a3f9ab250fa36f7c" member_type: VOTER last_known_addr { host: "127.24.201.67" port: 33901 } }
I20260710 11:04:49.196750 26760 raft_consensus.cc:515] T 9f89f0f1e7134ab492b57e6eb8a25195 P 4bcba0b01ed54ec98bf300874273b987 [term 0 FOLLOWER]: Starting pre-election with config: opid_index: -1 OBSOLETE_local: false peers { permanent_uuid: "c97f1abcc9fa446c93584190d9d4cb6d" member_type: VOTER last_known_addr { host: "127.24.201.65" port: 43751 } } peers { permanent_uuid: "4bcba0b01ed54ec98bf300874273b987" member_type: VOTER last_known_addr { host: "127.24.201.66" port: 34803 } } peers { permanent_uuid: "32622e41f53c4fc3a3f9ab250fa36f7c" member_type: VOTER last_known_addr { host: "127.24.201.67" port: 33901 } }
I20260710 11:04:49.198730 26687 ts_tablet_manager.cc:1434] T 36c7156d6049492aa5dbd4f367f5f368 P 32622e41f53c4fc3a3f9ab250fa36f7c: Time spent starting tablet: real 0.007s	user 0.004s	sys 0.004s
I20260710 11:04:49.199043 26760 leader_election.cc:290] T 9f89f0f1e7134ab492b57e6eb8a25195 P 4bcba0b01ed54ec98bf300874273b987 [CANDIDATE]: Term 1 pre-election: Requested pre-vote from peers c97f1abcc9fa446c93584190d9d4cb6d (127.24.201.65:43751), 32622e41f53c4fc3a3f9ab250fa36f7c (127.24.201.67:33901)
I20260710 11:04:49.199810 26687 tablet_bootstrap.cc:492] T 23cf742237cc42e0830244f2458b90f6 P 32622e41f53c4fc3a3f9ab250fa36f7c: Bootstrap starting.
I20260710 11:04:49.201694 26495 tablet_service.cc:1917] Received RequestConsensusVote() RPC: tablet_id: "9f89f0f1e7134ab492b57e6eb8a25195" candidate_uuid: "4bcba0b01ed54ec98bf300874273b987" candidate_term: 1 candidate_status { last_received { term: 0 index: 0 } } ignore_live_leader: false dest_uuid: "c97f1abcc9fa446c93584190d9d4cb6d" is_pre_election: true
I20260710 11:04:49.203045 26641 tablet_service.cc:1917] Received RequestConsensusVote() RPC: tablet_id: "9f89f0f1e7134ab492b57e6eb8a25195" candidate_uuid: "4bcba0b01ed54ec98bf300874273b987" candidate_term: 1 candidate_status { last_received { term: 0 index: 0 } } ignore_live_leader: false dest_uuid: "32622e41f53c4fc3a3f9ab250fa36f7c" is_pre_election: true
W20260710 11:04:49.205278 26533 leader_election.cc:343] T 9f89f0f1e7134ab492b57e6eb8a25195 P 4bcba0b01ed54ec98bf300874273b987 [CANDIDATE]: Term 1 pre-election: Tablet error from VoteRequest() call to peer 32622e41f53c4fc3a3f9ab250fa36f7c (127.24.201.67:33901): Illegal state: must be running to vote when last-logged opid is not known
W20260710 11:04:49.206372 26534 leader_election.cc:343] T 9f89f0f1e7134ab492b57e6eb8a25195 P 4bcba0b01ed54ec98bf300874273b987 [CANDIDATE]: Term 1 pre-election: Tablet error from VoteRequest() call to peer c97f1abcc9fa446c93584190d9d4cb6d (127.24.201.65:43751): Illegal state: must be running to vote when last-logged opid is not known
I20260710 11:04:49.206982 26687 tablet_bootstrap.cc:654] T 23cf742237cc42e0830244f2458b90f6 P 32622e41f53c4fc3a3f9ab250fa36f7c: Neither blocks nor log segments found. Creating new log.
I20260710 11:04:49.206853 26534 leader_election.cc:304] T 9f89f0f1e7134ab492b57e6eb8a25195 P 4bcba0b01ed54ec98bf300874273b987 [CANDIDATE]: Term 1 pre-election: Election decided. Result: candidate lost. Election summary: received 3 responses out of 3 voters: 1 yes votes; 2 no votes. yes voters: 4bcba0b01ed54ec98bf300874273b987; no voters: 32622e41f53c4fc3a3f9ab250fa36f7c, c97f1abcc9fa446c93584190d9d4cb6d
