I20260710 11:04:11.921379 11808 fs_manager.cc:368] Using write-ahead log directory (fs_wal_dir) as metadata directory
I20260710 11:04:11.921665 11808 server_base.cc:909] This appears to be a new deployment of Kudu; creating new FS layout
I20260710 11:04:11.922747 11808 fs_manager.cc:1068] Generated new instance metadata in path /tmp/dist-test-taskBA7UkM/test-tmp/auto_leader_rebalancer-test.0.LeaderRebalancerTest.FunctionalTestForNotDivided.1783681436500330-11808-0/minicluster-data/ts-0-root/instance:
uuid: "55f9ce3ced3f45cfa55fa14785a3a872"
format_stamp: "Formatted at 2026-07-10 11:04:11 on dist-test-slave-8wk0"
I20260710 11:04:11.927546 11808 fs_manager.cc:696] Time spent creating directory manager: real 0.004s	user 0.002s	sys 0.004s
I20260710 11:04:11.931466 12411 log_block_manager.cc:4127] Time spent loading block containers with low live blocks: real 0.000s	user 0.000s	sys 0.000s
I20260710 11:04:11.932374 11808 fs_manager.cc:730] Time spent opening block manager: real 0.003s	user 0.003s	sys 0.000s
I20260710 11:04:11.932683 11808 fs_manager.cc:647] Opened local filesystem: /tmp/dist-test-taskBA7UkM/test-tmp/auto_leader_rebalancer-test.0.LeaderRebalancerTest.FunctionalTestForNotDivided.1783681436500330-11808-0/minicluster-data/ts-0-root
uuid: "55f9ce3ced3f45cfa55fa14785a3a872"
format_stamp: "Formatted at 2026-07-10 11:04:11 on dist-test-slave-8wk0"
I20260710 11:04:11.932989 11808 fs_report.cc:389] FS layout report
--------------------
wal directory: /tmp/dist-test-taskBA7UkM/test-tmp/auto_leader_rebalancer-test.0.LeaderRebalancerTest.FunctionalTestForNotDivided.1783681436500330-11808-0/minicluster-data/ts-0-root
metadata directory: /tmp/dist-test-taskBA7UkM/test-tmp/auto_leader_rebalancer-test.0.LeaderRebalancerTest.FunctionalTestForNotDivided.1783681436500330-11808-0/minicluster-data/ts-0-root
1 data directories: /tmp/dist-test-taskBA7UkM/test-tmp/auto_leader_rebalancer-test.0.LeaderRebalancerTest.FunctionalTestForNotDivided.1783681436500330-11808-0/minicluster-data/ts-0-root/data
Total live blocks: 0
Total live bytes: 0
Total live bytes (after alignment): 0
Total number of LBM containers: 0 (0 full)
Did not check for missing blocks
Did not check for orphaned blocks
Total full LBM containers with extra space: 0 (0 repaired)
Total full LBM container extra space in bytes: 0 (0 repaired)
Total incomplete LBM containers: 0 (0 repaired)
Total LBM partial records: 0 (0 repaired)
Total corrupted LBM metadata records in RocksDB: 0 (0 repaired)
I20260710 11:04:11.949241 11808 rpc_server.cc:225] running with OpenSSL 1.1.1  11 Sep 2018
I20260710 11:04:11.950729 11808 kserver.cc:163] Server-wide thread pool size limit: 3276
I20260710 11:04:11.952823 11808 txn_system_client.cc:432] TxnSystemClient initialization is disabled...
I20260710 11:04:11.956166 11808 ts_tablet_manager.cc:585] Loaded tablet metadata (0 total tablets, 0 live tablets)
I20260710 11:04:11.956434 11808 ts_tablet_manager.cc:531] Time spent load tablet metadata: real 0.000s	user 0.000s	sys 0.000s
I20260710 11:04:11.956825 11808 ts_tablet_manager.cc:616] Registered 0 tablets
I20260710 11:04:11.957043 11808 ts_tablet_manager.cc:595] Time spent register tablets: real 0.000s	user 0.000s	sys 0.000s
I20260710 11:04:12.004623 11808 rpc_server.cc:307] RPC server started. Bound to: 127.11.136.1:34223
I20260710 11:04:12.004676 12473 acceptor_pool.cc:272] collecting diagnostics on the listening RPC socket 127.11.136.1:34223 every 8 connection(s)
I20260710 11:04:12.010525 11808 file_cache.cc:504] Constructed file cache file cache with capacity 419430
W20260710 11:04:12.018105 12478 instance_detector.cc:116] could not retrieve AWS instance metadata: Network error: curl error: HTTP response code said error: The requested URL returned error: 404
W20260710 11:04:12.020542 12479 instance_detector.cc:116] could not retrieve Azure instance metadata: Network error: curl error: HTTP response code said error: The requested URL returned error: 404
I20260710 11:04:12.024132 11808 server_base.cc:1061] running on GCE node
W20260710 11:04:12.024715 12481 instance_detector.cc:116] could not retrieve OpenStack instance metadata: Network error: curl error: HTTP response code said error: The requested URL returned error: 404
I20260710 11:04:12.025724 11808 hybrid_clock.cc:584] initializing the hybrid clock with 'system_unsync' time source
W20260710 11:04:12.026032 11808 system_unsync_time.cc:38] NTP support is disabled. Clock error bounds will not be accurate. This configuration is not suitable for distributed clusters.
I20260710 11:04:12.026342 11808 hybrid_clock.cc:648] HybridClock initialized: now 1783681452026314 us; error 0 us; skew 500 ppm
I20260710 11:04:12.027213 11808 server_base.cc:861] Flag tcmalloc_max_total_thread_cache_bytes is not working since tcmalloc is not enabled.
I20260710 11:04:12.030504 11808 webserver.cc:533] Webserver started at http://127.11.136.2:33437/ using document root <none> and password file <none>
I20260710 11:04:12.030558 12474 heartbeater.cc:344] Connected to a master server at 127.11.136.62:41777
I20260710 11:04:12.031005 12474 heartbeater.cc:461] Registering TS with master...
I20260710 11:04:12.031250 11808 fs_manager.cc:362] Metadata directory not provided
I20260710 11:04:12.031512 11808 fs_manager.cc:368] Using write-ahead log directory (fs_wal_dir) as metadata directory
I20260710 11:04:12.031828 11808 server_base.cc:909] This appears to be a new deployment of Kudu; creating new FS layout
I20260710 11:04:12.031968 12474 heartbeater.cc:507] Master 127.11.136.62:41777 requested a full tablet report, sending...
I20260710 11:04:12.033243 11808 fs_manager.cc:1068] Generated new instance metadata in path /tmp/dist-test-taskBA7UkM/test-tmp/auto_leader_rebalancer-test.0.LeaderRebalancerTest.FunctionalTestForNotDivided.1783681436500330-11808-0/minicluster-data/ts-1-root/instance:
uuid: "64dfc324f788422cbb7fabefc12aa03b"
format_stamp: "Formatted at 2026-07-10 11:04:12 on dist-test-slave-8wk0"
I20260710 11:04:12.034529 12347 ts_manager.cc:194] Registered new tserver with Master: 55f9ce3ced3f45cfa55fa14785a3a872 (127.11.136.1:34223)
I20260710 11:04:12.036430 12347 master_service.cc:502] Signed X509 certificate for tserver {username='slave'} at 127.0.0.1:38346
I20260710 11:04:12.038691 11808 fs_manager.cc:696] Time spent creating directory manager: real 0.005s	user 0.006s	sys 0.000s
I20260710 11:04:12.042884 12486 log_block_manager.cc:4127] Time spent loading block containers with low live blocks: real 0.000s	user 0.000s	sys 0.000s
I20260710 11:04:12.043743 11808 fs_manager.cc:730] Time spent opening block manager: real 0.003s	user 0.002s	sys 0.000s
I20260710 11:04:12.044147 11808 fs_manager.cc:647] Opened local filesystem: /tmp/dist-test-taskBA7UkM/test-tmp/auto_leader_rebalancer-test.0.LeaderRebalancerTest.FunctionalTestForNotDivided.1783681436500330-11808-0/minicluster-data/ts-1-root
uuid: "64dfc324f788422cbb7fabefc12aa03b"
format_stamp: "Formatted at 2026-07-10 11:04:12 on dist-test-slave-8wk0"
I20260710 11:04:12.044431 11808 fs_report.cc:389] FS layout report
--------------------
wal directory: /tmp/dist-test-taskBA7UkM/test-tmp/auto_leader_rebalancer-test.0.LeaderRebalancerTest.FunctionalTestForNotDivided.1783681436500330-11808-0/minicluster-data/ts-1-root
metadata directory: /tmp/dist-test-taskBA7UkM/test-tmp/auto_leader_rebalancer-test.0.LeaderRebalancerTest.FunctionalTestForNotDivided.1783681436500330-11808-0/minicluster-data/ts-1-root
1 data directories: /tmp/dist-test-taskBA7UkM/test-tmp/auto_leader_rebalancer-test.0.LeaderRebalancerTest.FunctionalTestForNotDivided.1783681436500330-11808-0/minicluster-data/ts-1-root/data
Total live blocks: 0
Total live bytes: 0
Total live bytes (after alignment): 0
Total number of LBM containers: 0 (0 full)
Did not check for missing blocks
Did not check for orphaned blocks
Total full LBM containers with extra space: 0 (0 repaired)
Total full LBM container extra space in bytes: 0 (0 repaired)
Total incomplete LBM containers: 0 (0 repaired)
Total LBM partial records: 0 (0 repaired)
Total corrupted LBM metadata records in RocksDB: 0 (0 repaired)
I20260710 11:04:12.081740 11808 rpc_server.cc:225] running with OpenSSL 1.1.1  11 Sep 2018
I20260710 11:04:12.083077 11808 kserver.cc:163] Server-wide thread pool size limit: 3276
I20260710 11:04:12.084740 11808 txn_system_client.cc:432] TxnSystemClient initialization is disabled...
I20260710 11:04:12.087306 11808 ts_tablet_manager.cc:585] Loaded tablet metadata (0 total tablets, 0 live tablets)
I20260710 11:04:12.087514 11808 ts_tablet_manager.cc:531] Time spent load tablet metadata: real 0.000s	user 0.000s	sys 0.000s
I20260710 11:04:12.087908 11808 ts_tablet_manager.cc:616] Registered 0 tablets
I20260710 11:04:12.088099 11808 ts_tablet_manager.cc:595] Time spent register tablets: real 0.000s	user 0.001s	sys 0.000s
I20260710 11:04:12.137164 11808 rpc_server.cc:307] RPC server started. Bound to: 127.11.136.2:36059
I20260710 11:04:12.137261 12548 acceptor_pool.cc:272] collecting diagnostics on the listening RPC socket 127.11.136.2:36059 every 8 connection(s)
I20260710 11:04:12.142745 11808 file_cache.cc:504] Constructed file cache file cache with capacity 419430
W20260710 11:04:12.150522 12552 instance_detector.cc:116] could not retrieve AWS instance metadata: Network error: curl error: HTTP response code said error: The requested URL returned error: 404
W20260710 11:04:12.152667 12553 instance_detector.cc:116] could not retrieve Azure instance metadata: Network error: curl error: HTTP response code said error: The requested URL returned error: 404
I20260710 11:04:12.156306 12549 heartbeater.cc:344] Connected to a master server at 127.11.136.62:41777
W20260710 11:04:12.156653 12555 instance_detector.cc:116] could not retrieve OpenStack instance metadata: Network error: curl error: HTTP response code said error: The requested URL returned error: 404
I20260710 11:04:12.156711 12549 heartbeater.cc:461] Registering TS with master...
I20260710 11:04:12.157022 11808 server_base.cc:1061] running on GCE node
I20260710 11:04:12.157888 11808 hybrid_clock.cc:584] initializing the hybrid clock with 'system_unsync' time source
I20260710 11:04:12.157861 12549 heartbeater.cc:507] Master 127.11.136.62:41777 requested a full tablet report, sending...
W20260710 11:04:12.158179 11808 system_unsync_time.cc:38] NTP support is disabled. Clock error bounds will not be accurate. This configuration is not suitable for distributed clusters.
I20260710 11:04:12.158433 11808 hybrid_clock.cc:648] HybridClock initialized: now 1783681452158414 us; error 0 us; skew 500 ppm
I20260710 11:04:12.159024 11808 server_base.cc:861] Flag tcmalloc_max_total_thread_cache_bytes is not working since tcmalloc is not enabled.
I20260710 11:04:12.160480 12347 ts_manager.cc:194] Registered new tserver with Master: 64dfc324f788422cbb7fabefc12aa03b (127.11.136.2:36059)
I20260710 11:04:12.162109 11808 webserver.cc:533] Webserver started at http://127.11.136.3:46509/ using document root <none> and password file <none>
I20260710 11:04:12.162459 12347 master_service.cc:502] Signed X509 certificate for tserver {username='slave'} at 127.0.0.1:38354
I20260710 11:04:12.162809 11808 fs_manager.cc:362] Metadata directory not provided
I20260710 11:04:12.163072 11808 fs_manager.cc:368] Using write-ahead log directory (fs_wal_dir) as metadata directory
I20260710 11:04:12.163389 11808 server_base.cc:909] This appears to be a new deployment of Kudu; creating new FS layout
I20260710 11:04:12.164664 11808 fs_manager.cc:1068] Generated new instance metadata in path /tmp/dist-test-taskBA7UkM/test-tmp/auto_leader_rebalancer-test.0.LeaderRebalancerTest.FunctionalTestForNotDivided.1783681436500330-11808-0/minicluster-data/ts-2-root/instance:
uuid: "746094939048421d88aa4e4b1b2b018b"
format_stamp: "Formatted at 2026-07-10 11:04:12 on dist-test-slave-8wk0"
I20260710 11:04:12.169469 11808 fs_manager.cc:696] Time spent creating directory manager: real 0.004s	user 0.005s	sys 0.000s
I20260710 11:04:12.173038 12560 log_block_manager.cc:4127] Time spent loading block containers with low live blocks: real 0.000s	user 0.000s	sys 0.000s
I20260710 11:04:12.174021 11808 fs_manager.cc:730] Time spent opening block manager: real 0.003s	user 0.004s	sys 0.000s
I20260710 11:04:12.174383 11808 fs_manager.cc:647] Opened local filesystem: /tmp/dist-test-taskBA7UkM/test-tmp/auto_leader_rebalancer-test.0.LeaderRebalancerTest.FunctionalTestForNotDivided.1783681436500330-11808-0/minicluster-data/ts-2-root
uuid: "746094939048421d88aa4e4b1b2b018b"
format_stamp: "Formatted at 2026-07-10 11:04:12 on dist-test-slave-8wk0"
I20260710 11:04:12.174642 11808 fs_report.cc:389] FS layout report
--------------------
wal directory: /tmp/dist-test-taskBA7UkM/test-tmp/auto_leader_rebalancer-test.0.LeaderRebalancerTest.FunctionalTestForNotDivided.1783681436500330-11808-0/minicluster-data/ts-2-root
metadata directory: /tmp/dist-test-taskBA7UkM/test-tmp/auto_leader_rebalancer-test.0.LeaderRebalancerTest.FunctionalTestForNotDivided.1783681436500330-11808-0/minicluster-data/ts-2-root
1 data directories: /tmp/dist-test-taskBA7UkM/test-tmp/auto_leader_rebalancer-test.0.LeaderRebalancerTest.FunctionalTestForNotDivided.1783681436500330-11808-0/minicluster-data/ts-2-root/data
Total live blocks: 0
Total live bytes: 0
Total live bytes (after alignment): 0
Total number of LBM containers: 0 (0 full)
Did not check for missing blocks
Did not check for orphaned blocks
Total full LBM containers with extra space: 0 (0 repaired)
Total full LBM container extra space in bytes: 0 (0 repaired)
Total incomplete LBM containers: 0 (0 repaired)
Total LBM partial records: 0 (0 repaired)
Total corrupted LBM metadata records in RocksDB: 0 (0 repaired)
I20260710 11:04:12.188566 11808 rpc_server.cc:225] running with OpenSSL 1.1.1  11 Sep 2018
I20260710 11:04:12.189834 11808 kserver.cc:163] Server-wide thread pool size limit: 3276
I20260710 11:04:12.191474 11808 txn_system_client.cc:432] TxnSystemClient initialization is disabled...
I20260710 11:04:12.193964 11808 ts_tablet_manager.cc:585] Loaded tablet metadata (0 total tablets, 0 live tablets)
I20260710 11:04:12.194170 11808 ts_tablet_manager.cc:531] Time spent load tablet metadata: real 0.000s	user 0.000s	sys 0.000s
I20260710 11:04:12.194500 11808 ts_tablet_manager.cc:616] Registered 0 tablets
I20260710 11:04:12.194675 11808 ts_tablet_manager.cc:595] Time spent register tablets: real 0.000s	user 0.000s	sys 0.000s
I20260710 11:04:12.240927 11808 rpc_server.cc:307] RPC server started. Bound to: 127.11.136.3:39967
I20260710 11:04:12.241041 12622 acceptor_pool.cc:272] collecting diagnostics on the listening RPC socket 127.11.136.3:39967 every 8 connection(s)
I20260710 11:04:12.256634 12623 heartbeater.cc:344] Connected to a master server at 127.11.136.62:41777
I20260710 11:04:12.257164 12623 heartbeater.cc:461] Registering TS with master...
I20260710 11:04:12.258224 12623 heartbeater.cc:507] Master 127.11.136.62:41777 requested a full tablet report, sending...
I20260710 11:04:12.261135 12347 ts_manager.cc:194] Registered new tserver with Master: 746094939048421d88aa4e4b1b2b018b (127.11.136.3:39967)
I20260710 11:04:12.261229 11808 internal_mini_cluster.cc:371] 3 TS(s) registered with all masters after 0.01641921s
I20260710 11:04:12.263067 12347 master_service.cc:502] Signed X509 certificate for tserver {username='slave'} at 127.0.0.1:38370
I20260710 11:04:12.291090 12347 catalog_manager.cc:2283] Servicing CreateTable request from {username='slave'} at 127.0.0.1:38378:
name: "test-workload"
schema {
  columns {
    name: "key"
    type: INT32
    is_key: true
    is_nullable: false
    encoding: AUTO_ENCODING
    compression: DEFAULT_COMPRESSION
    cfile_block_size: 0
    immutable: false
  }
  columns {
    name: "int_val"
    type: INT32
    is_key: false
    is_nullable: false
    encoding: AUTO_ENCODING
    compression: DEFAULT_COMPRESSION
    cfile_block_size: 0
    immutable: false
  }
  columns {
    name: "string_val"
    type: STRING
    is_key: false
    is_nullable: true
    encoding: AUTO_ENCODING
    compression: DEFAULT_COMPRESSION
    cfile_block_size: 0
    immutable: false
  }
}
num_replicas: 3
split_rows_range_bounds {
  rows: "\004\001\000\314\314\314\014\004\001\000\230\231\231\031\004\001\000dff&\004\001\0000333\004\001\000\374\377\377?\004\001\000\310\314\314L\004\001\000\224\231\231Y\004\001\000`fff\004\001\000,33s""\004\001\000\314\314\314\014\004\001\000\230\231\231\031\004\001\000dff&\004\001\0000333\004\001\000\374\377\377?\004\001\000\310\314\314L\004\001\000\224\231\231Y\004\001\000`fff\004\001\000,33s"
  indirect_data: """"
}
partition_schema {
  range_schema {
    columns {
      name: "key"
    }
  }
}
W20260710 11:04:12.294224 12347 catalog_manager.cc:7077] The number of live tablet servers is not enough to re-replicate a tablet replica of the newly created table test-workload in case of a server failure: 4 tablet servers would be needed, 3 are available. Consider bringing up more tablet servers.
I20260710 11:04:12.373569 12439 tablet_service.cc:1511] Processing CreateTablet for tablet 6e1a661fad2b41f0a1fb70d7688b0609 (DEFAULT_TABLE table=test-workload [id=4d85b3d491334a8688cef2d3149104e8]), partition=RANGE (key) PARTITION VALUES < 214748364
I20260710 11:04:12.375142 12439 data_dirs.cc:400] Could only allocate 1 dirs of requested 3 for tablet 6e1a661fad2b41f0a1fb70d7688b0609. 1 dirs total, 0 dirs full, 0 dirs failed
I20260710 11:04:12.376128 12437 tablet_service.cc:1511] Processing CreateTablet for tablet 2338b7061329481bb08eb720122c87ca (DEFAULT_TABLE table=test-workload [id=4d85b3d491334a8688cef2d3149104e8]), partition=RANGE (key) PARTITION 429496728 <= VALUES < 644245092
I20260710 11:04:12.377568 12437 data_dirs.cc:400] Could only allocate 1 dirs of requested 3 for tablet 2338b7061329481bb08eb720122c87ca. 1 dirs total, 0 dirs full, 0 dirs failed
I20260710 11:04:12.381014 12438 tablet_service.cc:1511] Processing CreateTablet for tablet 23f253507fe44906b39b1c188ad80947 (DEFAULT_TABLE table=test-workload [id=4d85b3d491334a8688cef2d3149104e8]), partition=RANGE (key) PARTITION 214748364 <= VALUES < 429496728
I20260710 11:04:12.382515 12438 data_dirs.cc:400] Could only allocate 1 dirs of requested 3 for tablet 23f253507fe44906b39b1c188ad80947. 1 dirs total, 0 dirs full, 0 dirs failed
I20260710 11:04:12.397033 12514 tablet_service.cc:1511] Processing CreateTablet for tablet 6e1a661fad2b41f0a1fb70d7688b0609 (DEFAULT_TABLE table=test-workload [id=4d85b3d491334a8688cef2d3149104e8]), partition=RANGE (key) PARTITION VALUES < 214748364
I20260710 11:04:12.398934 12514 data_dirs.cc:400] Could only allocate 1 dirs of requested 3 for tablet 6e1a661fad2b41f0a1fb70d7688b0609. 1 dirs total, 0 dirs full, 0 dirs failed
I20260710 11:04:12.401492 12513 tablet_service.cc:1511] Processing CreateTablet for tablet 23f253507fe44906b39b1c188ad80947 (DEFAULT_TABLE table=test-workload [id=4d85b3d491334a8688cef2d3149104e8]), partition=RANGE (key) PARTITION 214748364 <= VALUES < 429496728
I20260710 11:04:12.402887 12513 data_dirs.cc:400] Could only allocate 1 dirs of requested 3 for tablet 23f253507fe44906b39b1c188ad80947. 1 dirs total, 0 dirs full, 0 dirs failed
I20260710 11:04:12.407632 12512 tablet_service.cc:1511] Processing CreateTablet for tablet 2338b7061329481bb08eb720122c87ca (DEFAULT_TABLE table=test-workload [id=4d85b3d491334a8688cef2d3149104e8]), partition=RANGE (key) PARTITION 429496728 <= VALUES < 644245092
I20260710 11:04:12.408247 12436 tablet_service.cc:1511] Processing CreateTablet for tablet 692c7c6668214805baf026a090cd5a8b (DEFAULT_TABLE table=test-workload [id=4d85b3d491334a8688cef2d3149104e8]), partition=RANGE (key) PARTITION 858993456 <= VALUES < 1073741820
I20260710 11:04:12.409170 12512 data_dirs.cc:400] Could only allocate 1 dirs of requested 3 for tablet 2338b7061329481bb08eb720122c87ca. 1 dirs total, 0 dirs full, 0 dirs failed
I20260710 11:04:12.410277 12436 data_dirs.cc:400] Could only allocate 1 dirs of requested 3 for tablet 692c7c6668214805baf026a090cd5a8b. 1 dirs total, 0 dirs full, 0 dirs failed
I20260710 11:04:12.419404 12511 tablet_service.cc:1511] Processing CreateTablet for tablet 16a8ab3f69c34c858562ced9a78cc378 (DEFAULT_TABLE table=test-workload [id=4d85b3d491334a8688cef2d3149104e8]), partition=RANGE (key) PARTITION 644245092 <= VALUES < 858993456
I20260710 11:04:12.420878 12511 data_dirs.cc:400] Could only allocate 1 dirs of requested 3 for tablet 16a8ab3f69c34c858562ced9a78cc378. 1 dirs total, 0 dirs full, 0 dirs failed
I20260710 11:04:12.424080 12435 tablet_service.cc:1511] Processing CreateTablet for tablet e7d9625bdb3c4c078c8ed7832f1a29bc (DEFAULT_TABLE table=test-workload [id=4d85b3d491334a8688cef2d3149104e8]), partition=RANGE (key) PARTITION 1288490184 <= VALUES < 1503238548
I20260710 11:04:12.425567 12435 data_dirs.cc:400] Could only allocate 1 dirs of requested 3 for tablet e7d9625bdb3c4c078c8ed7832f1a29bc. 1 dirs total, 0 dirs full, 0 dirs failed
I20260710 11:04:12.427384 12438 tablet_service.cc:1511] Processing CreateTablet for tablet f1b135585889468fa8b1edfe159063b7 (DEFAULT_TABLE table=test-workload [id=4d85b3d491334a8688cef2d3149104e8]), partition=RANGE (key) PARTITION 1073741820 <= VALUES < 1288490184
I20260710 11:04:12.427847 12432 tablet_service.cc:1511] Processing CreateTablet for tablet 0fbe8bca596747e8a81aaf52c2015c7d (DEFAULT_TABLE table=test-workload [id=4d85b3d491334a8688cef2d3149104e8]), partition=RANGE (key) PARTITION 1932735276 <= VALUES
I20260710 11:04:12.433087 12587 tablet_service.cc:1511] Processing CreateTablet for tablet 23f253507fe44906b39b1c188ad80947 (DEFAULT_TABLE table=test-workload [id=4d85b3d491334a8688cef2d3149104e8]), partition=RANGE (key) PARTITION 214748364 <= VALUES < 429496728
I20260710 11:04:12.434576 12587 data_dirs.cc:400] Could only allocate 1 dirs of requested 3 for tablet 23f253507fe44906b39b1c188ad80947. 1 dirs total, 0 dirs full, 0 dirs failed
I20260710 11:04:12.435472 12507 tablet_service.cc:1511] Processing CreateTablet for tablet 7a917f63f49d455a93b8e78fcd28f9bf (DEFAULT_TABLE table=test-workload [id=4d85b3d491334a8688cef2d3149104e8]), partition=RANGE (key) PARTITION 1503238548 <= VALUES < 1717986912
I20260710 11:04:12.435920 12586 tablet_service.cc:1511] Processing CreateTablet for tablet 2338b7061329481bb08eb720122c87ca (DEFAULT_TABLE table=test-workload [id=4d85b3d491334a8688cef2d3149104e8]), partition=RANGE (key) PARTITION 429496728 <= VALUES < 644245092
I20260710 11:04:12.436959 12434 tablet_service.cc:1511] Processing CreateTablet for tablet 7a917f63f49d455a93b8e78fcd28f9bf (DEFAULT_TABLE table=test-workload [id=4d85b3d491334a8688cef2d3149104e8]), partition=RANGE (key) PARTITION 1503238548 <= VALUES < 1717986912
I20260710 11:04:12.437397 12507 data_dirs.cc:400] Could only allocate 1 dirs of requested 3 for tablet 7a917f63f49d455a93b8e78fcd28f9bf. 1 dirs total, 0 dirs full, 0 dirs failed
I20260710 11:04:12.437983 12588 tablet_service.cc:1511] Processing CreateTablet for tablet 6e1a661fad2b41f0a1fb70d7688b0609 (DEFAULT_TABLE table=test-workload [id=4d85b3d491334a8688cef2d3149104e8]), partition=RANGE (key) PARTITION VALUES < 214748364
I20260710 11:04:12.434171 12510 tablet_service.cc:1511] Processing CreateTablet for tablet 692c7c6668214805baf026a090cd5a8b (DEFAULT_TABLE table=test-workload [id=4d85b3d491334a8688cef2d3149104e8]), partition=RANGE (key) PARTITION 858993456 <= VALUES < 1073741820
I20260710 11:04:12.438735 12585 tablet_service.cc:1511] Processing CreateTablet for tablet 16a8ab3f69c34c858562ced9a78cc378 (DEFAULT_TABLE table=test-workload [id=4d85b3d491334a8688cef2d3149104e8]), partition=RANGE (key) PARTITION 644245092 <= VALUES < 858993456
I20260710 11:04:12.430312 12433 tablet_service.cc:1511] Processing CreateTablet for tablet 7a0b062ca40f4c5ebf95c3be57ee60cc (DEFAULT_TABLE table=test-workload [id=4d85b3d491334a8688cef2d3149104e8]), partition=RANGE (key) PARTITION 1717986912 <= VALUES < 1932735276
I20260710 11:04:12.440289 12510 data_dirs.cc:400] Could only allocate 1 dirs of requested 3 for tablet 692c7c6668214805baf026a090cd5a8b. 1 dirs total, 0 dirs full, 0 dirs failed
I20260710 11:04:12.441053 12509 tablet_service.cc:1511] Processing CreateTablet for tablet f1b135585889468fa8b1edfe159063b7 (DEFAULT_TABLE table=test-workload [id=4d85b3d491334a8688cef2d3149104e8]), partition=RANGE (key) PARTITION 1073741820 <= VALUES < 1288490184
I20260710 11:04:12.437328 12586 data_dirs.cc:400] Could only allocate 1 dirs of requested 3 for tablet 2338b7061329481bb08eb720122c87ca. 1 dirs total, 0 dirs full, 0 dirs failed
I20260710 11:04:12.442385 12509 data_dirs.cc:400] Could only allocate 1 dirs of requested 3 for tablet f1b135585889468fa8b1edfe159063b7. 1 dirs total, 0 dirs full, 0 dirs failed
I20260710 11:04:12.444515 12506 tablet_service.cc:1511] Processing CreateTablet for tablet 7a0b062ca40f4c5ebf95c3be57ee60cc (DEFAULT_TABLE table=test-workload [id=4d85b3d491334a8688cef2d3149104e8]), partition=RANGE (key) PARTITION 1717986912 <= VALUES < 1932735276
I20260710 11:04:12.445271 12508 tablet_service.cc:1511] Processing CreateTablet for tablet e7d9625bdb3c4c078c8ed7832f1a29bc (DEFAULT_TABLE table=test-workload [id=4d85b3d491334a8688cef2d3149104e8]), partition=RANGE (key) PARTITION 1288490184 <= VALUES < 1503238548
I20260710 11:04:12.446041 12506 data_dirs.cc:400] Could only allocate 1 dirs of requested 3 for tablet 7a0b062ca40f4c5ebf95c3be57ee60cc. 1 dirs total, 0 dirs full, 0 dirs failed
I20260710 11:04:12.446723 12508 data_dirs.cc:400] Could only allocate 1 dirs of requested 3 for tablet e7d9625bdb3c4c078c8ed7832f1a29bc. 1 dirs total, 0 dirs full, 0 dirs failed
I20260710 11:04:12.448910 12584 tablet_service.cc:1511] Processing CreateTablet for tablet 692c7c6668214805baf026a090cd5a8b (DEFAULT_TABLE table=test-workload [id=4d85b3d491334a8688cef2d3149104e8]), partition=RANGE (key) PARTITION 858993456 <= VALUES < 1073741820
I20260710 11:04:12.451853 12582 tablet_service.cc:1511] Processing CreateTablet for tablet e7d9625bdb3c4c078c8ed7832f1a29bc (DEFAULT_TABLE table=test-workload [id=4d85b3d491334a8688cef2d3149104e8]), partition=RANGE (key) PARTITION 1288490184 <= VALUES < 1503238548
I20260710 11:04:12.452086 12583 tablet_service.cc:1511] Processing CreateTablet for tablet f1b135585889468fa8b1edfe159063b7 (DEFAULT_TABLE table=test-workload [id=4d85b3d491334a8688cef2d3149104e8]), partition=RANGE (key) PARTITION 1073741820 <= VALUES < 1288490184
I20260710 11:04:12.452769 12581 tablet_service.cc:1511] Processing CreateTablet for tablet 7a917f63f49d455a93b8e78fcd28f9bf (DEFAULT_TABLE table=test-workload [id=4d85b3d491334a8688cef2d3149104e8]), partition=RANGE (key) PARTITION 1503238548 <= VALUES < 1717986912
I20260710 11:04:12.453532 12505 tablet_service.cc:1511] Processing CreateTablet for tablet 0fbe8bca596747e8a81aaf52c2015c7d (DEFAULT_TABLE table=test-workload [id=4d85b3d491334a8688cef2d3149104e8]), partition=RANGE (key) PARTITION 1932735276 <= VALUES
I20260710 11:04:12.454895 12505 data_dirs.cc:400] Could only allocate 1 dirs of requested 3 for tablet 0fbe8bca596747e8a81aaf52c2015c7d. 1 dirs total, 0 dirs full, 0 dirs failed
I20260710 11:04:12.455515 12580 tablet_service.cc:1511] Processing CreateTablet for tablet 7a0b062ca40f4c5ebf95c3be57ee60cc (DEFAULT_TABLE table=test-workload [id=4d85b3d491334a8688cef2d3149104e8]), partition=RANGE (key) PARTITION 1717986912 <= VALUES < 1932735276
I20260710 11:04:12.456453 12584 data_dirs.cc:400] Could only allocate 1 dirs of requested 3 for tablet 692c7c6668214805baf026a090cd5a8b. 1 dirs total, 0 dirs full, 0 dirs failed
I20260710 11:04:12.457347 12580 data_dirs.cc:400] Could only allocate 1 dirs of requested 3 for tablet 7a0b062ca40f4c5ebf95c3be57ee60cc. 1 dirs total, 0 dirs full, 0 dirs failed
I20260710 11:04:12.460225 12588 data_dirs.cc:400] Could only allocate 1 dirs of requested 3 for tablet 6e1a661fad2b41f0a1fb70d7688b0609. 1 dirs total, 0 dirs full, 0 dirs failed
I20260710 11:04:12.463227 12581 data_dirs.cc:400] Could only allocate 1 dirs of requested 3 for tablet 7a917f63f49d455a93b8e78fcd28f9bf. 1 dirs total, 0 dirs full, 0 dirs failed
I20260710 11:04:12.463914 12583 data_dirs.cc:400] Could only allocate 1 dirs of requested 3 for tablet f1b135585889468fa8b1edfe159063b7. 1 dirs total, 0 dirs full, 0 dirs failed
I20260710 11:04:12.466426 12585 data_dirs.cc:400] Could only allocate 1 dirs of requested 3 for tablet 16a8ab3f69c34c858562ced9a78cc378. 1 dirs total, 0 dirs full, 0 dirs failed
I20260710 11:04:12.466341 12432 data_dirs.cc:400] Could only allocate 1 dirs of requested 3 for tablet 0fbe8bca596747e8a81aaf52c2015c7d. 1 dirs total, 0 dirs full, 0 dirs failed
I20260710 11:04:12.466972 12579 tablet_service.cc:1511] Processing CreateTablet for tablet 0fbe8bca596747e8a81aaf52c2015c7d (DEFAULT_TABLE table=test-workload [id=4d85b3d491334a8688cef2d3149104e8]), partition=RANGE (key) PARTITION 1932735276 <= VALUES
I20260710 11:04:12.468398 12579 data_dirs.cc:400] Could only allocate 1 dirs of requested 3 for tablet 0fbe8bca596747e8a81aaf52c2015c7d. 1 dirs total, 0 dirs full, 0 dirs failed
I20260710 11:04:12.470288 12582 data_dirs.cc:400] Could only allocate 1 dirs of requested 3 for tablet e7d9625bdb3c4c078c8ed7832f1a29bc. 1 dirs total, 0 dirs full, 0 dirs failed
I20260710 11:04:12.472193 12434 data_dirs.cc:400] Could only allocate 1 dirs of requested 3 for tablet 7a917f63f49d455a93b8e78fcd28f9bf. 1 dirs total, 0 dirs full, 0 dirs failed
I20260710 11:04:12.476276 12433 data_dirs.cc:400] Could only allocate 1 dirs of requested 3 for tablet 7a0b062ca40f4c5ebf95c3be57ee60cc. 1 dirs total, 0 dirs full, 0 dirs failed
I20260710 11:04:12.466305 12638 tablet_bootstrap.cc:492] T 6e1a661fad2b41f0a1fb70d7688b0609 P 55f9ce3ced3f45cfa55fa14785a3a872: Bootstrap starting.
I20260710 11:04:12.518159 12438 data_dirs.cc:400] Could only allocate 1 dirs of requested 3 for tablet f1b135585889468fa8b1edfe159063b7. 1 dirs total, 0 dirs full, 0 dirs failed
I20260710 11:04:12.511549 12437 tablet_service.cc:1511] Processing CreateTablet for tablet 16a8ab3f69c34c858562ced9a78cc378 (DEFAULT_TABLE table=test-workload [id=4d85b3d491334a8688cef2d3149104e8]), partition=RANGE (key) PARTITION 644245092 <= VALUES < 858993456
I20260710 11:04:12.549045 12639 tablet_bootstrap.cc:492] T 16a8ab3f69c34c858562ced9a78cc378 P 746094939048421d88aa4e4b1b2b018b: Bootstrap starting.
I20260710 11:04:12.554035 12638 tablet_bootstrap.cc:654] T 6e1a661fad2b41f0a1fb70d7688b0609 P 55f9ce3ced3f45cfa55fa14785a3a872: Neither blocks nor log segments found. Creating new log.
I20260710 11:04:12.556638 12437 data_dirs.cc:400] Could only allocate 1 dirs of requested 3 for tablet 16a8ab3f69c34c858562ced9a78cc378. 1 dirs total, 0 dirs full, 0 dirs failed
I20260710 11:04:12.562767 12640 tablet_bootstrap.cc:492] T 2338b7061329481bb08eb720122c87ca P 64dfc324f788422cbb7fabefc12aa03b: Bootstrap starting.
I20260710 11:04:12.570883 12640 tablet_bootstrap.cc:654] T 2338b7061329481bb08eb720122c87ca P 64dfc324f788422cbb7fabefc12aa03b: Neither blocks nor log segments found. Creating new log.
I20260710 11:04:12.578972 12639 tablet_bootstrap.cc:654] T 16a8ab3f69c34c858562ced9a78cc378 P 746094939048421d88aa4e4b1b2b018b: Neither blocks nor log segments found. Creating new log.
I20260710 11:04:12.598692 12638 tablet_bootstrap.cc:492] T 6e1a661fad2b41f0a1fb70d7688b0609 P 55f9ce3ced3f45cfa55fa14785a3a872: No bootstrap required, opened a new log
I20260710 11:04:12.599116 12639 tablet_bootstrap.cc:492] T 16a8ab3f69c34c858562ced9a78cc378 P 746094939048421d88aa4e4b1b2b018b: No bootstrap required, opened a new log
I20260710 11:04:12.599366 12638 ts_tablet_manager.cc:1403] T 6e1a661fad2b41f0a1fb70d7688b0609 P 55f9ce3ced3f45cfa55fa14785a3a872: Time spent bootstrapping tablet: real 0.133s	user 0.018s	sys 0.010s
I20260710 11:04:12.599665 12639 ts_tablet_manager.cc:1403] T 16a8ab3f69c34c858562ced9a78cc378 P 746094939048421d88aa4e4b1b2b018b: Time spent bootstrapping tablet: real 0.051s	user 0.008s	sys 0.005s
I20260710 11:04:12.602689 12639 raft_consensus.cc:359] T 16a8ab3f69c34c858562ced9a78cc378 P 746094939048421d88aa4e4b1b2b018b [term 0 FOLLOWER]: Replica starting. Triggering 0 pending ops. Active config: opid_index: -1 OBSOLETE_local: false peers { permanent_uuid: "55f9ce3ced3f45cfa55fa14785a3a872" member_type: VOTER last_known_addr { host: "127.11.136.1" port: 34223 } } peers { permanent_uuid: "64dfc324f788422cbb7fabefc12aa03b" member_type: VOTER last_known_addr { host: "127.11.136.2" port: 36059 } } peers { permanent_uuid: "746094939048421d88aa4e4b1b2b018b" member_type: VOTER last_known_addr { host: "127.11.136.3" port: 39967 } }
I20260710 11:04:12.603276 12639 raft_consensus.cc:385] T 16a8ab3f69c34c858562ced9a78cc378 P 746094939048421d88aa4e4b1b2b018b [term 0 FOLLOWER]: Consensus starting up: Expiring failure detector timer to make a prompt election more likely
I20260710 11:04:12.603549 12639 raft_consensus.cc:740] T 16a8ab3f69c34c858562ced9a78cc378 P 746094939048421d88aa4e4b1b2b018b [term 0 FOLLOWER]: Becoming Follower/Learner. State: Replica: 746094939048421d88aa4e4b1b2b018b, State: Initialized, Role: FOLLOWER
I20260710 11:04:12.604029 12638 raft_consensus.cc:359] T 6e1a661fad2b41f0a1fb70d7688b0609 P 55f9ce3ced3f45cfa55fa14785a3a872 [term 0 FOLLOWER]: Replica starting. Triggering 0 pending ops. Active config: opid_index: -1 OBSOLETE_local: false peers { permanent_uuid: "55f9ce3ced3f45cfa55fa14785a3a872" member_type: VOTER last_known_addr { host: "127.11.136.1" port: 34223 } } peers { permanent_uuid: "746094939048421d88aa4e4b1b2b018b" member_type: VOTER last_known_addr { host: "127.11.136.3" port: 39967 } } peers { permanent_uuid: "64dfc324f788422cbb7fabefc12aa03b" member_type: VOTER last_known_addr { host: "127.11.136.2" port: 36059 } }
I20260710 11:04:12.604252 12639 consensus_queue.cc:260] T 16a8ab3f69c34c858562ced9a78cc378 P 746094939048421d88aa4e4b1b2b018b [NON_LEADER]: Queue going to NON_LEADER mode. State: All replicated index: 0, Majority replicated index: 0, Committed index: 0, Last appended: 0.0, Last appended by leader: 0, Current term: 0, Majority size: -1, State: 0, Mode: NON_LEADER, active raft config: opid_index: -1 OBSOLETE_local: false peers { permanent_uuid: "55f9ce3ced3f45cfa55fa14785a3a872" member_type: VOTER last_known_addr { host: "127.11.136.1" port: 34223 } } peers { permanent_uuid: "64dfc324f788422cbb7fabefc12aa03b" member_type: VOTER last_known_addr { host: "127.11.136.2" port: 36059 } } peers { permanent_uuid: "746094939048421d88aa4e4b1b2b018b" member_type: VOTER last_known_addr { host: "127.11.136.3" port: 39967 } }
I20260710 11:04:12.604882 12638 raft_consensus.cc:385] T 6e1a661fad2b41f0a1fb70d7688b0609 P 55f9ce3ced3f45cfa55fa14785a3a872 [term 0 FOLLOWER]: Consensus starting up: Expiring failure detector timer to make a prompt election more likely
I20260710 11:04:12.605195 12638 raft_consensus.cc:740] T 6e1a661fad2b41f0a1fb70d7688b0609 P 55f9ce3ced3f45cfa55fa14785a3a872 [term 0 FOLLOWER]: Becoming Follower/Learner. State: Replica: 55f9ce3ced3f45cfa55fa14785a3a872, State: Initialized, Role: FOLLOWER
I20260710 11:04:12.606043 12638 consensus_queue.cc:260] T 6e1a661fad2b41f0a1fb70d7688b0609 P 55f9ce3ced3f45cfa55fa14785a3a872 [NON_LEADER]: Queue going to NON_LEADER mode. State: All replicated index: 0, Majority replicated index: 0, Committed index: 0, Last appended: 0.0, Last appended by leader: 0, Current term: 0, Majority size: -1, State: 0, Mode: NON_LEADER, active raft config: opid_index: -1 OBSOLETE_local: false peers { permanent_uuid: "55f9ce3ced3f45cfa55fa14785a3a872" member_type: VOTER last_known_addr { host: "127.11.136.1" port: 34223 } } peers { permanent_uuid: "746094939048421d88aa4e4b1b2b018b" member_type: VOTER last_known_addr { host: "127.11.136.3" port: 39967 } } peers { permanent_uuid: "64dfc324f788422cbb7fabefc12aa03b" member_type: VOTER last_known_addr { host: "127.11.136.2" port: 36059 } }
I20260710 11:04:12.606506 12640 tablet_bootstrap.cc:492] T 2338b7061329481bb08eb720122c87ca P 64dfc324f788422cbb7fabefc12aa03b: No bootstrap required, opened a new log
I20260710 11:04:12.606552 12623 heartbeater.cc:499] Master 127.11.136.62:41777 was elected leader, sending a full tablet report...
I20260710 11:04:12.607084 12640 ts_tablet_manager.cc:1403] T 2338b7061329481bb08eb720122c87ca P 64dfc324f788422cbb7fabefc12aa03b: Time spent bootstrapping tablet: real 0.045s	user 0.016s	sys 0.004s
I20260710 11:04:12.607297 12639 ts_tablet_manager.cc:1434] T 16a8ab3f69c34c858562ced9a78cc378 P 746094939048421d88aa4e4b1b2b018b: Time spent starting tablet: real 0.007s	user 0.000s	sys 0.007s
I20260710 11:04:12.608307 12639 tablet_bootstrap.cc:492] T 0fbe8bca596747e8a81aaf52c2015c7d P 746094939048421d88aa4e4b1b2b018b: Bootstrap starting.
I20260710 11:04:12.610179 12640 raft_consensus.cc:359] T 2338b7061329481bb08eb720122c87ca P 64dfc324f788422cbb7fabefc12aa03b [term 0 FOLLOWER]: Replica starting. Triggering 0 pending ops. Active config: opid_index: -1 OBSOLETE_local: false peers { permanent_uuid: "55f9ce3ced3f45cfa55fa14785a3a872" member_type: VOTER last_known_addr { host: "127.11.136.1" port: 34223 } } peers { permanent_uuid: "64dfc324f788422cbb7fabefc12aa03b" member_type: VOTER last_known_addr { host: "127.11.136.2" port: 36059 } } peers { permanent_uuid: "746094939048421d88aa4e4b1b2b018b" member_type: VOTER last_known_addr { host: "127.11.136.3" port: 39967 } }
I20260710 11:04:12.610934 12640 raft_consensus.cc:385] T 2338b7061329481bb08eb720122c87ca P 64dfc324f788422cbb7fabefc12aa03b [term 0 FOLLOWER]: Consensus starting up: Expiring failure detector timer to make a prompt election more likely
I20260710 11:04:12.611224 12640 raft_consensus.cc:740] T 2338b7061329481bb08eb720122c87ca P 64dfc324f788422cbb7fabefc12aa03b [term 0 FOLLOWER]: Becoming Follower/Learner. State: Replica: 64dfc324f788422cbb7fabefc12aa03b, State: Initialized, Role: FOLLOWER
I20260710 11:04:12.612190 12640 consensus_queue.cc:260] T 2338b7061329481bb08eb720122c87ca P 64dfc324f788422cbb7fabefc12aa03b [NON_LEADER]: Queue going to NON_LEADER mode. State: All replicated index: 0, Majority replicated index: 0, Committed index: 0, Last appended: 0.0, Last appended by leader: 0, Current term: 0, Majority size: -1, State: 0, Mode: NON_LEADER, active raft config: opid_index: -1 OBSOLETE_local: false peers { permanent_uuid: "55f9ce3ced3f45cfa55fa14785a3a872" member_type: VOTER last_known_addr { host: "127.11.136.1" port: 34223 } } peers { permanent_uuid: "64dfc324f788422cbb7fabefc12aa03b" member_type: VOTER last_known_addr { host: "127.11.136.2" port: 36059 } } peers { permanent_uuid: "746094939048421d88aa4e4b1b2b018b" member_type: VOTER last_known_addr { host: "127.11.136.3" port: 39967 } }
I20260710 11:04:12.615278 12639 tablet_bootstrap.cc:654] T 0fbe8bca596747e8a81aaf52c2015c7d P 746094939048421d88aa4e4b1b2b018b: Neither blocks nor log segments found. Creating new log.
I20260710 11:04:12.620138 12646 raft_consensus.cc:493] T 16a8ab3f69c34c858562ced9a78cc378 P 746094939048421d88aa4e4b1b2b018b [term 0 FOLLOWER]: Starting pre-election (no leader contacted us within the election timeout)
I20260710 11:04:12.620658 12646 raft_consensus.cc:515] T 16a8ab3f69c34c858562ced9a78cc378 P 746094939048421d88aa4e4b1b2b018b [term 0 FOLLOWER]: Starting pre-election with config: opid_index: -1 OBSOLETE_local: false peers { permanent_uuid: "55f9ce3ced3f45cfa55fa14785a3a872" member_type: VOTER last_known_addr { host: "127.11.136.1" port: 34223 } } peers { permanent_uuid: "64dfc324f788422cbb7fabefc12aa03b" member_type: VOTER last_known_addr { host: "127.11.136.2" port: 36059 } } peers { permanent_uuid: "746094939048421d88aa4e4b1b2b018b" member_type: VOTER last_known_addr { host: "127.11.136.3" port: 39967 } }
I20260710 11:04:12.621520 12640 ts_tablet_manager.cc:1434] T 2338b7061329481bb08eb720122c87ca P 64dfc324f788422cbb7fabefc12aa03b: Time spent starting tablet: real 0.014s	user 0.012s	sys 0.001s
I20260710 11:04:12.622272 12549 heartbeater.cc:499] Master 127.11.136.62:41777 was elected leader, sending a full tablet report...
I20260710 11:04:12.632800 12640 tablet_bootstrap.cc:492] T 692c7c6668214805baf026a090cd5a8b P 64dfc324f788422cbb7fabefc12aa03b: Bootstrap starting.
I20260710 11:04:12.640177 12640 tablet_bootstrap.cc:654] T 692c7c6668214805baf026a090cd5a8b P 64dfc324f788422cbb7fabefc12aa03b: Neither blocks nor log segments found. Creating new log.
I20260710 11:04:12.639990 12449 tablet_service.cc:1917] Received RequestConsensusVote() RPC: tablet_id: "16a8ab3f69c34c858562ced9a78cc378" candidate_uuid: "746094939048421d88aa4e4b1b2b018b" candidate_term: 1 candidate_status { last_received { term: 0 index: 0 } } ignore_live_leader: false dest_uuid: "55f9ce3ced3f45cfa55fa14785a3a872" is_pre_election: true
W20260710 11:04:12.642870 12562 leader_election.cc:343] T 16a8ab3f69c34c858562ced9a78cc378 P 746094939048421d88aa4e4b1b2b018b [CANDIDATE]: Term 1 pre-election: Tablet error from VoteRequest() call to peer 55f9ce3ced3f45cfa55fa14785a3a872 (127.11.136.1:34223): Illegal state: must be running to vote when last-logged opid is not known
I20260710 11:04:12.652988 12646 leader_election.cc:290] T 16a8ab3f69c34c858562ced9a78cc378 P 746094939048421d88aa4e4b1b2b018b [CANDIDATE]: Term 1 pre-election: Requested pre-vote from peers 55f9ce3ced3f45cfa55fa14785a3a872 (127.11.136.1:34223), 64dfc324f788422cbb7fabefc12aa03b (127.11.136.2:36059)
I20260710 11:04:12.653124 12474 heartbeater.cc:499] Master 127.11.136.62:41777 was elected leader, sending a full tablet report...
I20260710 11:04:12.653918 12640 tablet_bootstrap.cc:492] T 692c7c6668214805baf026a090cd5a8b P 64dfc324f788422cbb7fabefc12aa03b: No bootstrap required, opened a new log
I20260710 11:04:12.654448 12640 ts_tablet_manager.cc:1403] T 692c7c6668214805baf026a090cd5a8b P 64dfc324f788422cbb7fabefc12aa03b: Time spent bootstrapping tablet: real 0.022s	user 0.001s	sys 0.016s
I20260710 11:04:12.658665 12638 ts_tablet_manager.cc:1434] T 6e1a661fad2b41f0a1fb70d7688b0609 P 55f9ce3ced3f45cfa55fa14785a3a872: Time spent starting tablet: real 0.059s	user 0.031s	sys 0.024s
I20260710 11:04:12.659713 12638 tablet_bootstrap.cc:492] T 2338b7061329481bb08eb720122c87ca P 55f9ce3ced3f45cfa55fa14785a3a872: Bootstrap starting.
I20260710 11:04:12.665396 12639 tablet_bootstrap.cc:492] T 0fbe8bca596747e8a81aaf52c2015c7d P 746094939048421d88aa4e4b1b2b018b: No bootstrap required, opened a new log
I20260710 11:04:12.665962 12639 ts_tablet_manager.cc:1403] T 0fbe8bca596747e8a81aaf52c2015c7d P 746094939048421d88aa4e4b1b2b018b: Time spent bootstrapping tablet: real 0.058s	user 0.012s	sys 0.001s
I20260710 11:04:12.666610 12638 tablet_bootstrap.cc:654] T 2338b7061329481bb08eb720122c87ca P 55f9ce3ced3f45cfa55fa14785a3a872: Neither blocks nor log segments found. Creating new log.
I20260710 11:04:12.668761 12524 tablet_service.cc:1917] Received RequestConsensusVote() RPC: tablet_id: "16a8ab3f69c34c858562ced9a78cc378" candidate_uuid: "746094939048421d88aa4e4b1b2b018b" candidate_term: 1 candidate_status { last_received { term: 0 index: 0 } } ignore_live_leader: false dest_uuid: "64dfc324f788422cbb7fabefc12aa03b" is_pre_election: true
I20260710 11:04:12.670428 12639 raft_consensus.cc:359] T 0fbe8bca596747e8a81aaf52c2015c7d P 746094939048421d88aa4e4b1b2b018b [term 0 FOLLOWER]: Replica starting. Triggering 0 pending ops. Active config: opid_index: -1 OBSOLETE_local: false peers { permanent_uuid: "55f9ce3ced3f45cfa55fa14785a3a872" member_type: VOTER last_known_addr { host: "127.11.136.1" port: 34223 } } peers { permanent_uuid: "64dfc324f788422cbb7fabefc12aa03b" member_type: VOTER last_known_addr { host: "127.11.136.2" port: 36059 } } peers { permanent_uuid: "746094939048421d88aa4e4b1b2b018b" member_type: VOTER last_known_addr { host: "127.11.136.3" port: 39967 } }
I20260710 11:04:12.671222 12639 raft_consensus.cc:385] T 0fbe8bca596747e8a81aaf52c2015c7d P 746094939048421d88aa4e4b1b2b018b [term 0 FOLLOWER]: Consensus starting up: Expiring failure detector timer to make a prompt election more likely
I20260710 11:04:12.671563 12639 raft_consensus.cc:740] T 0fbe8bca596747e8a81aaf52c2015c7d P 746094939048421d88aa4e4b1b2b018b [term 0 FOLLOWER]: Becoming Follower/Learner. State: Replica: 746094939048421d88aa4e4b1b2b018b, State: Initialized, Role: FOLLOWER
I20260710 11:04:12.672535 12639 consensus_queue.cc:260] T 0fbe8bca596747e8a81aaf52c2015c7d P 746094939048421d88aa4e4b1b2b018b [NON_LEADER]: Queue going to NON_LEADER mode. State: All replicated index: 0, Majority replicated index: 0, Committed index: 0, Last appended: 0.0, Last appended by leader: 0, Current term: 0, Majority size: -1, State: 0, Mode: NON_LEADER, active raft config: opid_index: -1 OBSOLETE_local: false peers { permanent_uuid: "55f9ce3ced3f45cfa55fa14785a3a872" member_type: VOTER last_known_addr { host: "127.11.136.1" port: 34223 } } peers { permanent_uuid: "64dfc324f788422cbb7fabefc12aa03b" member_type: VOTER last_known_addr { host: "127.11.136.2" port: 36059 } } peers { permanent_uuid: "746094939048421d88aa4e4b1b2b018b" member_type: VOTER last_known_addr { host: "127.11.136.3" port: 39967 } }
W20260710 11:04:12.673926 12561 leader_election.cc:343] T 16a8ab3f69c34c858562ced9a78cc378 P 746094939048421d88aa4e4b1b2b018b [CANDIDATE]: Term 1 pre-election: Tablet error from VoteRequest() call to peer 64dfc324f788422cbb7fabefc12aa03b (127.11.136.2:36059): Illegal state: must be running to vote when last-logged opid is not known
I20260710 11:04:12.675336 12640 raft_consensus.cc:359] T 692c7c6668214805baf026a090cd5a8b P 64dfc324f788422cbb7fabefc12aa03b [term 0 FOLLOWER]: Replica starting. Triggering 0 pending ops. Active config: opid_index: -1 OBSOLETE_local: false peers { permanent_uuid: "55f9ce3ced3f45cfa55fa14785a3a872" member_type: VOTER last_known_addr { host: "127.11.136.1" port: 34223 } } peers { permanent_uuid: "64dfc324f788422cbb7fabefc12aa03b" member_type: VOTER last_known_addr { host: "127.11.136.2" port: 36059 } } peers { permanent_uuid: "746094939048421d88aa4e4b1b2b018b" member_type: VOTER last_known_addr { host: "127.11.136.3" port: 39967 } }
I20260710 11:04:12.675573 12561 leader_election.cc:304] T 16a8ab3f69c34c858562ced9a78cc378 P 746094939048421d88aa4e4b1b2b018b [CANDIDATE]: Term 1 pre-election: Election decided. Result: candidate lost. Election summary: received 3 responses out of 3 voters: 1 yes votes; 2 no votes. yes voters: 746094939048421d88aa4e4b1b2b018b; no voters: 55f9ce3ced3f45cfa55fa14785a3a872, 64dfc324f788422cbb7fabefc12aa03b
I20260710 11:04:12.675122 12639 ts_tablet_manager.cc:1434] T 0fbe8bca596747e8a81aaf52c2015c7d P 746094939048421d88aa4e4b1b2b018b: Time spent starting tablet: real 0.009s	user 0.004s	sys 0.004s
I20260710 11:04:12.676205 12640 raft_consensus.cc:385] T 692c7c6668214805baf026a090cd5a8b P 64dfc324f788422cbb7fabefc12aa03b [term 0 FOLLOWER]: Consensus starting up: Expiring failure detector timer to make a prompt election more likely
I20260710 11:04:12.676694 12640 raft_consensus.cc:740] T 692c7c6668214805baf026a090cd5a8b P 64dfc324f788422cbb7fabefc12aa03b [term 0 FOLLOWER]: Becoming Follower/Learner. State: Replica: 64dfc324f788422cbb7fabefc12aa03b, State: Initialized, Role: FOLLOWER
I20260710 11:04:12.677420 12639 tablet_bootstrap.cc:492] T f1b135585889468fa8b1edfe159063b7 P 746094939048421d88aa4e4b1b2b018b: Bootstrap starting.
I20260710 11:04:12.678030 12638 tablet_bootstrap.cc:492] T 2338b7061329481bb08eb720122c87ca P 55f9ce3ced3f45cfa55fa14785a3a872: No bootstrap required, opened a new log
I20260710 11:04:12.677718 12640 consensus_queue.cc:260] T 692c7c6668214805baf026a090cd5a8b P 64dfc324f788422cbb7fabefc12aa03b [NON_LEADER]: Queue going to NON_LEADER mode. State: All replicated index: 0, Majority replicated index: 0, Committed index: 0, Last appended: 0.0, Last appended by leader: 0, Current term: 0, Majority size: -1, State: 0, Mode: NON_LEADER, active raft config: opid_index: -1 OBSOLETE_local: false peers { permanent_uuid: "55f9ce3ced3f45cfa55fa14785a3a872" member_type: VOTER last_known_addr { host: "127.11.136.1" port: 34223 } } peers { permanent_uuid: "64dfc324f788422cbb7fabefc12aa03b" member_type: VOTER last_known_addr { host: "127.11.136.2" port: 36059 } } peers { permanent_uuid: "746094939048421d88aa4e4b1b2b018b" member_type: VOTER last_known_addr { host: "127.11.136.3" port: 39967 } }
I20260710 11:04:12.678598 12638 ts_tablet_manager.cc:1403] T 2338b7061329481bb08eb720122c87ca P 55f9ce3ced3f45cfa55fa14785a3a872: Time spent bootstrapping tablet: real 0.019s	user 0.016s	sys 0.000s
I20260710 11:04:12.678634 12646 raft_consensus.cc:2749] T 16a8ab3f69c34c858562ced9a78cc378 P 746094939048421d88aa4e4b1b2b018b [term 0 FOLLOWER]: Leader pre-election lost for term 1. Reason: could not achieve majority
I20260710 11:04:12.680580 12640 ts_tablet_manager.cc:1434] T 692c7c6668214805baf026a090cd5a8b P 64dfc324f788422cbb7fabefc12aa03b: Time spent starting tablet: real 0.026s	user 0.007s	sys 0.003s
I20260710 11:04:12.681694 12640 tablet_bootstrap.cc:492] T 16a8ab3f69c34c858562ced9a78cc378 P 64dfc324f788422cbb7fabefc12aa03b: Bootstrap starting.
I20260710 11:04:12.681998 12638 raft_consensus.cc:359] T 2338b7061329481bb08eb720122c87ca P 55f9ce3ced3f45cfa55fa14785a3a872 [term 0 FOLLOWER]: Replica starting. Triggering 0 pending ops. Active config: opid_index: -1 OBSOLETE_local: false peers { permanent_uuid: "55f9ce3ced3f45cfa55fa14785a3a872" member_type: VOTER last_known_addr { host: "127.11.136.1" port: 34223 } } peers { permanent_uuid: "64dfc324f788422cbb7fabefc12aa03b" member_type: VOTER last_known_addr { host: "127.11.136.2" port: 36059 } } peers { permanent_uuid: "746094939048421d88aa4e4b1b2b018b" member_type: VOTER last_known_addr { host: "127.11.136.3" port: 39967 } }
I20260710 11:04:12.682739 12638 raft_consensus.cc:385] T 2338b7061329481bb08eb720122c87ca P 55f9ce3ced3f45cfa55fa14785a3a872 [term 0 FOLLOWER]: Consensus starting up: Expiring failure detector timer to make a prompt election more likely
