I20260710 11:04:15.582094 22728 consensus_queue.cc:1048] T ac4c0a023511496eb3bc448b23030088 P 80fbe27f5889439c8c812c4ebaacb75c [LEADER]: Connected to new peer: Peer: permanent_uuid: "f048759093df4054bca7cfc93e76bae6" member_type: VOTER last_known_addr { host: "127.21.77.193" port: 41507 }, Status: LMP_MISMATCH, Last received: 0.0, Next index: 3, Last known committed idx: 2, Time since last communication: 0.000s
I20260710 11:04:15.585538 22436 raft_consensus.cc:1275] T 60b78ed229dd40178f6661d521ef08f6 P f048759093df4054bca7cfc93e76bae6 [term 3 FOLLOWER]: Refusing update from remote peer 80fbe27f5889439c8c812c4ebaacb75c: Log matching property violated. Preceding OpId in replica: term: 2 index: 2. Preceding OpId from leader: term: 3 index: 3. (index mismatch)
I20260710 11:04:15.589758 22723 consensus_queue.cc:1048] T 60b78ed229dd40178f6661d521ef08f6 P 80fbe27f5889439c8c812c4ebaacb75c [LEADER]: Connected to new peer: Peer: permanent_uuid: "f048759093df4054bca7cfc93e76bae6" member_type: VOTER last_known_addr { host: "127.21.77.193" port: 41507 }, Status: LMP_MISMATCH, Last received: 0.0, Next index: 3, Last known committed idx: 2, Time since last communication: 0.000s
I20260710 11:04:15.622288 22510 raft_consensus.cc:1275] T 60b78ed229dd40178f6661d521ef08f6 P c110e2d286184badbc3c430d42f7f340 [term 3 FOLLOWER]: Refusing update from remote peer 80fbe27f5889439c8c812c4ebaacb75c: Log matching property violated. Preceding OpId in replica: term: 2 index: 2. Preceding OpId from leader: term: 3 index: 3. (index mismatch)
I20260710 11:04:15.628712 22743 consensus_queue.cc:1048] T 60b78ed229dd40178f6661d521ef08f6 P 80fbe27f5889439c8c812c4ebaacb75c [LEADER]: Connected to new peer: Peer: permanent_uuid: "c110e2d286184badbc3c430d42f7f340" member_type: VOTER last_known_addr { host: "127.21.77.194" port: 44075 }, Status: LMP_MISMATCH, Last received: 0.0, Next index: 3, Last known committed idx: 2, Time since last communication: 0.001s
I20260710 11:04:15.757525 21815 auto_leader_rebalancer.cc:141] leader rebalance for table test-workload
I20260710 11:04:15.774263 22584 tablet_service.cc:2072] Received LeaderStepDown RPC: tablet_id: "ac4c0a023511496eb3bc448b23030088"
dest_uuid: "80fbe27f5889439c8c812c4ebaacb75c"
mode: GRACEFUL
new_leader_uuid: "f048759093df4054bca7cfc93e76bae6"
 from {username='slave'} at 127.0.0.1:46656
I20260710 11:04:15.774856 22584 raft_consensus.cc:606] T ac4c0a023511496eb3bc448b23030088 P 80fbe27f5889439c8c812c4ebaacb75c [term 3 LEADER]: Received request to transfer leadership to TS f048759093df4054bca7cfc93e76bae6
I20260710 11:04:15.780159 22584 tablet_service.cc:2072] Received LeaderStepDown RPC: tablet_id: "60b78ed229dd40178f6661d521ef08f6"
dest_uuid: "80fbe27f5889439c8c812c4ebaacb75c"
mode: GRACEFUL
new_leader_uuid: "f048759093df4054bca7cfc93e76bae6"
 from {username='slave'} at 127.0.0.1:46656
I20260710 11:04:15.780783 22584 raft_consensus.cc:606] T 60b78ed229dd40178f6661d521ef08f6 P 80fbe27f5889439c8c812c4ebaacb75c [term 3 LEADER]: Received request to transfer leadership to TS f048759093df4054bca7cfc93e76bae6
I20260710 11:04:15.796046 22510 tablet_service.cc:2072] Received LeaderStepDown RPC: tablet_id: "58c091e04f27468fb9cb24dcb9094ade"
dest_uuid: "c110e2d286184badbc3c430d42f7f340"
mode: GRACEFUL
new_leader_uuid: "f048759093df4054bca7cfc93e76bae6"
 from {username='slave'} at 127.0.0.1:45790
I20260710 11:04:15.796591 22510 raft_consensus.cc:606] T 58c091e04f27468fb9cb24dcb9094ade P c110e2d286184badbc3c430d42f7f340 [term 2 LEADER]: Received request to transfer leadership to TS f048759093df4054bca7cfc93e76bae6
I20260710 11:04:15.802541 22510 tablet_service.cc:2072] Received LeaderStepDown RPC: tablet_id: "46f631d6d8f841bcb860692a8ae4e2d4"
dest_uuid: "c110e2d286184badbc3c430d42f7f340"
mode: GRACEFUL
new_leader_uuid: "f048759093df4054bca7cfc93e76bae6"
 from {username='slave'} at 127.0.0.1:45790
I20260710 11:04:15.803108 22510 raft_consensus.cc:606] T 46f631d6d8f841bcb860692a8ae4e2d4 P c110e2d286184badbc3c430d42f7f340 [term 1 LEADER]: Received request to transfer leadership to TS f048759093df4054bca7cfc93e76bae6
I20260710 11:04:15.809041 22510 tablet_service.cc:2072] Received LeaderStepDown RPC: tablet_id: "8a7edbfe32dc4732af001cf3ca0458fd"
dest_uuid: "c110e2d286184badbc3c430d42f7f340"
mode: GRACEFUL
new_leader_uuid: "f048759093df4054bca7cfc93e76bae6"
 from {username='slave'} at 127.0.0.1:45790
I20260710 11:04:15.809718 22510 raft_consensus.cc:606] T 8a7edbfe32dc4732af001cf3ca0458fd P c110e2d286184badbc3c430d42f7f340 [term 1 LEADER]: Received request to transfer leadership to TS f048759093df4054bca7cfc93e76bae6
I20260710 11:04:15.821010 22659 raft_consensus.cc:993] T 46f631d6d8f841bcb860692a8ae4e2d4 P c110e2d286184badbc3c430d42f7f340: : Instructing follower f048759093df4054bca7cfc93e76bae6 to start an election
I20260710 11:04:15.821599 22735 raft_consensus.cc:1081] T 46f631d6d8f841bcb860692a8ae4e2d4 P c110e2d286184badbc3c430d42f7f340 [term 1 LEADER]: Signalling peer f048759093df4054bca7cfc93e76bae6 to start an election
I20260710 11:04:15.823208 22434 tablet_service.cc:2044] Received Run Leader Election RPC: tablet_id: "46f631d6d8f841bcb860692a8ae4e2d4"
dest_uuid: "f048759093df4054bca7cfc93e76bae6"
 from {username='slave'} at 127.0.0.1:52604
I20260710 11:04:15.823714 22434 raft_consensus.cc:493] T 46f631d6d8f841bcb860692a8ae4e2d4 P f048759093df4054bca7cfc93e76bae6 [term 1 FOLLOWER]: Starting forced leader election (received explicit request)
I20260710 11:04:15.824147 22434 raft_consensus.cc:3060] T 46f631d6d8f841bcb860692a8ae4e2d4 P f048759093df4054bca7cfc93e76bae6 [term 1 FOLLOWER]: Advancing to term 2
I20260710 11:04:15.829052 22434 raft_consensus.cc:515] T 46f631d6d8f841bcb860692a8ae4e2d4 P f048759093df4054bca7cfc93e76bae6 [term 2 FOLLOWER]: Starting forced leader election with config: opid_index: -1 OBSOLETE_local: false peers { permanent_uuid: "f048759093df4054bca7cfc93e76bae6" member_type: VOTER last_known_addr { host: "127.21.77.193" port: 41507 } } peers { permanent_uuid: "c110e2d286184badbc3c430d42f7f340" member_type: VOTER last_known_addr { host: "127.21.77.194" port: 44075 } } peers { permanent_uuid: "80fbe27f5889439c8c812c4ebaacb75c" member_type: VOTER last_known_addr { host: "127.21.77.195" port: 45871 } }
I20260710 11:04:15.830876 22434 leader_election.cc:290] T 46f631d6d8f841bcb860692a8ae4e2d4 P f048759093df4054bca7cfc93e76bae6 [CANDIDATE]: Term 2 election: Requested vote from peers c110e2d286184badbc3c430d42f7f340 (127.21.77.194:44075), 80fbe27f5889439c8c812c4ebaacb75c (127.21.77.195:45871)
I20260710 11:04:15.831653 22510 tablet_service.cc:1917] Received RequestConsensusVote() RPC: tablet_id: "46f631d6d8f841bcb860692a8ae4e2d4" candidate_uuid: "f048759093df4054bca7cfc93e76bae6" candidate_term: 2 candidate_status { last_received { term: 1 index: 1 } } ignore_live_leader: true dest_uuid: "c110e2d286184badbc3c430d42f7f340"
I20260710 11:04:15.832042 22584 tablet_service.cc:1917] Received RequestConsensusVote() RPC: tablet_id: "46f631d6d8f841bcb860692a8ae4e2d4" candidate_uuid: "f048759093df4054bca7cfc93e76bae6" candidate_term: 2 candidate_status { last_received { term: 1 index: 1 } } ignore_live_leader: true dest_uuid: "80fbe27f5889439c8c812c4ebaacb75c"
I20260710 11:04:15.832273 22510 raft_consensus.cc:3055] T 46f631d6d8f841bcb860692a8ae4e2d4 P c110e2d286184badbc3c430d42f7f340 [term 1 LEADER]: Stepping down as leader of term 1
I20260710 11:04:15.832619 22510 raft_consensus.cc:740] T 46f631d6d8f841bcb860692a8ae4e2d4 P c110e2d286184badbc3c430d42f7f340 [term 1 LEADER]: Becoming Follower/Learner. State: Replica: c110e2d286184badbc3c430d42f7f340, State: Running, Role: LEADER
I20260710 11:04:15.832635 22584 raft_consensus.cc:3060] T 46f631d6d8f841bcb860692a8ae4e2d4 P 80fbe27f5889439c8c812c4ebaacb75c [term 1 FOLLOWER]: Advancing to term 2
I20260710 11:04:15.833431 22510 consensus_queue.cc:260] T 46f631d6d8f841bcb860692a8ae4e2d4 P c110e2d286184badbc3c430d42f7f340 [NON_LEADER]: Queue going to NON_LEADER mode. State: All replicated index: 0, Majority replicated index: 1, Committed index: 1, Last appended: 1.1, Last appended by leader: 1, Current term: 1, Majority size: -1, State: 0, Mode: NON_LEADER, active raft config: opid_index: -1 OBSOLETE_local: false peers { permanent_uuid: "f048759093df4054bca7cfc93e76bae6" member_type: VOTER last_known_addr { host: "127.21.77.193" port: 41507 } } peers { permanent_uuid: "c110e2d286184badbc3c430d42f7f340" member_type: VOTER last_known_addr { host: "127.21.77.194" port: 44075 } } peers { permanent_uuid: "80fbe27f5889439c8c812c4ebaacb75c" member_type: VOTER last_known_addr { host: "127.21.77.195" port: 45871 } }
I20260710 11:04:15.834349 22510 raft_consensus.cc:3060] T 46f631d6d8f841bcb860692a8ae4e2d4 P c110e2d286184badbc3c430d42f7f340 [term 1 FOLLOWER]: Advancing to term 2
I20260710 11:04:15.837461 22584 raft_consensus.cc:2468] T 46f631d6d8f841bcb860692a8ae4e2d4 P 80fbe27f5889439c8c812c4ebaacb75c [term 2 FOLLOWER]: Leader election vote request: Granting yes vote for candidate f048759093df4054bca7cfc93e76bae6 in term 2.
I20260710 11:04:15.838631 22402 leader_election.cc:304] T 46f631d6d8f841bcb860692a8ae4e2d4 P f048759093df4054bca7cfc93e76bae6 [CANDIDATE]: Term 2 election: Election decided. Result: candidate won. Election summary: received 2 responses out of 3 voters: 2 yes votes; 0 no votes. yes voters: 80fbe27f5889439c8c812c4ebaacb75c, f048759093df4054bca7cfc93e76bae6; no voters: 
I20260710 11:04:15.839056 22510 raft_consensus.cc:2468] T 46f631d6d8f841bcb860692a8ae4e2d4 P c110e2d286184badbc3c430d42f7f340 [term 2 FOLLOWER]: Leader election vote request: Granting yes vote for candidate f048759093df4054bca7cfc93e76bae6 in term 2.
I20260710 11:04:15.839368 22716 raft_consensus.cc:2804] T 46f631d6d8f841bcb860692a8ae4e2d4 P f048759093df4054bca7cfc93e76bae6 [term 2 FOLLOWER]: Leader election won for term 2
I20260710 11:04:15.840411 22716 raft_consensus.cc:697] T 46f631d6d8f841bcb860692a8ae4e2d4 P f048759093df4054bca7cfc93e76bae6 [term 2 LEADER]: Becoming Leader. State: Replica: f048759093df4054bca7cfc93e76bae6, State: Running, Role: LEADER
I20260710 11:04:15.841485 22716 consensus_queue.cc:237] T 46f631d6d8f841bcb860692a8ae4e2d4 P f048759093df4054bca7cfc93e76bae6 [LEADER]: Queue going to LEADER mode. State: All replicated index: 0, Majority replicated index: 1, Committed index: 1, Last appended: 1.1, Last appended by leader: 1, Current term: 2, Majority size: 2, State: 0, Mode: LEADER, active raft config: opid_index: -1 OBSOLETE_local: false peers { permanent_uuid: "f048759093df4054bca7cfc93e76bae6" member_type: VOTER last_known_addr { host: "127.21.77.193" port: 41507 } } peers { permanent_uuid: "c110e2d286184badbc3c430d42f7f340" member_type: VOTER last_known_addr { host: "127.21.77.194" port: 44075 } } peers { permanent_uuid: "80fbe27f5889439c8c812c4ebaacb75c" member_type: VOTER last_known_addr { host: "127.21.77.195" port: 45871 } }
I20260710 11:04:15.849164 22333 catalog_manager.cc:5697] T 46f631d6d8f841bcb860692a8ae4e2d4 P f048759093df4054bca7cfc93e76bae6 reported cstate change: term changed from 1 to 2, leader changed from c110e2d286184badbc3c430d42f7f340 (127.21.77.194) to f048759093df4054bca7cfc93e76bae6 (127.21.77.193). New cstate: current_term: 2 leader_uuid: "f048759093df4054bca7cfc93e76bae6" committed_config { opid_index: -1 OBSOLETE_local: false peers { permanent_uuid: "f048759093df4054bca7cfc93e76bae6" member_type: VOTER last_known_addr { host: "127.21.77.193" port: 41507 } health_report { overall_health: HEALTHY } } peers { permanent_uuid: "c110e2d286184badbc3c430d42f7f340" member_type: VOTER last_known_addr { host: "127.21.77.194" port: 44075 } health_report { overall_health: UNKNOWN } } peers { permanent_uuid: "80fbe27f5889439c8c812c4ebaacb75c" member_type: VOTER last_known_addr { host: "127.21.77.195" port: 45871 } health_report { overall_health: UNKNOWN } } }
I20260710 11:04:15.991031 22743 raft_consensus.cc:993] T ac4c0a023511496eb3bc448b23030088 P 80fbe27f5889439c8c812c4ebaacb75c: : Instructing follower f048759093df4054bca7cfc93e76bae6 to start an election
I20260710 11:04:15.991588 22728 raft_consensus.cc:1081] T ac4c0a023511496eb3bc448b23030088 P 80fbe27f5889439c8c812c4ebaacb75c [term 3 LEADER]: Signalling peer f048759093df4054bca7cfc93e76bae6 to start an election
I20260710 11:04:15.993228 22434 tablet_service.cc:2044] Received Run Leader Election RPC: tablet_id: "ac4c0a023511496eb3bc448b23030088"
dest_uuid: "f048759093df4054bca7cfc93e76bae6"
 from {username='slave'} at 127.0.0.1:52588
I20260710 11:04:15.993691 22434 raft_consensus.cc:493] T ac4c0a023511496eb3bc448b23030088 P f048759093df4054bca7cfc93e76bae6 [term 3 FOLLOWER]: Starting forced leader election (received explicit request)
I20260710 11:04:15.993994 22434 raft_consensus.cc:3060] T ac4c0a023511496eb3bc448b23030088 P f048759093df4054bca7cfc93e76bae6 [term 3 FOLLOWER]: Advancing to term 4
I20260710 11:04:15.998581 22434 raft_consensus.cc:515] T ac4c0a023511496eb3bc448b23030088 P f048759093df4054bca7cfc93e76bae6 [term 4 FOLLOWER]: Starting forced leader election with config: opid_index: -1 OBSOLETE_local: false peers { permanent_uuid: "f048759093df4054bca7cfc93e76bae6" member_type: VOTER last_known_addr { host: "127.21.77.193" port: 41507 } } peers { permanent_uuid: "c110e2d286184badbc3c430d42f7f340" member_type: VOTER last_known_addr { host: "127.21.77.194" port: 44075 } } peers { permanent_uuid: "80fbe27f5889439c8c812c4ebaacb75c" member_type: VOTER last_known_addr { host: "127.21.77.195" port: 45871 } }
I20260710 11:04:16.000677 22434 leader_election.cc:290] T ac4c0a023511496eb3bc448b23030088 P f048759093df4054bca7cfc93e76bae6 [CANDIDATE]: Term 4 election: Requested vote from peers c110e2d286184badbc3c430d42f7f340 (127.21.77.194:44075), 80fbe27f5889439c8c812c4ebaacb75c (127.21.77.195:45871)
I20260710 11:04:16.001263 22584 tablet_service.cc:1917] Received RequestConsensusVote() RPC: tablet_id: "ac4c0a023511496eb3bc448b23030088" candidate_uuid: "f048759093df4054bca7cfc93e76bae6" candidate_term: 4 candidate_status { last_received { term: 3 index: 3 } } ignore_live_leader: true dest_uuid: "80fbe27f5889439c8c812c4ebaacb75c"
I20260710 11:04:16.001176 22510 tablet_service.cc:1917] Received RequestConsensusVote() RPC: tablet_id: "ac4c0a023511496eb3bc448b23030088" candidate_uuid: "f048759093df4054bca7cfc93e76bae6" candidate_term: 4 candidate_status { last_received { term: 3 index: 3 } } ignore_live_leader: true dest_uuid: "c110e2d286184badbc3c430d42f7f340"
I20260710 11:04:16.001893 22584 raft_consensus.cc:3055] T ac4c0a023511496eb3bc448b23030088 P 80fbe27f5889439c8c812c4ebaacb75c [term 3 LEADER]: Stepping down as leader of term 3
I20260710 11:04:16.002151 22584 raft_consensus.cc:740] T ac4c0a023511496eb3bc448b23030088 P 80fbe27f5889439c8c812c4ebaacb75c [term 3 LEADER]: Becoming Follower/Learner. State: Replica: 80fbe27f5889439c8c812c4ebaacb75c, State: Running, Role: LEADER
I20260710 11:04:16.002059 22510 raft_consensus.cc:3060] T ac4c0a023511496eb3bc448b23030088 P c110e2d286184badbc3c430d42f7f340 [term 3 FOLLOWER]: Advancing to term 4
I20260710 11:04:16.002861 22584 consensus_queue.cc:260] T ac4c0a023511496eb3bc448b23030088 P 80fbe27f5889439c8c812c4ebaacb75c [NON_LEADER]: Queue going to NON_LEADER mode. State: All replicated index: 0, Majority replicated index: 3, Committed index: 3, Last appended: 3.3, Last appended by leader: 3, Current term: 3, Majority size: -1, State: 0, Mode: NON_LEADER, active raft config: opid_index: -1 OBSOLETE_local: false peers { permanent_uuid: "f048759093df4054bca7cfc93e76bae6" member_type: VOTER last_known_addr { host: "127.21.77.193" port: 41507 } } peers { permanent_uuid: "c110e2d286184badbc3c430d42f7f340" member_type: VOTER last_known_addr { host: "127.21.77.194" port: 44075 } } peers { permanent_uuid: "80fbe27f5889439c8c812c4ebaacb75c" member_type: VOTER last_known_addr { host: "127.21.77.195" port: 45871 } }
I20260710 11:04:16.003680 22584 raft_consensus.cc:3060] T ac4c0a023511496eb3bc448b23030088 P 80fbe27f5889439c8c812c4ebaacb75c [term 3 FOLLOWER]: Advancing to term 4
I20260710 11:04:16.007640 22584 raft_consensus.cc:2468] T ac4c0a023511496eb3bc448b23030088 P 80fbe27f5889439c8c812c4ebaacb75c [term 4 FOLLOWER]: Leader election vote request: Granting yes vote for candidate f048759093df4054bca7cfc93e76bae6 in term 4.
I20260710 11:04:16.008620 22402 leader_election.cc:304] T ac4c0a023511496eb3bc448b23030088 P f048759093df4054bca7cfc93e76bae6 [CANDIDATE]: Term 4 election: Election decided. Result: candidate won. Election summary: received 2 responses out of 3 voters: 2 yes votes; 0 no votes. yes voters: 80fbe27f5889439c8c812c4ebaacb75c, f048759093df4054bca7cfc93e76bae6; no voters: 
I20260710 11:04:16.009394 22716 raft_consensus.cc:2804] T ac4c0a023511496eb3bc448b23030088 P f048759093df4054bca7cfc93e76bae6 [term 4 FOLLOWER]: Leader election won for term 4
I20260710 11:04:16.009786 22716 raft_consensus.cc:697] T ac4c0a023511496eb3bc448b23030088 P f048759093df4054bca7cfc93e76bae6 [term 4 LEADER]: Becoming Leader. State: Replica: f048759093df4054bca7cfc93e76bae6, State: Running, Role: LEADER
I20260710 11:04:16.009790 22510 raft_consensus.cc:2468] T ac4c0a023511496eb3bc448b23030088 P c110e2d286184badbc3c430d42f7f340 [term 4 FOLLOWER]: Leader election vote request: Granting yes vote for candidate f048759093df4054bca7cfc93e76bae6 in term 4.
I20260710 11:04:16.012776 22716 consensus_queue.cc:237] T ac4c0a023511496eb3bc448b23030088 P f048759093df4054bca7cfc93e76bae6 [LEADER]: Queue going to LEADER mode. State: All replicated index: 0, Majority replicated index: 3, Committed index: 3, Last appended: 3.3, Last appended by leader: 3, Current term: 4, Majority size: 2, State: 0, Mode: LEADER, active raft config: opid_index: -1 OBSOLETE_local: false peers { permanent_uuid: "f048759093df4054bca7cfc93e76bae6" member_type: VOTER last_known_addr { host: "127.21.77.193" port: 41507 } } peers { permanent_uuid: "c110e2d286184badbc3c430d42f7f340" member_type: VOTER last_known_addr { host: "127.21.77.194" port: 44075 } } peers { permanent_uuid: "80fbe27f5889439c8c812c4ebaacb75c" member_type: VOTER last_known_addr { host: "127.21.77.195" port: 45871 } }
I20260710 11:04:16.018966 22333 catalog_manager.cc:5697] T ac4c0a023511496eb3bc448b23030088 P f048759093df4054bca7cfc93e76bae6 reported cstate change: term changed from 3 to 4, leader changed from 80fbe27f5889439c8c812c4ebaacb75c (127.21.77.195) to f048759093df4054bca7cfc93e76bae6 (127.21.77.193). New cstate: current_term: 4 leader_uuid: "f048759093df4054bca7cfc93e76bae6" committed_config { opid_index: -1 OBSOLETE_local: false peers { permanent_uuid: "f048759093df4054bca7cfc93e76bae6" member_type: VOTER last_known_addr { host: "127.21.77.193" port: 41507 } health_report { overall_health: HEALTHY } } peers { permanent_uuid: "c110e2d286184badbc3c430d42f7f340" member_type: VOTER last_known_addr { host: "127.21.77.194" port: 44075 } health_report { overall_health: UNKNOWN } } peers { permanent_uuid: "80fbe27f5889439c8c812c4ebaacb75c" member_type: VOTER last_known_addr { host: "127.21.77.195" port: 45871 } health_report { overall_health: UNKNOWN } } }
I20260710 11:04:16.220160 22659 raft_consensus.cc:993] T 8a7edbfe32dc4732af001cf3ca0458fd P c110e2d286184badbc3c430d42f7f340: : Instructing follower f048759093df4054bca7cfc93e76bae6 to start an election
I20260710 11:04:16.220642 22735 raft_consensus.cc:1081] T 8a7edbfe32dc4732af001cf3ca0458fd P c110e2d286184badbc3c430d42f7f340 [term 1 LEADER]: Signalling peer f048759093df4054bca7cfc93e76bae6 to start an election
I20260710 11:04:16.222159 22434 tablet_service.cc:2044] Received Run Leader Election RPC: tablet_id: "8a7edbfe32dc4732af001cf3ca0458fd"
dest_uuid: "f048759093df4054bca7cfc93e76bae6"
 from {username='slave'} at 127.0.0.1:52604
I20260710 11:04:16.222954 22434 raft_consensus.cc:493] T 8a7edbfe32dc4732af001cf3ca0458fd P f048759093df4054bca7cfc93e76bae6 [term 1 FOLLOWER]: Starting forced leader election (received explicit request)
I20260710 11:04:16.223366 22434 raft_consensus.cc:3060] T 8a7edbfe32dc4732af001cf3ca0458fd P f048759093df4054bca7cfc93e76bae6 [term 1 FOLLOWER]: Advancing to term 2
I20260710 11:04:16.226975 22659 raft_consensus.cc:993] T 58c091e04f27468fb9cb24dcb9094ade P c110e2d286184badbc3c430d42f7f340: : Instructing follower f048759093df4054bca7cfc93e76bae6 to start an election
I20260710 11:04:16.227597 22659 raft_consensus.cc:1081] T 58c091e04f27468fb9cb24dcb9094ade P c110e2d286184badbc3c430d42f7f340 [term 2 LEADER]: Signalling peer f048759093df4054bca7cfc93e76bae6 to start an election
I20260710 11:04:16.229755 22435 tablet_service.cc:2044] Received Run Leader Election RPC: tablet_id: "58c091e04f27468fb9cb24dcb9094ade"
dest_uuid: "f048759093df4054bca7cfc93e76bae6"
 from {username='slave'} at 127.0.0.1:52604
I20260710 11:04:16.230424 22435 raft_consensus.cc:493] T 58c091e04f27468fb9cb24dcb9094ade P f048759093df4054bca7cfc93e76bae6 [term 2 FOLLOWER]: Starting forced leader election (received explicit request)
I20260710 11:04:16.230822 22435 raft_consensus.cc:3060] T 58c091e04f27468fb9cb24dcb9094ade P f048759093df4054bca7cfc93e76bae6 [term 2 FOLLOWER]: Advancing to term 3
I20260710 11:04:16.231698 22743 raft_consensus.cc:993] T 60b78ed229dd40178f6661d521ef08f6 P 80fbe27f5889439c8c812c4ebaacb75c: : Instructing follower f048759093df4054bca7cfc93e76bae6 to start an election
I20260710 11:04:16.231458 22434 raft_consensus.cc:515] T 8a7edbfe32dc4732af001cf3ca0458fd P f048759093df4054bca7cfc93e76bae6 [term 2 FOLLOWER]: Starting forced leader election with config: opid_index: -1 OBSOLETE_local: false peers { permanent_uuid: "f048759093df4054bca7cfc93e76bae6" member_type: VOTER last_known_addr { host: "127.21.77.193" port: 41507 } } peers { permanent_uuid: "c110e2d286184badbc3c430d42f7f340" member_type: VOTER last_known_addr { host: "127.21.77.194" port: 44075 } } peers { permanent_uuid: "80fbe27f5889439c8c812c4ebaacb75c" member_type: VOTER last_known_addr { host: "127.21.77.195" port: 45871 } }
I20260710 11:04:16.232270 22728 raft_consensus.cc:1081] T 60b78ed229dd40178f6661d521ef08f6 P 80fbe27f5889439c8c812c4ebaacb75c [term 3 LEADER]: Signalling peer f048759093df4054bca7cfc93e76bae6 to start an election
I20260710 11:04:16.234139 22434 leader_election.cc:290] T 8a7edbfe32dc4732af001cf3ca0458fd P f048759093df4054bca7cfc93e76bae6 [CANDIDATE]: Term 2 election: Requested vote from peers c110e2d286184badbc3c430d42f7f340 (127.21.77.194:44075), 80fbe27f5889439c8c812c4ebaacb75c (127.21.77.195:45871)
I20260710 11:04:16.234189 22436 tablet_service.cc:2044] Received Run Leader Election RPC: tablet_id: "60b78ed229dd40178f6661d521ef08f6"
dest_uuid: "f048759093df4054bca7cfc93e76bae6"
 from {username='slave'} at 127.0.0.1:52588
I20260710 11:04:16.234382 22511 tablet_service.cc:1917] Received RequestConsensusVote() RPC: tablet_id: "8a7edbfe32dc4732af001cf3ca0458fd" candidate_uuid: "f048759093df4054bca7cfc93e76bae6" candidate_term: 2 candidate_status { last_received { term: 1 index: 1 } } ignore_live_leader: true dest_uuid: "c110e2d286184badbc3c430d42f7f340"
I20260710 11:04:16.234843 22436 raft_consensus.cc:493] T 60b78ed229dd40178f6661d521ef08f6 P f048759093df4054bca7cfc93e76bae6 [term 3 FOLLOWER]: Starting forced leader election (received explicit request)
I20260710 11:04:16.234939 22511 raft_consensus.cc:3055] T 8a7edbfe32dc4732af001cf3ca0458fd P c110e2d286184badbc3c430d42f7f340 [term 1 LEADER]: Stepping down as leader of term 1
I20260710 11:04:16.235226 22436 raft_consensus.cc:3060] T 60b78ed229dd40178f6661d521ef08f6 P f048759093df4054bca7cfc93e76bae6 [term 3 FOLLOWER]: Advancing to term 4
I20260710 11:04:16.235260 22511 raft_consensus.cc:740] T 8a7edbfe32dc4732af001cf3ca0458fd P c110e2d286184badbc3c430d42f7f340 [term 1 LEADER]: Becoming Follower/Learner. State: Replica: c110e2d286184badbc3c430d42f7f340, State: Running, Role: LEADER
I20260710 11:04:16.236155 22511 consensus_queue.cc:260] T 8a7edbfe32dc4732af001cf3ca0458fd P c110e2d286184badbc3c430d42f7f340 [NON_LEADER]: Queue going to NON_LEADER mode. State: All replicated index: 0, Majority replicated index: 1, Committed index: 1, Last appended: 1.1, Last appended by leader: 1, Current term: 1, Majority size: -1, State: 0, Mode: NON_LEADER, active raft config: opid_index: -1 OBSOLETE_local: false peers { permanent_uuid: "f048759093df4054bca7cfc93e76bae6" member_type: VOTER last_known_addr { host: "127.21.77.193" port: 41507 } } peers { permanent_uuid: "c110e2d286184badbc3c430d42f7f340" member_type: VOTER last_known_addr { host: "127.21.77.194" port: 44075 } } peers { permanent_uuid: "80fbe27f5889439c8c812c4ebaacb75c" member_type: VOTER last_known_addr { host: "127.21.77.195" port: 45871 } }
I20260710 11:04:16.237383 22511 raft_consensus.cc:3060] T 8a7edbfe32dc4732af001cf3ca0458fd P c110e2d286184badbc3c430d42f7f340 [term 1 FOLLOWER]: Advancing to term 2
I20260710 11:04:16.238233 22435 raft_consensus.cc:515] T 58c091e04f27468fb9cb24dcb9094ade P f048759093df4054bca7cfc93e76bae6 [term 3 FOLLOWER]: Starting forced leader election with config: opid_index: -1 OBSOLETE_local: false peers { permanent_uuid: "f048759093df4054bca7cfc93e76bae6" member_type: VOTER last_known_addr { host: "127.21.77.193" port: 41507 } } peers { permanent_uuid: "c110e2d286184badbc3c430d42f7f340" member_type: VOTER last_known_addr { host: "127.21.77.194" port: 44075 } } peers { permanent_uuid: "80fbe27f5889439c8c812c4ebaacb75c" member_type: VOTER last_known_addr { host: "127.21.77.195" port: 45871 } }
I20260710 11:04:16.240924 22435 leader_election.cc:290] T 58c091e04f27468fb9cb24dcb9094ade P f048759093df4054bca7cfc93e76bae6 [CANDIDATE]: Term 3 election: Requested vote from peers c110e2d286184badbc3c430d42f7f340 (127.21.77.194:44075), 80fbe27f5889439c8c812c4ebaacb75c (127.21.77.195:45871)
I20260710 11:04:16.240850 22583 tablet_service.cc:1917] Received RequestConsensusVote() RPC: tablet_id: "58c091e04f27468fb9cb24dcb9094ade" candidate_uuid: "f048759093df4054bca7cfc93e76bae6" candidate_term: 3 candidate_status { last_received { term: 2 index: 2 } } ignore_live_leader: true dest_uuid: "80fbe27f5889439c8c812c4ebaacb75c"
I20260710 11:04:16.241519 22584 tablet_service.cc:1917] Received RequestConsensusVote() RPC: tablet_id: "8a7edbfe32dc4732af001cf3ca0458fd" candidate_uuid: "f048759093df4054bca7cfc93e76bae6" candidate_term: 2 candidate_status { last_received { term: 1 index: 1 } } ignore_live_leader: true dest_uuid: "80fbe27f5889439c8c812c4ebaacb75c"
I20260710 11:04:16.241600 22583 raft_consensus.cc:3060] T 58c091e04f27468fb9cb24dcb9094ade P 80fbe27f5889439c8c812c4ebaacb75c [term 2 FOLLOWER]: Advancing to term 3
I20260710 11:04:16.242122 22584 raft_consensus.cc:3060] T 8a7edbfe32dc4732af001cf3ca0458fd P 80fbe27f5889439c8c812c4ebaacb75c [term 1 FOLLOWER]: Advancing to term 2
I20260710 11:04:16.240828 22510 tablet_service.cc:1917] Received RequestConsensusVote() RPC: tablet_id: "58c091e04f27468fb9cb24dcb9094ade" candidate_uuid: "f048759093df4054bca7cfc93e76bae6" candidate_term: 3 candidate_status { last_received { term: 2 index: 2 } } ignore_live_leader: true dest_uuid: "c110e2d286184badbc3c430d42f7f340"
I20260710 11:04:16.242892 22510 raft_consensus.cc:3055] T 58c091e04f27468fb9cb24dcb9094ade P c110e2d286184badbc3c430d42f7f340 [term 2 LEADER]: Stepping down as leader of term 2
I20260710 11:04:16.243201 22510 raft_consensus.cc:740] T 58c091e04f27468fb9cb24dcb9094ade P c110e2d286184badbc3c430d42f7f340 [term 2 LEADER]: Becoming Follower/Learner. State: Replica: c110e2d286184badbc3c430d42f7f340, State: Running, Role: LEADER
I20260710 11:04:16.244060 22511 raft_consensus.cc:2468] T 8a7edbfe32dc4732af001cf3ca0458fd P c110e2d286184badbc3c430d42f7f340 [term 2 FOLLOWER]: Leader election vote request: Granting yes vote for candidate f048759093df4054bca7cfc93e76bae6 in term 2.
I20260710 11:04:16.243991 22510 consensus_queue.cc:260] T 58c091e04f27468fb9cb24dcb9094ade P c110e2d286184badbc3c430d42f7f340 [NON_LEADER]: Queue going to NON_LEADER mode. State: All replicated index: 0, Majority replicated index: 2, Committed index: 2, Last appended: 2.2, Last appended by leader: 2, Current term: 2, Majority size: -1, State: 0, Mode: NON_LEADER, active raft config: opid_index: -1 OBSOLETE_local: false peers { permanent_uuid: "f048759093df4054bca7cfc93e76bae6" member_type: VOTER last_known_addr { host: "127.21.77.193" port: 41507 } } peers { permanent_uuid: "c110e2d286184badbc3c430d42f7f340" member_type: VOTER last_known_addr { host: "127.21.77.194" port: 44075 } } peers { permanent_uuid: "80fbe27f5889439c8c812c4ebaacb75c" member_type: VOTER last_known_addr { host: "127.21.77.195" port: 45871 } }
I20260710 11:04:16.245298 22510 raft_consensus.cc:3060] T 58c091e04f27468fb9cb24dcb9094ade P c110e2d286184badbc3c430d42f7f340 [term 2 FOLLOWER]: Advancing to term 3
I20260710 11:04:16.245327 22401 leader_election.cc:304] T 8a7edbfe32dc4732af001cf3ca0458fd P f048759093df4054bca7cfc93e76bae6 [CANDIDATE]: Term 2 election: Election decided. Result: candidate won. Election summary: received 2 responses out of 3 voters: 2 yes votes; 0 no votes. yes voters: c110e2d286184badbc3c430d42f7f340, f048759093df4054bca7cfc93e76bae6; no voters: 
I20260710 11:04:16.246407 22716 raft_consensus.cc:2804] T 8a7edbfe32dc4732af001cf3ca0458fd P f048759093df4054bca7cfc93e76bae6 [term 2 FOLLOWER]: Leader election won for term 2
I20260710 11:04:16.246865 22716 raft_consensus.cc:697] T 8a7edbfe32dc4732af001cf3ca0458fd P f048759093df4054bca7cfc93e76bae6 [term 2 LEADER]: Becoming Leader. State: Replica: f048759093df4054bca7cfc93e76bae6, State: Running, Role: LEADER
I20260710 11:04:16.247677 22716 consensus_queue.cc:237] T 8a7edbfe32dc4732af001cf3ca0458fd P f048759093df4054bca7cfc93e76bae6 [LEADER]: Queue going to LEADER mode. State: All replicated index: 0, Majority replicated index: 1, Committed index: 1, Last appended: 1.1, Last appended by leader: 1, Current term: 2, Majority size: 2, State: 0, Mode: LEADER, active raft config: opid_index: -1 OBSOLETE_local: false peers { permanent_uuid: "f048759093df4054bca7cfc93e76bae6" member_type: VOTER last_known_addr { host: "127.21.77.193" port: 41507 } } peers { permanent_uuid: "c110e2d286184badbc3c430d42f7f340" member_type: VOTER last_known_addr { host: "127.21.77.194" port: 44075 } } peers { permanent_uuid: "80fbe27f5889439c8c812c4ebaacb75c" member_type: VOTER last_known_addr { host: "127.21.77.195" port: 45871 } }
I20260710 11:04:16.248183 22436 raft_consensus.cc:515] T 60b78ed229dd40178f6661d521ef08f6 P f048759093df4054bca7cfc93e76bae6 [term 4 FOLLOWER]: Starting forced leader election with config: opid_index: -1 OBSOLETE_local: false peers { permanent_uuid: "f048759093df4054bca7cfc93e76bae6" member_type: VOTER last_known_addr { host: "127.21.77.193" port: 41507 } } peers { permanent_uuid: "c110e2d286184badbc3c430d42f7f340" member_type: VOTER last_known_addr { host: "127.21.77.194" port: 44075 } } peers { permanent_uuid: "80fbe27f5889439c8c812c4ebaacb75c" member_type: VOTER last_known_addr { host: "127.21.77.195" port: 45871 } }
I20260710 11:04:16.249164 22583 raft_consensus.cc:2468] T 58c091e04f27468fb9cb24dcb9094ade P 80fbe27f5889439c8c812c4ebaacb75c [term 3 FOLLOWER]: Leader election vote request: Granting yes vote for candidate f048759093df4054bca7cfc93e76bae6 in term 3.
I20260710 11:04:16.250582 22402 leader_election.cc:304] T 58c091e04f27468fb9cb24dcb9094ade P f048759093df4054bca7cfc93e76bae6 [CANDIDATE]: Term 3 election: Election decided. Result: candidate won. Election summary: received 2 responses out of 3 voters: 2 yes votes; 0 no votes. yes voters: 80fbe27f5889439c8c812c4ebaacb75c, f048759093df4054bca7cfc93e76bae6; no voters: 
I20260710 11:04:16.251477 22747 raft_consensus.cc:2804] T 58c091e04f27468fb9cb24dcb9094ade P f048759093df4054bca7cfc93e76bae6 [term 3 FOLLOWER]: Leader election won for term 3
I20260710 11:04:16.252882 22510 raft_consensus.cc:2468] T 58c091e04f27468fb9cb24dcb9094ade P c110e2d286184badbc3c430d42f7f340 [term 3 FOLLOWER]: Leader election vote request: Granting yes vote for candidate f048759093df4054bca7cfc93e76bae6 in term 3.
I20260710 11:04:16.254379 22511 tablet_service.cc:1917] Received RequestConsensusVote() RPC: tablet_id: "60b78ed229dd40178f6661d521ef08f6" candidate_uuid: "f048759093df4054bca7cfc93e76bae6" candidate_term: 4 candidate_status { last_received { term: 3 index: 3 } } ignore_live_leader: true dest_uuid: "c110e2d286184badbc3c430d42f7f340"
I20260710 11:04:16.255244 22511 raft_consensus.cc:3060] T 60b78ed229dd40178f6661d521ef08f6 P c110e2d286184badbc3c430d42f7f340 [term 3 FOLLOWER]: Advancing to term 4
I20260710 11:04:16.255612 22585 tablet_service.cc:1917] Received RequestConsensusVote() RPC: tablet_id: "60b78ed229dd40178f6661d521ef08f6" candidate_uuid: "f048759093df4054bca7cfc93e76bae6" candidate_term: 4 candidate_status { last_received { term: 3 index: 3 } } ignore_live_leader: true dest_uuid: "80fbe27f5889439c8c812c4ebaacb75c"
I20260710 11:04:16.256219 22585 raft_consensus.cc:3055] T 60b78ed229dd40178f6661d521ef08f6 P 80fbe27f5889439c8c812c4ebaacb75c [term 3 LEADER]: Stepping down as leader of term 3
I20260710 11:04:16.256556 22585 raft_consensus.cc:740] T 60b78ed229dd40178f6661d521ef08f6 P 80fbe27f5889439c8c812c4ebaacb75c [term 3 LEADER]: Becoming Follower/Learner. State: Replica: 80fbe27f5889439c8c812c4ebaacb75c, State: Running, Role: LEADER
I20260710 11:04:16.257036 22747 raft_consensus.cc:697] T 58c091e04f27468fb9cb24dcb9094ade P f048759093df4054bca7cfc93e76bae6 [term 3 LEADER]: Becoming Leader. State: Replica: f048759093df4054bca7cfc93e76bae6, State: Running, Role: LEADER
I20260710 11:04:16.257462 22585 consensus_queue.cc:260] T 60b78ed229dd40178f6661d521ef08f6 P 80fbe27f5889439c8c812c4ebaacb75c [NON_LEADER]: Queue going to NON_LEADER mode. State: All replicated index: 0, Majority replicated index: 3, Committed index: 3, Last appended: 3.3, Last appended by leader: 3, Current term: 3, Majority size: -1, State: 0, Mode: NON_LEADER, active raft config: opid_index: -1 OBSOLETE_local: false peers { permanent_uuid: "f048759093df4054bca7cfc93e76bae6" member_type: VOTER last_known_addr { host: "127.21.77.193" port: 41507 } } peers { permanent_uuid: "c110e2d286184badbc3c430d42f7f340" member_type: VOTER last_known_addr { host: "127.21.77.194" port: 44075 } } peers { permanent_uuid: "80fbe27f5889439c8c812c4ebaacb75c" member_type: VOTER last_known_addr { host: "127.21.77.195" port: 45871 } }
I20260710 11:04:16.259122 22585 raft_consensus.cc:3060] T 60b78ed229dd40178f6661d521ef08f6 P 80fbe27f5889439c8c812c4ebaacb75c [term 3 FOLLOWER]: Advancing to term 4
I20260710 11:04:16.258206 22747 consensus_queue.cc:237] T 58c091e04f27468fb9cb24dcb9094ade P f048759093df4054bca7cfc93e76bae6 [LEADER]: Queue going to LEADER mode. State: All replicated index: 0, Majority replicated index: 2, Committed index: 2, Last appended: 2.2, Last appended by leader: 2, Current term: 3, Majority size: 2, State: 0, Mode: LEADER, active raft config: opid_index: -1 OBSOLETE_local: false peers { permanent_uuid: "f048759093df4054bca7cfc93e76bae6" member_type: VOTER last_known_addr { host: "127.21.77.193" port: 41507 } } peers { permanent_uuid: "c110e2d286184badbc3c430d42f7f340" member_type: VOTER last_known_addr { host: "127.21.77.194" port: 44075 } } peers { permanent_uuid: "80fbe27f5889439c8c812c4ebaacb75c" member_type: VOTER last_known_addr { host: "127.21.77.195" port: 45871 } }
I20260710 11:04:16.263599 22511 raft_consensus.cc:2468] T 60b78ed229dd40178f6661d521ef08f6 P c110e2d286184badbc3c430d42f7f340 [term 4 FOLLOWER]: Leader election vote request: Granting yes vote for candidate f048759093df4054bca7cfc93e76bae6 in term 4.
I20260710 11:04:16.263535 22436 leader_election.cc:290] T 60b78ed229dd40178f6661d521ef08f6 P f048759093df4054bca7cfc93e76bae6 [CANDIDATE]: Term 4 election: Requested vote from peers c110e2d286184badbc3c430d42f7f340 (127.21.77.194:44075), 80fbe27f5889439c8c812c4ebaacb75c (127.21.77.195:45871)
I20260710 11:04:16.266970 22401 leader_election.cc:304] T 60b78ed229dd40178f6661d521ef08f6 P f048759093df4054bca7cfc93e76bae6 [CANDIDATE]: Term 4 election: Election decided. Result: candidate won. Election summary: received 2 responses out of 3 voters: 2 yes votes; 0 no votes. yes voters: c110e2d286184badbc3c430d42f7f340, f048759093df4054bca7cfc93e76bae6; no voters: 
I20260710 11:04:16.267445 22584 raft_consensus.cc:2468] T 8a7edbfe32dc4732af001cf3ca0458fd P 80fbe27f5889439c8c812c4ebaacb75c [term 2 FOLLOWER]: Leader election vote request: Granting yes vote for candidate f048759093df4054bca7cfc93e76bae6 in term 2.
I20260710 11:04:16.268049 22753 raft_consensus.cc:2804] T 60b78ed229dd40178f6661d521ef08f6 P f048759093df4054bca7cfc93e76bae6 [term 4 FOLLOWER]: Leader election won for term 4
I20260710 11:04:16.271214 22753 raft_consensus.cc:697] T 60b78ed229dd40178f6661d521ef08f6 P f048759093df4054bca7cfc93e76bae6 [term 4 LEADER]: Becoming Leader. State: Replica: f048759093df4054bca7cfc93e76bae6, State: Running, Role: LEADER
I20260710 11:04:16.272125 22753 consensus_queue.cc:237] T 60b78ed229dd40178f6661d521ef08f6 P f048759093df4054bca7cfc93e76bae6 [LEADER]: Queue going to LEADER mode. State: All replicated index: 0, Majority replicated index: 3, Committed index: 3, Last appended: 3.3, Last appended by leader: 3, Current term: 4, Majority size: 2, State: 0, Mode: LEADER, active raft config: opid_index: -1 OBSOLETE_local: false peers { permanent_uuid: "f048759093df4054bca7cfc93e76bae6" member_type: VOTER last_known_addr { host: "127.21.77.193" port: 41507 } } peers { permanent_uuid: "c110e2d286184badbc3c430d42f7f340" member_type: VOTER last_known_addr { host: "127.21.77.194" port: 44075 } } peers { permanent_uuid: "80fbe27f5889439c8c812c4ebaacb75c" member_type: VOTER last_known_addr { host: "127.21.77.195" port: 45871 } }
I20260710 11:04:16.272814 22585 raft_consensus.cc:2468] T 60b78ed229dd40178f6661d521ef08f6 P 80fbe27f5889439c8c812c4ebaacb75c [term 4 FOLLOWER]: Leader election vote request: Granting yes vote for candidate f048759093df4054bca7cfc93e76bae6 in term 4.
I20260710 11:04:16.276510 22333 catalog_manager.cc:5697] T 8a7edbfe32dc4732af001cf3ca0458fd P f048759093df4054bca7cfc93e76bae6 reported cstate change: term changed from 1 to 2, leader changed from c110e2d286184badbc3c430d42f7f340 (127.21.77.194) to f048759093df4054bca7cfc93e76bae6 (127.21.77.193). New cstate: current_term: 2 leader_uuid: "f048759093df4054bca7cfc93e76bae6" committed_config { opid_index: -1 OBSOLETE_local: false peers { permanent_uuid: "f048759093df4054bca7cfc93e76bae6" member_type: VOTER last_known_addr { host: "127.21.77.193" port: 41507 } health_report { overall_health: HEALTHY } } peers { permanent_uuid: "c110e2d286184badbc3c430d42f7f340" member_type: VOTER last_known_addr { host: "127.21.77.194" port: 44075 } health_report { overall_health: UNKNOWN } } peers { permanent_uuid: "80fbe27f5889439c8c812c4ebaacb75c" member_type: VOTER last_known_addr { host: "127.21.77.195" port: 45871 } health_report { overall_health: UNKNOWN } } }
I20260710 11:04:16.289201 22333 catalog_manager.cc:5697] T 60b78ed229dd40178f6661d521ef08f6 P f048759093df4054bca7cfc93e76bae6 reported cstate change: term changed from 3 to 4, leader changed from 80fbe27f5889439c8c812c4ebaacb75c (127.21.77.195) to f048759093df4054bca7cfc93e76bae6 (127.21.77.193). New cstate: current_term: 4 leader_uuid: "f048759093df4054bca7cfc93e76bae6" committed_config { opid_index: -1 OBSOLETE_local: false peers { permanent_uuid: "f048759093df4054bca7cfc93e76bae6" member_type: VOTER last_known_addr { host: "127.21.77.193" port: 41507 } health_report { overall_health: HEALTHY } } peers { permanent_uuid: "c110e2d286184badbc3c430d42f7f340" member_type: VOTER last_known_addr { host: "127.21.77.194" port: 44075 } health_report { overall_health: UNKNOWN } } peers { permanent_uuid: "80fbe27f5889439c8c812c4ebaacb75c" member_type: VOTER last_known_addr { host: "127.21.77.195" port: 45871 } health_report { overall_health: UNKNOWN } } }
I20260710 11:04:16.290470 22333 catalog_manager.cc:5697] T 58c091e04f27468fb9cb24dcb9094ade P f048759093df4054bca7cfc93e76bae6 reported cstate change: term changed from 2 to 3, leader changed from c110e2d286184badbc3c430d42f7f340 (127.21.77.194) to f048759093df4054bca7cfc93e76bae6 (127.21.77.193). New cstate: current_term: 3 leader_uuid: "f048759093df4054bca7cfc93e76bae6" committed_config { opid_index: -1 OBSOLETE_local: false peers { permanent_uuid: "f048759093df4054bca7cfc93e76bae6" member_type: VOTER last_known_addr { host: "127.21.77.193" port: 41507 } health_report { overall_health: HEALTHY } } peers { permanent_uuid: "c110e2d286184badbc3c430d42f7f340" member_type: VOTER last_known_addr { host: "127.21.77.194" port: 44075 } health_report { overall_health: UNKNOWN } } peers { permanent_uuid: "80fbe27f5889439c8c812c4ebaacb75c" member_type: VOTER last_known_addr { host: "127.21.77.195" port: 45871 } health_report { overall_health: UNKNOWN } } }
I20260710 11:04:16.382402 22583 raft_consensus.cc:1275] T 46f631d6d8f841bcb860692a8ae4e2d4 P 80fbe27f5889439c8c812c4ebaacb75c [term 2 FOLLOWER]: Refusing update from remote peer f048759093df4054bca7cfc93e76bae6: Log matching property violated. Preceding OpId in replica: term: 1 index: 1. Preceding OpId from leader: term: 2 index: 2. (index mismatch)
I20260710 11:04:16.383770 22753 consensus_queue.cc:1048] T 46f631d6d8f841bcb860692a8ae4e2d4 P f048759093df4054bca7cfc93e76bae6 [LEADER]: Connected to new peer: Peer: permanent_uuid: "80fbe27f5889439c8c812c4ebaacb75c" member_type: VOTER last_known_addr { host: "127.21.77.195" port: 45871 }, Status: LMP_MISMATCH, Last received: 0.0, Next index: 2, Last known committed idx: 1, Time since last communication: 0.000s
I20260710 11:04:16.394125 22511 raft_consensus.cc:1275] T 46f631d6d8f841bcb860692a8ae4e2d4 P c110e2d286184badbc3c430d42f7f340 [term 2 FOLLOWER]: Refusing update from remote peer f048759093df4054bca7cfc93e76bae6: Log matching property violated. Preceding OpId in replica: term: 1 index: 1. Preceding OpId from leader: term: 2 index: 2. (index mismatch)
I20260710 11:04:16.395725 22747 consensus_queue.cc:1048] T 46f631d6d8f841bcb860692a8ae4e2d4 P f048759093df4054bca7cfc93e76bae6 [LEADER]: Connected to new peer: Peer: permanent_uuid: "c110e2d286184badbc3c430d42f7f340" member_type: VOTER last_known_addr { host: "127.21.77.194" port: 44075 }, Status: LMP_MISMATCH, Last received: 0.0, Next index: 2, Last known committed idx: 1, Time since last communication: 0.000s
I20260710 11:04:16.520889 22511 raft_consensus.cc:1275] T ac4c0a023511496eb3bc448b23030088 P c110e2d286184badbc3c430d42f7f340 [term 4 FOLLOWER]: Refusing update from remote peer f048759093df4054bca7cfc93e76bae6: Log matching property violated. Preceding OpId in replica: term: 3 index: 3. Preceding OpId from leader: term: 4 index: 4. (index mismatch)
I20260710 11:04:16.522251 22747 consensus_queue.cc:1048] T ac4c0a023511496eb3bc448b23030088 P f048759093df4054bca7cfc93e76bae6 [LEADER]: Connected to new peer: Peer: permanent_uuid: "c110e2d286184badbc3c430d42f7f340" member_type: VOTER last_known_addr { host: "127.21.77.194" port: 44075 }, Status: LMP_MISMATCH, Last received: 0.0, Next index: 4, Last known committed idx: 3, Time since last communication: 0.000s
I20260710 11:04:16.530126 22583 raft_consensus.cc:1275] T ac4c0a023511496eb3bc448b23030088 P 80fbe27f5889439c8c812c4ebaacb75c [term 4 FOLLOWER]: Refusing update from remote peer f048759093df4054bca7cfc93e76bae6: Log matching property violated. Preceding OpId in replica: term: 3 index: 3. Preceding OpId from leader: term: 4 index: 4. (index mismatch)
I20260710 11:04:16.532021 22755 consensus_queue.cc:1048] T ac4c0a023511496eb3bc448b23030088 P f048759093df4054bca7cfc93e76bae6 [LEADER]: Connected to new peer: Peer: permanent_uuid: "80fbe27f5889439c8c812c4ebaacb75c" member_type: VOTER last_known_addr { host: "127.21.77.195" port: 45871 }, Status: LMP_MISMATCH, Last received: 0.0, Next index: 4, Last known committed idx: 3, Time since last communication: 0.001s
I20260710 11:04:16.711735 22511 raft_consensus.cc:1275] T 60b78ed229dd40178f6661d521ef08f6 P c110e2d286184badbc3c430d42f7f340 [term 4 FOLLOWER]: Refusing update from remote peer f048759093df4054bca7cfc93e76bae6: Log matching property violated. Preceding OpId in replica: term: 3 index: 3. Preceding OpId from leader: term: 4 index: 4. (index mismatch)
I20260710 11:04:16.713130 22755 consensus_queue.cc:1048] T 60b78ed229dd40178f6661d521ef08f6 P f048759093df4054bca7cfc93e76bae6 [LEADER]: Connected to new peer: Peer: permanent_uuid: "c110e2d286184badbc3c430d42f7f340" member_type: VOTER last_known_addr { host: "127.21.77.194" port: 44075 }, Status: LMP_MISMATCH, Last received: 0.0, Next index: 4, Last known committed idx: 3, Time since last communication: 0.000s
I20260710 11:04:16.722291 22583 raft_consensus.cc:1275] T 60b78ed229dd40178f6661d521ef08f6 P 80fbe27f5889439c8c812c4ebaacb75c [term 4 FOLLOWER]: Refusing update from remote peer f048759093df4054bca7cfc93e76bae6: Log matching property violated. Preceding OpId in replica: term: 3 index: 3. Preceding OpId from leader: term: 4 index: 4. (index mismatch)
I20260710 11:04:16.723675 22755 consensus_queue.cc:1048] T 60b78ed229dd40178f6661d521ef08f6 P f048759093df4054bca7cfc93e76bae6 [LEADER]: Connected to new peer: Peer: permanent_uuid: "80fbe27f5889439c8c812c4ebaacb75c" member_type: VOTER last_known_addr { host: "127.21.77.195" port: 45871 }, Status: LMP_MISMATCH, Last received: 0.0, Next index: 4, Last known committed idx: 3, Time since last communication: 0.001s
I20260710 11:04:16.781517 22511 raft_consensus.cc:1275] T 58c091e04f27468fb9cb24dcb9094ade P c110e2d286184badbc3c430d42f7f340 [term 3 FOLLOWER]: Refusing update from remote peer f048759093df4054bca7cfc93e76bae6: Log matching property violated. Preceding OpId in replica: term: 2 index: 2. Preceding OpId from leader: term: 3 index: 3. (index mismatch)
I20260710 11:04:16.782904 22755 consensus_queue.cc:1048] T 58c091e04f27468fb9cb24dcb9094ade P f048759093df4054bca7cfc93e76bae6 [LEADER]: Connected to new peer: Peer: permanent_uuid: "c110e2d286184badbc3c430d42f7f340" member_type: VOTER last_known_addr { host: "127.21.77.194" port: 44075 }, Status: LMP_MISMATCH, Last received: 0.0, Next index: 3, Last known committed idx: 2, Time since last communication: 0.000s
I20260710 11:04:16.785971 22583 raft_consensus.cc:1275] T 8a7edbfe32dc4732af001cf3ca0458fd P 80fbe27f5889439c8c812c4ebaacb75c [term 2 FOLLOWER]: Refusing update from remote peer f048759093df4054bca7cfc93e76bae6: Log matching property violated. Preceding OpId in replica: term: 1 index: 1. Preceding OpId from leader: term: 2 index: 2. (index mismatch)
I20260710 11:04:16.787393 22747 consensus_queue.cc:1048] T 8a7edbfe32dc4732af001cf3ca0458fd P f048759093df4054bca7cfc93e76bae6 [LEADER]: Connected to new peer: Peer: permanent_uuid: "80fbe27f5889439c8c812c4ebaacb75c" member_type: VOTER last_known_addr { host: "127.21.77.195" port: 45871 }, Status: LMP_MISMATCH, Last received: 0.0, Next index: 2, Last known committed idx: 1, Time since last communication: 0.001s
I20260710 11:04:16.792482 22511 raft_consensus.cc:1275] T 8a7edbfe32dc4732af001cf3ca0458fd P c110e2d286184badbc3c430d42f7f340 [term 2 FOLLOWER]: Refusing update from remote peer f048759093df4054bca7cfc93e76bae6: Log matching property violated. Preceding OpId in replica: term: 1 index: 1. Preceding OpId from leader: term: 2 index: 2. (index mismatch)
I20260710 11:04:16.792943 22585 raft_consensus.cc:1275] T 58c091e04f27468fb9cb24dcb9094ade P 80fbe27f5889439c8c812c4ebaacb75c [term 3 FOLLOWER]: Refusing update from remote peer f048759093df4054bca7cfc93e76bae6: Log matching property violated. Preceding OpId in replica: term: 2 index: 2. Preceding OpId from leader: term: 3 index: 3. (index mismatch)
I20260710 11:04:16.796766 22716 consensus_queue.cc:1048] T 8a7edbfe32dc4732af001cf3ca0458fd P f048759093df4054bca7cfc93e76bae6 [LEADER]: Connected to new peer: Peer: permanent_uuid: "c110e2d286184badbc3c430d42f7f340" member_type: VOTER last_known_addr { host: "127.21.77.194" port: 44075 }, Status: LMP_MISMATCH, Last received: 0.0, Next index: 2, Last known committed idx: 1, Time since last communication: 0.000s
I20260710 11:04:16.800076 22765 consensus_queue.cc:1048] T 58c091e04f27468fb9cb24dcb9094ade P f048759093df4054bca7cfc93e76bae6 [LEADER]: Connected to new peer: Peer: permanent_uuid: "80fbe27f5889439c8c812c4ebaacb75c" member_type: VOTER last_known_addr { host: "127.21.77.195" port: 45871 }, Status: LMP_MISMATCH, Last received: 0.0, Next index: 3, Last known committed idx: 2, Time since last communication: 0.001s
I20260710 11:04:18.818122 21815 auto_leader_rebalancer.cc:141] leader rebalance for table test-workload
I20260710 11:04:18.825997 22436 tablet_service.cc:2072] Received LeaderStepDown RPC: tablet_id: "3584b9539334446f9947735a267b05a6"
dest_uuid: "f048759093df4054bca7cfc93e76bae6"
mode: GRACEFUL
new_leader_uuid: "80fbe27f5889439c8c812c4ebaacb75c"
 from {username='slave'} at 127.0.0.1:52618
I20260710 11:04:18.826469 22436 raft_consensus.cc:606] T 3584b9539334446f9947735a267b05a6 P f048759093df4054bca7cfc93e76bae6 [term 2 LEADER]: Received request to transfer leadership to TS 80fbe27f5889439c8c812c4ebaacb75c
I20260710 11:04:18.828917 22436 tablet_service.cc:2072] Received LeaderStepDown RPC: tablet_id: "46f631d6d8f841bcb860692a8ae4e2d4"
dest_uuid: "f048759093df4054bca7cfc93e76bae6"
mode: GRACEFUL
new_leader_uuid: "c110e2d286184badbc3c430d42f7f340"
 from {username='slave'} at 127.0.0.1:52618
I20260710 11:04:18.829432 22436 raft_consensus.cc:606] T 46f631d6d8f841bcb860692a8ae4e2d4 P f048759093df4054bca7cfc93e76bae6 [term 2 LEADER]: Received request to transfer leadership to TS c110e2d286184badbc3c430d42f7f340
I20260710 11:04:18.831614 22436 tablet_service.cc:2072] Received LeaderStepDown RPC: tablet_id: "8a7edbfe32dc4732af001cf3ca0458fd"
dest_uuid: "f048759093df4054bca7cfc93e76bae6"
mode: GRACEFUL
new_leader_uuid: "80fbe27f5889439c8c812c4ebaacb75c"
 from {username='slave'} at 127.0.0.1:52618
