I20260710 11:04:11.899503  9689 raft_consensus.cc:697] T fd1c26c3bdb7441e94dbdcc5b7e93cbc P 2a91012a49f344d5b2aaa51a5a057a79 [term 2 LEADER]: Becoming Leader. State: Replica: 2a91012a49f344d5b2aaa51a5a057a79, State: Running, Role: LEADER
I20260710 11:04:11.900348  9689 consensus_queue.cc:237] T fd1c26c3bdb7441e94dbdcc5b7e93cbc P 2a91012a49f344d5b2aaa51a5a057a79 [LEADER]: Queue going to LEADER mode. State: All replicated index: 0, Majority replicated index: 1, Committed index: 1, Last appended: 1.1, Last appended by leader: 1, Current term: 2, Majority size: 2, State: 0, Mode: LEADER, active raft config: opid_index: -1 OBSOLETE_local: false peers { permanent_uuid: "5833782b7a8c4980ba9211416dfbec77" member_type: VOTER last_known_addr { host: "127.8.149.1" port: 46151 } } peers { permanent_uuid: "eb3edee53f0c44eabbe40b424c2224d4" member_type: VOTER last_known_addr { host: "127.8.149.2" port: 44077 } } peers { permanent_uuid: "2a91012a49f344d5b2aaa51a5a057a79" member_type: VOTER last_known_addr { host: "127.8.149.3" port: 38419 } }
I20260710 11:04:11.900621  9445 raft_consensus.cc:2468] T fd1c26c3bdb7441e94dbdcc5b7e93cbc P 5833782b7a8c4980ba9211416dfbec77 [term 2 FOLLOWER]: Leader election vote request: Granting yes vote for candidate 2a91012a49f344d5b2aaa51a5a057a79 in term 2.
I20260710 11:04:11.907047  9344 catalog_manager.cc:5697] T fd1c26c3bdb7441e94dbdcc5b7e93cbc P 2a91012a49f344d5b2aaa51a5a057a79 reported cstate change: term changed from 1 to 2, leader changed from 5833782b7a8c4980ba9211416dfbec77 (127.8.149.1) to 2a91012a49f344d5b2aaa51a5a057a79 (127.8.149.3). New cstate: current_term: 2 leader_uuid: "2a91012a49f344d5b2aaa51a5a057a79" committed_config { opid_index: -1 OBSOLETE_local: false peers { permanent_uuid: "5833782b7a8c4980ba9211416dfbec77" member_type: VOTER last_known_addr { host: "127.8.149.1" port: 46151 } health_report { overall_health: UNKNOWN } } peers { permanent_uuid: "eb3edee53f0c44eabbe40b424c2224d4" member_type: VOTER last_known_addr { host: "127.8.149.2" port: 44077 } health_report { overall_health: UNKNOWN } } peers { permanent_uuid: "2a91012a49f344d5b2aaa51a5a057a79" member_type: VOTER last_known_addr { host: "127.8.149.3" port: 38419 } health_report { overall_health: HEALTHY } } }
I20260710 11:04:11.924081  9648 raft_consensus.cc:993] T 44a6502f17824b8897657b0a769bfeee P eb3edee53f0c44eabbe40b424c2224d4: : Instructing follower 5833782b7a8c4980ba9211416dfbec77 to start an election
I20260710 11:04:11.924685  9639 raft_consensus.cc:1081] T 44a6502f17824b8897657b0a769bfeee P eb3edee53f0c44eabbe40b424c2224d4 [term 1 LEADER]: Signalling peer 5833782b7a8c4980ba9211416dfbec77 to start an election
I20260710 11:04:11.926294  9445 tablet_service.cc:2044] Received Run Leader Election RPC: tablet_id: "44a6502f17824b8897657b0a769bfeee"
dest_uuid: "5833782b7a8c4980ba9211416dfbec77"
 from {username='slave'} at 127.0.0.1:51546
I20260710 11:04:11.926736  9445 raft_consensus.cc:493] T 44a6502f17824b8897657b0a769bfeee P 5833782b7a8c4980ba9211416dfbec77 [term 1 FOLLOWER]: Starting forced leader election (received explicit request)
I20260710 11:04:11.927098  9445 raft_consensus.cc:3060] T 44a6502f17824b8897657b0a769bfeee P 5833782b7a8c4980ba9211416dfbec77 [term 1 FOLLOWER]: Advancing to term 2
I20260710 11:04:11.931773  9445 raft_consensus.cc:515] T 44a6502f17824b8897657b0a769bfeee P 5833782b7a8c4980ba9211416dfbec77 [term 2 FOLLOWER]: Starting forced leader election with config: opid_index: -1 OBSOLETE_local: false peers { permanent_uuid: "5833782b7a8c4980ba9211416dfbec77" member_type: VOTER last_known_addr { host: "127.8.149.1" port: 46151 } } peers { permanent_uuid: "eb3edee53f0c44eabbe40b424c2224d4" member_type: VOTER last_known_addr { host: "127.8.149.2" port: 44077 } } peers { permanent_uuid: "2a91012a49f344d5b2aaa51a5a057a79" member_type: VOTER last_known_addr { host: "127.8.149.3" port: 38419 } }
I20260710 11:04:11.933602  9445 leader_election.cc:290] T 44a6502f17824b8897657b0a769bfeee P 5833782b7a8c4980ba9211416dfbec77 [CANDIDATE]: Term 2 election: Requested vote from peers eb3edee53f0c44eabbe40b424c2224d4 (127.8.149.2:44077), 2a91012a49f344d5b2aaa51a5a057a79 (127.8.149.3:38419)
I20260710 11:04:11.934544  9517 tablet_service.cc:1917] Received RequestConsensusVote() RPC: tablet_id: "44a6502f17824b8897657b0a769bfeee" candidate_uuid: "5833782b7a8c4980ba9211416dfbec77" candidate_term: 2 candidate_status { last_received { term: 1 index: 1 } } ignore_live_leader: true dest_uuid: "eb3edee53f0c44eabbe40b424c2224d4"
I20260710 11:04:11.934801  9594 tablet_service.cc:1917] Received RequestConsensusVote() RPC: tablet_id: "44a6502f17824b8897657b0a769bfeee" candidate_uuid: "5833782b7a8c4980ba9211416dfbec77" candidate_term: 2 candidate_status { last_received { term: 1 index: 1 } } ignore_live_leader: true dest_uuid: "2a91012a49f344d5b2aaa51a5a057a79"
I20260710 11:04:11.935273  9517 raft_consensus.cc:3055] T 44a6502f17824b8897657b0a769bfeee P eb3edee53f0c44eabbe40b424c2224d4 [term 1 LEADER]: Stepping down as leader of term 1
I20260710 11:04:11.935461  9594 raft_consensus.cc:3060] T 44a6502f17824b8897657b0a769bfeee P 2a91012a49f344d5b2aaa51a5a057a79 [term 1 FOLLOWER]: Advancing to term 2
I20260710 11:04:11.935673  9517 raft_consensus.cc:740] T 44a6502f17824b8897657b0a769bfeee P eb3edee53f0c44eabbe40b424c2224d4 [term 1 LEADER]: Becoming Follower/Learner. State: Replica: eb3edee53f0c44eabbe40b424c2224d4, State: Running, Role: LEADER
I20260710 11:04:11.936553  9517 consensus_queue.cc:260] T 44a6502f17824b8897657b0a769bfeee P eb3edee53f0c44eabbe40b424c2224d4 [NON_LEADER]: Queue going to NON_LEADER mode. State: All replicated index: 0, Majority replicated index: 1, Committed index: 1, Last appended: 1.1, Last appended by leader: 1, Current term: 1, Majority size: -1, State: 0, Mode: NON_LEADER, active raft config: opid_index: -1 OBSOLETE_local: false peers { permanent_uuid: "5833782b7a8c4980ba9211416dfbec77" member_type: VOTER last_known_addr { host: "127.8.149.1" port: 46151 } } peers { permanent_uuid: "eb3edee53f0c44eabbe40b424c2224d4" member_type: VOTER last_known_addr { host: "127.8.149.2" port: 44077 } } peers { permanent_uuid: "2a91012a49f344d5b2aaa51a5a057a79" member_type: VOTER last_known_addr { host: "127.8.149.3" port: 38419 } }
I20260710 11:04:11.937626  9517 raft_consensus.cc:3060] T 44a6502f17824b8897657b0a769bfeee P eb3edee53f0c44eabbe40b424c2224d4 [term 1 FOLLOWER]: Advancing to term 2
I20260710 11:04:11.942370  9594 raft_consensus.cc:2468] T 44a6502f17824b8897657b0a769bfeee P 2a91012a49f344d5b2aaa51a5a057a79 [term 2 FOLLOWER]: Leader election vote request: Granting yes vote for candidate 5833782b7a8c4980ba9211416dfbec77 in term 2.
I20260710 11:04:11.943969  9410 leader_election.cc:304] T 44a6502f17824b8897657b0a769bfeee P 5833782b7a8c4980ba9211416dfbec77 [CANDIDATE]: Term 2 election: Election decided. Result: candidate won. Election summary: received 2 responses out of 3 voters: 2 yes votes; 0 no votes. yes voters: 2a91012a49f344d5b2aaa51a5a057a79, 5833782b7a8c4980ba9211416dfbec77; no voters: 
I20260710 11:04:11.944800  9695 raft_consensus.cc:2804] T 44a6502f17824b8897657b0a769bfeee P 5833782b7a8c4980ba9211416dfbec77 [term 2 FOLLOWER]: Leader election won for term 2
I20260710 11:04:11.944921  9517 raft_consensus.cc:2468] T 44a6502f17824b8897657b0a769bfeee P eb3edee53f0c44eabbe40b424c2224d4 [term 2 FOLLOWER]: Leader election vote request: Granting yes vote for candidate 5833782b7a8c4980ba9211416dfbec77 in term 2.
I20260710 11:04:11.945369  9695 raft_consensus.cc:697] T 44a6502f17824b8897657b0a769bfeee P 5833782b7a8c4980ba9211416dfbec77 [term 2 LEADER]: Becoming Leader. State: Replica: 5833782b7a8c4980ba9211416dfbec77, State: Running, Role: LEADER
I20260710 11:04:11.946275  9695 consensus_queue.cc:237] T 44a6502f17824b8897657b0a769bfeee P 5833782b7a8c4980ba9211416dfbec77 [LEADER]: Queue going to LEADER mode. State: All replicated index: 0, Majority replicated index: 1, Committed index: 1, Last appended: 1.1, Last appended by leader: 1, Current term: 2, Majority size: 2, State: 0, Mode: LEADER, active raft config: opid_index: -1 OBSOLETE_local: false peers { permanent_uuid: "5833782b7a8c4980ba9211416dfbec77" member_type: VOTER last_known_addr { host: "127.8.149.1" port: 46151 } } peers { permanent_uuid: "eb3edee53f0c44eabbe40b424c2224d4" member_type: VOTER last_known_addr { host: "127.8.149.2" port: 44077 } } peers { permanent_uuid: "2a91012a49f344d5b2aaa51a5a057a79" member_type: VOTER last_known_addr { host: "127.8.149.3" port: 38419 } }
I20260710 11:04:11.954169  9343 catalog_manager.cc:5697] T 44a6502f17824b8897657b0a769bfeee P 5833782b7a8c4980ba9211416dfbec77 reported cstate change: term changed from 1 to 2, leader changed from eb3edee53f0c44eabbe40b424c2224d4 (127.8.149.2) to 5833782b7a8c4980ba9211416dfbec77 (127.8.149.1). New cstate: current_term: 2 leader_uuid: "5833782b7a8c4980ba9211416dfbec77" committed_config { opid_index: -1 OBSOLETE_local: false peers { permanent_uuid: "5833782b7a8c4980ba9211416dfbec77" member_type: VOTER last_known_addr { host: "127.8.149.1" port: 46151 } health_report { overall_health: HEALTHY } } peers { permanent_uuid: "eb3edee53f0c44eabbe40b424c2224d4" member_type: VOTER last_known_addr { host: "127.8.149.2" port: 44077 } health_report { overall_health: UNKNOWN } } peers { permanent_uuid: "2a91012a49f344d5b2aaa51a5a057a79" member_type: VOTER last_known_addr { host: "127.8.149.3" port: 38419 } health_report { overall_health: UNKNOWN } } }
I20260710 11:04:12.001937  9662 raft_consensus.cc:993] T 01f59cf3766b4207b6c3e244a0145e47 P 5833782b7a8c4980ba9211416dfbec77: : Instructing follower eb3edee53f0c44eabbe40b424c2224d4 to start an election
I20260710 11:04:12.002379  9695 raft_consensus.cc:1081] T 01f59cf3766b4207b6c3e244a0145e47 P 5833782b7a8c4980ba9211416dfbec77 [term 1 LEADER]: Signalling peer eb3edee53f0c44eabbe40b424c2224d4 to start an election
I20260710 11:04:12.004227  9517 tablet_service.cc:2044] Received Run Leader Election RPC: tablet_id: "01f59cf3766b4207b6c3e244a0145e47"
dest_uuid: "eb3edee53f0c44eabbe40b424c2224d4"
 from {username='slave'} at 127.0.0.1:51962
I20260710 11:04:12.004679  9517 raft_consensus.cc:493] T 01f59cf3766b4207b6c3e244a0145e47 P eb3edee53f0c44eabbe40b424c2224d4 [term 1 FOLLOWER]: Starting forced leader election (received explicit request)
I20260710 11:04:12.004936  9517 raft_consensus.cc:3060] T 01f59cf3766b4207b6c3e244a0145e47 P eb3edee53f0c44eabbe40b424c2224d4 [term 1 FOLLOWER]: Advancing to term 2
I20260710 11:04:12.009632  9517 raft_consensus.cc:515] T 01f59cf3766b4207b6c3e244a0145e47 P eb3edee53f0c44eabbe40b424c2224d4 [term 2 FOLLOWER]: Starting forced leader election with config: opid_index: -1 OBSOLETE_local: false peers { permanent_uuid: "5833782b7a8c4980ba9211416dfbec77" member_type: VOTER last_known_addr { host: "127.8.149.1" port: 46151 } } peers { permanent_uuid: "eb3edee53f0c44eabbe40b424c2224d4" member_type: VOTER last_known_addr { host: "127.8.149.2" port: 44077 } } peers { permanent_uuid: "2a91012a49f344d5b2aaa51a5a057a79" member_type: VOTER last_known_addr { host: "127.8.149.3" port: 38419 } }
I20260710 11:04:12.011178  9517 leader_election.cc:290] T 01f59cf3766b4207b6c3e244a0145e47 P eb3edee53f0c44eabbe40b424c2224d4 [CANDIDATE]: Term 2 election: Requested vote from peers 5833782b7a8c4980ba9211416dfbec77 (127.8.149.1:46151), 2a91012a49f344d5b2aaa51a5a057a79 (127.8.149.3:38419)
I20260710 11:04:12.012256  9445 tablet_service.cc:1917] Received RequestConsensusVote() RPC: tablet_id: "01f59cf3766b4207b6c3e244a0145e47" candidate_uuid: "eb3edee53f0c44eabbe40b424c2224d4" candidate_term: 2 candidate_status { last_received { term: 1 index: 1 } } ignore_live_leader: true dest_uuid: "5833782b7a8c4980ba9211416dfbec77"
I20260710 11:04:12.012607  9594 tablet_service.cc:1917] Received RequestConsensusVote() RPC: tablet_id: "01f59cf3766b4207b6c3e244a0145e47" candidate_uuid: "eb3edee53f0c44eabbe40b424c2224d4" candidate_term: 2 candidate_status { last_received { term: 1 index: 1 } } ignore_live_leader: true dest_uuid: "2a91012a49f344d5b2aaa51a5a057a79"
I20260710 11:04:12.012907  9445 raft_consensus.cc:3055] T 01f59cf3766b4207b6c3e244a0145e47 P 5833782b7a8c4980ba9211416dfbec77 [term 1 LEADER]: Stepping down as leader of term 1
I20260710 11:04:12.013423  9445 raft_consensus.cc:740] T 01f59cf3766b4207b6c3e244a0145e47 P 5833782b7a8c4980ba9211416dfbec77 [term 1 LEADER]: Becoming Follower/Learner. State: Replica: 5833782b7a8c4980ba9211416dfbec77, State: Running, Role: LEADER
I20260710 11:04:12.013480  9594 raft_consensus.cc:3060] T 01f59cf3766b4207b6c3e244a0145e47 P 2a91012a49f344d5b2aaa51a5a057a79 [term 1 FOLLOWER]: Advancing to term 2
I20260710 11:04:12.014272  9445 consensus_queue.cc:260] T 01f59cf3766b4207b6c3e244a0145e47 P 5833782b7a8c4980ba9211416dfbec77 [NON_LEADER]: Queue going to NON_LEADER mode. State: All replicated index: 0, Majority replicated index: 1, Committed index: 1, Last appended: 1.1, Last appended by leader: 1, Current term: 1, Majority size: -1, State: 0, Mode: NON_LEADER, active raft config: opid_index: -1 OBSOLETE_local: false peers { permanent_uuid: "5833782b7a8c4980ba9211416dfbec77" member_type: VOTER last_known_addr { host: "127.8.149.1" port: 46151 } } peers { permanent_uuid: "eb3edee53f0c44eabbe40b424c2224d4" member_type: VOTER last_known_addr { host: "127.8.149.2" port: 44077 } } peers { permanent_uuid: "2a91012a49f344d5b2aaa51a5a057a79" member_type: VOTER last_known_addr { host: "127.8.149.3" port: 38419 } }
I20260710 11:04:12.015257  9445 raft_consensus.cc:3060] T 01f59cf3766b4207b6c3e244a0145e47 P 5833782b7a8c4980ba9211416dfbec77 [term 1 FOLLOWER]: Advancing to term 2
I20260710 11:04:12.019615  9594 raft_consensus.cc:2468] T 01f59cf3766b4207b6c3e244a0145e47 P 2a91012a49f344d5b2aaa51a5a057a79 [term 2 FOLLOWER]: Leader election vote request: Granting yes vote for candidate eb3edee53f0c44eabbe40b424c2224d4 in term 2.
I20260710 11:04:12.019954  9445 raft_consensus.cc:2468] T 01f59cf3766b4207b6c3e244a0145e47 P 5833782b7a8c4980ba9211416dfbec77 [term 2 FOLLOWER]: Leader election vote request: Granting yes vote for candidate eb3edee53f0c44eabbe40b424c2224d4 in term 2.
I20260710 11:04:12.021016  9485 leader_election.cc:304] T 01f59cf3766b4207b6c3e244a0145e47 P eb3edee53f0c44eabbe40b424c2224d4 [CANDIDATE]: Term 2 election: Election decided. Result: candidate won. Election summary: received 2 responses out of 3 voters: 2 yes votes; 0 no votes. yes voters: 2a91012a49f344d5b2aaa51a5a057a79, eb3edee53f0c44eabbe40b424c2224d4; no voters: 
I20260710 11:04:12.021970  9648 raft_consensus.cc:2804] T 01f59cf3766b4207b6c3e244a0145e47 P eb3edee53f0c44eabbe40b424c2224d4 [term 2 FOLLOWER]: Leader election won for term 2
I20260710 11:04:12.022432  9648 raft_consensus.cc:697] T 01f59cf3766b4207b6c3e244a0145e47 P eb3edee53f0c44eabbe40b424c2224d4 [term 2 LEADER]: Becoming Leader. State: Replica: eb3edee53f0c44eabbe40b424c2224d4, State: Running, Role: LEADER
I20260710 11:04:12.023312  9648 consensus_queue.cc:237] T 01f59cf3766b4207b6c3e244a0145e47 P eb3edee53f0c44eabbe40b424c2224d4 [LEADER]: Queue going to LEADER mode. State: All replicated index: 0, Majority replicated index: 1, Committed index: 1, Last appended: 1.1, Last appended by leader: 1, Current term: 2, Majority size: 2, State: 0, Mode: LEADER, active raft config: opid_index: -1 OBSOLETE_local: false peers { permanent_uuid: "5833782b7a8c4980ba9211416dfbec77" member_type: VOTER last_known_addr { host: "127.8.149.1" port: 46151 } } peers { permanent_uuid: "eb3edee53f0c44eabbe40b424c2224d4" member_type: VOTER last_known_addr { host: "127.8.149.2" port: 44077 } } peers { permanent_uuid: "2a91012a49f344d5b2aaa51a5a057a79" member_type: VOTER last_known_addr { host: "127.8.149.3" port: 38419 } }
I20260710 11:04:12.029471  9343 catalog_manager.cc:5697] T 01f59cf3766b4207b6c3e244a0145e47 P eb3edee53f0c44eabbe40b424c2224d4 reported cstate change: term changed from 1 to 2, leader changed from 5833782b7a8c4980ba9211416dfbec77 (127.8.149.1) to eb3edee53f0c44eabbe40b424c2224d4 (127.8.149.2). New cstate: current_term: 2 leader_uuid: "eb3edee53f0c44eabbe40b424c2224d4" committed_config { opid_index: -1 OBSOLETE_local: false peers { permanent_uuid: "5833782b7a8c4980ba9211416dfbec77" member_type: VOTER last_known_addr { host: "127.8.149.1" port: 46151 } health_report { overall_health: UNKNOWN } } peers { permanent_uuid: "eb3edee53f0c44eabbe40b424c2224d4" member_type: VOTER last_known_addr { host: "127.8.149.2" port: 44077 } health_report { overall_health: HEALTHY } } peers { permanent_uuid: "2a91012a49f344d5b2aaa51a5a057a79" member_type: VOTER last_known_addr { host: "127.8.149.3" port: 38419 } health_report { overall_health: UNKNOWN } } }
I20260710 11:04:12.172101  9594 raft_consensus.cc:1275] T acb7207d76af448ab3126335c0bac294 P 2a91012a49f344d5b2aaa51a5a057a79 [term 2 FOLLOWER]: Refusing update from remote peer 5833782b7a8c4980ba9211416dfbec77: Log matching property violated. Preceding OpId in replica: term: 1 index: 1. Preceding OpId from leader: term: 2 index: 2. (index mismatch)
I20260710 11:04:12.173763  9695 consensus_queue.cc:1048] T acb7207d76af448ab3126335c0bac294 P 5833782b7a8c4980ba9211416dfbec77 [LEADER]: Connected to new peer: Peer: permanent_uuid: "2a91012a49f344d5b2aaa51a5a057a79" member_type: VOTER last_known_addr { host: "127.8.149.3" port: 38419 }, Status: LMP_MISMATCH, Last received: 0.0, Next index: 2, Last known committed idx: 1, Time since last communication: 0.000s
I20260710 11:04:12.182852  9517 raft_consensus.cc:1275] T acb7207d76af448ab3126335c0bac294 P eb3edee53f0c44eabbe40b424c2224d4 [term 2 FOLLOWER]: Refusing update from remote peer 5833782b7a8c4980ba9211416dfbec77: Log matching property violated. Preceding OpId in replica: term: 1 index: 1. Preceding OpId from leader: term: 2 index: 2. (index mismatch)
I20260710 11:04:12.185700  9695 consensus_queue.cc:1048] T acb7207d76af448ab3126335c0bac294 P 5833782b7a8c4980ba9211416dfbec77 [LEADER]: Connected to new peer: Peer: permanent_uuid: "eb3edee53f0c44eabbe40b424c2224d4" member_type: VOTER last_known_addr { host: "127.8.149.2" port: 44077 }, Status: LMP_MISMATCH, Last received: 0.0, Next index: 2, Last known committed idx: 1, Time since last communication: 0.001s
I20260710 11:04:12.287218  9445 raft_consensus.cc:1275] T fd1c26c3bdb7441e94dbdcc5b7e93cbc P 5833782b7a8c4980ba9211416dfbec77 [term 2 FOLLOWER]: Refusing update from remote peer 2a91012a49f344d5b2aaa51a5a057a79: Log matching property violated. Preceding OpId in replica: term: 1 index: 1. Preceding OpId from leader: term: 2 index: 2. (index mismatch)
I20260710 11:04:12.288628  9689 consensus_queue.cc:1048] T fd1c26c3bdb7441e94dbdcc5b7e93cbc P 2a91012a49f344d5b2aaa51a5a057a79 [LEADER]: Connected to new peer: Peer: permanent_uuid: "5833782b7a8c4980ba9211416dfbec77" member_type: VOTER last_known_addr { host: "127.8.149.1" port: 46151 }, Status: LMP_MISMATCH, Last received: 0.0, Next index: 2, Last known committed idx: 1, Time since last communication: 0.001s
I20260710 11:04:12.291188  9445 raft_consensus.cc:1275] T 2e2578cc3cb84122910e8b08287dba1a P 5833782b7a8c4980ba9211416dfbec77 [term 2 FOLLOWER]: Refusing update from remote peer eb3edee53f0c44eabbe40b424c2224d4: Log matching property violated. Preceding OpId in replica: term: 1 index: 1. Preceding OpId from leader: term: 2 index: 2. (index mismatch)
I20260710 11:04:12.292801  9648 consensus_queue.cc:1048] T 2e2578cc3cb84122910e8b08287dba1a P eb3edee53f0c44eabbe40b424c2224d4 [LEADER]: Connected to new peer: Peer: permanent_uuid: "5833782b7a8c4980ba9211416dfbec77" member_type: VOTER last_known_addr { host: "127.8.149.1" port: 46151 }, Status: LMP_MISMATCH, Last received: 0.0, Next index: 2, Last known committed idx: 1, Time since last communication: 0.000s
I20260710 11:04:12.297488  9517 raft_consensus.cc:1275] T fd1c26c3bdb7441e94dbdcc5b7e93cbc P eb3edee53f0c44eabbe40b424c2224d4 [term 2 FOLLOWER]: Refusing update from remote peer 2a91012a49f344d5b2aaa51a5a057a79: Log matching property violated. Preceding OpId in replica: term: 1 index: 1. Preceding OpId from leader: term: 2 index: 2. (index mismatch)
I20260710 11:04:12.299053  9643 consensus_queue.cc:1048] T fd1c26c3bdb7441e94dbdcc5b7e93cbc P 2a91012a49f344d5b2aaa51a5a057a79 [LEADER]: Connected to new peer: Peer: permanent_uuid: "eb3edee53f0c44eabbe40b424c2224d4" member_type: VOTER last_known_addr { host: "127.8.149.2" port: 44077 }, Status: LMP_MISMATCH, Last received: 0.0, Next index: 2, Last known committed idx: 1, Time since last communication: 0.000s
I20260710 11:04:12.312604  9445 raft_consensus.cc:1275] T bfcdca7eeefa4edbbae2ae8b10a61c45 P 5833782b7a8c4980ba9211416dfbec77 [term 2 FOLLOWER]: Refusing update from remote peer eb3edee53f0c44eabbe40b424c2224d4: Log matching property violated. Preceding OpId in replica: term: 1 index: 1. Preceding OpId from leader: term: 2 index: 2. (index mismatch)
I20260710 11:04:12.312355  9594 raft_consensus.cc:1275] T 2e2578cc3cb84122910e8b08287dba1a P 2a91012a49f344d5b2aaa51a5a057a79 [term 2 FOLLOWER]: Refusing update from remote peer eb3edee53f0c44eabbe40b424c2224d4: Log matching property violated. Preceding OpId in replica: term: 1 index: 1. Preceding OpId from leader: term: 2 index: 2. (index mismatch)
I20260710 11:04:12.316242  9728 consensus_queue.cc:1048] T 2e2578cc3cb84122910e8b08287dba1a P eb3edee53f0c44eabbe40b424c2224d4 [LEADER]: Connected to new peer: Peer: permanent_uuid: "2a91012a49f344d5b2aaa51a5a057a79" member_type: VOTER last_known_addr { host: "127.8.149.3" port: 38419 }, Status: LMP_MISMATCH, Last received: 0.0, Next index: 2, Last known committed idx: 1, Time since last communication: 0.001s
I20260710 11:04:12.318225  9728 consensus_queue.cc:1048] T bfcdca7eeefa4edbbae2ae8b10a61c45 P eb3edee53f0c44eabbe40b424c2224d4 [LEADER]: Connected to new peer: Peer: permanent_uuid: "5833782b7a8c4980ba9211416dfbec77" member_type: VOTER last_known_addr { host: "127.8.149.1" port: 46151 }, Status: LMP_MISMATCH, Last received: 0.0, Next index: 2, Last known committed idx: 1, Time since last communication: 0.001s
I20260710 11:04:12.319213  9594 raft_consensus.cc:1275] T 06a9ca22eee642e3a4f77e09923644a7 P 2a91012a49f344d5b2aaa51a5a057a79 [term 2 FOLLOWER]: Refusing update from remote peer 5833782b7a8c4980ba9211416dfbec77: Log matching property violated. Preceding OpId in replica: term: 1 index: 1. Preceding OpId from leader: term: 2 index: 2. (index mismatch)
I20260710 11:04:12.324251  9695 consensus_queue.cc:1048] T 06a9ca22eee642e3a4f77e09923644a7 P 5833782b7a8c4980ba9211416dfbec77 [LEADER]: Connected to new peer: Peer: permanent_uuid: "2a91012a49f344d5b2aaa51a5a057a79" member_type: VOTER last_known_addr { host: "127.8.149.3" port: 38419 }, Status: LMP_MISMATCH, Last received: 0.0, Next index: 2, Last known committed idx: 1, Time since last communication: 0.000s
I20260710 11:04:12.337299  9592 raft_consensus.cc:1275] T bfcdca7eeefa4edbbae2ae8b10a61c45 P 2a91012a49f344d5b2aaa51a5a057a79 [term 2 FOLLOWER]: Refusing update from remote peer eb3edee53f0c44eabbe40b424c2224d4: Log matching property violated. Preceding OpId in replica: term: 1 index: 1. Preceding OpId from leader: term: 2 index: 2. (index mismatch)
I20260710 11:04:12.339324  9727 consensus_queue.cc:1048] T bfcdca7eeefa4edbbae2ae8b10a61c45 P eb3edee53f0c44eabbe40b424c2224d4 [LEADER]: Connected to new peer: Peer: permanent_uuid: "2a91012a49f344d5b2aaa51a5a057a79" member_type: VOTER last_known_addr { host: "127.8.149.3" port: 38419 }, Status: LMP_MISMATCH, Last received: 0.0, Next index: 2, Last known committed idx: 0, Time since last communication: 0.001s
I20260710 11:04:12.342010  9521 raft_consensus.cc:1275] T 06a9ca22eee642e3a4f77e09923644a7 P eb3edee53f0c44eabbe40b424c2224d4 [term 2 FOLLOWER]: Refusing update from remote peer 5833782b7a8c4980ba9211416dfbec77: Log matching property violated. Preceding OpId in replica: term: 1 index: 1. Preceding OpId from leader: term: 2 index: 2. (index mismatch)
I20260710 11:04:12.346541  9695 consensus_queue.cc:1048] T 06a9ca22eee642e3a4f77e09923644a7 P 5833782b7a8c4980ba9211416dfbec77 [LEADER]: Connected to new peer: Peer: permanent_uuid: "eb3edee53f0c44eabbe40b424c2224d4" member_type: VOTER last_known_addr { host: "127.8.149.2" port: 44077 }, Status: LMP_MISMATCH, Last received: 0.0, Next index: 2, Last known committed idx: 1, Time since last communication: 0.001s
I20260710 11:04:12.436689  9595 raft_consensus.cc:1275] T 44a6502f17824b8897657b0a769bfeee P 2a91012a49f344d5b2aaa51a5a057a79 [term 2 FOLLOWER]: Refusing update from remote peer 5833782b7a8c4980ba9211416dfbec77: Log matching property violated. Preceding OpId in replica: term: 1 index: 1. Preceding OpId from leader: term: 2 index: 2. (index mismatch)
I20260710 11:04:12.438161  9695 consensus_queue.cc:1048] T 44a6502f17824b8897657b0a769bfeee P 5833782b7a8c4980ba9211416dfbec77 [LEADER]: Connected to new peer: Peer: permanent_uuid: "2a91012a49f344d5b2aaa51a5a057a79" member_type: VOTER last_known_addr { host: "127.8.149.3" port: 38419 }, Status: LMP_MISMATCH, Last received: 0.0, Next index: 2, Last known committed idx: 1, Time since last communication: 0.000s
I20260710 11:04:12.447408  9595 raft_consensus.cc:1275] T 01f59cf3766b4207b6c3e244a0145e47 P 2a91012a49f344d5b2aaa51a5a057a79 [term 2 FOLLOWER]: Refusing update from remote peer eb3edee53f0c44eabbe40b424c2224d4: Log matching property violated. Preceding OpId in replica: term: 1 index: 1. Preceding OpId from leader: term: 2 index: 2. (index mismatch)
I20260710 11:04:12.449623  9639 consensus_queue.cc:1048] T 01f59cf3766b4207b6c3e244a0145e47 P eb3edee53f0c44eabbe40b424c2224d4 [LEADER]: Connected to new peer: Peer: permanent_uuid: "2a91012a49f344d5b2aaa51a5a057a79" member_type: VOTER last_known_addr { host: "127.8.149.3" port: 38419 }, Status: LMP_MISMATCH, Last received: 0.0, Next index: 2, Last known committed idx: 1, Time since last communication: 0.001s
I20260710 11:04:12.451545  9521 raft_consensus.cc:1275] T 44a6502f17824b8897657b0a769bfeee P eb3edee53f0c44eabbe40b424c2224d4 [term 2 FOLLOWER]: Refusing update from remote peer 5833782b7a8c4980ba9211416dfbec77: Log matching property violated. Preceding OpId in replica: term: 1 index: 1. Preceding OpId from leader: term: 2 index: 2. (index mismatch)
I20260710 11:04:12.453353  9662 consensus_queue.cc:1048] T 44a6502f17824b8897657b0a769bfeee P 5833782b7a8c4980ba9211416dfbec77 [LEADER]: Connected to new peer: Peer: permanent_uuid: "eb3edee53f0c44eabbe40b424c2224d4" member_type: VOTER last_known_addr { host: "127.8.149.2" port: 44077 }, Status: LMP_MISMATCH, Last received: 0.0, Next index: 2, Last known committed idx: 1, Time since last communication: 0.000s
I20260710 11:04:12.462991  9445 raft_consensus.cc:1275] T 01f59cf3766b4207b6c3e244a0145e47 P 5833782b7a8c4980ba9211416dfbec77 [term 2 FOLLOWER]: Refusing update from remote peer eb3edee53f0c44eabbe40b424c2224d4: Log matching property violated. Preceding OpId in replica: term: 1 index: 1. Preceding OpId from leader: term: 2 index: 2. (index mismatch)
I20260710 11:04:12.465929  9728 consensus_queue.cc:1048] T 01f59cf3766b4207b6c3e244a0145e47 P eb3edee53f0c44eabbe40b424c2224d4 [LEADER]: Connected to new peer: Peer: permanent_uuid: "5833782b7a8c4980ba9211416dfbec77" member_type: VOTER last_known_addr { host: "127.8.149.1" port: 46151 }, Status: LMP_MISMATCH, Last received: 0.0, Next index: 2, Last known committed idx: 1, Time since last communication: 0.000s
I20260710 11:04:14.765690  8788 auto_leader_rebalancer-test.cc:348] The leader distribution is 
I20260710 11:04:14.766636  8788 auto_leader_rebalancer.cc:141] leader rebalance for table test-workload
I20260710 11:04:14.790860  9445 tablet_service.cc:2072] Received LeaderStepDown RPC: tablet_id: "44a6502f17824b8897657b0a769bfeee"
dest_uuid: "5833782b7a8c4980ba9211416dfbec77"
mode: GRACEFUL
new_leader_uuid: "2a91012a49f344d5b2aaa51a5a057a79"
 from {username='slave'} at 127.0.0.1:51566
I20260710 11:04:14.791853  9445 raft_consensus.cc:606] T 44a6502f17824b8897657b0a769bfeee P 5833782b7a8c4980ba9211416dfbec77 [term 2 LEADER]: Received request to transfer leadership to TS 2a91012a49f344d5b2aaa51a5a057a79
I20260710 11:04:14.795588  9445 tablet_service.cc:2072] Received LeaderStepDown RPC: tablet_id: "d6b981cbf9d049aa9f79ca85e4cbc842"
dest_uuid: "5833782b7a8c4980ba9211416dfbec77"
mode: GRACEFUL
new_leader_uuid: "2a91012a49f344d5b2aaa51a5a057a79"
 from {username='slave'} at 127.0.0.1:51566
I20260710 11:04:14.796319  9445 raft_consensus.cc:606] T d6b981cbf9d049aa9f79ca85e4cbc842 P 5833782b7a8c4980ba9211416dfbec77 [term 1 LEADER]: Received request to transfer leadership to TS 2a91012a49f344d5b2aaa51a5a057a79
I20260710 11:04:14.798045  8788 auto_leader_rebalancer.cc:452] table: test-workload, leader rebalance finish, leader transfer count: 2
I20260710 11:04:14.798673  8788 auto_leader_rebalancer.cc:527] All tables' leader rebalancing finished this round
I20260710 11:04:14.818023  9739 raft_consensus.cc:993] T 44a6502f17824b8897657b0a769bfeee P 5833782b7a8c4980ba9211416dfbec77: : Instructing follower 2a91012a49f344d5b2aaa51a5a057a79 to start an election
I20260710 11:04:14.818516  9739 raft_consensus.cc:1081] T 44a6502f17824b8897657b0a769bfeee P 5833782b7a8c4980ba9211416dfbec77 [term 2 LEADER]: Signalling peer 2a91012a49f344d5b2aaa51a5a057a79 to start an election
I20260710 11:04:14.820322  9594 tablet_service.cc:2044] Received Run Leader Election RPC: tablet_id: "44a6502f17824b8897657b0a769bfeee"
dest_uuid: "2a91012a49f344d5b2aaa51a5a057a79"
 from {username='slave'} at 127.0.0.1:58906
I20260710 11:04:14.820883  9594 raft_consensus.cc:493] T 44a6502f17824b8897657b0a769bfeee P 2a91012a49f344d5b2aaa51a5a057a79 [term 2 FOLLOWER]: Starting forced leader election (received explicit request)
I20260710 11:04:14.821205  9594 raft_consensus.cc:3060] T 44a6502f17824b8897657b0a769bfeee P 2a91012a49f344d5b2aaa51a5a057a79 [term 2 FOLLOWER]: Advancing to term 3
I20260710 11:04:14.828085  9594 raft_consensus.cc:515] T 44a6502f17824b8897657b0a769bfeee P 2a91012a49f344d5b2aaa51a5a057a79 [term 3 FOLLOWER]: Starting forced leader election with config: opid_index: -1 OBSOLETE_local: false peers { permanent_uuid: "5833782b7a8c4980ba9211416dfbec77" member_type: VOTER last_known_addr { host: "127.8.149.1" port: 46151 } } peers { permanent_uuid: "eb3edee53f0c44eabbe40b424c2224d4" member_type: VOTER last_known_addr { host: "127.8.149.2" port: 44077 } } peers { permanent_uuid: "2a91012a49f344d5b2aaa51a5a057a79" member_type: VOTER last_known_addr { host: "127.8.149.3" port: 38419 } }
I20260710 11:04:14.830065  9594 leader_election.cc:290] T 44a6502f17824b8897657b0a769bfeee P 2a91012a49f344d5b2aaa51a5a057a79 [CANDIDATE]: Term 3 election: Requested vote from peers 5833782b7a8c4980ba9211416dfbec77 (127.8.149.1:46151), eb3edee53f0c44eabbe40b424c2224d4 (127.8.149.2:44077)
I20260710 11:04:14.831598  9445 tablet_service.cc:1917] Received RequestConsensusVote() RPC: tablet_id: "44a6502f17824b8897657b0a769bfeee" candidate_uuid: "2a91012a49f344d5b2aaa51a5a057a79" candidate_term: 3 candidate_status { last_received { term: 2 index: 2 } } ignore_live_leader: true dest_uuid: "5833782b7a8c4980ba9211416dfbec77"
I20260710 11:04:14.831959  9521 tablet_service.cc:1917] Received RequestConsensusVote() RPC: tablet_id: "44a6502f17824b8897657b0a769bfeee" candidate_uuid: "2a91012a49f344d5b2aaa51a5a057a79" candidate_term: 3 candidate_status { last_received { term: 2 index: 2 } } ignore_live_leader: true dest_uuid: "eb3edee53f0c44eabbe40b424c2224d4"
I20260710 11:04:14.832427  9445 raft_consensus.cc:3055] T 44a6502f17824b8897657b0a769bfeee P 5833782b7a8c4980ba9211416dfbec77 [term 2 LEADER]: Stepping down as leader of term 2
I20260710 11:04:14.832677  9521 raft_consensus.cc:3060] T 44a6502f17824b8897657b0a769bfeee P eb3edee53f0c44eabbe40b424c2224d4 [term 2 FOLLOWER]: Advancing to term 3
I20260710 11:04:14.832801  9445 raft_consensus.cc:740] T 44a6502f17824b8897657b0a769bfeee P 5833782b7a8c4980ba9211416dfbec77 [term 2 LEADER]: Becoming Follower/Learner. State: Replica: 5833782b7a8c4980ba9211416dfbec77, State: Running, Role: LEADER
I20260710 11:04:14.833921  9445 consensus_queue.cc:260] T 44a6502f17824b8897657b0a769bfeee P 5833782b7a8c4980ba9211416dfbec77 [NON_LEADER]: Queue going to NON_LEADER mode. State: All replicated index: 0, Majority replicated index: 2, Committed index: 2, Last appended: 2.2, Last appended by leader: 2, Current term: 2, Majority size: -1, State: 0, Mode: NON_LEADER, active raft config: opid_index: -1 OBSOLETE_local: false peers { permanent_uuid: "5833782b7a8c4980ba9211416dfbec77" member_type: VOTER last_known_addr { host: "127.8.149.1" port: 46151 } } peers { permanent_uuid: "eb3edee53f0c44eabbe40b424c2224d4" member_type: VOTER last_known_addr { host: "127.8.149.2" port: 44077 } } peers { permanent_uuid: "2a91012a49f344d5b2aaa51a5a057a79" member_type: VOTER last_known_addr { host: "127.8.149.3" port: 38419 } }
I20260710 11:04:14.835315  9445 raft_consensus.cc:3060] T 44a6502f17824b8897657b0a769bfeee P 5833782b7a8c4980ba9211416dfbec77 [term 2 FOLLOWER]: Advancing to term 3
I20260710 11:04:14.838835  9521 raft_consensus.cc:2468] T 44a6502f17824b8897657b0a769bfeee P eb3edee53f0c44eabbe40b424c2224d4 [term 3 FOLLOWER]: Leader election vote request: Granting yes vote for candidate 2a91012a49f344d5b2aaa51a5a057a79 in term 3.
I20260710 11:04:14.840552  9561 leader_election.cc:304] T 44a6502f17824b8897657b0a769bfeee P 2a91012a49f344d5b2aaa51a5a057a79 [CANDIDATE]: Term 3 election: Election decided. Result: candidate won. Election summary: received 2 responses out of 3 voters: 2 yes votes; 0 no votes. yes voters: 2a91012a49f344d5b2aaa51a5a057a79, eb3edee53f0c44eabbe40b424c2224d4; no voters: 
I20260710 11:04:14.841643  9737 raft_consensus.cc:2804] T 44a6502f17824b8897657b0a769bfeee P 2a91012a49f344d5b2aaa51a5a057a79 [term 3 FOLLOWER]: Leader election won for term 3
I20260710 11:04:14.841894  9445 raft_consensus.cc:2468] T 44a6502f17824b8897657b0a769bfeee P 5833782b7a8c4980ba9211416dfbec77 [term 3 FOLLOWER]: Leader election vote request: Granting yes vote for candidate 2a91012a49f344d5b2aaa51a5a057a79 in term 3.
I20260710 11:04:14.843060  9737 raft_consensus.cc:697] T 44a6502f17824b8897657b0a769bfeee P 2a91012a49f344d5b2aaa51a5a057a79 [term 3 LEADER]: Becoming Leader. State: Replica: 2a91012a49f344d5b2aaa51a5a057a79, State: Running, Role: LEADER
I20260710 11:04:14.844344  9737 consensus_queue.cc:237] T 44a6502f17824b8897657b0a769bfeee P 2a91012a49f344d5b2aaa51a5a057a79 [LEADER]: Queue going to LEADER mode. State: All replicated index: 0, Majority replicated index: 2, Committed index: 2, Last appended: 2.2, Last appended by leader: 2, Current term: 3, Majority size: 2, State: 0, Mode: LEADER, active raft config: opid_index: -1 OBSOLETE_local: false peers { permanent_uuid: "5833782b7a8c4980ba9211416dfbec77" member_type: VOTER last_known_addr { host: "127.8.149.1" port: 46151 } } peers { permanent_uuid: "eb3edee53f0c44eabbe40b424c2224d4" member_type: VOTER last_known_addr { host: "127.8.149.2" port: 44077 } } peers { permanent_uuid: "2a91012a49f344d5b2aaa51a5a057a79" member_type: VOTER last_known_addr { host: "127.8.149.3" port: 38419 } }
I20260710 11:04:14.859727  9341 catalog_manager.cc:5697] T 44a6502f17824b8897657b0a769bfeee P 2a91012a49f344d5b2aaa51a5a057a79 reported cstate change: term changed from 2 to 3, leader changed from 5833782b7a8c4980ba9211416dfbec77 (127.8.149.1) to 2a91012a49f344d5b2aaa51a5a057a79 (127.8.149.3). New cstate: current_term: 3 leader_uuid: "2a91012a49f344d5b2aaa51a5a057a79" committed_config { opid_index: -1 OBSOLETE_local: false peers { permanent_uuid: "5833782b7a8c4980ba9211416dfbec77" member_type: VOTER last_known_addr { host: "127.8.149.1" port: 46151 } health_report { overall_health: UNKNOWN } } peers { permanent_uuid: "eb3edee53f0c44eabbe40b424c2224d4" member_type: VOTER last_known_addr { host: "127.8.149.2" port: 44077 } health_report { overall_health: UNKNOWN } } peers { permanent_uuid: "2a91012a49f344d5b2aaa51a5a057a79" member_type: VOTER last_known_addr { host: "127.8.149.3" port: 38419 } health_report { overall_health: HEALTHY } } }
I20260710 11:04:14.994743  9739 raft_consensus.cc:993] T d6b981cbf9d049aa9f79ca85e4cbc842 P 5833782b7a8c4980ba9211416dfbec77: : Instructing follower 2a91012a49f344d5b2aaa51a5a057a79 to start an election
I20260710 11:04:14.995445  9662 raft_consensus.cc:1081] T d6b981cbf9d049aa9f79ca85e4cbc842 P 5833782b7a8c4980ba9211416dfbec77 [term 1 LEADER]: Signalling peer 2a91012a49f344d5b2aaa51a5a057a79 to start an election
I20260710 11:04:14.997583  9594 tablet_service.cc:2044] Received Run Leader Election RPC: tablet_id: "d6b981cbf9d049aa9f79ca85e4cbc842"
dest_uuid: "2a91012a49f344d5b2aaa51a5a057a79"
 from {username='slave'} at 127.0.0.1:58906
I20260710 11:04:14.998313  9594 raft_consensus.cc:493] T d6b981cbf9d049aa9f79ca85e4cbc842 P 2a91012a49f344d5b2aaa51a5a057a79 [term 1 FOLLOWER]: Starting forced leader election (received explicit request)
I20260710 11:04:14.998683  9594 raft_consensus.cc:3060] T d6b981cbf9d049aa9f79ca85e4cbc842 P 2a91012a49f344d5b2aaa51a5a057a79 [term 1 FOLLOWER]: Advancing to term 2
I20260710 11:04:15.004426  9594 raft_consensus.cc:515] T d6b981cbf9d049aa9f79ca85e4cbc842 P 2a91012a49f344d5b2aaa51a5a057a79 [term 2 FOLLOWER]: Starting forced leader election with config: opid_index: -1 OBSOLETE_local: false peers { permanent_uuid: "5833782b7a8c4980ba9211416dfbec77" member_type: VOTER last_known_addr { host: "127.8.149.1" port: 46151 } } peers { permanent_uuid: "eb3edee53f0c44eabbe40b424c2224d4" member_type: VOTER last_known_addr { host: "127.8.149.2" port: 44077 } } peers { permanent_uuid: "2a91012a49f344d5b2aaa51a5a057a79" member_type: VOTER last_known_addr { host: "127.8.149.3" port: 38419 } }
I20260710 11:04:15.006034  9594 leader_election.cc:290] T d6b981cbf9d049aa9f79ca85e4cbc842 P 2a91012a49f344d5b2aaa51a5a057a79 [CANDIDATE]: Term 2 election: Requested vote from peers 5833782b7a8c4980ba9211416dfbec77 (127.8.149.1:46151), eb3edee53f0c44eabbe40b424c2224d4 (127.8.149.2:44077)
I20260710 11:04:15.007194  9521 tablet_service.cc:1917] Received RequestConsensusVote() RPC: tablet_id: "d6b981cbf9d049aa9f79ca85e4cbc842" candidate_uuid: "2a91012a49f344d5b2aaa51a5a057a79" candidate_term: 2 candidate_status { last_received { term: 1 index: 1 } } ignore_live_leader: true dest_uuid: "eb3edee53f0c44eabbe40b424c2224d4"
I20260710 11:04:15.007216  9446 tablet_service.cc:1917] Received RequestConsensusVote() RPC: tablet_id: "d6b981cbf9d049aa9f79ca85e4cbc842" candidate_uuid: "2a91012a49f344d5b2aaa51a5a057a79" candidate_term: 2 candidate_status { last_received { term: 1 index: 1 } } ignore_live_leader: true dest_uuid: "5833782b7a8c4980ba9211416dfbec77"
I20260710 11:04:15.008234  9521 raft_consensus.cc:3060] T d6b981cbf9d049aa9f79ca85e4cbc842 P eb3edee53f0c44eabbe40b424c2224d4 [term 1 FOLLOWER]: Advancing to term 2
I20260710 11:04:15.008397  9446 raft_consensus.cc:3055] T d6b981cbf9d049aa9f79ca85e4cbc842 P 5833782b7a8c4980ba9211416dfbec77 [term 1 LEADER]: Stepping down as leader of term 1
I20260710 11:04:15.008816  9446 raft_consensus.cc:740] T d6b981cbf9d049aa9f79ca85e4cbc842 P 5833782b7a8c4980ba9211416dfbec77 [term 1 LEADER]: Becoming Follower/Learner. State: Replica: 5833782b7a8c4980ba9211416dfbec77, State: Running, Role: LEADER
I20260710 11:04:15.009773  9446 consensus_queue.cc:260] T d6b981cbf9d049aa9f79ca85e4cbc842 P 5833782b7a8c4980ba9211416dfbec77 [NON_LEADER]: Queue going to NON_LEADER mode. State: All replicated index: 0, Majority replicated index: 1, Committed index: 1, Last appended: 1.1, Last appended by leader: 1, Current term: 1, Majority size: -1, State: 0, Mode: NON_LEADER, active raft config: opid_index: -1 OBSOLETE_local: false peers { permanent_uuid: "5833782b7a8c4980ba9211416dfbec77" member_type: VOTER last_known_addr { host: "127.8.149.1" port: 46151 } } peers { permanent_uuid: "eb3edee53f0c44eabbe40b424c2224d4" member_type: VOTER last_known_addr { host: "127.8.149.2" port: 44077 } } peers { permanent_uuid: "2a91012a49f344d5b2aaa51a5a057a79" member_type: VOTER last_known_addr { host: "127.8.149.3" port: 38419 } }
I20260710 11:04:15.010952  9446 raft_consensus.cc:3060] T d6b981cbf9d049aa9f79ca85e4cbc842 P 5833782b7a8c4980ba9211416dfbec77 [term 1 FOLLOWER]: Advancing to term 2
I20260710 11:04:15.013806  9521 raft_consensus.cc:2468] T d6b981cbf9d049aa9f79ca85e4cbc842 P eb3edee53f0c44eabbe40b424c2224d4 [term 2 FOLLOWER]: Leader election vote request: Granting yes vote for candidate 2a91012a49f344d5b2aaa51a5a057a79 in term 2.
I20260710 11:04:15.015120  9561 leader_election.cc:304] T d6b981cbf9d049aa9f79ca85e4cbc842 P 2a91012a49f344d5b2aaa51a5a057a79 [CANDIDATE]: Term 2 election: Election decided. Result: candidate won. Election summary: received 2 responses out of 3 voters: 2 yes votes; 0 no votes. yes voters: 2a91012a49f344d5b2aaa51a5a057a79, eb3edee53f0c44eabbe40b424c2224d4; no voters: 
I20260710 11:04:15.016124  9737 raft_consensus.cc:2804] T d6b981cbf9d049aa9f79ca85e4cbc842 P 2a91012a49f344d5b2aaa51a5a057a79 [term 2 FOLLOWER]: Leader election won for term 2
I20260710 11:04:15.016659  9737 raft_consensus.cc:697] T d6b981cbf9d049aa9f79ca85e4cbc842 P 2a91012a49f344d5b2aaa51a5a057a79 [term 2 LEADER]: Becoming Leader. State: Replica: 2a91012a49f344d5b2aaa51a5a057a79, State: Running, Role: LEADER
I20260710 11:04:15.017565  9737 consensus_queue.cc:237] T d6b981cbf9d049aa9f79ca85e4cbc842 P 2a91012a49f344d5b2aaa51a5a057a79 [LEADER]: Queue going to LEADER mode. State: All replicated index: 0, Majority replicated index: 1, Committed index: 1, Last appended: 1.1, Last appended by leader: 1, Current term: 2, Majority size: 2, State: 0, Mode: LEADER, active raft config: opid_index: -1 OBSOLETE_local: false peers { permanent_uuid: "5833782b7a8c4980ba9211416dfbec77" member_type: VOTER last_known_addr { host: "127.8.149.1" port: 46151 } } peers { permanent_uuid: "eb3edee53f0c44eabbe40b424c2224d4" member_type: VOTER last_known_addr { host: "127.8.149.2" port: 44077 } } peers { permanent_uuid: "2a91012a49f344d5b2aaa51a5a057a79" member_type: VOTER last_known_addr { host: "127.8.149.3" port: 38419 } }
I20260710 11:04:15.018347  9446 raft_consensus.cc:2468] T d6b981cbf9d049aa9f79ca85e4cbc842 P 5833782b7a8c4980ba9211416dfbec77 [term 2 FOLLOWER]: Leader election vote request: Granting yes vote for candidate 2a91012a49f344d5b2aaa51a5a057a79 in term 2.
I20260710 11:04:15.025764  9341 catalog_manager.cc:5697] T d6b981cbf9d049aa9f79ca85e4cbc842 P 2a91012a49f344d5b2aaa51a5a057a79 reported cstate change: term changed from 1 to 2, leader changed from 5833782b7a8c4980ba9211416dfbec77 (127.8.149.1) to 2a91012a49f344d5b2aaa51a5a057a79 (127.8.149.3). New cstate: current_term: 2 leader_uuid: "2a91012a49f344d5b2aaa51a5a057a79" committed_config { opid_index: -1 OBSOLETE_local: false peers { permanent_uuid: "5833782b7a8c4980ba9211416dfbec77" member_type: VOTER last_known_addr { host: "127.8.149.1" port: 46151 } health_report { overall_health: UNKNOWN } } peers { permanent_uuid: "eb3edee53f0c44eabbe40b424c2224d4" member_type: VOTER last_known_addr { host: "127.8.149.2" port: 44077 } health_report { overall_health: UNKNOWN } } peers { permanent_uuid: "2a91012a49f344d5b2aaa51a5a057a79" member_type: VOTER last_known_addr { host: "127.8.149.3" port: 38419 } health_report { overall_health: HEALTHY } } }
I20260710 11:04:15.256212  9446 raft_consensus.cc:1275] T 44a6502f17824b8897657b0a769bfeee P 5833782b7a8c4980ba9211416dfbec77 [term 3 FOLLOWER]: Refusing update from remote peer 2a91012a49f344d5b2aaa51a5a057a79: Log matching property violated. Preceding OpId in replica: term: 2 index: 2. Preceding OpId from leader: term: 3 index: 3. (index mismatch)
I20260710 11:04:15.257880  9737 consensus_queue.cc:1048] T 44a6502f17824b8897657b0a769bfeee P 2a91012a49f344d5b2aaa51a5a057a79 [LEADER]: Connected to new peer: Peer: permanent_uuid: "5833782b7a8c4980ba9211416dfbec77" member_type: VOTER last_known_addr { host: "127.8.149.1" port: 46151 }, Status: LMP_MISMATCH, Last received: 0.0, Next index: 3, Last known committed idx: 2, Time since last communication: 0.000s
I20260710 11:04:15.273938  9521 raft_consensus.cc:1275] T 44a6502f17824b8897657b0a769bfeee P eb3edee53f0c44eabbe40b424c2224d4 [term 3 FOLLOWER]: Refusing update from remote peer 2a91012a49f344d5b2aaa51a5a057a79: Log matching property violated. Preceding OpId in replica: term: 2 index: 2. Preceding OpId from leader: term: 3 index: 3. (index mismatch)
I20260710 11:04:15.276154  9737 consensus_queue.cc:1048] T 44a6502f17824b8897657b0a769bfeee P 2a91012a49f344d5b2aaa51a5a057a79 [LEADER]: Connected to new peer: Peer: permanent_uuid: "eb3edee53f0c44eabbe40b424c2224d4" member_type: VOTER last_known_addr { host: "127.8.149.2" port: 44077 }, Status: LMP_MISMATCH, Last received: 0.0, Next index: 3, Last known committed idx: 2, Time since last communication: 0.001s
I20260710 11:04:15.453568  9521 raft_consensus.cc:1275] T d6b981cbf9d049aa9f79ca85e4cbc842 P eb3edee53f0c44eabbe40b424c2224d4 [term 2 FOLLOWER]: Refusing update from remote peer 2a91012a49f344d5b2aaa51a5a057a79: Log matching property violated. Preceding OpId in replica: term: 1 index: 1. Preceding OpId from leader: term: 2 index: 2. (index mismatch)
I20260710 11:04:15.455228  9737 consensus_queue.cc:1048] T d6b981cbf9d049aa9f79ca85e4cbc842 P 2a91012a49f344d5b2aaa51a5a057a79 [LEADER]: Connected to new peer: Peer: permanent_uuid: "eb3edee53f0c44eabbe40b424c2224d4" member_type: VOTER last_known_addr { host: "127.8.149.2" port: 44077 }, Status: LMP_MISMATCH, Last received: 0.0, Next index: 2, Last known committed idx: 1, Time since last communication: 0.000s
I20260710 11:04:15.465132  9445 raft_consensus.cc:1275] T d6b981cbf9d049aa9f79ca85e4cbc842 P 5833782b7a8c4980ba9211416dfbec77 [term 2 FOLLOWER]: Refusing update from remote peer 2a91012a49f344d5b2aaa51a5a057a79: Log matching property violated. Preceding OpId in replica: term: 1 index: 1. Preceding OpId from leader: term: 2 index: 2. (index mismatch)
I20260710 11:04:15.467319  9737 consensus_queue.cc:1048] T d6b981cbf9d049aa9f79ca85e4cbc842 P 2a91012a49f344d5b2aaa51a5a057a79 [LEADER]: Connected to new peer: Peer: permanent_uuid: "5833782b7a8c4980ba9211416dfbec77" member_type: VOTER last_known_addr { host: "127.8.149.1" port: 46151 }, Status: LMP_MISMATCH, Last received: 0.0, Next index: 2, Last known committed idx: 1, Time since last communication: 0.000s
I20260710 11:04:15.799744  8788 auto_leader_rebalancer.cc:141] leader rebalance for table test-workload
I20260710 11:04:15.816905  9594 tablet_service.cc:2072] Received LeaderStepDown RPC: tablet_id: "d6b981cbf9d049aa9f79ca85e4cbc842"
dest_uuid: "2a91012a49f344d5b2aaa51a5a057a79"
mode: GRACEFUL
new_leader_uuid: "5833782b7a8c4980ba9211416dfbec77"
 from {username='slave'} at 127.0.0.1:58918
I20260710 11:04:15.817435  9594 raft_consensus.cc:606] T d6b981cbf9d049aa9f79ca85e4cbc842 P 2a91012a49f344d5b2aaa51a5a057a79 [term 2 LEADER]: Received request to transfer leadership to TS 5833782b7a8c4980ba9211416dfbec77
I20260710 11:04:15.822695  9594 tablet_service.cc:2072] Received LeaderStepDown RPC: tablet_id: "44a6502f17824b8897657b0a769bfeee"
dest_uuid: "2a91012a49f344d5b2aaa51a5a057a79"
mode: GRACEFUL
new_leader_uuid: "5833782b7a8c4980ba9211416dfbec77"
 from {username='slave'} at 127.0.0.1:58918
I20260710 11:04:15.823275  9594 raft_consensus.cc:606] T 44a6502f17824b8897657b0a769bfeee P 2a91012a49f344d5b2aaa51a5a057a79 [term 3 LEADER]: Received request to transfer leadership to TS 5833782b7a8c4980ba9211416dfbec77
I20260710 11:04:15.835155  9521 tablet_service.cc:2072] Received LeaderStepDown RPC: tablet_id: "01f59cf3766b4207b6c3e244a0145e47"
dest_uuid: "eb3edee53f0c44eabbe40b424c2224d4"
mode: GRACEFUL
new_leader_uuid: "5833782b7a8c4980ba9211416dfbec77"
 from {username='slave'} at 127.0.0.1:51982
I20260710 11:04:15.835704  9521 raft_consensus.cc:606] T 01f59cf3766b4207b6c3e244a0145e47 P eb3edee53f0c44eabbe40b424c2224d4 [term 2 LEADER]: Received request to transfer leadership to TS 5833782b7a8c4980ba9211416dfbec77
I20260710 11:04:15.840888  9521 tablet_service.cc:2072] Received LeaderStepDown RPC: tablet_id: "2e2578cc3cb84122910e8b08287dba1a"
dest_uuid: "eb3edee53f0c44eabbe40b424c2224d4"
mode: GRACEFUL
new_leader_uuid: "5833782b7a8c4980ba9211416dfbec77"
 from {username='slave'} at 127.0.0.1:51982
I20260710 11:04:15.841393  9521 raft_consensus.cc:606] T 2e2578cc3cb84122910e8b08287dba1a P eb3edee53f0c44eabbe40b424c2224d4 [term 2 LEADER]: Received request to transfer leadership to TS 5833782b7a8c4980ba9211416dfbec77
I20260710 11:04:15.846822  9521 tablet_service.cc:2072] Received LeaderStepDown RPC: tablet_id: "bfcdca7eeefa4edbbae2ae8b10a61c45"
dest_uuid: "eb3edee53f0c44eabbe40b424c2224d4"
mode: GRACEFUL
new_leader_uuid: "5833782b7a8c4980ba9211416dfbec77"
 from {username='slave'} at 127.0.0.1:51982
I20260710 11:04:15.847440  9521 raft_consensus.cc:606] T bfcdca7eeefa4edbbae2ae8b10a61c45 P eb3edee53f0c44eabbe40b424c2224d4 [term 2 LEADER]: Received request to transfer leadership to TS 5833782b7a8c4980ba9211416dfbec77
I20260710 11:04:15.849718  9738 raft_consensus.cc:993] T 2e2578cc3cb84122910e8b08287dba1a P eb3edee53f0c44eabbe40b424c2224d4: : Instructing follower 5833782b7a8c4980ba9211416dfbec77 to start an election
I20260710 11:04:15.850154  9738 raft_consensus.cc:1081] T 2e2578cc3cb84122910e8b08287dba1a P eb3edee53f0c44eabbe40b424c2224d4 [term 2 LEADER]: Signalling peer 5833782b7a8c4980ba9211416dfbec77 to start an election
I20260710 11:04:15.851872  9445 tablet_service.cc:2044] Received Run Leader Election RPC: tablet_id: "2e2578cc3cb84122910e8b08287dba1a"
dest_uuid: "5833782b7a8c4980ba9211416dfbec77"
 from {username='slave'} at 127.0.0.1:51546
I20260710 11:04:15.852361  9445 raft_consensus.cc:493] T 2e2578cc3cb84122910e8b08287dba1a P 5833782b7a8c4980ba9211416dfbec77 [term 2 FOLLOWER]: Starting forced leader election (received explicit request)
I20260710 11:04:15.852684  9445 raft_consensus.cc:3060] T 2e2578cc3cb84122910e8b08287dba1a P 5833782b7a8c4980ba9211416dfbec77 [term 2 FOLLOWER]: Advancing to term 3
