I20260710 11:04:22.255403 10010 tablet_service.cc:1917] Received RequestConsensusVote() RPC: tablet_id: "f38a06a21ce44f60aaa9bf5d3824a7b3" candidate_uuid: "209b1e5816ba45adaf5a75933b3b5179" candidate_term: 1 candidate_status { last_received { term: 0 index: 0 } } ignore_live_leader: false dest_uuid: "0cf4b4bc05be4522865b137958d5d014"
I20260710 11:04:22.257239 10007 raft_consensus.cc:2468] T 79945118873b4d73b9753b0396b1bbea P 0cf4b4bc05be4522865b137958d5d014 [term 1 FOLLOWER]: Leader election vote request: Granting yes vote for candidate 209b1e5816ba45adaf5a75933b3b5179 in term 1.
I20260710 11:04:22.258806 10165 raft_consensus.cc:2749] T 3d05b7074ba74570ae65fc843e0068eb P 209b1e5816ba45adaf5a75933b3b5179 [term 0 FOLLOWER]: Leader pre-election lost for term 1. Reason: could not achieve majority
W20260710 11:04:22.259509  9898 leader_election.cc:343] T f38a06a21ce44f60aaa9bf5d3824a7b3 P 209b1e5816ba45adaf5a75933b3b5179 [CANDIDATE]: Term 1 pre-election: Tablet error from VoteRequest() call to peer 0cf4b4bc05be4522865b137958d5d014 (127.8.149.2:44351): Illegal state: must be running to vote when last-logged opid is not known
I20260710 11:04:22.260362 10167 raft_consensus.cc:493] T b3312a57c0bc49649d96bbd1ee240127 P 1549efaac4e8444088f234433b11d873 [term 0 FOLLOWER]: Starting pre-election (no leader contacted us within the election timeout)
I20260710 11:04:22.260576  9898 leader_election.cc:304] T 2ecee764c9a542e6a2f03b2253daa3ef P 209b1e5816ba45adaf5a75933b3b5179 [CANDIDATE]: Term 1 pre-election: Election decided. Result: candidate lost. Election summary: received 3 responses out of 3 voters: 1 yes votes; 2 no votes. yes voters: 209b1e5816ba45adaf5a75933b3b5179; no voters: 0cf4b4bc05be4522865b137958d5d014, 1549efaac4e8444088f234433b11d873
I20260710 11:04:22.261389 10167 raft_consensus.cc:515] T b3312a57c0bc49649d96bbd1ee240127 P 1549efaac4e8444088f234433b11d873 [term 0 FOLLOWER]: Starting pre-election with config: opid_index: -1 OBSOLETE_local: false peers { permanent_uuid: "209b1e5816ba45adaf5a75933b3b5179" member_type: VOTER last_known_addr { host: "127.8.149.1" port: 38517 } } peers { permanent_uuid: "0cf4b4bc05be4522865b137958d5d014" member_type: VOTER last_known_addr { host: "127.8.149.2" port: 44351 } } peers { permanent_uuid: "1549efaac4e8444088f234433b11d873" member_type: VOTER last_known_addr { host: "127.8.149.3" port: 34859 } }
W20260710 11:04:22.263975  9898 leader_election.cc:343] T f38a06a21ce44f60aaa9bf5d3824a7b3 P 209b1e5816ba45adaf5a75933b3b5179 [CANDIDATE]: Term 1 election: Tablet error from VoteRequest() call to peer 0cf4b4bc05be4522865b137958d5d014 (127.8.149.2:44351): Illegal state: must be running to vote when last-logged opid is not known
I20260710 11:04:22.264942 10165 raft_consensus.cc:3060] T 2ecee764c9a542e6a2f03b2253daa3ef P 209b1e5816ba45adaf5a75933b3b5179 [term 0 FOLLOWER]: Advancing to term 1
I20260710 11:04:22.267669 10132 raft_consensus.cc:493] T 831a70e2c6bd4d7d88b2c7e0629f533a P 0cf4b4bc05be4522865b137958d5d014 [term 0 FOLLOWER]: Starting pre-election (no leader contacted us within the election timeout)
I20260710 11:04:22.267979 10167 leader_election.cc:290] T b3312a57c0bc49649d96bbd1ee240127 P 1549efaac4e8444088f234433b11d873 [CANDIDATE]: Term 1 pre-election: Requested pre-vote from peers 209b1e5816ba45adaf5a75933b3b5179 (127.8.149.1:38517), 0cf4b4bc05be4522865b137958d5d014 (127.8.149.2:44351)
I20260710 11:04:22.268177 10132 raft_consensus.cc:515] T 831a70e2c6bd4d7d88b2c7e0629f533a P 0cf4b4bc05be4522865b137958d5d014 [term 0 FOLLOWER]: Starting pre-election with config: opid_index: -1 OBSOLETE_local: false peers { permanent_uuid: "209b1e5816ba45adaf5a75933b3b5179" member_type: VOTER last_known_addr { host: "127.8.149.1" port: 38517 } } peers { permanent_uuid: "0cf4b4bc05be4522865b137958d5d014" member_type: VOTER last_known_addr { host: "127.8.149.2" port: 44351 } } peers { permanent_uuid: "1549efaac4e8444088f234433b11d873" member_type: VOTER last_known_addr { host: "127.8.149.3" port: 34859 } }
I20260710 11:04:22.270100 10132 leader_election.cc:290] T 831a70e2c6bd4d7d88b2c7e0629f533a P 0cf4b4bc05be4522865b137958d5d014 [CANDIDATE]: Term 1 pre-election: Requested pre-vote from peers 209b1e5816ba45adaf5a75933b3b5179 (127.8.149.1:38517), 1549efaac4e8444088f234433b11d873 (127.8.149.3:34859)
I20260710 11:04:22.271230 10125 tablet_bootstrap.cc:492] T 831a70e2c6bd4d7d88b2c7e0629f533a P 1549efaac4e8444088f234433b11d873: Bootstrap starting.
I20260710 11:04:22.271194  9935 tablet_service.cc:1917] Received RequestConsensusVote() RPC: tablet_id: "831a70e2c6bd4d7d88b2c7e0629f533a" candidate_uuid: "0cf4b4bc05be4522865b137958d5d014" candidate_term: 1 candidate_status { last_received { term: 0 index: 0 } } ignore_live_leader: false dest_uuid: "209b1e5816ba45adaf5a75933b3b5179" is_pre_election: true
W20260710 11:04:22.273694  9976 leader_election.cc:343] T 831a70e2c6bd4d7d88b2c7e0629f533a P 0cf4b4bc05be4522865b137958d5d014 [CANDIDATE]: Term 1 pre-election: Tablet error from VoteRequest() call to peer 209b1e5816ba45adaf5a75933b3b5179 (127.8.149.1:38517): Illegal state: must be running to vote when last-logged opid is not known
I20260710 11:04:22.264834  9898 leader_election.cc:304] T 79945118873b4d73b9753b0396b1bbea P 209b1e5816ba45adaf5a75933b3b5179 [CANDIDATE]: Term 1 election: Election decided. Result: candidate won. Election summary: received 2 responses out of 3 voters: 2 yes votes; 0 no votes. yes voters: 0cf4b4bc05be4522865b137958d5d014, 209b1e5816ba45adaf5a75933b3b5179; no voters: 
I20260710 11:04:22.272751  9934 tablet_service.cc:1917] Received RequestConsensusVote() RPC: tablet_id: "b3312a57c0bc49649d96bbd1ee240127" candidate_uuid: "1549efaac4e8444088f234433b11d873" candidate_term: 1 candidate_status { last_received { term: 0 index: 0 } } ignore_live_leader: false dest_uuid: "209b1e5816ba45adaf5a75933b3b5179" is_pre_election: true
I20260710 11:04:22.275863 10006 tablet_service.cc:1917] Received RequestConsensusVote() RPC: tablet_id: "b3312a57c0bc49649d96bbd1ee240127" candidate_uuid: "1549efaac4e8444088f234433b11d873" candidate_term: 1 candidate_status { last_received { term: 0 index: 0 } } ignore_live_leader: false dest_uuid: "0cf4b4bc05be4522865b137958d5d014" is_pre_election: true
I20260710 11:04:22.276566 10083 tablet_service.cc:1917] Received RequestConsensusVote() RPC: tablet_id: "831a70e2c6bd4d7d88b2c7e0629f533a" candidate_uuid: "0cf4b4bc05be4522865b137958d5d014" candidate_term: 1 candidate_status { last_received { term: 0 index: 0 } } ignore_live_leader: false dest_uuid: "1549efaac4e8444088f234433b11d873" is_pre_election: true
I20260710 11:04:22.283520 10163 raft_consensus.cc:2804] T 79945118873b4d73b9753b0396b1bbea P 209b1e5816ba45adaf5a75933b3b5179 [term 1 FOLLOWER]: Leader election won for term 1
I20260710 11:04:22.285418 10125 tablet_bootstrap.cc:654] T 831a70e2c6bd4d7d88b2c7e0629f533a P 1549efaac4e8444088f234433b11d873: Neither blocks nor log segments found. Creating new log.
I20260710 11:04:22.284168 10130 raft_consensus.cc:493] T 721beaa89d254fd7a1d9b64b7d7b48b9 P 209b1e5816ba45adaf5a75933b3b5179 [term 0 FOLLOWER]: Starting pre-election (no leader contacted us within the election timeout)
W20260710 11:04:22.288511  9976 leader_election.cc:343] T 831a70e2c6bd4d7d88b2c7e0629f533a P 0cf4b4bc05be4522865b137958d5d014 [CANDIDATE]: Term 1 pre-election: Tablet error from VoteRequest() call to peer 1549efaac4e8444088f234433b11d873 (127.8.149.3:34859): Illegal state: must be running to vote when last-logged opid is not known
I20260710 11:04:22.288992  9976 leader_election.cc:304] T 831a70e2c6bd4d7d88b2c7e0629f533a P 0cf4b4bc05be4522865b137958d5d014 [CANDIDATE]: Term 1 pre-election: Election decided. Result: candidate lost. Election summary: received 3 responses out of 3 voters: 1 yes votes; 2 no votes. yes voters: 0cf4b4bc05be4522865b137958d5d014; no voters: 1549efaac4e8444088f234433b11d873, 209b1e5816ba45adaf5a75933b3b5179
I20260710 11:04:22.290086 10132 raft_consensus.cc:2749] T 831a70e2c6bd4d7d88b2c7e0629f533a P 0cf4b4bc05be4522865b137958d5d014 [term 0 FOLLOWER]: Leader pre-election lost for term 1. Reason: could not achieve majority
I20260710 11:04:22.286684 10130 raft_consensus.cc:515] T 721beaa89d254fd7a1d9b64b7d7b48b9 P 209b1e5816ba45adaf5a75933b3b5179 [term 0 FOLLOWER]: Starting pre-election with config: opid_index: -1 OBSOLETE_local: false peers { permanent_uuid: "209b1e5816ba45adaf5a75933b3b5179" member_type: VOTER last_known_addr { host: "127.8.149.1" port: 38517 } } peers { permanent_uuid: "0cf4b4bc05be4522865b137958d5d014" member_type: VOTER last_known_addr { host: "127.8.149.2" port: 44351 } } peers { permanent_uuid: "1549efaac4e8444088f234433b11d873" member_type: VOTER last_known_addr { host: "127.8.149.3" port: 34859 } }
I20260710 11:04:22.291445 10126 tablet_bootstrap.cc:492] T c7a7bcebcadc48089ed69b855bdad974 P 0cf4b4bc05be4522865b137958d5d014: No bootstrap required, opened a new log
I20260710 11:04:22.291563 10166 raft_consensus.cc:515] T 79945118873b4d73b9753b0396b1bbea P 1549efaac4e8444088f234433b11d873 [term 1 FOLLOWER]: Starting leader election with config: opid_index: -1 OBSOLETE_local: false peers { permanent_uuid: "209b1e5816ba45adaf5a75933b3b5179" member_type: VOTER last_known_addr { host: "127.8.149.1" port: 38517 } } peers { permanent_uuid: "0cf4b4bc05be4522865b137958d5d014" member_type: VOTER last_known_addr { host: "127.8.149.2" port: 44351 } } peers { permanent_uuid: "1549efaac4e8444088f234433b11d873" member_type: VOTER last_known_addr { host: "127.8.149.3" port: 34859 } }
I20260710 11:04:22.292866 10130 leader_election.cc:290] T 721beaa89d254fd7a1d9b64b7d7b48b9 P 209b1e5816ba45adaf5a75933b3b5179 [CANDIDATE]: Term 1 pre-election: Requested pre-vote from peers 0cf4b4bc05be4522865b137958d5d014 (127.8.149.2:44351), 1549efaac4e8444088f234433b11d873 (127.8.149.3:34859)
I20260710 11:04:22.287431  9934 raft_consensus.cc:2468] T b3312a57c0bc49649d96bbd1ee240127 P 209b1e5816ba45adaf5a75933b3b5179 [term 0 FOLLOWER]: Leader pre-election vote request: Granting yes vote for candidate 1549efaac4e8444088f234433b11d873 in term 0.
I20260710 11:04:22.294014 10126 ts_tablet_manager.cc:1403] T c7a7bcebcadc48089ed69b855bdad974 P 0cf4b4bc05be4522865b137958d5d014: Time spent bootstrapping tablet: real 0.092s	user 0.036s	sys 0.012s
I20260710 11:04:22.294288 10083 tablet_service.cc:1917] Received RequestConsensusVote() RPC: tablet_id: "721beaa89d254fd7a1d9b64b7d7b48b9" candidate_uuid: "209b1e5816ba45adaf5a75933b3b5179" candidate_term: 1 candidate_status { last_received { term: 0 index: 0 } } ignore_live_leader: false dest_uuid: "1549efaac4e8444088f234433b11d873" is_pre_election: true
I20260710 11:04:22.294806 10050 leader_election.cc:304] T b3312a57c0bc49649d96bbd1ee240127 P 1549efaac4e8444088f234433b11d873 [CANDIDATE]: Term 1 pre-election: Election decided. Result: candidate won. Election summary: received 2 responses out of 3 voters: 2 yes votes; 0 no votes. yes voters: 1549efaac4e8444088f234433b11d873, 209b1e5816ba45adaf5a75933b3b5179; no voters: 
I20260710 11:04:22.295693 10131 raft_consensus.cc:2804] T b3312a57c0bc49649d96bbd1ee240127 P 1549efaac4e8444088f234433b11d873 [term 0 FOLLOWER]: Leader pre-election won for term 1
W20260710 11:04:22.295795  9901 leader_election.cc:343] T 721beaa89d254fd7a1d9b64b7d7b48b9 P 209b1e5816ba45adaf5a75933b3b5179 [CANDIDATE]: Term 1 pre-election: Tablet error from VoteRequest() call to peer 1549efaac4e8444088f234433b11d873 (127.8.149.3:34859): Illegal state: must be running to vote when last-logged opid is not known
I20260710 11:04:22.296090 10131 raft_consensus.cc:493] T b3312a57c0bc49649d96bbd1ee240127 P 1549efaac4e8444088f234433b11d873 [term 0 FOLLOWER]: Starting leader election (no leader contacted us within the election timeout)
I20260710 11:04:22.292935 10081 raft_consensus.cc:2393] T 79945118873b4d73b9753b0396b1bbea P 1549efaac4e8444088f234433b11d873 [term 1 FOLLOWER]: Leader election vote request: Denying vote to candidate 209b1e5816ba45adaf5a75933b3b5179 in current term 1: Already voted for candidate 1549efaac4e8444088f234433b11d873 in this term.
I20260710 11:04:22.296480 10131 raft_consensus.cc:3060] T b3312a57c0bc49649d96bbd1ee240127 P 1549efaac4e8444088f234433b11d873 [term 0 FOLLOWER]: Advancing to term 1
I20260710 11:04:22.299540 10007 tablet_service.cc:1917] Received RequestConsensusVote() RPC: tablet_id: "721beaa89d254fd7a1d9b64b7d7b48b9" candidate_uuid: "209b1e5816ba45adaf5a75933b3b5179" candidate_term: 1 candidate_status { last_received { term: 0 index: 0 } } ignore_live_leader: false dest_uuid: "0cf4b4bc05be4522865b137958d5d014" is_pre_election: true
I20260710 11:04:22.303210 10007 raft_consensus.cc:2468] T 721beaa89d254fd7a1d9b64b7d7b48b9 P 0cf4b4bc05be4522865b137958d5d014 [term 0 FOLLOWER]: Leader pre-election vote request: Granting yes vote for candidate 209b1e5816ba45adaf5a75933b3b5179 in term 0.
I20260710 11:04:22.303745 10126 raft_consensus.cc:359] T c7a7bcebcadc48089ed69b855bdad974 P 0cf4b4bc05be4522865b137958d5d014 [term 0 FOLLOWER]: Replica starting. Triggering 0 pending ops. Active config: opid_index: -1 OBSOLETE_local: false peers { permanent_uuid: "209b1e5816ba45adaf5a75933b3b5179" member_type: VOTER last_known_addr { host: "127.8.149.1" port: 38517 } } peers { permanent_uuid: "0cf4b4bc05be4522865b137958d5d014" member_type: VOTER last_known_addr { host: "127.8.149.2" port: 44351 } } peers { permanent_uuid: "1549efaac4e8444088f234433b11d873" member_type: VOTER last_known_addr { host: "127.8.149.3" port: 34859 } }
I20260710 11:04:22.304844 10126 raft_consensus.cc:385] T c7a7bcebcadc48089ed69b855bdad974 P 0cf4b4bc05be4522865b137958d5d014 [term 0 FOLLOWER]: Consensus starting up: Expiring failure detector timer to make a prompt election more likely
I20260710 11:04:22.305231 10126 raft_consensus.cc:740] T c7a7bcebcadc48089ed69b855bdad974 P 0cf4b4bc05be4522865b137958d5d014 [term 0 FOLLOWER]: Becoming Follower/Learner. State: Replica: 0cf4b4bc05be4522865b137958d5d014, State: Initialized, Role: FOLLOWER
I20260710 11:04:22.305891  9898 leader_election.cc:304] T 721beaa89d254fd7a1d9b64b7d7b48b9 P 209b1e5816ba45adaf5a75933b3b5179 [CANDIDATE]: Term 1 pre-election: Election decided. Result: candidate won. Election summary: received 3 responses out of 3 voters: 2 yes votes; 1 no votes. yes voters: 0cf4b4bc05be4522865b137958d5d014, 209b1e5816ba45adaf5a75933b3b5179; no voters: 1549efaac4e8444088f234433b11d873
I20260710 11:04:22.307464 10130 raft_consensus.cc:2804] T 721beaa89d254fd7a1d9b64b7d7b48b9 P 209b1e5816ba45adaf5a75933b3b5179 [term 0 FOLLOWER]: Leader pre-election won for term 1
I20260710 11:04:22.306754 10126 consensus_queue.cc:260] T c7a7bcebcadc48089ed69b855bdad974 P 0cf4b4bc05be4522865b137958d5d014 [NON_LEADER]: Queue going to NON_LEADER mode. State: All replicated index: 0, Majority replicated index: 0, Committed index: 0, Last appended: 0.0, Last appended by leader: 0, Current term: 0, Majority size: -1, State: 0, Mode: NON_LEADER, active raft config: opid_index: -1 OBSOLETE_local: false peers { permanent_uuid: "209b1e5816ba45adaf5a75933b3b5179" member_type: VOTER last_known_addr { host: "127.8.149.1" port: 38517 } } peers { permanent_uuid: "0cf4b4bc05be4522865b137958d5d014" member_type: VOTER last_known_addr { host: "127.8.149.2" port: 44351 } } peers { permanent_uuid: "1549efaac4e8444088f234433b11d873" member_type: VOTER last_known_addr { host: "127.8.149.3" port: 34859 } }
I20260710 11:04:22.307363 10082 raft_consensus.cc:2468] T f38a06a21ce44f60aaa9bf5d3824a7b3 P 1549efaac4e8444088f234433b11d873 [term 1 FOLLOWER]: Leader election vote request: Granting yes vote for candidate 209b1e5816ba45adaf5a75933b3b5179 in term 1.
I20260710 11:04:22.307951 10130 raft_consensus.cc:493] T 721beaa89d254fd7a1d9b64b7d7b48b9 P 209b1e5816ba45adaf5a75933b3b5179 [term 0 FOLLOWER]: Starting leader election (no leader contacted us within the election timeout)
I20260710 11:04:22.308441 10130 raft_consensus.cc:3060] T 721beaa89d254fd7a1d9b64b7d7b48b9 P 209b1e5816ba45adaf5a75933b3b5179 [term 0 FOLLOWER]: Advancing to term 1
I20260710 11:04:22.309557  9901 leader_election.cc:304] T f38a06a21ce44f60aaa9bf5d3824a7b3 P 209b1e5816ba45adaf5a75933b3b5179 [CANDIDATE]: Term 1 election: Election decided. Result: candidate won. Election summary: received 3 responses out of 3 voters: 2 yes votes; 1 no votes. yes voters: 1549efaac4e8444088f234433b11d873, 209b1e5816ba45adaf5a75933b3b5179; no voters: 0cf4b4bc05be4522865b137958d5d014
W20260710 11:04:22.310117 10047 leader_election.cc:343] T b3312a57c0bc49649d96bbd1ee240127 P 1549efaac4e8444088f234433b11d873 [CANDIDATE]: Term 1 pre-election: Tablet error from VoteRequest() call to peer 0cf4b4bc05be4522865b137958d5d014 (127.8.149.2:44351): Illegal state: must be running to vote when last-logged opid is not known
I20260710 11:04:22.315205 10163 raft_consensus.cc:697] T 79945118873b4d73b9753b0396b1bbea P 209b1e5816ba45adaf5a75933b3b5179 [term 1 LEADER]: Becoming Leader. State: Replica: 209b1e5816ba45adaf5a75933b3b5179, State: Running, Role: LEADER
I20260710 11:04:22.316906 10170 raft_consensus.cc:2804] T f38a06a21ce44f60aaa9bf5d3824a7b3 P 209b1e5816ba45adaf5a75933b3b5179 [term 1 FOLLOWER]: Leader election won for term 1
I20260710 11:04:22.317102 10166 leader_election.cc:290] T 79945118873b4d73b9753b0396b1bbea P 1549efaac4e8444088f234433b11d873 [CANDIDATE]: Term 1 election: Requested vote from peers 209b1e5816ba45adaf5a75933b3b5179 (127.8.149.1:38517), 0cf4b4bc05be4522865b137958d5d014 (127.8.149.2:44351)
I20260710 11:04:22.318698 10124 tablet_bootstrap.cc:492] T 831a70e2c6bd4d7d88b2c7e0629f533a P 209b1e5816ba45adaf5a75933b3b5179: No bootstrap required, opened a new log
I20260710 11:04:22.323136 10124 ts_tablet_manager.cc:1403] T 831a70e2c6bd4d7d88b2c7e0629f533a P 209b1e5816ba45adaf5a75933b3b5179: Time spent bootstrapping tablet: real 0.106s	user 0.032s	sys 0.014s
I20260710 11:04:22.319056 10163 consensus_queue.cc:237] T 79945118873b4d73b9753b0396b1bbea P 209b1e5816ba45adaf5a75933b3b5179 [LEADER]: Queue going to LEADER mode. State: All replicated index: 0, Majority replicated index: 0, Committed index: 0, Last appended: 0.0, Last appended by leader: 0, Current term: 1, Majority size: 2, State: 0, Mode: LEADER, active raft config: opid_index: -1 OBSOLETE_local: false peers { permanent_uuid: "209b1e5816ba45adaf5a75933b3b5179" member_type: VOTER last_known_addr { host: "127.8.149.1" port: 38517 } } peers { permanent_uuid: "0cf4b4bc05be4522865b137958d5d014" member_type: VOTER last_known_addr { host: "127.8.149.2" port: 44351 } } peers { permanent_uuid: "1549efaac4e8444088f234433b11d873" member_type: VOTER last_known_addr { host: "127.8.149.3" port: 34859 } }
I20260710 11:04:22.320076 10165 raft_consensus.cc:2749] T 2ecee764c9a542e6a2f03b2253daa3ef P 209b1e5816ba45adaf5a75933b3b5179 [term 1 FOLLOWER]: Leader pre-election lost for term 1. Reason: could not achieve majority
I20260710 11:04:22.320140 10007 tablet_service.cc:1917] Received RequestConsensusVote() RPC: tablet_id: "79945118873b4d73b9753b0396b1bbea" candidate_uuid: "1549efaac4e8444088f234433b11d873" candidate_term: 1 candidate_status { last_received { term: 0 index: 0 } } ignore_live_leader: false dest_uuid: "0cf4b4bc05be4522865b137958d5d014"
I20260710 11:04:22.318601  9934 tablet_service.cc:1917] Received RequestConsensusVote() RPC: tablet_id: "79945118873b4d73b9753b0396b1bbea" candidate_uuid: "1549efaac4e8444088f234433b11d873" candidate_term: 1 candidate_status { last_received { term: 0 index: 0 } } ignore_live_leader: false dest_uuid: "209b1e5816ba45adaf5a75933b3b5179"
I20260710 11:04:22.318347 10126 ts_tablet_manager.cc:1434] T c7a7bcebcadc48089ed69b855bdad974 P 0cf4b4bc05be4522865b137958d5d014: Time spent starting tablet: real 0.024s	user 0.006s	sys 0.003s
I20260710 11:04:22.335601 10124 raft_consensus.cc:359] T 831a70e2c6bd4d7d88b2c7e0629f533a P 209b1e5816ba45adaf5a75933b3b5179 [term 0 FOLLOWER]: Replica starting. Triggering 0 pending ops. Active config: opid_index: -1 OBSOLETE_local: false peers { permanent_uuid: "209b1e5816ba45adaf5a75933b3b5179" member_type: VOTER last_known_addr { host: "127.8.149.1" port: 38517 } } peers { permanent_uuid: "0cf4b4bc05be4522865b137958d5d014" member_type: VOTER last_known_addr { host: "127.8.149.2" port: 44351 } } peers { permanent_uuid: "1549efaac4e8444088f234433b11d873" member_type: VOTER last_known_addr { host: "127.8.149.3" port: 34859 } }
I20260710 11:04:22.337845 10124 raft_consensus.cc:385] T 831a70e2c6bd4d7d88b2c7e0629f533a P 209b1e5816ba45adaf5a75933b3b5179 [term 0 FOLLOWER]: Consensus starting up: Expiring failure detector timer to make a prompt election more likely
I20260710 11:04:22.338024 10007 raft_consensus.cc:2393] T 79945118873b4d73b9753b0396b1bbea P 0cf4b4bc05be4522865b137958d5d014 [term 1 FOLLOWER]: Leader election vote request: Denying vote to candidate 1549efaac4e8444088f234433b11d873 in current term 1: Already voted for candidate 209b1e5816ba45adaf5a75933b3b5179 in this term.
I20260710 11:04:22.338428 10124 raft_consensus.cc:740] T 831a70e2c6bd4d7d88b2c7e0629f533a P 209b1e5816ba45adaf5a75933b3b5179 [term 0 FOLLOWER]: Becoming Follower/Learner. State: Replica: 209b1e5816ba45adaf5a75933b3b5179, State: Initialized, Role: FOLLOWER
I20260710 11:04:22.341085 10132 raft_consensus.cc:493] T 05a3cc2584824d1f91112d6462542f50 P 0cf4b4bc05be4522865b137958d5d014 [term 0 FOLLOWER]: Starting pre-election (no leader contacted us within the election timeout)
I20260710 11:04:22.341460 10047 leader_election.cc:304] T 79945118873b4d73b9753b0396b1bbea P 1549efaac4e8444088f234433b11d873 [CANDIDATE]: Term 1 election: Election decided. Result: candidate lost. Election summary: received 3 responses out of 3 voters: 1 yes votes; 2 no votes. yes voters: 1549efaac4e8444088f234433b11d873; no voters: 0cf4b4bc05be4522865b137958d5d014, 209b1e5816ba45adaf5a75933b3b5179
I20260710 11:04:22.341655 10132 raft_consensus.cc:515] T 05a3cc2584824d1f91112d6462542f50 P 0cf4b4bc05be4522865b137958d5d014 [term 0 FOLLOWER]: Starting pre-election with config: opid_index: -1 OBSOLETE_local: false peers { permanent_uuid: "209b1e5816ba45adaf5a75933b3b5179" member_type: VOTER last_known_addr { host: "127.8.149.1" port: 38517 } } peers { permanent_uuid: "0cf4b4bc05be4522865b137958d5d014" member_type: VOTER last_known_addr { host: "127.8.149.2" port: 44351 } } peers { permanent_uuid: "1549efaac4e8444088f234433b11d873" member_type: VOTER last_known_addr { host: "127.8.149.3" port: 34859 } }
I20260710 11:04:22.342730 10166 raft_consensus.cc:2749] T 79945118873b4d73b9753b0396b1bbea P 1549efaac4e8444088f234433b11d873 [term 1 FOLLOWER]: Leader election lost for term 1. Reason: could not achieve majority
I20260710 11:04:22.339726 10124 consensus_queue.cc:260] T 831a70e2c6bd4d7d88b2c7e0629f533a P 209b1e5816ba45adaf5a75933b3b5179 [NON_LEADER]: Queue going to NON_LEADER mode. State: All replicated index: 0, Majority replicated index: 0, Committed index: 0, Last appended: 0.0, Last appended by leader: 0, Current term: 0, Majority size: -1, State: 0, Mode: NON_LEADER, active raft config: opid_index: -1 OBSOLETE_local: false peers { permanent_uuid: "209b1e5816ba45adaf5a75933b3b5179" member_type: VOTER last_known_addr { host: "127.8.149.1" port: 38517 } } peers { permanent_uuid: "0cf4b4bc05be4522865b137958d5d014" member_type: VOTER last_known_addr { host: "127.8.149.2" port: 44351 } } peers { permanent_uuid: "1549efaac4e8444088f234433b11d873" member_type: VOTER last_known_addr { host: "127.8.149.3" port: 34859 } }
I20260710 11:04:22.345544 10124 ts_tablet_manager.cc:1434] T 831a70e2c6bd4d7d88b2c7e0629f533a P 209b1e5816ba45adaf5a75933b3b5179: Time spent starting tablet: real 0.022s	user 0.009s	sys 0.000s
I20260710 11:04:22.346920 10124 tablet_bootstrap.cc:492] T c7a7bcebcadc48089ed69b855bdad974 P 209b1e5816ba45adaf5a75933b3b5179: Bootstrap starting.
I20260710 11:04:22.347090 10126 tablet_bootstrap.cc:492] T 3d05b7074ba74570ae65fc843e0068eb P 0cf4b4bc05be4522865b137958d5d014: Bootstrap starting.
I20260710 11:04:22.352705 10132 leader_election.cc:290] T 05a3cc2584824d1f91112d6462542f50 P 0cf4b4bc05be4522865b137958d5d014 [CANDIDATE]: Term 1 pre-election: Requested pre-vote from peers 209b1e5816ba45adaf5a75933b3b5179 (127.8.149.1:38517), 1549efaac4e8444088f234433b11d873 (127.8.149.3:34859)
I20260710 11:04:22.355458 10082 tablet_service.cc:1917] Received RequestConsensusVote() RPC: tablet_id: "05a3cc2584824d1f91112d6462542f50" candidate_uuid: "0cf4b4bc05be4522865b137958d5d014" candidate_term: 1 candidate_status { last_received { term: 0 index: 0 } } ignore_live_leader: false dest_uuid: "1549efaac4e8444088f234433b11d873" is_pre_election: true
I20260710 11:04:22.355742 10131 raft_consensus.cc:515] T b3312a57c0bc49649d96bbd1ee240127 P 1549efaac4e8444088f234433b11d873 [term 1 FOLLOWER]: Starting leader election with config: opid_index: -1 OBSOLETE_local: false peers { permanent_uuid: "209b1e5816ba45adaf5a75933b3b5179" member_type: VOTER last_known_addr { host: "127.8.149.1" port: 38517 } } peers { permanent_uuid: "0cf4b4bc05be4522865b137958d5d014" member_type: VOTER last_known_addr { host: "127.8.149.2" port: 44351 } } peers { permanent_uuid: "1549efaac4e8444088f234433b11d873" member_type: VOTER last_known_addr { host: "127.8.149.3" port: 34859 } }
W20260710 11:04:22.357903  9976 leader_election.cc:343] T 05a3cc2584824d1f91112d6462542f50 P 0cf4b4bc05be4522865b137958d5d014 [CANDIDATE]: Term 1 pre-election: Tablet error from VoteRequest() call to peer 1549efaac4e8444088f234433b11d873 (127.8.149.3:34859): Illegal state: must be running to vote when last-logged opid is not known
I20260710 11:04:22.358537 10131 leader_election.cc:290] T b3312a57c0bc49649d96bbd1ee240127 P 1549efaac4e8444088f234433b11d873 [CANDIDATE]: Term 1 election: Requested vote from peers 209b1e5816ba45adaf5a75933b3b5179 (127.8.149.1:38517), 0cf4b4bc05be4522865b137958d5d014 (127.8.149.2:44351)
I20260710 11:04:22.359367  9934 tablet_service.cc:1917] Received RequestConsensusVote() RPC: tablet_id: "b3312a57c0bc49649d96bbd1ee240127" candidate_uuid: "1549efaac4e8444088f234433b11d873" candidate_term: 1 candidate_status { last_received { term: 0 index: 0 } } ignore_live_leader: false dest_uuid: "209b1e5816ba45adaf5a75933b3b5179"
I20260710 11:04:22.360011  9934 raft_consensus.cc:3060] T b3312a57c0bc49649d96bbd1ee240127 P 209b1e5816ba45adaf5a75933b3b5179 [term 0 FOLLOWER]: Advancing to term 1
I20260710 11:04:22.362412 10124 tablet_bootstrap.cc:654] T c7a7bcebcadc48089ed69b855bdad974 P 209b1e5816ba45adaf5a75933b3b5179: Neither blocks nor log segments found. Creating new log.
I20260710 11:04:22.360682 10007 tablet_service.cc:1917] Received RequestConsensusVote() RPC: tablet_id: "b3312a57c0bc49649d96bbd1ee240127" candidate_uuid: "1549efaac4e8444088f234433b11d873" candidate_term: 1 candidate_status { last_received { term: 0 index: 0 } } ignore_live_leader: false dest_uuid: "0cf4b4bc05be4522865b137958d5d014"
W20260710 11:04:22.364095 10047 leader_election.cc:343] T b3312a57c0bc49649d96bbd1ee240127 P 1549efaac4e8444088f234433b11d873 [CANDIDATE]: Term 1 election: Tablet error from VoteRequest() call to peer 0cf4b4bc05be4522865b137958d5d014 (127.8.149.2:44351): Illegal state: must be running to vote when last-logged opid is not known
I20260710 11:04:22.339784 10165 raft_consensus.cc:493] T 5268d41d081c4bbe9bbe280721c48590 P 209b1e5816ba45adaf5a75933b3b5179 [term 0 FOLLOWER]: Starting pre-election (no leader contacted us within the election timeout)
I20260710 11:04:22.367295 10165 raft_consensus.cc:515] T 5268d41d081c4bbe9bbe280721c48590 P 209b1e5816ba45adaf5a75933b3b5179 [term 0 FOLLOWER]: Starting pre-election with config: opid_index: -1 OBSOLETE_local: false peers { permanent_uuid: "209b1e5816ba45adaf5a75933b3b5179" member_type: VOTER last_known_addr { host: "127.8.149.1" port: 38517 } } peers { permanent_uuid: "0cf4b4bc05be4522865b137958d5d014" member_type: VOTER last_known_addr { host: "127.8.149.2" port: 44351 } } peers { permanent_uuid: "1549efaac4e8444088f234433b11d873" member_type: VOTER last_known_addr { host: "127.8.149.3" port: 34859 } }
I20260710 11:04:22.361809 10170 raft_consensus.cc:697] T f38a06a21ce44f60aaa9bf5d3824a7b3 P 209b1e5816ba45adaf5a75933b3b5179 [term 1 LEADER]: Becoming Leader. State: Replica: 209b1e5816ba45adaf5a75933b3b5179, State: Running, Role: LEADER
I20260710 11:04:22.374145 10165 leader_election.cc:290] T 5268d41d081c4bbe9bbe280721c48590 P 209b1e5816ba45adaf5a75933b3b5179 [CANDIDATE]: Term 1 pre-election: Requested pre-vote from peers 0cf4b4bc05be4522865b137958d5d014 (127.8.149.2:44351), 1549efaac4e8444088f234433b11d873 (127.8.149.3:34859)
I20260710 11:04:22.374396  9935 tablet_service.cc:1917] Received RequestConsensusVote() RPC: tablet_id: "05a3cc2584824d1f91112d6462542f50" candidate_uuid: "0cf4b4bc05be4522865b137958d5d014" candidate_term: 1 candidate_status { last_received { term: 0 index: 0 } } ignore_live_leader: false dest_uuid: "209b1e5816ba45adaf5a75933b3b5179" is_pre_election: true
I20260710 11:04:22.374670  9934 raft_consensus.cc:2468] T b3312a57c0bc49649d96bbd1ee240127 P 209b1e5816ba45adaf5a75933b3b5179 [term 1 FOLLOWER]: Leader election vote request: Granting yes vote for candidate 1549efaac4e8444088f234433b11d873 in term 1.
I20260710 11:04:22.375494 10082 tablet_service.cc:1917] Received RequestConsensusVote() RPC: tablet_id: "5268d41d081c4bbe9bbe280721c48590" candidate_uuid: "209b1e5816ba45adaf5a75933b3b5179" candidate_term: 1 candidate_status { last_received { term: 0 index: 0 } } ignore_live_leader: false dest_uuid: "1549efaac4e8444088f234433b11d873" is_pre_election: true
I20260710 11:04:22.375998 10050 leader_election.cc:304] T b3312a57c0bc49649d96bbd1ee240127 P 1549efaac4e8444088f234433b11d873 [CANDIDATE]: Term 1 election: Election decided. Result: candidate won. Election summary: received 3 responses out of 3 voters: 2 yes votes; 1 no votes. yes voters: 1549efaac4e8444088f234433b11d873, 209b1e5816ba45adaf5a75933b3b5179; no voters: 0cf4b4bc05be4522865b137958d5d014
I20260710 11:04:22.376294 10082 raft_consensus.cc:2468] T 5268d41d081c4bbe9bbe280721c48590 P 1549efaac4e8444088f234433b11d873 [term 0 FOLLOWER]: Leader pre-election vote request: Granting yes vote for candidate 209b1e5816ba45adaf5a75933b3b5179 in term 0.
I20260710 11:04:22.377244 10131 raft_consensus.cc:2804] T b3312a57c0bc49649d96bbd1ee240127 P 1549efaac4e8444088f234433b11d873 [term 1 FOLLOWER]: Leader election won for term 1
I20260710 11:04:22.377818 10131 raft_consensus.cc:697] T b3312a57c0bc49649d96bbd1ee240127 P 1549efaac4e8444088f234433b11d873 [term 1 LEADER]: Becoming Leader. State: Replica: 1549efaac4e8444088f234433b11d873, State: Running, Role: LEADER
W20260710 11:04:22.377857  9976 leader_election.cc:343] T 05a3cc2584824d1f91112d6462542f50 P 0cf4b4bc05be4522865b137958d5d014 [CANDIDATE]: Term 1 pre-election: Tablet error from VoteRequest() call to peer 209b1e5816ba45adaf5a75933b3b5179 (127.8.149.1:38517): Illegal state: must be running to vote when last-logged opid is not known
I20260710 11:04:22.378556  9976 leader_election.cc:304] T 05a3cc2584824d1f91112d6462542f50 P 0cf4b4bc05be4522865b137958d5d014 [CANDIDATE]: Term 1 pre-election: Election decided. Result: candidate lost. Election summary: received 3 responses out of 3 voters: 1 yes votes; 2 no votes. yes voters: 0cf4b4bc05be4522865b137958d5d014; no voters: 1549efaac4e8444088f234433b11d873, 209b1e5816ba45adaf5a75933b3b5179
I20260710 11:04:22.378814 10131 consensus_queue.cc:237] T b3312a57c0bc49649d96bbd1ee240127 P 1549efaac4e8444088f234433b11d873 [LEADER]: Queue going to LEADER mode. State: All replicated index: 0, Majority replicated index: 0, Committed index: 0, Last appended: 0.0, Last appended by leader: 0, Current term: 1, Majority size: 2, State: 0, Mode: LEADER, active raft config: opid_index: -1 OBSOLETE_local: false peers { permanent_uuid: "209b1e5816ba45adaf5a75933b3b5179" member_type: VOTER last_known_addr { host: "127.8.149.1" port: 38517 } } peers { permanent_uuid: "0cf4b4bc05be4522865b137958d5d014" member_type: VOTER last_known_addr { host: "127.8.149.2" port: 44351 } } peers { permanent_uuid: "1549efaac4e8444088f234433b11d873" member_type: VOTER last_known_addr { host: "127.8.149.3" port: 34859 } }
I20260710 11:04:22.379504 10132 raft_consensus.cc:2749] T 05a3cc2584824d1f91112d6462542f50 P 0cf4b4bc05be4522865b137958d5d014 [term 0 FOLLOWER]: Leader pre-election lost for term 1. Reason: could not achieve majority
I20260710 11:04:22.377358 10126 tablet_bootstrap.cc:654] T 3d05b7074ba74570ae65fc843e0068eb P 0cf4b4bc05be4522865b137958d5d014: Neither blocks nor log segments found. Creating new log.
I20260710 11:04:22.380168 10007 tablet_service.cc:1917] Received RequestConsensusVote() RPC: tablet_id: "5268d41d081c4bbe9bbe280721c48590" candidate_uuid: "209b1e5816ba45adaf5a75933b3b5179" candidate_term: 1 candidate_status { last_received { term: 0 index: 0 } } ignore_live_leader: false dest_uuid: "0cf4b4bc05be4522865b137958d5d014" is_pre_election: true
I20260710 11:04:22.382540  9901 leader_election.cc:304] T 5268d41d081c4bbe9bbe280721c48590 P 209b1e5816ba45adaf5a75933b3b5179 [CANDIDATE]: Term 1 pre-election: Election decided. Result: candidate won. Election summary: received 2 responses out of 3 voters: 2 yes votes; 0 no votes. yes voters: 1549efaac4e8444088f234433b11d873, 209b1e5816ba45adaf5a75933b3b5179; no voters: 
I20260710 11:04:22.385610 10125 tablet_bootstrap.cc:492] T 831a70e2c6bd4d7d88b2c7e0629f533a P 1549efaac4e8444088f234433b11d873: No bootstrap required, opened a new log
I20260710 11:04:22.386525 10125 ts_tablet_manager.cc:1403] T 831a70e2c6bd4d7d88b2c7e0629f533a P 1549efaac4e8444088f234433b11d873: Time spent bootstrapping tablet: real 0.116s	user 0.021s	sys 0.020s
I20260710 11:04:22.390795 10132 raft_consensus.cc:493] T 2a46b2ee4e3847da99a467884bdd83e1 P 0cf4b4bc05be4522865b137958d5d014 [term 0 FOLLOWER]: Starting pre-election (no leader contacted us within the election timeout)
I20260710 11:04:22.392727 10132 raft_consensus.cc:515] T 2a46b2ee4e3847da99a467884bdd83e1 P 0cf4b4bc05be4522865b137958d5d014 [term 0 FOLLOWER]: Starting pre-election with config: opid_index: -1 OBSOLETE_local: false peers { permanent_uuid: "209b1e5816ba45adaf5a75933b3b5179" member_type: VOTER last_known_addr { host: "127.8.149.1" port: 38517 } } peers { permanent_uuid: "0cf4b4bc05be4522865b137958d5d014" member_type: VOTER last_known_addr { host: "127.8.149.2" port: 44351 } } peers { permanent_uuid: "1549efaac4e8444088f234433b11d873" member_type: VOTER last_known_addr { host: "127.8.149.3" port: 34859 } }
I20260710 11:04:22.394008 10171 raft_consensus.cc:2804] T 5268d41d081c4bbe9bbe280721c48590 P 209b1e5816ba45adaf5a75933b3b5179 [term 0 FOLLOWER]: Leader pre-election won for term 1
I20260710 11:04:22.394646 10171 raft_consensus.cc:493] T 5268d41d081c4bbe9bbe280721c48590 P 209b1e5816ba45adaf5a75933b3b5179 [term 0 FOLLOWER]: Starting leader election (no leader contacted us within the election timeout)
I20260710 11:04:22.395146 10171 raft_consensus.cc:3060] T 5268d41d081c4bbe9bbe280721c48590 P 209b1e5816ba45adaf5a75933b3b5179 [term 0 FOLLOWER]: Advancing to term 1
I20260710 11:04:22.395460 10132 leader_election.cc:290] T 2a46b2ee4e3847da99a467884bdd83e1 P 0cf4b4bc05be4522865b137958d5d014 [CANDIDATE]: Term 1 pre-election: Requested pre-vote from peers 209b1e5816ba45adaf5a75933b3b5179 (127.8.149.1:38517), 1549efaac4e8444088f234433b11d873 (127.8.149.3:34859)
I20260710 11:04:22.379585 10170 consensus_queue.cc:237] T f38a06a21ce44f60aaa9bf5d3824a7b3 P 209b1e5816ba45adaf5a75933b3b5179 [LEADER]: Queue going to LEADER mode. State: All replicated index: 0, Majority replicated index: 0, Committed index: 0, Last appended: 0.0, Last appended by leader: 0, Current term: 1, Majority size: 2, State: 0, Mode: LEADER, active raft config: opid_index: -1 OBSOLETE_local: false peers { permanent_uuid: "209b1e5816ba45adaf5a75933b3b5179" member_type: VOTER last_known_addr { host: "127.8.149.1" port: 38517 } } peers { permanent_uuid: "0cf4b4bc05be4522865b137958d5d014" member_type: VOTER last_known_addr { host: "127.8.149.2" port: 44351 } } peers { permanent_uuid: "1549efaac4e8444088f234433b11d873" member_type: VOTER last_known_addr { host: "127.8.149.3" port: 34859 } }
I20260710 11:04:22.380407 10130 raft_consensus.cc:515] T 721beaa89d254fd7a1d9b64b7d7b48b9 P 209b1e5816ba45adaf5a75933b3b5179 [term 1 FOLLOWER]: Starting leader election with config: opid_index: -1 OBSOLETE_local: false peers { permanent_uuid: "209b1e5816ba45adaf5a75933b3b5179" member_type: VOTER last_known_addr { host: "127.8.149.1" port: 38517 } } peers { permanent_uuid: "0cf4b4bc05be4522865b137958d5d014" member_type: VOTER last_known_addr { host: "127.8.149.2" port: 44351 } } peers { permanent_uuid: "1549efaac4e8444088f234433b11d873" member_type: VOTER last_known_addr { host: "127.8.149.3" port: 34859 } }
W20260710 11:04:22.400096  9898 leader_election.cc:343] T 5268d41d081c4bbe9bbe280721c48590 P 209b1e5816ba45adaf5a75933b3b5179 [CANDIDATE]: Term 1 pre-election: Tablet error from VoteRequest() call to peer 0cf4b4bc05be4522865b137958d5d014 (127.8.149.2:44351): Illegal state: must be running to vote when last-logged opid is not known
I20260710 11:04:22.409801 10082 tablet_service.cc:1917] Received RequestConsensusVote() RPC: tablet_id: "2a46b2ee4e3847da99a467884bdd83e1" candidate_uuid: "0cf4b4bc05be4522865b137958d5d014" candidate_term: 1 candidate_status { last_received { term: 0 index: 0 } } ignore_live_leader: false dest_uuid: "1549efaac4e8444088f234433b11d873" is_pre_election: true
I20260710 11:04:22.410507 10082 raft_consensus.cc:2468] T 2a46b2ee4e3847da99a467884bdd83e1 P 1549efaac4e8444088f234433b11d873 [term 0 FOLLOWER]: Leader pre-election vote request: Granting yes vote for candidate 0cf4b4bc05be4522865b137958d5d014 in term 0.
I20260710 11:04:22.411767 10124 tablet_bootstrap.cc:492] T c7a7bcebcadc48089ed69b855bdad974 P 209b1e5816ba45adaf5a75933b3b5179: No bootstrap required, opened a new log
I20260710 11:04:22.412290 10124 ts_tablet_manager.cc:1403] T c7a7bcebcadc48089ed69b855bdad974 P 209b1e5816ba45adaf5a75933b3b5179: Time spent bootstrapping tablet: real 0.066s	user 0.020s	sys 0.012s
I20260710 11:04:22.412240  9976 leader_election.cc:304] T 2a46b2ee4e3847da99a467884bdd83e1 P 0cf4b4bc05be4522865b137958d5d014 [CANDIDATE]: Term 1 pre-election: Election decided. Result: candidate won. Election summary: received 2 responses out of 3 voters: 2 yes votes; 0 no votes. yes voters: 0cf4b4bc05be4522865b137958d5d014, 1549efaac4e8444088f234433b11d873; no voters: 
I20260710 11:04:22.413514 10132 raft_consensus.cc:2804] T 2a46b2ee4e3847da99a467884bdd83e1 P 0cf4b4bc05be4522865b137958d5d014 [term 0 FOLLOWER]: Leader pre-election won for term 1
I20260710 11:04:22.413939 10132 raft_consensus.cc:493] T 2a46b2ee4e3847da99a467884bdd83e1 P 0cf4b4bc05be4522865b137958d5d014 [term 0 FOLLOWER]: Starting leader election (no leader contacted us within the election timeout)
I20260710 11:04:22.414331 10132 raft_consensus.cc:3060] T 2a46b2ee4e3847da99a467884bdd83e1 P 0cf4b4bc05be4522865b137958d5d014 [term 0 FOLLOWER]: Advancing to term 1
I20260710 11:04:22.415272 10124 raft_consensus.cc:359] T c7a7bcebcadc48089ed69b855bdad974 P 209b1e5816ba45adaf5a75933b3b5179 [term 0 FOLLOWER]: Replica starting. Triggering 0 pending ops. Active config: opid_index: -1 OBSOLETE_local: false peers { permanent_uuid: "209b1e5816ba45adaf5a75933b3b5179" member_type: VOTER last_known_addr { host: "127.8.149.1" port: 38517 } } peers { permanent_uuid: "0cf4b4bc05be4522865b137958d5d014" member_type: VOTER last_known_addr { host: "127.8.149.2" port: 44351 } } peers { permanent_uuid: "1549efaac4e8444088f234433b11d873" member_type: VOTER last_known_addr { host: "127.8.149.3" port: 34859 } }
I20260710 11:04:22.415993 10124 raft_consensus.cc:385] T c7a7bcebcadc48089ed69b855bdad974 P 209b1e5816ba45adaf5a75933b3b5179 [term 0 FOLLOWER]: Consensus starting up: Expiring failure detector timer to make a prompt election more likely
I20260710 11:04:22.416275 10124 raft_consensus.cc:740] T c7a7bcebcadc48089ed69b855bdad974 P 209b1e5816ba45adaf5a75933b3b5179 [term 0 FOLLOWER]: Becoming Follower/Learner. State: Replica: 209b1e5816ba45adaf5a75933b3b5179, State: Initialized, Role: FOLLOWER
I20260710 11:04:22.416260  9934 tablet_service.cc:1917] Received RequestConsensusVote() RPC: tablet_id: "2a46b2ee4e3847da99a467884bdd83e1" candidate_uuid: "0cf4b4bc05be4522865b137958d5d014" candidate_term: 1 candidate_status { last_received { term: 0 index: 0 } } ignore_live_leader: false dest_uuid: "209b1e5816ba45adaf5a75933b3b5179" is_pre_election: true
I20260710 11:04:22.417099 10124 consensus_queue.cc:260] T c7a7bcebcadc48089ed69b855bdad974 P 209b1e5816ba45adaf5a75933b3b5179 [NON_LEADER]: Queue going to NON_LEADER mode. State: All replicated index: 0, Majority replicated index: 0, Committed index: 0, Last appended: 0.0, Last appended by leader: 0, Current term: 0, Majority size: -1, State: 0, Mode: NON_LEADER, active raft config: opid_index: -1 OBSOLETE_local: false peers { permanent_uuid: "209b1e5816ba45adaf5a75933b3b5179" member_type: VOTER last_known_addr { host: "127.8.149.1" port: 38517 } } peers { permanent_uuid: "0cf4b4bc05be4522865b137958d5d014" member_type: VOTER last_known_addr { host: "127.8.149.2" port: 44351 } } peers { permanent_uuid: "1549efaac4e8444088f234433b11d873" member_type: VOTER last_known_addr { host: "127.8.149.3" port: 34859 } }
W20260710 11:04:22.418823  9976 leader_election.cc:343] T 2a46b2ee4e3847da99a467884bdd83e1 P 0cf4b4bc05be4522865b137958d5d014 [CANDIDATE]: Term 1 pre-election: Tablet error from VoteRequest() call to peer 209b1e5816ba45adaf5a75933b3b5179 (127.8.149.1:38517): Illegal state: must be running to vote when last-logged opid is not known
I20260710 11:04:22.419401 10124 ts_tablet_manager.cc:1434] T c7a7bcebcadc48089ed69b855bdad974 P 209b1e5816ba45adaf5a75933b3b5179: Time spent starting tablet: real 0.007s	user 0.002s	sys 0.004s
I20260710 11:04:22.420334 10124 tablet_bootstrap.cc:492] T 05a3cc2584824d1f91112d6462542f50 P 209b1e5816ba45adaf5a75933b3b5179: Bootstrap starting.
I20260710 11:04:22.420413 10130 leader_election.cc:290] T 721beaa89d254fd7a1d9b64b7d7b48b9 P 209b1e5816ba45adaf5a75933b3b5179 [CANDIDATE]: Term 1 election: Requested vote from peers 0cf4b4bc05be4522865b137958d5d014 (127.8.149.2:44351), 1549efaac4e8444088f234433b11d873 (127.8.149.3:34859)
I20260710 11:04:22.418421  9833 catalog_manager.cc:5697] T 79945118873b4d73b9753b0396b1bbea P 209b1e5816ba45adaf5a75933b3b5179 reported cstate change: term changed from 0 to 1, leader changed from <none> to 209b1e5816ba45adaf5a75933b3b5179 (127.8.149.1). New cstate: current_term: 1 leader_uuid: "209b1e5816ba45adaf5a75933b3b5179" committed_config { opid_index: -1 OBSOLETE_local: false peers { permanent_uuid: "209b1e5816ba45adaf5a75933b3b5179" member_type: VOTER last_known_addr { host: "127.8.149.1" port: 38517 } health_report { overall_health: HEALTHY } } peers { permanent_uuid: "0cf4b4bc05be4522865b137958d5d014" member_type: VOTER last_known_addr { host: "127.8.149.2" port: 44351 } health_report { overall_health: UNKNOWN } } peers { permanent_uuid: "1549efaac4e8444088f234433b11d873" member_type: VOTER last_known_addr { host: "127.8.149.3" port: 34859 } health_report { overall_health: UNKNOWN } } }
I20260710 11:04:22.421514 10082 tablet_service.cc:1917] Received RequestConsensusVote() RPC: tablet_id: "721beaa89d254fd7a1d9b64b7d7b48b9" candidate_uuid: "209b1e5816ba45adaf5a75933b3b5179" candidate_term: 1 candidate_status { last_received { term: 0 index: 0 } } ignore_live_leader: false dest_uuid: "1549efaac4e8444088f234433b11d873"
I20260710 11:04:22.422868 10125 raft_consensus.cc:359] T 831a70e2c6bd4d7d88b2c7e0629f533a P 1549efaac4e8444088f234433b11d873 [term 0 FOLLOWER]: Replica starting. Triggering 0 pending ops. Active config: opid_index: -1 OBSOLETE_local: false peers { permanent_uuid: "209b1e5816ba45adaf5a75933b3b5179" member_type: VOTER last_known_addr { host: "127.8.149.1" port: 38517 } } peers { permanent_uuid: "0cf4b4bc05be4522865b137958d5d014" member_type: VOTER last_known_addr { host: "127.8.149.2" port: 44351 } } peers { permanent_uuid: "1549efaac4e8444088f234433b11d873" member_type: VOTER last_known_addr { host: "127.8.149.3" port: 34859 } }
I20260710 11:04:22.423678 10125 raft_consensus.cc:385] T 831a70e2c6bd4d7d88b2c7e0629f533a P 1549efaac4e8444088f234433b11d873 [term 0 FOLLOWER]: Consensus starting up: Expiring failure detector timer to make a prompt election more likely
W20260710 11:04:22.423197  9901 leader_election.cc:343] T 721beaa89d254fd7a1d9b64b7d7b48b9 P 209b1e5816ba45adaf5a75933b3b5179 [CANDIDATE]: Term 1 election: Tablet error from VoteRequest() call to peer 1549efaac4e8444088f234433b11d873 (127.8.149.3:34859): Illegal state: must be running to vote when last-logged opid is not known
I20260710 11:04:22.423950 10125 raft_consensus.cc:740] T 831a70e2c6bd4d7d88b2c7e0629f533a P 1549efaac4e8444088f234433b11d873 [term 0 FOLLOWER]: Becoming Follower/Learner. State: Replica: 1549efaac4e8444088f234433b11d873, State: Initialized, Role: FOLLOWER
I20260710 11:04:22.423961 10140 consensus_queue.cc:1048] T 2ecee764c9a542e6a2f03b2253daa3ef P 0cf4b4bc05be4522865b137958d5d014 [LEADER]: Connected to new peer: Peer: permanent_uuid: "209b1e5816ba45adaf5a75933b3b5179" member_type: VOTER last_known_addr { host: "127.8.149.1" port: 38517 }, Status: LMP_MISMATCH, Last received: 0.0, Next index: 1, Last known committed idx: 0, Time since last communication: 0.001s
I20260710 11:04:22.426240 10124 tablet_bootstrap.cc:654] T 05a3cc2584824d1f91112d6462542f50 P 209b1e5816ba45adaf5a75933b3b5179: Neither blocks nor log segments found. Creating new log.
I20260710 11:04:22.426033 10171 raft_consensus.cc:515] T 5268d41d081c4bbe9bbe280721c48590 P 209b1e5816ba45adaf5a75933b3b5179 [term 1 FOLLOWER]: Starting leader election with config: opid_index: -1 OBSOLETE_local: false peers { permanent_uuid: "209b1e5816ba45adaf5a75933b3b5179" member_type: VOTER last_known_addr { host: "127.8.149.1" port: 38517 } } peers { permanent_uuid: "0cf4b4bc05be4522865b137958d5d014" member_type: VOTER last_known_addr { host: "127.8.149.2" port: 44351 } } peers { permanent_uuid: "1549efaac4e8444088f234433b11d873" member_type: VOTER last_known_addr { host: "127.8.149.3" port: 34859 } }
I20260710 11:04:22.428426 10125 consensus_queue.cc:260] T 831a70e2c6bd4d7d88b2c7e0629f533a P 1549efaac4e8444088f234433b11d873 [NON_LEADER]: Queue going to NON_LEADER mode. State: All replicated index: 0, Majority replicated index: 0, Committed index: 0, Last appended: 0.0, Last appended by leader: 0, Current term: 0, Majority size: -1, State: 0, Mode: NON_LEADER, active raft config: opid_index: -1 OBSOLETE_local: false peers { permanent_uuid: "209b1e5816ba45adaf5a75933b3b5179" member_type: VOTER last_known_addr { host: "127.8.149.1" port: 38517 } } peers { permanent_uuid: "0cf4b4bc05be4522865b137958d5d014" member_type: VOTER last_known_addr { host: "127.8.149.2" port: 44351 } } peers { permanent_uuid: "1549efaac4e8444088f234433b11d873" member_type: VOTER last_known_addr { host: "127.8.149.3" port: 34859 } }
I20260710 11:04:22.428166  9830 catalog_manager.cc:5697] T b3312a57c0bc49649d96bbd1ee240127 P 1549efaac4e8444088f234433b11d873 reported cstate change: term changed from 0 to 1, leader changed from <none> to 1549efaac4e8444088f234433b11d873 (127.8.149.3). New cstate: current_term: 1 leader_uuid: "1549efaac4e8444088f234433b11d873" committed_config { opid_index: -1 OBSOLETE_local: false peers { permanent_uuid: "209b1e5816ba45adaf5a75933b3b5179" member_type: VOTER last_known_addr { host: "127.8.149.1" port: 38517 } health_report { overall_health: UNKNOWN } } peers { permanent_uuid: "0cf4b4bc05be4522865b137958d5d014" member_type: VOTER last_known_addr { host: "127.8.149.2" port: 44351 } health_report { overall_health: UNKNOWN } } peers { permanent_uuid: "1549efaac4e8444088f234433b11d873" member_type: VOTER last_known_addr { host: "127.8.149.3" port: 34859 } health_report { overall_health: HEALTHY } } }
I20260710 11:04:22.430874 10125 ts_tablet_manager.cc:1434] T 831a70e2c6bd4d7d88b2c7e0629f533a P 1549efaac4e8444088f234433b11d873: Time spent starting tablet: real 0.044s	user 0.003s	sys 0.003s
I20260710 11:04:22.432083 10125 tablet_bootstrap.cc:492] T 3d05b7074ba74570ae65fc843e0068eb P 1549efaac4e8444088f234433b11d873: Bootstrap starting.
I20260710 11:04:22.437494 10126 tablet_bootstrap.cc:492] T 3d05b7074ba74570ae65fc843e0068eb P 0cf4b4bc05be4522865b137958d5d014: No bootstrap required, opened a new log
I20260710 11:04:22.439955 10125 tablet_bootstrap.cc:654] T 3d05b7074ba74570ae65fc843e0068eb P 1549efaac4e8444088f234433b11d873: Neither blocks nor log segments found. Creating new log.
I20260710 11:04:22.441759 10126 ts_tablet_manager.cc:1403] T 3d05b7074ba74570ae65fc843e0068eb P 0cf4b4bc05be4522865b137958d5d014: Time spent bootstrapping tablet: real 0.104s	user 0.014s	sys 0.008s
I20260710 11:04:22.443789 10082 tablet_service.cc:1917] Received RequestConsensusVote() RPC: tablet_id: "5268d41d081c4bbe9bbe280721c48590" candidate_uuid: "209b1e5816ba45adaf5a75933b3b5179" candidate_term: 1 candidate_status { last_received { term: 0 index: 0 } } ignore_live_leader: false dest_uuid: "1549efaac4e8444088f234433b11d873"
I20260710 11:04:22.444671 10082 raft_consensus.cc:3060] T 5268d41d081c4bbe9bbe280721c48590 P 1549efaac4e8444088f234433b11d873 [term 0 FOLLOWER]: Advancing to term 1
I20260710 11:04:22.445710 10126 raft_consensus.cc:359] T 3d05b7074ba74570ae65fc843e0068eb P 0cf4b4bc05be4522865b137958d5d014 [term 0 FOLLOWER]: Replica starting. Triggering 0 pending ops. Active config: opid_index: -1 OBSOLETE_local: false peers { permanent_uuid: "209b1e5816ba45adaf5a75933b3b5179" member_type: VOTER last_known_addr { host: "127.8.149.1" port: 38517 } } peers { permanent_uuid: "0cf4b4bc05be4522865b137958d5d014" member_type: VOTER last_known_addr { host: "127.8.149.2" port: 44351 } } peers { permanent_uuid: "1549efaac4e8444088f234433b11d873" member_type: VOTER last_known_addr { host: "127.8.149.3" port: 34859 } }
