I20260710 11:03:57.365614  3781 consensus_queue.cc:260] T d9fe472bfa4d478f861ac33a8f235d52 P 56e6b595028e46e0997c95d25bd1add9 [NON_LEADER]: Queue going to NON_LEADER mode. State: All replicated index: 0, Majority replicated index: 0, Committed index: 0, Last appended: 0.0, Last appended by leader: 0, Current term: 0, Majority size: -1, State: 0, Mode: NON_LEADER, active raft config: opid_index: -1 OBSOLETE_local: false peers { permanent_uuid: "2ce232e26e084b8e8f5c8149aa9776ea" member_type: VOTER last_known_addr { host: "127.3.94.194" port: 36741 } } peers { permanent_uuid: "7e057c5ee45d4c119f086738264ec7b2" member_type: VOTER last_known_addr { host: "127.3.94.195" port: 39745 } } peers { permanent_uuid: "56e6b595028e46e0997c95d25bd1add9" member_type: VOTER last_known_addr { host: "127.3.94.193" port: 42935 } }
I20260710 11:03:57.366641  3784 raft_consensus.cc:2804] T a6cba3c225794aeea03631694ce6537a P 2ce232e26e084b8e8f5c8149aa9776ea [term 0 FOLLOWER]: Leader pre-election won for term 1
I20260710 11:03:57.367049  3784 raft_consensus.cc:493] T a6cba3c225794aeea03631694ce6537a P 2ce232e26e084b8e8f5c8149aa9776ea [term 0 FOLLOWER]: Starting leader election (no leader contacted us within the election timeout)
I20260710 11:03:57.367467  3784 raft_consensus.cc:3060] T a6cba3c225794aeea03631694ce6537a P 2ce232e26e084b8e8f5c8149aa9776ea [term 0 FOLLOWER]: Advancing to term 1
I20260710 11:03:57.369191  3791 raft_consensus.cc:515] T c941d309c18d446a9305345988f8154d P 56e6b595028e46e0997c95d25bd1add9 [term 1 FOLLOWER]: Starting leader election with config: opid_index: -1 OBSOLETE_local: false peers { permanent_uuid: "56e6b595028e46e0997c95d25bd1add9" member_type: VOTER last_known_addr { host: "127.3.94.193" port: 42935 } } peers { permanent_uuid: "2ce232e26e084b8e8f5c8149aa9776ea" member_type: VOTER last_known_addr { host: "127.3.94.194" port: 36741 } } peers { permanent_uuid: "7e057c5ee45d4c119f086738264ec7b2" member_type: VOTER last_known_addr { host: "127.3.94.195" port: 39745 } }
I20260710 11:03:57.378238  3791 leader_election.cc:290] T c941d309c18d446a9305345988f8154d P 56e6b595028e46e0997c95d25bd1add9 [CANDIDATE]: Term 1 election: Requested vote from peers 2ce232e26e084b8e8f5c8149aa9776ea (127.3.94.194:36741), 7e057c5ee45d4c119f086738264ec7b2 (127.3.94.195:39745)
I20260710 11:03:57.379472  3660 tablet_service.cc:1917] Received RequestConsensusVote() RPC: tablet_id: "c941d309c18d446a9305345988f8154d" candidate_uuid: "56e6b595028e46e0997c95d25bd1add9" candidate_term: 1 candidate_status { last_received { term: 0 index: 0 } } ignore_live_leader: false dest_uuid: "2ce232e26e084b8e8f5c8149aa9776ea"
I20260710 11:03:57.380210  3660 raft_consensus.cc:3060] T c941d309c18d446a9305345988f8154d P 2ce232e26e084b8e8f5c8149aa9776ea [term 0 FOLLOWER]: Advancing to term 1
I20260710 11:03:57.391412  3735 tablet_service.cc:1917] Received RequestConsensusVote() RPC: tablet_id: "c941d309c18d446a9305345988f8154d" candidate_uuid: "56e6b595028e46e0997c95d25bd1add9" candidate_term: 1 candidate_status { last_received { term: 0 index: 0 } } ignore_live_leader: false dest_uuid: "7e057c5ee45d4c119f086738264ec7b2" is_pre_election: true
I20260710 11:03:57.392151  3735 raft_consensus.cc:2468] T c941d309c18d446a9305345988f8154d P 7e057c5ee45d4c119f086738264ec7b2 [term 0 FOLLOWER]: Leader pre-election vote request: Granting yes vote for candidate 56e6b595028e46e0997c95d25bd1add9 in term 0.
I20260710 11:03:57.389997  3791 raft_consensus.cc:493] T 1e6841431be34770b8918090ffbf3078 P 56e6b595028e46e0997c95d25bd1add9 [term 0 FOLLOWER]: Starting pre-election (no leader contacted us within the election timeout)
I20260710 11:03:57.394894  3734 tablet_service.cc:1917] Received RequestConsensusVote() RPC: tablet_id: "c941d309c18d446a9305345988f8154d" candidate_uuid: "56e6b595028e46e0997c95d25bd1add9" candidate_term: 1 candidate_status { last_received { term: 0 index: 0 } } ignore_live_leader: false dest_uuid: "7e057c5ee45d4c119f086738264ec7b2"
I20260710 11:03:57.399840  3734 raft_consensus.cc:3060] T c941d309c18d446a9305345988f8154d P 7e057c5ee45d4c119f086738264ec7b2 [term 0 FOLLOWER]: Advancing to term 1
I20260710 11:03:57.394323  3735 tablet_service.cc:1917] Received RequestConsensusVote() RPC: tablet_id: "2b52828cd0a2460480e6c5aa49180e66" candidate_uuid: "56e6b595028e46e0997c95d25bd1add9" candidate_term: 1 candidate_status { last_received { term: 0 index: 0 } } ignore_live_leader: false dest_uuid: "7e057c5ee45d4c119f086738264ec7b2" is_pre_election: true
I20260710 11:03:57.398895  3660 raft_consensus.cc:2468] T c941d309c18d446a9305345988f8154d P 2ce232e26e084b8e8f5c8149aa9776ea [term 1 FOLLOWER]: Leader election vote request: Granting yes vote for candidate 56e6b595028e46e0997c95d25bd1add9 in term 1.
I20260710 11:03:57.380846  3784 raft_consensus.cc:515] T a6cba3c225794aeea03631694ce6537a P 2ce232e26e084b8e8f5c8149aa9776ea [term 1 FOLLOWER]: Starting leader election with config: opid_index: -1 OBSOLETE_local: false peers { permanent_uuid: "56e6b595028e46e0997c95d25bd1add9" member_type: VOTER last_known_addr { host: "127.3.94.193" port: 42935 } } peers { permanent_uuid: "2ce232e26e084b8e8f5c8149aa9776ea" member_type: VOTER last_known_addr { host: "127.3.94.194" port: 36741 } } peers { permanent_uuid: "7e057c5ee45d4c119f086738264ec7b2" member_type: VOTER last_known_addr { host: "127.3.94.195" port: 39745 } }
I20260710 11:03:57.406740  3551 leader_election.cc:304] T c941d309c18d446a9305345988f8154d P 56e6b595028e46e0997c95d25bd1add9 [CANDIDATE]: Term 1 election: Election decided. Result: candidate won. Election summary: received 2 responses out of 3 voters: 2 yes votes; 0 no votes. yes voters: 2ce232e26e084b8e8f5c8149aa9776ea, 56e6b595028e46e0997c95d25bd1add9; no voters: 
I20260710 11:03:57.403769  3779 tablet_bootstrap.cc:654] T cd5a140cd4b84891b501f204598b97c3 P 7e057c5ee45d4c119f086738264ec7b2: Neither blocks nor log segments found. Creating new log.
W20260710 11:03:57.409960  3549 leader_election.cc:343] T 2b52828cd0a2460480e6c5aa49180e66 P 56e6b595028e46e0997c95d25bd1add9 [CANDIDATE]: Term 1 pre-election: Tablet error from VoteRequest() call to peer 7e057c5ee45d4c119f086738264ec7b2 (127.3.94.195:39745): Illegal state: must be running to vote when last-logged opid is not known
I20260710 11:03:57.410293  3778 tablet_bootstrap.cc:654] T 3b1444b3463e4d36b5abef124c6b3cfd P 2ce232e26e084b8e8f5c8149aa9776ea: Neither blocks nor log segments found. Creating new log.
I20260710 11:03:57.411309  3586 tablet_service.cc:1917] Received RequestConsensusVote() RPC: tablet_id: "a6cba3c225794aeea03631694ce6537a" candidate_uuid: "2ce232e26e084b8e8f5c8149aa9776ea" candidate_term: 1 candidate_status { last_received { term: 0 index: 0 } } ignore_live_leader: false dest_uuid: "56e6b595028e46e0997c95d25bd1add9"
I20260710 11:03:57.411870  3781 ts_tablet_manager.cc:1434] T d9fe472bfa4d478f861ac33a8f235d52 P 56e6b595028e46e0997c95d25bd1add9: Time spent starting tablet: real 0.084s	user 0.019s	sys 0.018s
I20260710 11:03:57.413084  3781 tablet_bootstrap.cc:492] T a6cba3c225794aeea03631694ce6537a P 56e6b595028e46e0997c95d25bd1add9: Bootstrap starting.
W20260710 11:03:57.415129  3625 leader_election.cc:343] T a6cba3c225794aeea03631694ce6537a P 2ce232e26e084b8e8f5c8149aa9776ea [CANDIDATE]: Term 1 election: Tablet error from VoteRequest() call to peer 56e6b595028e46e0997c95d25bd1add9 (127.3.94.193:42935): Illegal state: must be running to vote when last-logged opid is not known
I20260710 11:03:57.420993  3734 raft_consensus.cc:2468] T c941d309c18d446a9305345988f8154d P 7e057c5ee45d4c119f086738264ec7b2 [term 1 FOLLOWER]: Leader election vote request: Granting yes vote for candidate 56e6b595028e46e0997c95d25bd1add9 in term 1.
I20260710 11:03:57.399115  3806 raft_consensus.cc:515] T 2b52828cd0a2460480e6c5aa49180e66 P 56e6b595028e46e0997c95d25bd1add9 [term 1 FOLLOWER]: Starting leader election with config: opid_index: -1 OBSOLETE_local: false peers { permanent_uuid: "56e6b595028e46e0997c95d25bd1add9" member_type: VOTER last_known_addr { host: "127.3.94.193" port: 42935 } } peers { permanent_uuid: "2ce232e26e084b8e8f5c8149aa9776ea" member_type: VOTER last_known_addr { host: "127.3.94.194" port: 36741 } } peers { permanent_uuid: "7e057c5ee45d4c119f086738264ec7b2" member_type: VOTER last_known_addr { host: "127.3.94.195" port: 39745 } }
I20260710 11:03:57.422806  3807 raft_consensus.cc:2804] T c941d309c18d446a9305345988f8154d P 56e6b595028e46e0997c95d25bd1add9 [term 1 FOLLOWER]: Leader election won for term 1
I20260710 11:03:57.403612  3791 raft_consensus.cc:515] T 1e6841431be34770b8918090ffbf3078 P 56e6b595028e46e0997c95d25bd1add9 [term 0 FOLLOWER]: Starting pre-election with config: opid_index: -1 OBSOLETE_local: false peers { permanent_uuid: "56e6b595028e46e0997c95d25bd1add9" member_type: VOTER last_known_addr { host: "127.3.94.193" port: 42935 } } peers { permanent_uuid: "2ce232e26e084b8e8f5c8149aa9776ea" member_type: VOTER last_known_addr { host: "127.3.94.194" port: 36741 } } peers { permanent_uuid: "7e057c5ee45d4c119f086738264ec7b2" member_type: VOTER last_known_addr { host: "127.3.94.195" port: 39745 } }
I20260710 11:03:57.429136  3660 tablet_service.cc:1917] Received RequestConsensusVote() RPC: tablet_id: "2b52828cd0a2460480e6c5aa49180e66" candidate_uuid: "56e6b595028e46e0997c95d25bd1add9" candidate_term: 1 candidate_status { last_received { term: 0 index: 0 } } ignore_live_leader: false dest_uuid: "2ce232e26e084b8e8f5c8149aa9776ea"
I20260710 11:03:57.429695  3660 raft_consensus.cc:3060] T 2b52828cd0a2460480e6c5aa49180e66 P 2ce232e26e084b8e8f5c8149aa9776ea [term 0 FOLLOWER]: Advancing to term 1
I20260710 11:03:57.430816  3735 tablet_service.cc:1917] Received RequestConsensusVote() RPC: tablet_id: "1e6841431be34770b8918090ffbf3078" candidate_uuid: "56e6b595028e46e0997c95d25bd1add9" candidate_term: 1 candidate_status { last_received { term: 0 index: 0 } } ignore_live_leader: false dest_uuid: "7e057c5ee45d4c119f086738264ec7b2" is_pre_election: true
I20260710 11:03:57.431751  3735 raft_consensus.cc:2468] T 1e6841431be34770b8918090ffbf3078 P 7e057c5ee45d4c119f086738264ec7b2 [term 0 FOLLOWER]: Leader pre-election vote request: Granting yes vote for candidate 56e6b595028e46e0997c95d25bd1add9 in term 0.
I20260710 11:03:57.432750  3791 leader_election.cc:290] T 1e6841431be34770b8918090ffbf3078 P 56e6b595028e46e0997c95d25bd1add9 [CANDIDATE]: Term 1 pre-election: Requested pre-vote from peers 2ce232e26e084b8e8f5c8149aa9776ea (127.3.94.194:36741), 7e057c5ee45d4c119f086738264ec7b2 (127.3.94.195:39745)
I20260710 11:03:57.435882  3661 tablet_service.cc:1917] Received RequestConsensusVote() RPC: tablet_id: "1e6841431be34770b8918090ffbf3078" candidate_uuid: "56e6b595028e46e0997c95d25bd1add9" candidate_term: 1 candidate_status { last_received { term: 0 index: 0 } } ignore_live_leader: false dest_uuid: "2ce232e26e084b8e8f5c8149aa9776ea" is_pre_election: true
I20260710 11:03:57.436537  3661 raft_consensus.cc:2468] T 1e6841431be34770b8918090ffbf3078 P 2ce232e26e084b8e8f5c8149aa9776ea [term 0 FOLLOWER]: Leader pre-election vote request: Granting yes vote for candidate 56e6b595028e46e0997c95d25bd1add9 in term 0.
I20260710 11:03:57.436462  3549 leader_election.cc:304] T 1e6841431be34770b8918090ffbf3078 P 56e6b595028e46e0997c95d25bd1add9 [CANDIDATE]: Term 1 pre-election: Election decided. Result: candidate won. Election summary: received 2 responses out of 3 voters: 2 yes votes; 0 no votes. yes voters: 56e6b595028e46e0997c95d25bd1add9, 7e057c5ee45d4c119f086738264ec7b2; no voters: 
I20260710 11:03:57.439980  3806 leader_election.cc:290] T 2b52828cd0a2460480e6c5aa49180e66 P 56e6b595028e46e0997c95d25bd1add9 [CANDIDATE]: Term 1 election: Requested vote from peers 2ce232e26e084b8e8f5c8149aa9776ea (127.3.94.194:36741), 7e057c5ee45d4c119f086738264ec7b2 (127.3.94.195:39745)
I20260710 11:03:57.440994  3734 tablet_service.cc:1917] Received RequestConsensusVote() RPC: tablet_id: "a6cba3c225794aeea03631694ce6537a" candidate_uuid: "2ce232e26e084b8e8f5c8149aa9776ea" candidate_term: 1 candidate_status { last_received { term: 0 index: 0 } } ignore_live_leader: false dest_uuid: "7e057c5ee45d4c119f086738264ec7b2"
I20260710 11:03:57.441749  3807 raft_consensus.cc:697] T c941d309c18d446a9305345988f8154d P 56e6b595028e46e0997c95d25bd1add9 [term 1 LEADER]: Becoming Leader. State: Replica: 56e6b595028e46e0997c95d25bd1add9, State: Running, Role: LEADER
I20260710 11:03:57.441895  3734 raft_consensus.cc:3060] T a6cba3c225794aeea03631694ce6537a P 7e057c5ee45d4c119f086738264ec7b2 [term 0 FOLLOWER]: Advancing to term 1
I20260710 11:03:57.442165  3784 leader_election.cc:290] T a6cba3c225794aeea03631694ce6537a P 2ce232e26e084b8e8f5c8149aa9776ea [CANDIDATE]: Term 1 election: Requested vote from peers 56e6b595028e46e0997c95d25bd1add9 (127.3.94.193:42935), 7e057c5ee45d4c119f086738264ec7b2 (127.3.94.195:39745)
I20260710 11:03:57.441408  3806 raft_consensus.cc:2804] T 1e6841431be34770b8918090ffbf3078 P 56e6b595028e46e0997c95d25bd1add9 [term 0 FOLLOWER]: Leader pre-election won for term 1
I20260710 11:03:57.445888  3807 consensus_queue.cc:237] T c941d309c18d446a9305345988f8154d P 56e6b595028e46e0997c95d25bd1add9 [LEADER]: Queue going to LEADER mode. State: All replicated index: 0, Majority replicated index: 0, Committed index: 0, Last appended: 0.0, Last appended by leader: 0, Current term: 1, Majority size: 2, State: 0, Mode: LEADER, active raft config: opid_index: -1 OBSOLETE_local: false peers { permanent_uuid: "56e6b595028e46e0997c95d25bd1add9" member_type: VOTER last_known_addr { host: "127.3.94.193" port: 42935 } } peers { permanent_uuid: "2ce232e26e084b8e8f5c8149aa9776ea" member_type: VOTER last_known_addr { host: "127.3.94.194" port: 36741 } } peers { permanent_uuid: "7e057c5ee45d4c119f086738264ec7b2" member_type: VOTER last_known_addr { host: "127.3.94.195" port: 39745 } }
I20260710 11:03:57.443152  3735 tablet_service.cc:1917] Received RequestConsensusVote() RPC: tablet_id: "2b52828cd0a2460480e6c5aa49180e66" candidate_uuid: "56e6b595028e46e0997c95d25bd1add9" candidate_term: 1 candidate_status { last_received { term: 0 index: 0 } } ignore_live_leader: false dest_uuid: "7e057c5ee45d4c119f086738264ec7b2"
I20260710 11:03:57.447544  3806 raft_consensus.cc:493] T 1e6841431be34770b8918090ffbf3078 P 56e6b595028e46e0997c95d25bd1add9 [term 0 FOLLOWER]: Starting leader election (no leader contacted us within the election timeout)
I20260710 11:03:57.444547  3660 raft_consensus.cc:2468] T 2b52828cd0a2460480e6c5aa49180e66 P 2ce232e26e084b8e8f5c8149aa9776ea [term 1 FOLLOWER]: Leader election vote request: Granting yes vote for candidate 56e6b595028e46e0997c95d25bd1add9 in term 1.
I20260710 11:03:57.449726  3551 leader_election.cc:304] T 2b52828cd0a2460480e6c5aa49180e66 P 56e6b595028e46e0997c95d25bd1add9 [CANDIDATE]: Term 1 election: Election decided. Result: candidate won. Election summary: received 2 responses out of 3 voters: 2 yes votes; 0 no votes. yes voters: 2ce232e26e084b8e8f5c8149aa9776ea, 56e6b595028e46e0997c95d25bd1add9; no voters: 
I20260710 11:03:57.448819  3806 raft_consensus.cc:3060] T 1e6841431be34770b8918090ffbf3078 P 56e6b595028e46e0997c95d25bd1add9 [term 0 FOLLOWER]: Advancing to term 1
W20260710 11:03:57.452608  3549 leader_election.cc:343] T 2b52828cd0a2460480e6c5aa49180e66 P 56e6b595028e46e0997c95d25bd1add9 [CANDIDATE]: Term 1 election: Tablet error from VoteRequest() call to peer 7e057c5ee45d4c119f086738264ec7b2 (127.3.94.195:39745): Illegal state: must be running to vote when last-logged opid is not known
I20260710 11:03:57.450824  3791 raft_consensus.cc:2804] T 2b52828cd0a2460480e6c5aa49180e66 P 56e6b595028e46e0997c95d25bd1add9 [term 1 FOLLOWER]: Leader election won for term 1
I20260710 11:03:57.460197  3781 tablet_bootstrap.cc:654] T a6cba3c225794aeea03631694ce6537a P 56e6b595028e46e0997c95d25bd1add9: Neither blocks nor log segments found. Creating new log.
I20260710 11:03:57.470696  3734 raft_consensus.cc:2468] T a6cba3c225794aeea03631694ce6537a P 7e057c5ee45d4c119f086738264ec7b2 [term 1 FOLLOWER]: Leader election vote request: Granting yes vote for candidate 2ce232e26e084b8e8f5c8149aa9776ea in term 1.
I20260710 11:03:57.472316  3624 leader_election.cc:304] T a6cba3c225794aeea03631694ce6537a P 2ce232e26e084b8e8f5c8149aa9776ea [CANDIDATE]: Term 1 election: Election decided. Result: candidate won. Election summary: received 3 responses out of 3 voters: 2 yes votes; 1 no votes. yes voters: 2ce232e26e084b8e8f5c8149aa9776ea, 7e057c5ee45d4c119f086738264ec7b2; no voters: 56e6b595028e46e0997c95d25bd1add9
I20260710 11:03:57.475221  3784 raft_consensus.cc:2804] T a6cba3c225794aeea03631694ce6537a P 2ce232e26e084b8e8f5c8149aa9776ea [term 1 FOLLOWER]: Leader election won for term 1
I20260710 11:03:57.475979  3784 raft_consensus.cc:697] T a6cba3c225794aeea03631694ce6537a P 2ce232e26e084b8e8f5c8149aa9776ea [term 1 LEADER]: Becoming Leader. State: Replica: 2ce232e26e084b8e8f5c8149aa9776ea, State: Running, Role: LEADER
I20260710 11:03:57.477243  3778 tablet_bootstrap.cc:492] T 3b1444b3463e4d36b5abef124c6b3cfd P 2ce232e26e084b8e8f5c8149aa9776ea: No bootstrap required, opened a new log
I20260710 11:03:57.477893  3778 ts_tablet_manager.cc:1403] T 3b1444b3463e4d36b5abef124c6b3cfd P 2ce232e26e084b8e8f5c8149aa9776ea: Time spent bootstrapping tablet: real 0.144s	user 0.020s	sys 0.030s
I20260710 11:03:57.477170  3784 consensus_queue.cc:237] T a6cba3c225794aeea03631694ce6537a P 2ce232e26e084b8e8f5c8149aa9776ea [LEADER]: Queue going to LEADER mode. State: All replicated index: 0, Majority replicated index: 0, Committed index: 0, Last appended: 0.0, Last appended by leader: 0, Current term: 1, Majority size: 2, State: 0, Mode: LEADER, active raft config: opid_index: -1 OBSOLETE_local: false peers { permanent_uuid: "56e6b595028e46e0997c95d25bd1add9" member_type: VOTER last_known_addr { host: "127.3.94.193" port: 42935 } } peers { permanent_uuid: "2ce232e26e084b8e8f5c8149aa9776ea" member_type: VOTER last_known_addr { host: "127.3.94.194" port: 36741 } } peers { permanent_uuid: "7e057c5ee45d4c119f086738264ec7b2" member_type: VOTER last_known_addr { host: "127.3.94.195" port: 39745 } }
I20260710 11:03:57.473063  3791 raft_consensus.cc:697] T 2b52828cd0a2460480e6c5aa49180e66 P 56e6b595028e46e0997c95d25bd1add9 [term 1 LEADER]: Becoming Leader. State: Replica: 56e6b595028e46e0997c95d25bd1add9, State: Running, Role: LEADER
I20260710 11:03:57.474299  3806 raft_consensus.cc:515] T 1e6841431be34770b8918090ffbf3078 P 56e6b595028e46e0997c95d25bd1add9 [term 1 FOLLOWER]: Starting leader election with config: opid_index: -1 OBSOLETE_local: false peers { permanent_uuid: "56e6b595028e46e0997c95d25bd1add9" member_type: VOTER last_known_addr { host: "127.3.94.193" port: 42935 } } peers { permanent_uuid: "2ce232e26e084b8e8f5c8149aa9776ea" member_type: VOTER last_known_addr { host: "127.3.94.194" port: 36741 } } peers { permanent_uuid: "7e057c5ee45d4c119f086738264ec7b2" member_type: VOTER last_known_addr { host: "127.3.94.195" port: 39745 } }
I20260710 11:03:57.482242  3778 raft_consensus.cc:359] T 3b1444b3463e4d36b5abef124c6b3cfd P 2ce232e26e084b8e8f5c8149aa9776ea [term 0 FOLLOWER]: Replica starting. Triggering 0 pending ops. Active config: opid_index: -1 OBSOLETE_local: false peers { permanent_uuid: "56e6b595028e46e0997c95d25bd1add9" member_type: VOTER last_known_addr { host: "127.3.94.193" port: 42935 } } peers { permanent_uuid: "2ce232e26e084b8e8f5c8149aa9776ea" member_type: VOTER last_known_addr { host: "127.3.94.194" port: 36741 } } peers { permanent_uuid: "7e057c5ee45d4c119f086738264ec7b2" member_type: VOTER last_known_addr { host: "127.3.94.195" port: 39745 } }
I20260710 11:03:57.488617  3660 tablet_service.cc:1917] Received RequestConsensusVote() RPC: tablet_id: "1e6841431be34770b8918090ffbf3078" candidate_uuid: "56e6b595028e46e0997c95d25bd1add9" candidate_term: 1 candidate_status { last_received { term: 0 index: 0 } } ignore_live_leader: false dest_uuid: "2ce232e26e084b8e8f5c8149aa9776ea"
I20260710 11:03:57.488956  3779 tablet_bootstrap.cc:492] T cd5a140cd4b84891b501f204598b97c3 P 7e057c5ee45d4c119f086738264ec7b2: No bootstrap required, opened a new log
I20260710 11:03:57.489177  3806 leader_election.cc:290] T 1e6841431be34770b8918090ffbf3078 P 56e6b595028e46e0997c95d25bd1add9 [CANDIDATE]: Term 1 election: Requested vote from peers 2ce232e26e084b8e8f5c8149aa9776ea (127.3.94.194:36741), 7e057c5ee45d4c119f086738264ec7b2 (127.3.94.195:39745)
I20260710 11:03:57.489292  3660 raft_consensus.cc:3060] T 1e6841431be34770b8918090ffbf3078 P 2ce232e26e084b8e8f5c8149aa9776ea [term 0 FOLLOWER]: Advancing to term 1
I20260710 11:03:57.485684  3791 consensus_queue.cc:237] T 2b52828cd0a2460480e6c5aa49180e66 P 56e6b595028e46e0997c95d25bd1add9 [LEADER]: Queue going to LEADER mode. State: All replicated index: 0, Majority replicated index: 0, Committed index: 0, Last appended: 0.0, Last appended by leader: 0, Current term: 1, Majority size: 2, State: 0, Mode: LEADER, active raft config: opid_index: -1 OBSOLETE_local: false peers { permanent_uuid: "56e6b595028e46e0997c95d25bd1add9" member_type: VOTER last_known_addr { host: "127.3.94.193" port: 42935 } } peers { permanent_uuid: "2ce232e26e084b8e8f5c8149aa9776ea" member_type: VOTER last_known_addr { host: "127.3.94.194" port: 36741 } } peers { permanent_uuid: "7e057c5ee45d4c119f086738264ec7b2" member_type: VOTER last_known_addr { host: "127.3.94.195" port: 39745 } }
I20260710 11:03:57.489563  3779 ts_tablet_manager.cc:1403] T cd5a140cd4b84891b501f204598b97c3 P 7e057c5ee45d4c119f086738264ec7b2: Time spent bootstrapping tablet: real 0.140s	user 0.013s	sys 0.017s
I20260710 11:03:57.484809  3778 raft_consensus.cc:385] T 3b1444b3463e4d36b5abef124c6b3cfd P 2ce232e26e084b8e8f5c8149aa9776ea [term 0 FOLLOWER]: Consensus starting up: Expiring failure detector timer to make a prompt election more likely
I20260710 11:03:57.491290  3778 raft_consensus.cc:740] T 3b1444b3463e4d36b5abef124c6b3cfd P 2ce232e26e084b8e8f5c8149aa9776ea [term 0 FOLLOWER]: Becoming Follower/Learner. State: Replica: 2ce232e26e084b8e8f5c8149aa9776ea, State: Initialized, Role: FOLLOWER
I20260710 11:03:57.492138  3734 tablet_service.cc:1917] Received RequestConsensusVote() RPC: tablet_id: "1e6841431be34770b8918090ffbf3078" candidate_uuid: "56e6b595028e46e0997c95d25bd1add9" candidate_term: 1 candidate_status { last_received { term: 0 index: 0 } } ignore_live_leader: false dest_uuid: "7e057c5ee45d4c119f086738264ec7b2"
I20260710 11:03:57.492954  3734 raft_consensus.cc:3060] T 1e6841431be34770b8918090ffbf3078 P 7e057c5ee45d4c119f086738264ec7b2 [term 0 FOLLOWER]: Advancing to term 1
I20260710 11:03:57.493508  3778 consensus_queue.cc:260] T 3b1444b3463e4d36b5abef124c6b3cfd P 2ce232e26e084b8e8f5c8149aa9776ea [NON_LEADER]: Queue going to NON_LEADER mode. State: All replicated index: 0, Majority replicated index: 0, Committed index: 0, Last appended: 0.0, Last appended by leader: 0, Current term: 0, Majority size: -1, State: 0, Mode: NON_LEADER, active raft config: opid_index: -1 OBSOLETE_local: false peers { permanent_uuid: "56e6b595028e46e0997c95d25bd1add9" member_type: VOTER last_known_addr { host: "127.3.94.193" port: 42935 } } peers { permanent_uuid: "2ce232e26e084b8e8f5c8149aa9776ea" member_type: VOTER last_known_addr { host: "127.3.94.194" port: 36741 } } peers { permanent_uuid: "7e057c5ee45d4c119f086738264ec7b2" member_type: VOTER last_known_addr { host: "127.3.94.195" port: 39745 } }
I20260710 11:03:57.493556  3779 raft_consensus.cc:359] T cd5a140cd4b84891b501f204598b97c3 P 7e057c5ee45d4c119f086738264ec7b2 [term 0 FOLLOWER]: Replica starting. Triggering 0 pending ops. Active config: opid_index: -1 OBSOLETE_local: false peers { permanent_uuid: "56e6b595028e46e0997c95d25bd1add9" member_type: VOTER last_known_addr { host: "127.3.94.193" port: 42935 } } peers { permanent_uuid: "2ce232e26e084b8e8f5c8149aa9776ea" member_type: VOTER last_known_addr { host: "127.3.94.194" port: 36741 } } peers { permanent_uuid: "7e057c5ee45d4c119f086738264ec7b2" member_type: VOTER last_known_addr { host: "127.3.94.195" port: 39745 } }
I20260710 11:03:57.496097  3779 raft_consensus.cc:385] T cd5a140cd4b84891b501f204598b97c3 P 7e057c5ee45d4c119f086738264ec7b2 [term 0 FOLLOWER]: Consensus starting up: Expiring failure detector timer to make a prompt election more likely
I20260710 11:03:57.496533  3779 raft_consensus.cc:740] T cd5a140cd4b84891b501f204598b97c3 P 7e057c5ee45d4c119f086738264ec7b2 [term 0 FOLLOWER]: Becoming Follower/Learner. State: Replica: 7e057c5ee45d4c119f086738264ec7b2, State: Initialized, Role: FOLLOWER
I20260710 11:03:57.496258  3482 catalog_manager.cc:5697] T c941d309c18d446a9305345988f8154d P 56e6b595028e46e0997c95d25bd1add9 reported cstate change: term changed from 0 to 1, leader changed from <none> to 56e6b595028e46e0997c95d25bd1add9 (127.3.94.193). New cstate: current_term: 1 leader_uuid: "56e6b595028e46e0997c95d25bd1add9" committed_config { opid_index: -1 OBSOLETE_local: false peers { permanent_uuid: "56e6b595028e46e0997c95d25bd1add9" member_type: VOTER last_known_addr { host: "127.3.94.193" port: 42935 } health_report { overall_health: HEALTHY } } peers { permanent_uuid: "2ce232e26e084b8e8f5c8149aa9776ea" member_type: VOTER last_known_addr { host: "127.3.94.194" port: 36741 } health_report { overall_health: UNKNOWN } } peers { permanent_uuid: "7e057c5ee45d4c119f086738264ec7b2" member_type: VOTER last_known_addr { host: "127.3.94.195" port: 39745 } health_report { overall_health: UNKNOWN } } }
I20260710 11:03:57.506732  3734 raft_consensus.cc:2468] T 1e6841431be34770b8918090ffbf3078 P 7e057c5ee45d4c119f086738264ec7b2 [term 1 FOLLOWER]: Leader election vote request: Granting yes vote for candidate 56e6b595028e46e0997c95d25bd1add9 in term 1.
I20260710 11:03:57.507956  3483 catalog_manager.cc:5697] T a6cba3c225794aeea03631694ce6537a P 2ce232e26e084b8e8f5c8149aa9776ea reported cstate change: term changed from 0 to 1, leader changed from <none> to 2ce232e26e084b8e8f5c8149aa9776ea (127.3.94.194). New cstate: current_term: 1 leader_uuid: "2ce232e26e084b8e8f5c8149aa9776ea" committed_config { opid_index: -1 OBSOLETE_local: false peers { permanent_uuid: "56e6b595028e46e0997c95d25bd1add9" member_type: VOTER last_known_addr { host: "127.3.94.193" port: 42935 } health_report { overall_health: UNKNOWN } } peers { permanent_uuid: "2ce232e26e084b8e8f5c8149aa9776ea" member_type: VOTER last_known_addr { host: "127.3.94.194" port: 36741 } health_report { overall_health: HEALTHY } } peers { permanent_uuid: "7e057c5ee45d4c119f086738264ec7b2" member_type: VOTER last_known_addr { host: "127.3.94.195" port: 39745 } health_report { overall_health: UNKNOWN } } }
I20260710 11:03:57.508248  3549 leader_election.cc:304] T 1e6841431be34770b8918090ffbf3078 P 56e6b595028e46e0997c95d25bd1add9 [CANDIDATE]: Term 1 election: Election decided. Result: candidate won. Election summary: received 2 responses out of 3 voters: 2 yes votes; 0 no votes. yes voters: 56e6b595028e46e0997c95d25bd1add9, 7e057c5ee45d4c119f086738264ec7b2; no voters: 
I20260710 11:03:57.512720  3806 raft_consensus.cc:2804] T 1e6841431be34770b8918090ffbf3078 P 56e6b595028e46e0997c95d25bd1add9 [term 1 FOLLOWER]: Leader election won for term 1
I20260710 11:03:57.513729  3806 raft_consensus.cc:697] T 1e6841431be34770b8918090ffbf3078 P 56e6b595028e46e0997c95d25bd1add9 [term 1 LEADER]: Becoming Leader. State: Replica: 56e6b595028e46e0997c95d25bd1add9, State: Running, Role: LEADER
I20260710 11:03:57.514679  3660 raft_consensus.cc:2468] T 1e6841431be34770b8918090ffbf3078 P 2ce232e26e084b8e8f5c8149aa9776ea [term 1 FOLLOWER]: Leader election vote request: Granting yes vote for candidate 56e6b595028e46e0997c95d25bd1add9 in term 1.
I20260710 11:03:57.501199  3779 consensus_queue.cc:260] T cd5a140cd4b84891b501f204598b97c3 P 7e057c5ee45d4c119f086738264ec7b2 [NON_LEADER]: Queue going to NON_LEADER mode. State: All replicated index: 0, Majority replicated index: 0, Committed index: 0, Last appended: 0.0, Last appended by leader: 0, Current term: 0, Majority size: -1, State: 0, Mode: NON_LEADER, active raft config: opid_index: -1 OBSOLETE_local: false peers { permanent_uuid: "56e6b595028e46e0997c95d25bd1add9" member_type: VOTER last_known_addr { host: "127.3.94.193" port: 42935 } } peers { permanent_uuid: "2ce232e26e084b8e8f5c8149aa9776ea" member_type: VOTER last_known_addr { host: "127.3.94.194" port: 36741 } } peers { permanent_uuid: "7e057c5ee45d4c119f086738264ec7b2" member_type: VOTER last_known_addr { host: "127.3.94.195" port: 39745 } }
I20260710 11:03:57.519743  3787 raft_consensus.cc:493] T cd5a140cd4b84891b501f204598b97c3 P 7e057c5ee45d4c119f086738264ec7b2 [term 0 FOLLOWER]: Starting pre-election (no leader contacted us within the election timeout)
I20260710 11:03:57.520349  3778 ts_tablet_manager.cc:1434] T 3b1444b3463e4d36b5abef124c6b3cfd P 2ce232e26e084b8e8f5c8149aa9776ea: Time spent starting tablet: real 0.042s	user 0.007s	sys 0.005s
I20260710 11:03:57.516433  3806 consensus_queue.cc:237] T 1e6841431be34770b8918090ffbf3078 P 56e6b595028e46e0997c95d25bd1add9 [LEADER]: Queue going to LEADER mode. State: All replicated index: 0, Majority replicated index: 0, Committed index: 0, Last appended: 0.0, Last appended by leader: 0, Current term: 1, Majority size: 2, State: 0, Mode: LEADER, active raft config: opid_index: -1 OBSOLETE_local: false peers { permanent_uuid: "56e6b595028e46e0997c95d25bd1add9" member_type: VOTER last_known_addr { host: "127.3.94.193" port: 42935 } } peers { permanent_uuid: "2ce232e26e084b8e8f5c8149aa9776ea" member_type: VOTER last_known_addr { host: "127.3.94.194" port: 36741 } } peers { permanent_uuid: "7e057c5ee45d4c119f086738264ec7b2" member_type: VOTER last_known_addr { host: "127.3.94.195" port: 39745 } }
I20260710 11:03:57.520272  3787 raft_consensus.cc:515] T cd5a140cd4b84891b501f204598b97c3 P 7e057c5ee45d4c119f086738264ec7b2 [term 0 FOLLOWER]: Starting pre-election with config: opid_index: -1 OBSOLETE_local: false peers { permanent_uuid: "56e6b595028e46e0997c95d25bd1add9" member_type: VOTER last_known_addr { host: "127.3.94.193" port: 42935 } } peers { permanent_uuid: "2ce232e26e084b8e8f5c8149aa9776ea" member_type: VOTER last_known_addr { host: "127.3.94.194" port: 36741 } } peers { permanent_uuid: "7e057c5ee45d4c119f086738264ec7b2" member_type: VOTER last_known_addr { host: "127.3.94.195" port: 39745 } }
I20260710 11:03:57.521827  3778 tablet_bootstrap.cc:492] T 58053be425eb4a59afe866b75a1afc06 P 2ce232e26e084b8e8f5c8149aa9776ea: Bootstrap starting.
I20260710 11:03:57.526532  3807 raft_consensus.cc:493] T d9fe472bfa4d478f861ac33a8f235d52 P 56e6b595028e46e0997c95d25bd1add9 [term 0 FOLLOWER]: Starting pre-election (no leader contacted us within the election timeout)
I20260710 11:03:57.528709  3784 raft_consensus.cc:493] T 398a200514ee4294a6c9c8d477bbd0ec P 2ce232e26e084b8e8f5c8149aa9776ea [term 0 FOLLOWER]: Starting pre-election (no leader contacted us within the election timeout)
I20260710 11:03:57.529145  3807 raft_consensus.cc:515] T d9fe472bfa4d478f861ac33a8f235d52 P 56e6b595028e46e0997c95d25bd1add9 [term 0 FOLLOWER]: Starting pre-election with config: opid_index: -1 OBSOLETE_local: false peers { permanent_uuid: "2ce232e26e084b8e8f5c8149aa9776ea" member_type: VOTER last_known_addr { host: "127.3.94.194" port: 36741 } } peers { permanent_uuid: "7e057c5ee45d4c119f086738264ec7b2" member_type: VOTER last_known_addr { host: "127.3.94.195" port: 39745 } } peers { permanent_uuid: "56e6b595028e46e0997c95d25bd1add9" member_type: VOTER last_known_addr { host: "127.3.94.193" port: 42935 } }
I20260710 11:03:57.530647  3784 raft_consensus.cc:515] T 398a200514ee4294a6c9c8d477bbd0ec P 2ce232e26e084b8e8f5c8149aa9776ea [term 0 FOLLOWER]: Starting pre-election with config: opid_index: -1 OBSOLETE_local: false peers { permanent_uuid: "56e6b595028e46e0997c95d25bd1add9" member_type: VOTER last_known_addr { host: "127.3.94.193" port: 42935 } } peers { permanent_uuid: "2ce232e26e084b8e8f5c8149aa9776ea" member_type: VOTER last_known_addr { host: "127.3.94.194" port: 36741 } } peers { permanent_uuid: "7e057c5ee45d4c119f086738264ec7b2" member_type: VOTER last_known_addr { host: "127.3.94.195" port: 39745 } }
I20260710 11:03:57.536293  3660 tablet_service.cc:1917] Received RequestConsensusVote() RPC: tablet_id: "d9fe472bfa4d478f861ac33a8f235d52" candidate_uuid: "56e6b595028e46e0997c95d25bd1add9" candidate_term: 1 candidate_status { last_received { term: 0 index: 0 } } ignore_live_leader: false dest_uuid: "2ce232e26e084b8e8f5c8149aa9776ea" is_pre_election: true
I20260710 11:03:57.537115  3660 raft_consensus.cc:2468] T d9fe472bfa4d478f861ac33a8f235d52 P 2ce232e26e084b8e8f5c8149aa9776ea [term 0 FOLLOWER]: Leader pre-election vote request: Granting yes vote for candidate 56e6b595028e46e0997c95d25bd1add9 in term 0.
I20260710 11:03:57.537220  3784 leader_election.cc:290] T 398a200514ee4294a6c9c8d477bbd0ec P 2ce232e26e084b8e8f5c8149aa9776ea [CANDIDATE]: Term 1 pre-election: Requested pre-vote from peers 56e6b595028e46e0997c95d25bd1add9 (127.3.94.193:42935), 7e057c5ee45d4c119f086738264ec7b2 (127.3.94.195:39745)
I20260710 11:03:57.537390  3586 tablet_service.cc:1917] Received RequestConsensusVote() RPC: tablet_id: "398a200514ee4294a6c9c8d477bbd0ec" candidate_uuid: "2ce232e26e084b8e8f5c8149aa9776ea" candidate_term: 1 candidate_status { last_received { term: 0 index: 0 } } ignore_live_leader: false dest_uuid: "56e6b595028e46e0997c95d25bd1add9" is_pre_election: true
I20260710 11:03:57.538179  3734 tablet_service.cc:1917] Received RequestConsensusVote() RPC: tablet_id: "d9fe472bfa4d478f861ac33a8f235d52" candidate_uuid: "56e6b595028e46e0997c95d25bd1add9" candidate_term: 1 candidate_status { last_received { term: 0 index: 0 } } ignore_live_leader: false dest_uuid: "7e057c5ee45d4c119f086738264ec7b2" is_pre_election: true
W20260710 11:03:57.541563  3625 leader_election.cc:343] T 398a200514ee4294a6c9c8d477bbd0ec P 2ce232e26e084b8e8f5c8149aa9776ea [CANDIDATE]: Term 1 pre-election: Tablet error from VoteRequest() call to peer 56e6b595028e46e0997c95d25bd1add9 (127.3.94.193:42935): Illegal state: must be running to vote when last-logged opid is not known
I20260710 11:03:57.541636  3551 leader_election.cc:304] T d9fe472bfa4d478f861ac33a8f235d52 P 56e6b595028e46e0997c95d25bd1add9 [CANDIDATE]: Term 1 pre-election: Election decided. Result: candidate won. Election summary: received 2 responses out of 3 voters: 2 yes votes; 0 no votes. yes voters: 2ce232e26e084b8e8f5c8149aa9776ea, 56e6b595028e46e0997c95d25bd1add9; no voters: 
I20260710 11:03:57.545200  3810 raft_consensus.cc:2804] T d9fe472bfa4d478f861ac33a8f235d52 P 56e6b595028e46e0997c95d25bd1add9 [term 0 FOLLOWER]: Leader pre-election won for term 1
I20260710 11:03:57.545921  3810 raft_consensus.cc:493] T d9fe472bfa4d478f861ac33a8f235d52 P 56e6b595028e46e0997c95d25bd1add9 [term 0 FOLLOWER]: Starting leader election (no leader contacted us within the election timeout)
I20260710 11:03:57.546446  3810 raft_consensus.cc:3060] T d9fe472bfa4d478f861ac33a8f235d52 P 56e6b595028e46e0997c95d25bd1add9 [term 0 FOLLOWER]: Advancing to term 1
I20260710 11:03:57.545531  3735 tablet_service.cc:1917] Received RequestConsensusVote() RPC: tablet_id: "398a200514ee4294a6c9c8d477bbd0ec" candidate_uuid: "2ce232e26e084b8e8f5c8149aa9776ea" candidate_term: 1 candidate_status { last_received { term: 0 index: 0 } } ignore_live_leader: false dest_uuid: "7e057c5ee45d4c119f086738264ec7b2" is_pre_election: true
I20260710 11:03:57.538318  3807 leader_election.cc:290] T d9fe472bfa4d478f861ac33a8f235d52 P 56e6b595028e46e0997c95d25bd1add9 [CANDIDATE]: Term 1 pre-election: Requested pre-vote from peers 2ce232e26e084b8e8f5c8149aa9776ea (127.3.94.194:36741), 7e057c5ee45d4c119f086738264ec7b2 (127.3.94.195:39745)
I20260710 11:03:57.544355  3734 raft_consensus.cc:2468] T d9fe472bfa4d478f861ac33a8f235d52 P 7e057c5ee45d4c119f086738264ec7b2 [term 0 FOLLOWER]: Leader pre-election vote request: Granting yes vote for candidate 56e6b595028e46e0997c95d25bd1add9 in term 0.
I20260710 11:03:57.547335  3735 raft_consensus.cc:2468] T 398a200514ee4294a6c9c8d477bbd0ec P 7e057c5ee45d4c119f086738264ec7b2 [term 0 FOLLOWER]: Leader pre-election vote request: Granting yes vote for candidate 2ce232e26e084b8e8f5c8149aa9776ea in term 0.
I20260710 11:03:57.554231  3624 leader_election.cc:304] T 398a200514ee4294a6c9c8d477bbd0ec P 2ce232e26e084b8e8f5c8149aa9776ea [CANDIDATE]: Term 1 pre-election: Election decided. Result: candidate won. Election summary: received 3 responses out of 3 voters: 2 yes votes; 1 no votes. yes voters: 2ce232e26e084b8e8f5c8149aa9776ea, 7e057c5ee45d4c119f086738264ec7b2; no voters: 56e6b595028e46e0997c95d25bd1add9
I20260710 11:03:57.555778  3784 raft_consensus.cc:2804] T 398a200514ee4294a6c9c8d477bbd0ec P 2ce232e26e084b8e8f5c8149aa9776ea [term 0 FOLLOWER]: Leader pre-election won for term 1
I20260710 11:03:57.556121  3781 tablet_bootstrap.cc:492] T a6cba3c225794aeea03631694ce6537a P 56e6b595028e46e0997c95d25bd1add9: No bootstrap required, opened a new log
I20260710 11:03:57.556429  3784 raft_consensus.cc:493] T 398a200514ee4294a6c9c8d477bbd0ec P 2ce232e26e084b8e8f5c8149aa9776ea [term 0 FOLLOWER]: Starting leader election (no leader contacted us within the election timeout)
I20260710 11:03:57.556685  3781 ts_tablet_manager.cc:1403] T a6cba3c225794aeea03631694ce6537a P 56e6b595028e46e0997c95d25bd1add9: Time spent bootstrapping tablet: real 0.144s	user 0.018s	sys 0.005s
I20260710 11:03:57.557257  3784 raft_consensus.cc:3060] T 398a200514ee4294a6c9c8d477bbd0ec P 2ce232e26e084b8e8f5c8149aa9776ea [term 0 FOLLOWER]: Advancing to term 1
I20260710 11:03:57.568508  3781 raft_consensus.cc:359] T a6cba3c225794aeea03631694ce6537a P 56e6b595028e46e0997c95d25bd1add9 [term 0 FOLLOWER]: Replica starting. Triggering 0 pending ops. Active config: opid_index: -1 OBSOLETE_local: false peers { permanent_uuid: "56e6b595028e46e0997c95d25bd1add9" member_type: VOTER last_known_addr { host: "127.3.94.193" port: 42935 } } peers { permanent_uuid: "2ce232e26e084b8e8f5c8149aa9776ea" member_type: VOTER last_known_addr { host: "127.3.94.194" port: 36741 } } peers { permanent_uuid: "7e057c5ee45d4c119f086738264ec7b2" member_type: VOTER last_known_addr { host: "127.3.94.195" port: 39745 } }
I20260710 11:03:57.581419  3781 raft_consensus.cc:385] T a6cba3c225794aeea03631694ce6537a P 56e6b595028e46e0997c95d25bd1add9 [term 0 FOLLOWER]: Consensus starting up: Expiring failure detector timer to make a prompt election more likely
I20260710 11:03:57.578539  3787 leader_election.cc:290] T cd5a140cd4b84891b501f204598b97c3 P 7e057c5ee45d4c119f086738264ec7b2 [CANDIDATE]: Term 1 pre-election: Requested pre-vote from peers 56e6b595028e46e0997c95d25bd1add9 (127.3.94.193:42935), 2ce232e26e084b8e8f5c8149aa9776ea (127.3.94.194:36741)
I20260710 11:03:57.586768  3815 raft_consensus.cc:493] T d9fe472bfa4d478f861ac33a8f235d52 P 7e057c5ee45d4c119f086738264ec7b2 [term 0 FOLLOWER]: Starting pre-election (no leader contacted us within the election timeout)
I20260710 11:03:57.587062  3781 raft_consensus.cc:740] T a6cba3c225794aeea03631694ce6537a P 56e6b595028e46e0997c95d25bd1add9 [term 0 FOLLOWER]: Becoming Follower/Learner. State: Replica: 56e6b595028e46e0997c95d25bd1add9, State: Initialized, Role: FOLLOWER
I20260710 11:03:57.614163  3779 ts_tablet_manager.cc:1434] T cd5a140cd4b84891b501f204598b97c3 P 7e057c5ee45d4c119f086738264ec7b2: Time spent starting tablet: real 0.124s	user 0.006s	sys 0.027s
I20260710 11:03:57.615767  3779 tablet_bootstrap.cc:492] T 58053be425eb4a59afe866b75a1afc06 P 7e057c5ee45d4c119f086738264ec7b2: Bootstrap starting.
I20260710 11:03:57.616775  3778 tablet_bootstrap.cc:654] T 58053be425eb4a59afe866b75a1afc06 P 2ce232e26e084b8e8f5c8149aa9776ea: Neither blocks nor log segments found. Creating new log.
I20260710 11:03:57.611418  3815 raft_consensus.cc:515] T d9fe472bfa4d478f861ac33a8f235d52 P 7e057c5ee45d4c119f086738264ec7b2 [term 0 FOLLOWER]: Starting pre-election with config: opid_index: -1 OBSOLETE_local: false peers { permanent_uuid: "2ce232e26e084b8e8f5c8149aa9776ea" member_type: VOTER last_known_addr { host: "127.3.94.194" port: 36741 } } peers { permanent_uuid: "7e057c5ee45d4c119f086738264ec7b2" member_type: VOTER last_known_addr { host: "127.3.94.195" port: 39745 } } peers { permanent_uuid: "56e6b595028e46e0997c95d25bd1add9" member_type: VOTER last_known_addr { host: "127.3.94.193" port: 42935 } }
I20260710 11:03:57.621253  3815 leader_election.cc:290] T d9fe472bfa4d478f861ac33a8f235d52 P 7e057c5ee45d4c119f086738264ec7b2 [CANDIDATE]: Term 1 pre-election: Requested pre-vote from peers 2ce232e26e084b8e8f5c8149aa9776ea (127.3.94.194:36741), 56e6b595028e46e0997c95d25bd1add9 (127.3.94.193:42935)
I20260710 11:03:57.625788  3781 consensus_queue.cc:260] T a6cba3c225794aeea03631694ce6537a P 56e6b595028e46e0997c95d25bd1add9 [NON_LEADER]: Queue going to NON_LEADER mode. State: All replicated index: 0, Majority replicated index: 0, Committed index: 0, Last appended: 0.0, Last appended by leader: 0, Current term: 0, Majority size: -1, State: 0, Mode: NON_LEADER, active raft config: opid_index: -1 OBSOLETE_local: false peers { permanent_uuid: "56e6b595028e46e0997c95d25bd1add9" member_type: VOTER last_known_addr { host: "127.3.94.193" port: 42935 } } peers { permanent_uuid: "2ce232e26e084b8e8f5c8149aa9776ea" member_type: VOTER last_known_addr { host: "127.3.94.194" port: 36741 } } peers { permanent_uuid: "7e057c5ee45d4c119f086738264ec7b2" member_type: VOTER last_known_addr { host: "127.3.94.195" port: 39745 } }
I20260710 11:03:57.621250  3784 raft_consensus.cc:515] T 398a200514ee4294a6c9c8d477bbd0ec P 2ce232e26e084b8e8f5c8149aa9776ea [term 1 FOLLOWER]: Starting leader election with config: opid_index: -1 OBSOLETE_local: false peers { permanent_uuid: "56e6b595028e46e0997c95d25bd1add9" member_type: VOTER last_known_addr { host: "127.3.94.193" port: 42935 } } peers { permanent_uuid: "2ce232e26e084b8e8f5c8149aa9776ea" member_type: VOTER last_known_addr { host: "127.3.94.194" port: 36741 } } peers { permanent_uuid: "7e057c5ee45d4c119f086738264ec7b2" member_type: VOTER last_known_addr { host: "127.3.94.195" port: 39745 } }
I20260710 11:03:57.632016  3806 raft_consensus.cc:493] T 3b1444b3463e4d36b5abef124c6b3cfd P 56e6b595028e46e0997c95d25bd1add9 [term 0 FOLLOWER]: Starting pre-election (no leader contacted us within the election timeout)
I20260710 11:03:57.632752  3806 raft_consensus.cc:515] T 3b1444b3463e4d36b5abef124c6b3cfd P 56e6b595028e46e0997c95d25bd1add9 [term 0 FOLLOWER]: Starting pre-election with config: opid_index: -1 OBSOLETE_local: false peers { permanent_uuid: "56e6b595028e46e0997c95d25bd1add9" member_type: VOTER last_known_addr { host: "127.3.94.193" port: 42935 } } peers { permanent_uuid: "2ce232e26e084b8e8f5c8149aa9776ea" member_type: VOTER last_known_addr { host: "127.3.94.194" port: 36741 } } peers { permanent_uuid: "7e057c5ee45d4c119f086738264ec7b2" member_type: VOTER last_known_addr { host: "127.3.94.195" port: 39745 } }
I20260710 11:03:57.635566  3586 tablet_service.cc:1917] Received RequestConsensusVote() RPC: tablet_id: "398a200514ee4294a6c9c8d477bbd0ec" candidate_uuid: "2ce232e26e084b8e8f5c8149aa9776ea" candidate_term: 1 candidate_status { last_received { term: 0 index: 0 } } ignore_live_leader: false dest_uuid: "56e6b595028e46e0997c95d25bd1add9"
I20260710 11:03:57.636155  3806 leader_election.cc:290] T 3b1444b3463e4d36b5abef124c6b3cfd P 56e6b595028e46e0997c95d25bd1add9 [CANDIDATE]: Term 1 pre-election: Requested pre-vote from peers 2ce232e26e084b8e8f5c8149aa9776ea (127.3.94.194:36741), 7e057c5ee45d4c119f086738264ec7b2 (127.3.94.195:39745)
I20260710 11:03:57.636366  3735 tablet_service.cc:1917] Received RequestConsensusVote() RPC: tablet_id: "398a200514ee4294a6c9c8d477bbd0ec" candidate_uuid: "2ce232e26e084b8e8f5c8149aa9776ea" candidate_term: 1 candidate_status { last_received { term: 0 index: 0 } } ignore_live_leader: false dest_uuid: "7e057c5ee45d4c119f086738264ec7b2"
I20260710 11:03:57.636999  3735 raft_consensus.cc:3060] T 398a200514ee4294a6c9c8d477bbd0ec P 7e057c5ee45d4c119f086738264ec7b2 [term 0 FOLLOWER]: Advancing to term 1
W20260710 11:03:57.637431  3625 leader_election.cc:343] T 398a200514ee4294a6c9c8d477bbd0ec P 2ce232e26e084b8e8f5c8149aa9776ea [CANDIDATE]: Term 1 election: Tablet error from VoteRequest() call to peer 56e6b595028e46e0997c95d25bd1add9 (127.3.94.193:42935): Illegal state: must be running to vote when last-logged opid is not known
I20260710 11:03:57.638409  3660 tablet_service.cc:1917] Received RequestConsensusVote() RPC: tablet_id: "3b1444b3463e4d36b5abef124c6b3cfd" candidate_uuid: "56e6b595028e46e0997c95d25bd1add9" candidate_term: 1 candidate_status { last_received { term: 0 index: 0 } } ignore_live_leader: false dest_uuid: "2ce232e26e084b8e8f5c8149aa9776ea" is_pre_election: true
I20260710 11:03:57.639258  3660 raft_consensus.cc:2468] T 3b1444b3463e4d36b5abef124c6b3cfd P 2ce232e26e084b8e8f5c8149aa9776ea [term 0 FOLLOWER]: Leader pre-election vote request: Granting yes vote for candidate 56e6b595028e46e0997c95d25bd1add9 in term 0.
I20260710 11:03:57.639396  3734 tablet_service.cc:1917] Received RequestConsensusVote() RPC: tablet_id: "3b1444b3463e4d36b5abef124c6b3cfd" candidate_uuid: "56e6b595028e46e0997c95d25bd1add9" candidate_term: 1 candidate_status { last_received { term: 0 index: 0 } } ignore_live_leader: false dest_uuid: "7e057c5ee45d4c119f086738264ec7b2" is_pre_election: true
I20260710 11:03:57.623730  3810 raft_consensus.cc:515] T d9fe472bfa4d478f861ac33a8f235d52 P 56e6b595028e46e0997c95d25bd1add9 [term 1 FOLLOWER]: Starting leader election with config: opid_index: -1 OBSOLETE_local: false peers { permanent_uuid: "2ce232e26e084b8e8f5c8149aa9776ea" member_type: VOTER last_known_addr { host: "127.3.94.194" port: 36741 } } peers { permanent_uuid: "7e057c5ee45d4c119f086738264ec7b2" member_type: VOTER last_known_addr { host: "127.3.94.195" port: 39745 } } peers { permanent_uuid: "56e6b595028e46e0997c95d25bd1add9" member_type: VOTER last_known_addr { host: "127.3.94.193" port: 42935 } }
I20260710 11:03:57.641167  3551 leader_election.cc:304] T 3b1444b3463e4d36b5abef124c6b3cfd P 56e6b595028e46e0997c95d25bd1add9 [CANDIDATE]: Term 1 pre-election: Election decided. Result: candidate won. Election summary: received 2 responses out of 3 voters: 2 yes votes; 0 no votes. yes voters: 2ce232e26e084b8e8f5c8149aa9776ea, 56e6b595028e46e0997c95d25bd1add9; no voters: 
W20260710 11:03:57.642706  3549 leader_election.cc:343] T 3b1444b3463e4d36b5abef124c6b3cfd P 56e6b595028e46e0997c95d25bd1add9 [CANDIDATE]: Term 1 pre-election: Tablet error from VoteRequest() call to peer 7e057c5ee45d4c119f086738264ec7b2 (127.3.94.195:39745): Illegal state: must be running to vote when last-logged opid is not known
I20260710 11:03:57.644775  3781 ts_tablet_manager.cc:1434] T a6cba3c225794aeea03631694ce6537a P 56e6b595028e46e0997c95d25bd1add9: Time spent starting tablet: real 0.087s	user 0.015s	sys 0.007s
I20260710 11:03:57.646180  3781 tablet_bootstrap.cc:492] T 58053be425eb4a59afe866b75a1afc06 P 56e6b595028e46e0997c95d25bd1add9: Bootstrap starting.
I20260710 11:03:57.647151  3791 raft_consensus.cc:2804] T 3b1444b3463e4d36b5abef124c6b3cfd P 56e6b595028e46e0997c95d25bd1add9 [term 0 FOLLOWER]: Leader pre-election won for term 1
I20260710 11:03:57.648236  3791 raft_consensus.cc:493] T 3b1444b3463e4d36b5abef124c6b3cfd P 56e6b595028e46e0997c95d25bd1add9 [term 0 FOLLOWER]: Starting leader election (no leader contacted us within the election timeout)
I20260710 11:03:57.648818  3791 raft_consensus.cc:3060] T 3b1444b3463e4d36b5abef124c6b3cfd P 56e6b595028e46e0997c95d25bd1add9 [term 0 FOLLOWER]: Advancing to term 1
I20260710 11:03:57.641479  3784 leader_election.cc:290] T 398a200514ee4294a6c9c8d477bbd0ec P 2ce232e26e084b8e8f5c8149aa9776ea [CANDIDATE]: Term 1 election: Requested vote from peers 56e6b595028e46e0997c95d25bd1add9 (127.3.94.193:42935), 7e057c5ee45d4c119f086738264ec7b2 (127.3.94.195:39745)
I20260710 11:03:57.650946  3586 tablet_service.cc:1917] Received RequestConsensusVote() RPC: tablet_id: "cd5a140cd4b84891b501f204598b97c3" candidate_uuid: "7e057c5ee45d4c119f086738264ec7b2" candidate_term: 1 candidate_status { last_received { term: 0 index: 0 } } ignore_live_leader: false dest_uuid: "56e6b595028e46e0997c95d25bd1add9" is_pre_election: true
I20260710 11:03:57.652510  3585 tablet_service.cc:1917] Received RequestConsensusVote() RPC: tablet_id: "d9fe472bfa4d478f861ac33a8f235d52" candidate_uuid: "7e057c5ee45d4c119f086738264ec7b2" candidate_term: 1 candidate_status { last_received { term: 0 index: 0 } } ignore_live_leader: false dest_uuid: "56e6b595028e46e0997c95d25bd1add9" is_pre_election: true
I20260710 11:03:57.656860  3810 leader_election.cc:290] T d9fe472bfa4d478f861ac33a8f235d52 P 56e6b595028e46e0997c95d25bd1add9 [CANDIDATE]: Term 1 election: Requested vote from peers 2ce232e26e084b8e8f5c8149aa9776ea (127.3.94.194:36741), 7e057c5ee45d4c119f086738264ec7b2 (127.3.94.195:39745)
I20260710 11:03:57.656927  3660 tablet_service.cc:1917] Received RequestConsensusVote() RPC: tablet_id: "d9fe472bfa4d478f861ac33a8f235d52" candidate_uuid: "56e6b595028e46e0997c95d25bd1add9" candidate_term: 1 candidate_status { last_received { term: 0 index: 0 } } ignore_live_leader: false dest_uuid: "2ce232e26e084b8e8f5c8149aa9776ea"
I20260710 11:03:57.657424  3734 tablet_service.cc:1917] Received RequestConsensusVote() RPC: tablet_id: "d9fe472bfa4d478f861ac33a8f235d52" candidate_uuid: "56e6b595028e46e0997c95d25bd1add9" candidate_term: 1 candidate_status { last_received { term: 0 index: 0 } } ignore_live_leader: false dest_uuid: "7e057c5ee45d4c119f086738264ec7b2"
I20260710 11:03:57.657668  3660 raft_consensus.cc:3060] T d9fe472bfa4d478f861ac33a8f235d52 P 2ce232e26e084b8e8f5c8149aa9776ea [term 0 FOLLOWER]: Advancing to term 1
I20260710 11:03:57.657990  3734 raft_consensus.cc:3060] T d9fe472bfa4d478f861ac33a8f235d52 P 7e057c5ee45d4c119f086738264ec7b2 [term 0 FOLLOWER]: Advancing to term 1
