I20260710 11:04:09.857172  4308 raft_consensus.cc:1081] T a9ddd4df1fa24e39a381830361f1f428 P 959d730267a8418183a76d073cc832e5 [term 1 LEADER]: Signalling peer d58a60e9e7074a77958093fc5a665af1 to start an election
I20260710 11:04:09.859057  4083 tablet_service.cc:2044] Received Run Leader Election RPC: tablet_id: "a9ddd4df1fa24e39a381830361f1f428"
dest_uuid: "d58a60e9e7074a77958093fc5a665af1"
 from {username='slave'} at 127.0.0.1:49048
I20260710 11:04:09.859623  4083 raft_consensus.cc:493] T a9ddd4df1fa24e39a381830361f1f428 P d58a60e9e7074a77958093fc5a665af1 [term 1 FOLLOWER]: Starting forced leader election (received explicit request)
I20260710 11:04:09.860031  4083 raft_consensus.cc:3060] T a9ddd4df1fa24e39a381830361f1f428 P d58a60e9e7074a77958093fc5a665af1 [term 1 FOLLOWER]: Advancing to term 2
I20260710 11:04:09.865550  4083 raft_consensus.cc:515] T a9ddd4df1fa24e39a381830361f1f428 P d58a60e9e7074a77958093fc5a665af1 [term 2 FOLLOWER]: Starting forced leader election with config: opid_index: -1 OBSOLETE_local: false peers { permanent_uuid: "d58a60e9e7074a77958093fc5a665af1" member_type: VOTER last_known_addr { host: "127.3.94.193" port: 45729 } } peers { permanent_uuid: "959d730267a8418183a76d073cc832e5" member_type: VOTER last_known_addr { host: "127.3.94.194" port: 45377 } } peers { permanent_uuid: "ff73f1d1d4484e2c9bd32527c9d57126" member_type: VOTER last_known_addr { host: "127.3.94.195" port: 36847 } }
I20260710 11:04:09.867240  4083 leader_election.cc:290] T a9ddd4df1fa24e39a381830361f1f428 P d58a60e9e7074a77958093fc5a665af1 [CANDIDATE]: Term 2 election: Requested vote from peers 959d730267a8418183a76d073cc832e5 (127.3.94.194:45377), ff73f1d1d4484e2c9bd32527c9d57126 (127.3.94.195:36847)
I20260710 11:04:09.868408  4231 tablet_service.cc:1917] Received RequestConsensusVote() RPC: tablet_id: "a9ddd4df1fa24e39a381830361f1f428" candidate_uuid: "d58a60e9e7074a77958093fc5a665af1" candidate_term: 2 candidate_status { last_received { term: 1 index: 1 } } ignore_live_leader: true dest_uuid: "ff73f1d1d4484e2c9bd32527c9d57126"
I20260710 11:04:09.868229  4157 tablet_service.cc:1917] Received RequestConsensusVote() RPC: tablet_id: "a9ddd4df1fa24e39a381830361f1f428" candidate_uuid: "d58a60e9e7074a77958093fc5a665af1" candidate_term: 2 candidate_status { last_received { term: 1 index: 1 } } ignore_live_leader: true dest_uuid: "959d730267a8418183a76d073cc832e5"
I20260710 11:04:09.869028  4231 raft_consensus.cc:3060] T a9ddd4df1fa24e39a381830361f1f428 P ff73f1d1d4484e2c9bd32527c9d57126 [term 1 FOLLOWER]: Advancing to term 2
I20260710 11:04:09.869060  4157 raft_consensus.cc:3055] T a9ddd4df1fa24e39a381830361f1f428 P 959d730267a8418183a76d073cc832e5 [term 1 LEADER]: Stepping down as leader of term 1
I20260710 11:04:09.869626  4157 raft_consensus.cc:740] T a9ddd4df1fa24e39a381830361f1f428 P 959d730267a8418183a76d073cc832e5 [term 1 LEADER]: Becoming Follower/Learner. State: Replica: 959d730267a8418183a76d073cc832e5, State: Running, Role: LEADER
I20260710 11:04:09.870581  4157 consensus_queue.cc:260] T a9ddd4df1fa24e39a381830361f1f428 P 959d730267a8418183a76d073cc832e5 [NON_LEADER]: Queue going to NON_LEADER mode. State: All replicated index: 0, Majority replicated index: 1, Committed index: 1, Last appended: 1.1, Last appended by leader: 1, Current term: 1, Majority size: -1, State: 0, Mode: NON_LEADER, active raft config: opid_index: -1 OBSOLETE_local: false peers { permanent_uuid: "d58a60e9e7074a77958093fc5a665af1" member_type: VOTER last_known_addr { host: "127.3.94.193" port: 45729 } } peers { permanent_uuid: "959d730267a8418183a76d073cc832e5" member_type: VOTER last_known_addr { host: "127.3.94.194" port: 45377 } } peers { permanent_uuid: "ff73f1d1d4484e2c9bd32527c9d57126" member_type: VOTER last_known_addr { host: "127.3.94.195" port: 36847 } }
I20260710 11:04:09.871941  4157 raft_consensus.cc:3060] T a9ddd4df1fa24e39a381830361f1f428 P 959d730267a8418183a76d073cc832e5 [term 1 FOLLOWER]: Advancing to term 2
I20260710 11:04:09.877825  4231 raft_consensus.cc:2468] T a9ddd4df1fa24e39a381830361f1f428 P ff73f1d1d4484e2c9bd32527c9d57126 [term 2 FOLLOWER]: Leader election vote request: Granting yes vote for candidate d58a60e9e7074a77958093fc5a665af1 in term 2.
I20260710 11:04:09.879293  4049 leader_election.cc:304] T a9ddd4df1fa24e39a381830361f1f428 P d58a60e9e7074a77958093fc5a665af1 [CANDIDATE]: Term 2 election: Election decided. Result: candidate won. Election summary: received 2 responses out of 3 voters: 2 yes votes; 0 no votes. yes voters: d58a60e9e7074a77958093fc5a665af1, ff73f1d1d4484e2c9bd32527c9d57126; no voters: 
I20260710 11:04:09.879652  4157 raft_consensus.cc:2468] T a9ddd4df1fa24e39a381830361f1f428 P 959d730267a8418183a76d073cc832e5 [term 2 FOLLOWER]: Leader election vote request: Granting yes vote for candidate d58a60e9e7074a77958093fc5a665af1 in term 2.
I20260710 11:04:09.880213  4277 raft_consensus.cc:2804] T a9ddd4df1fa24e39a381830361f1f428 P d58a60e9e7074a77958093fc5a665af1 [term 2 FOLLOWER]: Leader election won for term 2
I20260710 11:04:09.880751  4277 raft_consensus.cc:697] T a9ddd4df1fa24e39a381830361f1f428 P d58a60e9e7074a77958093fc5a665af1 [term 2 LEADER]: Becoming Leader. State: Replica: d58a60e9e7074a77958093fc5a665af1, State: Running, Role: LEADER
I20260710 11:04:09.881544  4277 consensus_queue.cc:237] T a9ddd4df1fa24e39a381830361f1f428 P d58a60e9e7074a77958093fc5a665af1 [LEADER]: Queue going to LEADER mode. State: All replicated index: 0, Majority replicated index: 1, Committed index: 1, Last appended: 1.1, Last appended by leader: 1, Current term: 2, Majority size: 2, State: 0, Mode: LEADER, active raft config: opid_index: -1 OBSOLETE_local: false peers { permanent_uuid: "d58a60e9e7074a77958093fc5a665af1" member_type: VOTER last_known_addr { host: "127.3.94.193" port: 45729 } } peers { permanent_uuid: "959d730267a8418183a76d073cc832e5" member_type: VOTER last_known_addr { host: "127.3.94.194" port: 45377 } } peers { permanent_uuid: "ff73f1d1d4484e2c9bd32527c9d57126" member_type: VOTER last_known_addr { host: "127.3.94.195" port: 36847 } }
I20260710 11:04:09.888259  3979 catalog_manager.cc:5697] T a9ddd4df1fa24e39a381830361f1f428 P d58a60e9e7074a77958093fc5a665af1 reported cstate change: term changed from 1 to 2, leader changed from 959d730267a8418183a76d073cc832e5 (127.3.94.194) to d58a60e9e7074a77958093fc5a665af1 (127.3.94.193). New cstate: current_term: 2 leader_uuid: "d58a60e9e7074a77958093fc5a665af1" committed_config { opid_index: -1 OBSOLETE_local: false peers { permanent_uuid: "d58a60e9e7074a77958093fc5a665af1" member_type: VOTER last_known_addr { host: "127.3.94.193" port: 45729 } health_report { overall_health: HEALTHY } } peers { permanent_uuid: "959d730267a8418183a76d073cc832e5" member_type: VOTER last_known_addr { host: "127.3.94.194" port: 45377 } health_report { overall_health: UNKNOWN } } peers { permanent_uuid: "ff73f1d1d4484e2c9bd32527c9d57126" member_type: VOTER last_known_addr { host: "127.3.94.195" port: 36847 } health_report { overall_health: UNKNOWN } } }
I20260710 11:04:09.903806  4279 raft_consensus.cc:993] T f99135872b6542b397ecfb591806fa92 P ff73f1d1d4484e2c9bd32527c9d57126: : Instructing follower d58a60e9e7074a77958093fc5a665af1 to start an election
I20260710 11:04:09.904369  4318 raft_consensus.cc:1081] T f99135872b6542b397ecfb591806fa92 P ff73f1d1d4484e2c9bd32527c9d57126 [term 1 LEADER]: Signalling peer d58a60e9e7074a77958093fc5a665af1 to start an election
I20260710 11:04:09.906272  4083 tablet_service.cc:2044] Received Run Leader Election RPC: tablet_id: "f99135872b6542b397ecfb591806fa92"
dest_uuid: "d58a60e9e7074a77958093fc5a665af1"
 from {username='slave'} at 127.0.0.1:49052
I20260710 11:04:09.906987  4083 raft_consensus.cc:493] T f99135872b6542b397ecfb591806fa92 P d58a60e9e7074a77958093fc5a665af1 [term 1 FOLLOWER]: Starting forced leader election (received explicit request)
I20260710 11:04:09.907373  4083 raft_consensus.cc:3060] T f99135872b6542b397ecfb591806fa92 P d58a60e9e7074a77958093fc5a665af1 [term 1 FOLLOWER]: Advancing to term 2
I20260710 11:04:09.913168  4083 raft_consensus.cc:515] T f99135872b6542b397ecfb591806fa92 P d58a60e9e7074a77958093fc5a665af1 [term 2 FOLLOWER]: Starting forced leader election with config: opid_index: -1 OBSOLETE_local: false peers { permanent_uuid: "959d730267a8418183a76d073cc832e5" member_type: VOTER last_known_addr { host: "127.3.94.194" port: 45377 } } peers { permanent_uuid: "d58a60e9e7074a77958093fc5a665af1" member_type: VOTER last_known_addr { host: "127.3.94.193" port: 45729 } } peers { permanent_uuid: "ff73f1d1d4484e2c9bd32527c9d57126" member_type: VOTER last_known_addr { host: "127.3.94.195" port: 36847 } }
I20260710 11:04:09.915179  4083 leader_election.cc:290] T f99135872b6542b397ecfb591806fa92 P d58a60e9e7074a77958093fc5a665af1 [CANDIDATE]: Term 2 election: Requested vote from peers 959d730267a8418183a76d073cc832e5 (127.3.94.194:45377), ff73f1d1d4484e2c9bd32527c9d57126 (127.3.94.195:36847)
I20260710 11:04:09.916275  4157 tablet_service.cc:1917] Received RequestConsensusVote() RPC: tablet_id: "f99135872b6542b397ecfb591806fa92" candidate_uuid: "d58a60e9e7074a77958093fc5a665af1" candidate_term: 2 candidate_status { last_received { term: 1 index: 1 } } ignore_live_leader: true dest_uuid: "959d730267a8418183a76d073cc832e5"
I20260710 11:04:09.916625  4231 tablet_service.cc:1917] Received RequestConsensusVote() RPC: tablet_id: "f99135872b6542b397ecfb591806fa92" candidate_uuid: "d58a60e9e7074a77958093fc5a665af1" candidate_term: 2 candidate_status { last_received { term: 1 index: 1 } } ignore_live_leader: true dest_uuid: "ff73f1d1d4484e2c9bd32527c9d57126"
I20260710 11:04:09.916844  4157 raft_consensus.cc:3060] T f99135872b6542b397ecfb591806fa92 P 959d730267a8418183a76d073cc832e5 [term 1 FOLLOWER]: Advancing to term 2
I20260710 11:04:09.917325  4231 raft_consensus.cc:3055] T f99135872b6542b397ecfb591806fa92 P ff73f1d1d4484e2c9bd32527c9d57126 [term 1 LEADER]: Stepping down as leader of term 1
I20260710 11:04:09.917651  4231 raft_consensus.cc:740] T f99135872b6542b397ecfb591806fa92 P ff73f1d1d4484e2c9bd32527c9d57126 [term 1 LEADER]: Becoming Follower/Learner. State: Replica: ff73f1d1d4484e2c9bd32527c9d57126, State: Running, Role: LEADER
I20260710 11:04:09.918416  4231 consensus_queue.cc:260] T f99135872b6542b397ecfb591806fa92 P ff73f1d1d4484e2c9bd32527c9d57126 [NON_LEADER]: Queue going to NON_LEADER mode. State: All replicated index: 0, Majority replicated index: 1, Committed index: 1, Last appended: 1.1, Last appended by leader: 1, Current term: 1, Majority size: -1, State: 0, Mode: NON_LEADER, active raft config: opid_index: -1 OBSOLETE_local: false peers { permanent_uuid: "959d730267a8418183a76d073cc832e5" member_type: VOTER last_known_addr { host: "127.3.94.194" port: 45377 } } peers { permanent_uuid: "d58a60e9e7074a77958093fc5a665af1" member_type: VOTER last_known_addr { host: "127.3.94.193" port: 45729 } } peers { permanent_uuid: "ff73f1d1d4484e2c9bd32527c9d57126" member_type: VOTER last_known_addr { host: "127.3.94.195" port: 36847 } }
I20260710 11:04:09.919433  4231 raft_consensus.cc:3060] T f99135872b6542b397ecfb591806fa92 P ff73f1d1d4484e2c9bd32527c9d57126 [term 1 FOLLOWER]: Advancing to term 2
I20260710 11:04:09.922817  4157 raft_consensus.cc:2468] T f99135872b6542b397ecfb591806fa92 P 959d730267a8418183a76d073cc832e5 [term 2 FOLLOWER]: Leader election vote request: Granting yes vote for candidate d58a60e9e7074a77958093fc5a665af1 in term 2.
I20260710 11:04:09.924202  4047 leader_election.cc:304] T f99135872b6542b397ecfb591806fa92 P d58a60e9e7074a77958093fc5a665af1 [CANDIDATE]: Term 2 election: Election decided. Result: candidate won. Election summary: received 2 responses out of 3 voters: 2 yes votes; 0 no votes. yes voters: 959d730267a8418183a76d073cc832e5, d58a60e9e7074a77958093fc5a665af1; no voters: 
I20260710 11:04:09.924624  4231 raft_consensus.cc:2468] T f99135872b6542b397ecfb591806fa92 P ff73f1d1d4484e2c9bd32527c9d57126 [term 2 FOLLOWER]: Leader election vote request: Granting yes vote for candidate d58a60e9e7074a77958093fc5a665af1 in term 2.
I20260710 11:04:09.925033  4277 raft_consensus.cc:2804] T f99135872b6542b397ecfb591806fa92 P d58a60e9e7074a77958093fc5a665af1 [term 2 FOLLOWER]: Leader election won for term 2
I20260710 11:04:09.925570  4277 raft_consensus.cc:697] T f99135872b6542b397ecfb591806fa92 P d58a60e9e7074a77958093fc5a665af1 [term 2 LEADER]: Becoming Leader. State: Replica: d58a60e9e7074a77958093fc5a665af1, State: Running, Role: LEADER
I20260710 11:04:09.926417  4277 consensus_queue.cc:237] T f99135872b6542b397ecfb591806fa92 P d58a60e9e7074a77958093fc5a665af1 [LEADER]: Queue going to LEADER mode. State: All replicated index: 0, Majority replicated index: 1, Committed index: 1, Last appended: 1.1, Last appended by leader: 1, Current term: 2, Majority size: 2, State: 0, Mode: LEADER, active raft config: opid_index: -1 OBSOLETE_local: false peers { permanent_uuid: "959d730267a8418183a76d073cc832e5" member_type: VOTER last_known_addr { host: "127.3.94.194" port: 45377 } } peers { permanent_uuid: "d58a60e9e7074a77958093fc5a665af1" member_type: VOTER last_known_addr { host: "127.3.94.193" port: 45729 } } peers { permanent_uuid: "ff73f1d1d4484e2c9bd32527c9d57126" member_type: VOTER last_known_addr { host: "127.3.94.195" port: 36847 } }
I20260710 11:04:09.933709  3979 catalog_manager.cc:5697] T f99135872b6542b397ecfb591806fa92 P d58a60e9e7074a77958093fc5a665af1 reported cstate change: term changed from 1 to 2, leader changed from ff73f1d1d4484e2c9bd32527c9d57126 (127.3.94.195) to d58a60e9e7074a77958093fc5a665af1 (127.3.94.193). New cstate: current_term: 2 leader_uuid: "d58a60e9e7074a77958093fc5a665af1" committed_config { opid_index: -1 OBSOLETE_local: false peers { permanent_uuid: "959d730267a8418183a76d073cc832e5" member_type: VOTER last_known_addr { host: "127.3.94.194" port: 45377 } health_report { overall_health: UNKNOWN } } peers { permanent_uuid: "d58a60e9e7074a77958093fc5a665af1" member_type: VOTER last_known_addr { host: "127.3.94.193" port: 45729 } health_report { overall_health: HEALTHY } } peers { permanent_uuid: "ff73f1d1d4484e2c9bd32527c9d57126" member_type: VOTER last_known_addr { host: "127.3.94.195" port: 36847 } health_report { overall_health: UNKNOWN } } }
I20260710 11:04:09.999024  4083 raft_consensus.cc:1275] T f4a048ee233543119e629c9f018b8e73 P d58a60e9e7074a77958093fc5a665af1 [term 2 FOLLOWER]: Refusing update from remote peer 959d730267a8418183a76d073cc832e5: Log matching property violated. Preceding OpId in replica: term: 1 index: 1. Preceding OpId from leader: term: 2 index: 2. (index mismatch)
I20260710 11:04:10.000502  4280 consensus_queue.cc:1048] T f4a048ee233543119e629c9f018b8e73 P 959d730267a8418183a76d073cc832e5 [LEADER]: Connected to new peer: Peer: permanent_uuid: "d58a60e9e7074a77958093fc5a665af1" member_type: VOTER last_known_addr { host: "127.3.94.193" port: 45729 }, Status: LMP_MISMATCH, Last received: 0.0, Next index: 2, Last known committed idx: 1, Time since last communication: 0.000s
I20260710 11:04:10.008932  4231 raft_consensus.cc:3060] T f4a048ee233543119e629c9f018b8e73 P ff73f1d1d4484e2c9bd32527c9d57126 [term 1 FOLLOWER]: Advancing to term 2
I20260710 11:04:10.016983  4231 raft_consensus.cc:1275] T f4a048ee233543119e629c9f018b8e73 P ff73f1d1d4484e2c9bd32527c9d57126 [term 2 FOLLOWER]: Refusing update from remote peer 959d730267a8418183a76d073cc832e5: Log matching property violated. Preceding OpId in replica: term: 1 index: 1. Preceding OpId from leader: term: 2 index: 2. (index mismatch)
I20260710 11:04:10.018570  4339 consensus_queue.cc:1048] T f4a048ee233543119e629c9f018b8e73 P 959d730267a8418183a76d073cc832e5 [LEADER]: Connected to new peer: Peer: permanent_uuid: "ff73f1d1d4484e2c9bd32527c9d57126" member_type: VOTER last_known_addr { host: "127.3.94.195" port: 36847 }, Status: LMP_MISMATCH, Last received: 0.0, Next index: 2, Last known committed idx: 1, Time since last communication: 0.000s
I20260710 11:04:10.147498  4083 raft_consensus.cc:1275] T 9ef180e7a0fb416e97fcab494bdfa793 P d58a60e9e7074a77958093fc5a665af1 [term 2 FOLLOWER]: Refusing update from remote peer 959d730267a8418183a76d073cc832e5: Log matching property violated. Preceding OpId in replica: term: 1 index: 1. Preceding OpId from leader: term: 2 index: 2. (index mismatch)
I20260710 11:04:10.149024  4339 consensus_queue.cc:1048] T 9ef180e7a0fb416e97fcab494bdfa793 P 959d730267a8418183a76d073cc832e5 [LEADER]: Connected to new peer: Peer: permanent_uuid: "d58a60e9e7074a77958093fc5a665af1" member_type: VOTER last_known_addr { host: "127.3.94.193" port: 45729 }, Status: LMP_MISMATCH, Last received: 0.0, Next index: 2, Last known committed idx: 1, Time since last communication: 0.000s
I20260710 11:04:10.157424  4231 raft_consensus.cc:1275] T 9ef180e7a0fb416e97fcab494bdfa793 P ff73f1d1d4484e2c9bd32527c9d57126 [term 2 FOLLOWER]: Refusing update from remote peer 959d730267a8418183a76d073cc832e5: Log matching property violated. Preceding OpId in replica: term: 1 index: 1. Preceding OpId from leader: term: 2 index: 2. (index mismatch)
I20260710 11:04:10.159530  4339 consensus_queue.cc:1048] T 9ef180e7a0fb416e97fcab494bdfa793 P 959d730267a8418183a76d073cc832e5 [LEADER]: Connected to new peer: Peer: permanent_uuid: "ff73f1d1d4484e2c9bd32527c9d57126" member_type: VOTER last_known_addr { host: "127.3.94.195" port: 36847 }, Status: LMP_MISMATCH, Last received: 0.0, Next index: 2, Last known committed idx: 1, Time since last communication: 0.001s
I20260710 11:04:10.182359  4157 raft_consensus.cc:1275] T 4cfdfdd814444dc8baca77f23f8ef80e P 959d730267a8418183a76d073cc832e5 [term 2 FOLLOWER]: Refusing update from remote peer d58a60e9e7074a77958093fc5a665af1: Log matching property violated. Preceding OpId in replica: term: 1 index: 1. Preceding OpId from leader: term: 2 index: 2. (index mismatch)
I20260710 11:04:10.183790  4277 consensus_queue.cc:1048] T 4cfdfdd814444dc8baca77f23f8ef80e P d58a60e9e7074a77958093fc5a665af1 [LEADER]: Connected to new peer: Peer: permanent_uuid: "959d730267a8418183a76d073cc832e5" member_type: VOTER last_known_addr { host: "127.3.94.194" port: 45377 }, Status: LMP_MISMATCH, Last received: 0.0, Next index: 2, Last known committed idx: 1, Time since last communication: 0.000s
I20260710 11:04:10.192938  4231 raft_consensus.cc:1275] T 4cfdfdd814444dc8baca77f23f8ef80e P ff73f1d1d4484e2c9bd32527c9d57126 [term 2 FOLLOWER]: Refusing update from remote peer d58a60e9e7074a77958093fc5a665af1: Log matching property violated. Preceding OpId in replica: term: 1 index: 1. Preceding OpId from leader: term: 2 index: 2. (index mismatch)
I20260710 11:04:10.194535  4292 consensus_queue.cc:1048] T 4cfdfdd814444dc8baca77f23f8ef80e P d58a60e9e7074a77958093fc5a665af1 [LEADER]: Connected to new peer: Peer: permanent_uuid: "ff73f1d1d4484e2c9bd32527c9d57126" member_type: VOTER last_known_addr { host: "127.3.94.195" port: 36847 }, Status: LMP_MISMATCH, Last received: 0.0, Next index: 2, Last known committed idx: 1, Time since last communication: 0.000s
I20260710 11:04:10.233243  4157 raft_consensus.cc:1275] T 28487b25c273477d967dda54854047b9 P 959d730267a8418183a76d073cc832e5 [term 2 FOLLOWER]: Refusing update from remote peer ff73f1d1d4484e2c9bd32527c9d57126: Log matching property violated. Preceding OpId in replica: term: 1 index: 1. Preceding OpId from leader: term: 2 index: 2. (index mismatch)
I20260710 11:04:10.233603  4083 raft_consensus.cc:3060] T 28487b25c273477d967dda54854047b9 P d58a60e9e7074a77958093fc5a665af1 [term 1 FOLLOWER]: Advancing to term 2
I20260710 11:04:10.234912  4318 consensus_queue.cc:1048] T 28487b25c273477d967dda54854047b9 P ff73f1d1d4484e2c9bd32527c9d57126 [LEADER]: Connected to new peer: Peer: permanent_uuid: "959d730267a8418183a76d073cc832e5" member_type: VOTER last_known_addr { host: "127.3.94.194" port: 45377 }, Status: LMP_MISMATCH, Last received: 0.0, Next index: 2, Last known committed idx: 1, Time since last communication: 0.000s
I20260710 11:04:10.240931  4083 raft_consensus.cc:1275] T 28487b25c273477d967dda54854047b9 P d58a60e9e7074a77958093fc5a665af1 [term 2 FOLLOWER]: Refusing update from remote peer ff73f1d1d4484e2c9bd32527c9d57126: Log matching property violated. Preceding OpId in replica: term: 1 index: 1. Preceding OpId from leader: term: 2 index: 2. (index mismatch)
I20260710 11:04:10.243688  4318 consensus_queue.cc:1048] T 28487b25c273477d967dda54854047b9 P ff73f1d1d4484e2c9bd32527c9d57126 [LEADER]: Connected to new peer: Peer: permanent_uuid: "d58a60e9e7074a77958093fc5a665af1" member_type: VOTER last_known_addr { host: "127.3.94.193" port: 45729 }, Status: LMP_MISMATCH, Last received: 0.0, Next index: 2, Last known committed idx: 1, Time since last communication: 0.000s
I20260710 11:04:10.405740  4231 raft_consensus.cc:1275] T a9ddd4df1fa24e39a381830361f1f428 P ff73f1d1d4484e2c9bd32527c9d57126 [term 2 FOLLOWER]: Refusing update from remote peer d58a60e9e7074a77958093fc5a665af1: Log matching property violated. Preceding OpId in replica: term: 1 index: 1. Preceding OpId from leader: term: 2 index: 2. (index mismatch)
I20260710 11:04:10.407271  4292 consensus_queue.cc:1048] T a9ddd4df1fa24e39a381830361f1f428 P d58a60e9e7074a77958093fc5a665af1 [LEADER]: Connected to new peer: Peer: permanent_uuid: "ff73f1d1d4484e2c9bd32527c9d57126" member_type: VOTER last_known_addr { host: "127.3.94.195" port: 36847 }, Status: LMP_MISMATCH, Last received: 0.0, Next index: 2, Last known committed idx: 1, Time since last communication: 0.000s
I20260710 11:04:10.412156  4157 raft_consensus.cc:1275] T a9ddd4df1fa24e39a381830361f1f428 P 959d730267a8418183a76d073cc832e5 [term 2 FOLLOWER]: Refusing update from remote peer d58a60e9e7074a77958093fc5a665af1: Log matching property violated. Preceding OpId in replica: term: 1 index: 1. Preceding OpId from leader: term: 2 index: 2. (index mismatch)
I20260710 11:04:10.413661  4292 consensus_queue.cc:1048] T a9ddd4df1fa24e39a381830361f1f428 P d58a60e9e7074a77958093fc5a665af1 [LEADER]: Connected to new peer: Peer: permanent_uuid: "959d730267a8418183a76d073cc832e5" member_type: VOTER last_known_addr { host: "127.3.94.194" port: 45377 }, Status: LMP_MISMATCH, Last received: 0.0, Next index: 2, Last known committed idx: 1, Time since last communication: 0.000s
I20260710 11:04:10.474179  4231 raft_consensus.cc:1275] T f99135872b6542b397ecfb591806fa92 P ff73f1d1d4484e2c9bd32527c9d57126 [term 2 FOLLOWER]: Refusing update from remote peer d58a60e9e7074a77958093fc5a665af1: Log matching property violated. Preceding OpId in replica: term: 1 index: 1. Preceding OpId from leader: term: 2 index: 2. (index mismatch)
I20260710 11:04:10.475839  4277 consensus_queue.cc:1048] T f99135872b6542b397ecfb591806fa92 P d58a60e9e7074a77958093fc5a665af1 [LEADER]: Connected to new peer: Peer: permanent_uuid: "ff73f1d1d4484e2c9bd32527c9d57126" member_type: VOTER last_known_addr { host: "127.3.94.195" port: 36847 }, Status: LMP_MISMATCH, Last received: 0.0, Next index: 2, Last known committed idx: 1, Time since last communication: 0.000s
I20260710 11:04:10.486119  4157 raft_consensus.cc:1275] T f99135872b6542b397ecfb591806fa92 P 959d730267a8418183a76d073cc832e5 [term 2 FOLLOWER]: Refusing update from remote peer d58a60e9e7074a77958093fc5a665af1: Log matching property violated. Preceding OpId in replica: term: 1 index: 1. Preceding OpId from leader: term: 2 index: 2. (index mismatch)
I20260710 11:04:10.487794  4292 consensus_queue.cc:1048] T f99135872b6542b397ecfb591806fa92 P d58a60e9e7074a77958093fc5a665af1 [LEADER]: Connected to new peer: Peer: permanent_uuid: "959d730267a8418183a76d073cc832e5" member_type: VOTER last_known_addr { host: "127.3.94.194" port: 45377 }, Status: LMP_MISMATCH, Last received: 0.0, Next index: 2, Last known committed idx: 1, Time since last communication: 0.000s
I20260710 11:04:12.574247  3451 auto_leader_rebalancer-test.cc:348] The leader distribution is 
I20260710 11:04:12.575193  3451 auto_leader_rebalancer.cc:141] leader rebalance for table test-workload
I20260710 11:04:12.593061  4083 tablet_service.cc:2072] Received LeaderStepDown RPC: tablet_id: "2ee490db32d343e595c6811f56447cbe"
dest_uuid: "d58a60e9e7074a77958093fc5a665af1"
mode: GRACEFUL
new_leader_uuid: "ff73f1d1d4484e2c9bd32527c9d57126"
 from {username='slave'} at 127.0.0.1:49080
I20260710 11:04:12.593685  4083 raft_consensus.cc:606] T 2ee490db32d343e595c6811f56447cbe P d58a60e9e7074a77958093fc5a665af1 [term 1 LEADER]: Received request to transfer leadership to TS ff73f1d1d4484e2c9bd32527c9d57126
I20260710 11:04:12.596446  4083 tablet_service.cc:2072] Received LeaderStepDown RPC: tablet_id: "6725e00774764f148dcc99d2557a543e"
dest_uuid: "d58a60e9e7074a77958093fc5a665af1"
mode: GRACEFUL
new_leader_uuid: "ff73f1d1d4484e2c9bd32527c9d57126"
 from {username='slave'} at 127.0.0.1:49080
I20260710 11:04:12.596999  4083 raft_consensus.cc:606] T 6725e00774764f148dcc99d2557a543e P d58a60e9e7074a77958093fc5a665af1 [term 1 LEADER]: Received request to transfer leadership to TS ff73f1d1d4484e2c9bd32527c9d57126
I20260710 11:04:12.598210  3451 auto_leader_rebalancer.cc:452] table: test-workload, leader rebalance finish, leader transfer count: 2
I20260710 11:04:12.598726  3451 auto_leader_rebalancer.cc:527] All tables' leader rebalancing finished this round
I20260710 11:04:12.614853  4370 raft_consensus.cc:993] T 2ee490db32d343e595c6811f56447cbe P d58a60e9e7074a77958093fc5a665af1: : Instructing follower ff73f1d1d4484e2c9bd32527c9d57126 to start an election
I20260710 11:04:12.615357  4364 raft_consensus.cc:1081] T 2ee490db32d343e595c6811f56447cbe P d58a60e9e7074a77958093fc5a665af1 [term 1 LEADER]: Signalling peer ff73f1d1d4484e2c9bd32527c9d57126 to start an election
I20260710 11:04:12.616943  4231 tablet_service.cc:2044] Received Run Leader Election RPC: tablet_id: "2ee490db32d343e595c6811f56447cbe"
dest_uuid: "ff73f1d1d4484e2c9bd32527c9d57126"
 from {username='slave'} at 127.0.0.1:40458
I20260710 11:04:12.617522  4231 raft_consensus.cc:493] T 2ee490db32d343e595c6811f56447cbe P ff73f1d1d4484e2c9bd32527c9d57126 [term 1 FOLLOWER]: Starting forced leader election (received explicit request)
I20260710 11:04:12.617858  4231 raft_consensus.cc:3060] T 2ee490db32d343e595c6811f56447cbe P ff73f1d1d4484e2c9bd32527c9d57126 [term 1 FOLLOWER]: Advancing to term 2
I20260710 11:04:12.622963  4231 raft_consensus.cc:515] T 2ee490db32d343e595c6811f56447cbe P ff73f1d1d4484e2c9bd32527c9d57126 [term 2 FOLLOWER]: Starting forced leader election with config: opid_index: -1 OBSOLETE_local: false peers { permanent_uuid: "d58a60e9e7074a77958093fc5a665af1" member_type: VOTER last_known_addr { host: "127.3.94.193" port: 45729 } } peers { permanent_uuid: "959d730267a8418183a76d073cc832e5" member_type: VOTER last_known_addr { host: "127.3.94.194" port: 45377 } } peers { permanent_uuid: "ff73f1d1d4484e2c9bd32527c9d57126" member_type: VOTER last_known_addr { host: "127.3.94.195" port: 36847 } }
I20260710 11:04:12.624505  4231 leader_election.cc:290] T 2ee490db32d343e595c6811f56447cbe P ff73f1d1d4484e2c9bd32527c9d57126 [CANDIDATE]: Term 2 election: Requested vote from peers d58a60e9e7074a77958093fc5a665af1 (127.3.94.193:45729), 959d730267a8418183a76d073cc832e5 (127.3.94.194:45377)
I20260710 11:04:12.625659  4083 tablet_service.cc:1917] Received RequestConsensusVote() RPC: tablet_id: "2ee490db32d343e595c6811f56447cbe" candidate_uuid: "ff73f1d1d4484e2c9bd32527c9d57126" candidate_term: 2 candidate_status { last_received { term: 1 index: 1 } } ignore_live_leader: true dest_uuid: "d58a60e9e7074a77958093fc5a665af1"
I20260710 11:04:12.626077  4157 tablet_service.cc:1917] Received RequestConsensusVote() RPC: tablet_id: "2ee490db32d343e595c6811f56447cbe" candidate_uuid: "ff73f1d1d4484e2c9bd32527c9d57126" candidate_term: 2 candidate_status { last_received { term: 1 index: 1 } } ignore_live_leader: true dest_uuid: "959d730267a8418183a76d073cc832e5"
I20260710 11:04:12.626394  4083 raft_consensus.cc:3055] T 2ee490db32d343e595c6811f56447cbe P d58a60e9e7074a77958093fc5a665af1 [term 1 LEADER]: Stepping down as leader of term 1
I20260710 11:04:12.626646  4157 raft_consensus.cc:3060] T 2ee490db32d343e595c6811f56447cbe P 959d730267a8418183a76d073cc832e5 [term 1 FOLLOWER]: Advancing to term 2
I20260710 11:04:12.626783  4083 raft_consensus.cc:740] T 2ee490db32d343e595c6811f56447cbe P d58a60e9e7074a77958093fc5a665af1 [term 1 LEADER]: Becoming Follower/Learner. State: Replica: d58a60e9e7074a77958093fc5a665af1, State: Running, Role: LEADER
I20260710 11:04:12.627679  4083 consensus_queue.cc:260] T 2ee490db32d343e595c6811f56447cbe P d58a60e9e7074a77958093fc5a665af1 [NON_LEADER]: Queue going to NON_LEADER mode. State: All replicated index: 0, Majority replicated index: 1, Committed index: 1, Last appended: 1.1, Last appended by leader: 1, Current term: 1, Majority size: -1, State: 0, Mode: NON_LEADER, active raft config: opid_index: -1 OBSOLETE_local: false peers { permanent_uuid: "d58a60e9e7074a77958093fc5a665af1" member_type: VOTER last_known_addr { host: "127.3.94.193" port: 45729 } } peers { permanent_uuid: "959d730267a8418183a76d073cc832e5" member_type: VOTER last_known_addr { host: "127.3.94.194" port: 45377 } } peers { permanent_uuid: "ff73f1d1d4484e2c9bd32527c9d57126" member_type: VOTER last_known_addr { host: "127.3.94.195" port: 36847 } }
I20260710 11:04:12.628880  4083 raft_consensus.cc:3060] T 2ee490db32d343e595c6811f56447cbe P d58a60e9e7074a77958093fc5a665af1 [term 1 FOLLOWER]: Advancing to term 2
I20260710 11:04:12.633697  4157 raft_consensus.cc:2468] T 2ee490db32d343e595c6811f56447cbe P 959d730267a8418183a76d073cc832e5 [term 2 FOLLOWER]: Leader election vote request: Granting yes vote for candidate ff73f1d1d4484e2c9bd32527c9d57126 in term 2.
I20260710 11:04:12.635110  4196 leader_election.cc:304] T 2ee490db32d343e595c6811f56447cbe P ff73f1d1d4484e2c9bd32527c9d57126 [CANDIDATE]: Term 2 election: Election decided. Result: candidate won. Election summary: received 2 responses out of 3 voters: 2 yes votes; 0 no votes. yes voters: 959d730267a8418183a76d073cc832e5, ff73f1d1d4484e2c9bd32527c9d57126; no voters: 
I20260710 11:04:12.635586  4083 raft_consensus.cc:2468] T 2ee490db32d343e595c6811f56447cbe P d58a60e9e7074a77958093fc5a665af1 [term 2 FOLLOWER]: Leader election vote request: Granting yes vote for candidate ff73f1d1d4484e2c9bd32527c9d57126 in term 2.
I20260710 11:04:12.636118  4367 raft_consensus.cc:2804] T 2ee490db32d343e595c6811f56447cbe P ff73f1d1d4484e2c9bd32527c9d57126 [term 2 FOLLOWER]: Leader election won for term 2
I20260710 11:04:12.637389  4367 raft_consensus.cc:697] T 2ee490db32d343e595c6811f56447cbe P ff73f1d1d4484e2c9bd32527c9d57126 [term 2 LEADER]: Becoming Leader. State: Replica: ff73f1d1d4484e2c9bd32527c9d57126, State: Running, Role: LEADER
I20260710 11:04:12.638195  4367 consensus_queue.cc:237] T 2ee490db32d343e595c6811f56447cbe P ff73f1d1d4484e2c9bd32527c9d57126 [LEADER]: Queue going to LEADER mode. State: All replicated index: 0, Majority replicated index: 1, Committed index: 1, Last appended: 1.1, Last appended by leader: 1, Current term: 2, Majority size: 2, State: 0, Mode: LEADER, active raft config: opid_index: -1 OBSOLETE_local: false peers { permanent_uuid: "d58a60e9e7074a77958093fc5a665af1" member_type: VOTER last_known_addr { host: "127.3.94.193" port: 45729 } } peers { permanent_uuid: "959d730267a8418183a76d073cc832e5" member_type: VOTER last_known_addr { host: "127.3.94.194" port: 45377 } } peers { permanent_uuid: "ff73f1d1d4484e2c9bd32527c9d57126" member_type: VOTER last_known_addr { host: "127.3.94.195" port: 36847 } }
I20260710 11:04:12.647055  3979 catalog_manager.cc:5697] T 2ee490db32d343e595c6811f56447cbe P ff73f1d1d4484e2c9bd32527c9d57126 reported cstate change: term changed from 1 to 2, leader changed from d58a60e9e7074a77958093fc5a665af1 (127.3.94.193) to ff73f1d1d4484e2c9bd32527c9d57126 (127.3.94.195). New cstate: current_term: 2 leader_uuid: "ff73f1d1d4484e2c9bd32527c9d57126" committed_config { opid_index: -1 OBSOLETE_local: false peers { permanent_uuid: "d58a60e9e7074a77958093fc5a665af1" member_type: VOTER last_known_addr { host: "127.3.94.193" port: 45729 } health_report { overall_health: UNKNOWN } } peers { permanent_uuid: "959d730267a8418183a76d073cc832e5" member_type: VOTER last_known_addr { host: "127.3.94.194" port: 45377 } health_report { overall_health: UNKNOWN } } peers { permanent_uuid: "ff73f1d1d4484e2c9bd32527c9d57126" member_type: VOTER last_known_addr { host: "127.3.94.195" port: 36847 } health_report { overall_health: HEALTHY } } }
I20260710 11:04:12.760175  4370 raft_consensus.cc:993] T 6725e00774764f148dcc99d2557a543e P d58a60e9e7074a77958093fc5a665af1: : Instructing follower ff73f1d1d4484e2c9bd32527c9d57126 to start an election
I20260710 11:04:12.760627  4364 raft_consensus.cc:1081] T 6725e00774764f148dcc99d2557a543e P d58a60e9e7074a77958093fc5a665af1 [term 1 LEADER]: Signalling peer ff73f1d1d4484e2c9bd32527c9d57126 to start an election
I20260710 11:04:12.762238  4231 tablet_service.cc:2044] Received Run Leader Election RPC: tablet_id: "6725e00774764f148dcc99d2557a543e"
dest_uuid: "ff73f1d1d4484e2c9bd32527c9d57126"
 from {username='slave'} at 127.0.0.1:40458
I20260710 11:04:12.762693  4231 raft_consensus.cc:493] T 6725e00774764f148dcc99d2557a543e P ff73f1d1d4484e2c9bd32527c9d57126 [term 1 FOLLOWER]: Starting forced leader election (received explicit request)
I20260710 11:04:12.762940  4231 raft_consensus.cc:3060] T 6725e00774764f148dcc99d2557a543e P ff73f1d1d4484e2c9bd32527c9d57126 [term 1 FOLLOWER]: Advancing to term 2
I20260710 11:04:12.767046  4231 raft_consensus.cc:515] T 6725e00774764f148dcc99d2557a543e P ff73f1d1d4484e2c9bd32527c9d57126 [term 2 FOLLOWER]: Starting forced leader election with config: opid_index: -1 OBSOLETE_local: false peers { permanent_uuid: "d58a60e9e7074a77958093fc5a665af1" member_type: VOTER last_known_addr { host: "127.3.94.193" port: 45729 } } peers { permanent_uuid: "959d730267a8418183a76d073cc832e5" member_type: VOTER last_known_addr { host: "127.3.94.194" port: 45377 } } peers { permanent_uuid: "ff73f1d1d4484e2c9bd32527c9d57126" member_type: VOTER last_known_addr { host: "127.3.94.195" port: 36847 } }
I20260710 11:04:12.768460  4231 leader_election.cc:290] T 6725e00774764f148dcc99d2557a543e P ff73f1d1d4484e2c9bd32527c9d57126 [CANDIDATE]: Term 2 election: Requested vote from peers d58a60e9e7074a77958093fc5a665af1 (127.3.94.193:45729), 959d730267a8418183a76d073cc832e5 (127.3.94.194:45377)
I20260710 11:04:12.769728  4083 tablet_service.cc:1917] Received RequestConsensusVote() RPC: tablet_id: "6725e00774764f148dcc99d2557a543e" candidate_uuid: "ff73f1d1d4484e2c9bd32527c9d57126" candidate_term: 2 candidate_status { last_received { term: 1 index: 1 } } ignore_live_leader: true dest_uuid: "d58a60e9e7074a77958093fc5a665af1"
I20260710 11:04:12.769856  4157 tablet_service.cc:1917] Received RequestConsensusVote() RPC: tablet_id: "6725e00774764f148dcc99d2557a543e" candidate_uuid: "ff73f1d1d4484e2c9bd32527c9d57126" candidate_term: 2 candidate_status { last_received { term: 1 index: 1 } } ignore_live_leader: true dest_uuid: "959d730267a8418183a76d073cc832e5"
I20260710 11:04:12.770367  4083 raft_consensus.cc:3055] T 6725e00774764f148dcc99d2557a543e P d58a60e9e7074a77958093fc5a665af1 [term 1 LEADER]: Stepping down as leader of term 1
I20260710 11:04:12.770503  4157 raft_consensus.cc:3060] T 6725e00774764f148dcc99d2557a543e P 959d730267a8418183a76d073cc832e5 [term 1 FOLLOWER]: Advancing to term 2
I20260710 11:04:12.770797  4083 raft_consensus.cc:740] T 6725e00774764f148dcc99d2557a543e P d58a60e9e7074a77958093fc5a665af1 [term 1 LEADER]: Becoming Follower/Learner. State: Replica: d58a60e9e7074a77958093fc5a665af1, State: Running, Role: LEADER
I20260710 11:04:12.771646  4083 consensus_queue.cc:260] T 6725e00774764f148dcc99d2557a543e P d58a60e9e7074a77958093fc5a665af1 [NON_LEADER]: Queue going to NON_LEADER mode. State: All replicated index: 0, Majority replicated index: 1, Committed index: 1, Last appended: 1.1, Last appended by leader: 1, Current term: 1, Majority size: -1, State: 0, Mode: NON_LEADER, active raft config: opid_index: -1 OBSOLETE_local: false peers { permanent_uuid: "d58a60e9e7074a77958093fc5a665af1" member_type: VOTER last_known_addr { host: "127.3.94.193" port: 45729 } } peers { permanent_uuid: "959d730267a8418183a76d073cc832e5" member_type: VOTER last_known_addr { host: "127.3.94.194" port: 45377 } } peers { permanent_uuid: "ff73f1d1d4484e2c9bd32527c9d57126" member_type: VOTER last_known_addr { host: "127.3.94.195" port: 36847 } }
I20260710 11:04:12.772670  4083 raft_consensus.cc:3060] T 6725e00774764f148dcc99d2557a543e P d58a60e9e7074a77958093fc5a665af1 [term 1 FOLLOWER]: Advancing to term 2
I20260710 11:04:12.775524  4157 raft_consensus.cc:2468] T 6725e00774764f148dcc99d2557a543e P 959d730267a8418183a76d073cc832e5 [term 2 FOLLOWER]: Leader election vote request: Granting yes vote for candidate ff73f1d1d4484e2c9bd32527c9d57126 in term 2.
I20260710 11:04:12.776762  4196 leader_election.cc:304] T 6725e00774764f148dcc99d2557a543e P ff73f1d1d4484e2c9bd32527c9d57126 [CANDIDATE]: Term 2 election: Election decided. Result: candidate won. Election summary: received 2 responses out of 3 voters: 2 yes votes; 0 no votes. yes voters: 959d730267a8418183a76d073cc832e5, ff73f1d1d4484e2c9bd32527c9d57126; no voters: 
I20260710 11:04:12.777653  4367 raft_consensus.cc:2804] T 6725e00774764f148dcc99d2557a543e P ff73f1d1d4484e2c9bd32527c9d57126 [term 2 FOLLOWER]: Leader election won for term 2
I20260710 11:04:12.778116  4083 raft_consensus.cc:2468] T 6725e00774764f148dcc99d2557a543e P d58a60e9e7074a77958093fc5a665af1 [term 2 FOLLOWER]: Leader election vote request: Granting yes vote for candidate ff73f1d1d4484e2c9bd32527c9d57126 in term 2.
I20260710 11:04:12.778169  4367 raft_consensus.cc:697] T 6725e00774764f148dcc99d2557a543e P ff73f1d1d4484e2c9bd32527c9d57126 [term 2 LEADER]: Becoming Leader. State: Replica: ff73f1d1d4484e2c9bd32527c9d57126, State: Running, Role: LEADER
I20260710 11:04:12.779237  4367 consensus_queue.cc:237] T 6725e00774764f148dcc99d2557a543e P ff73f1d1d4484e2c9bd32527c9d57126 [LEADER]: Queue going to LEADER mode. State: All replicated index: 0, Majority replicated index: 1, Committed index: 1, Last appended: 1.1, Last appended by leader: 1, Current term: 2, Majority size: 2, State: 0, Mode: LEADER, active raft config: opid_index: -1 OBSOLETE_local: false peers { permanent_uuid: "d58a60e9e7074a77958093fc5a665af1" member_type: VOTER last_known_addr { host: "127.3.94.193" port: 45729 } } peers { permanent_uuid: "959d730267a8418183a76d073cc832e5" member_type: VOTER last_known_addr { host: "127.3.94.194" port: 45377 } } peers { permanent_uuid: "ff73f1d1d4484e2c9bd32527c9d57126" member_type: VOTER last_known_addr { host: "127.3.94.195" port: 36847 } }
I20260710 11:04:12.787030  3979 catalog_manager.cc:5697] T 6725e00774764f148dcc99d2557a543e P ff73f1d1d4484e2c9bd32527c9d57126 reported cstate change: term changed from 1 to 2, leader changed from d58a60e9e7074a77958093fc5a665af1 (127.3.94.193) to ff73f1d1d4484e2c9bd32527c9d57126 (127.3.94.195). New cstate: current_term: 2 leader_uuid: "ff73f1d1d4484e2c9bd32527c9d57126" committed_config { opid_index: -1 OBSOLETE_local: false peers { permanent_uuid: "d58a60e9e7074a77958093fc5a665af1" member_type: VOTER last_known_addr { host: "127.3.94.193" port: 45729 } health_report { overall_health: UNKNOWN } } peers { permanent_uuid: "959d730267a8418183a76d073cc832e5" member_type: VOTER last_known_addr { host: "127.3.94.194" port: 45377 } health_report { overall_health: UNKNOWN } } peers { permanent_uuid: "ff73f1d1d4484e2c9bd32527c9d57126" member_type: VOTER last_known_addr { host: "127.3.94.195" port: 36847 } health_report { overall_health: HEALTHY } } }
I20260710 11:04:13.171805  4083 raft_consensus.cc:1275] T 2ee490db32d343e595c6811f56447cbe P d58a60e9e7074a77958093fc5a665af1 [term 2 FOLLOWER]: Refusing update from remote peer ff73f1d1d4484e2c9bd32527c9d57126: Log matching property violated. Preceding OpId in replica: term: 1 index: 1. Preceding OpId from leader: term: 2 index: 2. (index mismatch)
I20260710 11:04:13.173339  4367 consensus_queue.cc:1048] T 2ee490db32d343e595c6811f56447cbe P ff73f1d1d4484e2c9bd32527c9d57126 [LEADER]: Connected to new peer: Peer: permanent_uuid: "d58a60e9e7074a77958093fc5a665af1" member_type: VOTER last_known_addr { host: "127.3.94.193" port: 45729 }, Status: LMP_MISMATCH, Last received: 0.0, Next index: 2, Last known committed idx: 1, Time since last communication: 0.000s
I20260710 11:04:13.184055  4157 raft_consensus.cc:1275] T 2ee490db32d343e595c6811f56447cbe P 959d730267a8418183a76d073cc832e5 [term 2 FOLLOWER]: Refusing update from remote peer ff73f1d1d4484e2c9bd32527c9d57126: Log matching property violated. Preceding OpId in replica: term: 1 index: 1. Preceding OpId from leader: term: 2 index: 2. (index mismatch)
I20260710 11:04:13.185592  4367 consensus_queue.cc:1048] T 2ee490db32d343e595c6811f56447cbe P ff73f1d1d4484e2c9bd32527c9d57126 [LEADER]: Connected to new peer: Peer: permanent_uuid: "959d730267a8418183a76d073cc832e5" member_type: VOTER last_known_addr { host: "127.3.94.194" port: 45377 }, Status: LMP_MISMATCH, Last received: 0.0, Next index: 2, Last known committed idx: 1, Time since last communication: 0.000s
I20260710 11:04:13.255167  4157 raft_consensus.cc:1275] T 6725e00774764f148dcc99d2557a543e P 959d730267a8418183a76d073cc832e5 [term 2 FOLLOWER]: Refusing update from remote peer ff73f1d1d4484e2c9bd32527c9d57126: Log matching property violated. Preceding OpId in replica: term: 1 index: 1. Preceding OpId from leader: term: 2 index: 2. (index mismatch)
I20260710 11:04:13.256634  4367 consensus_queue.cc:1048] T 6725e00774764f148dcc99d2557a543e P ff73f1d1d4484e2c9bd32527c9d57126 [LEADER]: Connected to new peer: Peer: permanent_uuid: "959d730267a8418183a76d073cc832e5" member_type: VOTER last_known_addr { host: "127.3.94.194" port: 45377 }, Status: LMP_MISMATCH, Last received: 0.0, Next index: 2, Last known committed idx: 1, Time since last communication: 0.000s
I20260710 11:04:13.268354  4083 raft_consensus.cc:1275] T 6725e00774764f148dcc99d2557a543e P d58a60e9e7074a77958093fc5a665af1 [term 2 FOLLOWER]: Refusing update from remote peer ff73f1d1d4484e2c9bd32527c9d57126: Log matching property violated. Preceding OpId in replica: term: 1 index: 1. Preceding OpId from leader: term: 2 index: 2. (index mismatch)
I20260710 11:04:13.270212  4385 consensus_queue.cc:1048] T 6725e00774764f148dcc99d2557a543e P ff73f1d1d4484e2c9bd32527c9d57126 [LEADER]: Connected to new peer: Peer: permanent_uuid: "d58a60e9e7074a77958093fc5a665af1" member_type: VOTER last_known_addr { host: "127.3.94.193" port: 45729 }, Status: LMP_MISMATCH, Last received: 0.0, Next index: 2, Last known committed idx: 1, Time since last communication: 0.000s
I20260710 11:04:13.599511  3451 auto_leader_rebalancer.cc:141] leader rebalance for table test-workload
I20260710 11:04:13.618034  4230 tablet_service.cc:2072] Received LeaderStepDown RPC: tablet_id: "6725e00774764f148dcc99d2557a543e"
dest_uuid: "ff73f1d1d4484e2c9bd32527c9d57126"
mode: GRACEFUL
new_leader_uuid: "d58a60e9e7074a77958093fc5a665af1"
 from {username='slave'} at 127.0.0.1:40476
I20260710 11:04:13.618729  4230 raft_consensus.cc:606] T 6725e00774764f148dcc99d2557a543e P ff73f1d1d4484e2c9bd32527c9d57126 [term 2 LEADER]: Received request to transfer leadership to TS d58a60e9e7074a77958093fc5a665af1
I20260710 11:04:13.624187  4230 tablet_service.cc:2072] Received LeaderStepDown RPC: tablet_id: "2ee490db32d343e595c6811f56447cbe"
dest_uuid: "ff73f1d1d4484e2c9bd32527c9d57126"
mode: GRACEFUL
new_leader_uuid: "d58a60e9e7074a77958093fc5a665af1"
 from {username='slave'} at 127.0.0.1:40476
I20260710 11:04:13.624989  4230 raft_consensus.cc:606] T 2ee490db32d343e595c6811f56447cbe P ff73f1d1d4484e2c9bd32527c9d57126 [term 2 LEADER]: Received request to transfer leadership to TS d58a60e9e7074a77958093fc5a665af1
I20260710 11:04:13.630785  4158 tablet_service.cc:2072] Received LeaderStepDown RPC: tablet_id: "1e4441c2ec824f63bf2db70a21a8e590"
dest_uuid: "959d730267a8418183a76d073cc832e5"
mode: GRACEFUL
new_leader_uuid: "d58a60e9e7074a77958093fc5a665af1"
 from {username='slave'} at 127.0.0.1:42398
I20260710 11:04:13.631412  4158 raft_consensus.cc:606] T 1e4441c2ec824f63bf2db70a21a8e590 P 959d730267a8418183a76d073cc832e5 [term 1 LEADER]: Received request to transfer leadership to TS d58a60e9e7074a77958093fc5a665af1
I20260710 11:04:13.636991  4158 tablet_service.cc:2072] Received LeaderStepDown RPC: tablet_id: "f4a048ee233543119e629c9f018b8e73"
dest_uuid: "959d730267a8418183a76d073cc832e5"
mode: GRACEFUL
new_leader_uuid: "d58a60e9e7074a77958093fc5a665af1"
 from {username='slave'} at 127.0.0.1:42398
I20260710 11:04:13.637641  4158 raft_consensus.cc:606] T f4a048ee233543119e629c9f018b8e73 P 959d730267a8418183a76d073cc832e5 [term 2 LEADER]: Received request to transfer leadership to TS d58a60e9e7074a77958093fc5a665af1
I20260710 11:04:13.643064  4158 tablet_service.cc:2072] Received LeaderStepDown RPC: tablet_id: "9ef180e7a0fb416e97fcab494bdfa793"
dest_uuid: "959d730267a8418183a76d073cc832e5"
mode: GRACEFUL
new_leader_uuid: "d58a60e9e7074a77958093fc5a665af1"
 from {username='slave'} at 127.0.0.1:42398
I20260710 11:04:13.643685  4158 raft_consensus.cc:606] T 9ef180e7a0fb416e97fcab494bdfa793 P 959d730267a8418183a76d073cc832e5 [term 2 LEADER]: Received request to transfer leadership to TS d58a60e9e7074a77958093fc5a665af1
I20260710 11:04:13.683866  4371 raft_consensus.cc:993] T 2ee490db32d343e595c6811f56447cbe P ff73f1d1d4484e2c9bd32527c9d57126: : Instructing follower d58a60e9e7074a77958093fc5a665af1 to start an election
I20260710 11:04:13.684259  4371 raft_consensus.cc:1081] T 2ee490db32d343e595c6811f56447cbe P ff73f1d1d4484e2c9bd32527c9d57126 [term 2 LEADER]: Signalling peer d58a60e9e7074a77958093fc5a665af1 to start an election
I20260710 11:04:13.685806  4083 tablet_service.cc:2044] Received Run Leader Election RPC: tablet_id: "2ee490db32d343e595c6811f56447cbe"
dest_uuid: "d58a60e9e7074a77958093fc5a665af1"
 from {username='slave'} at 127.0.0.1:49052
I20260710 11:04:13.686378  4083 raft_consensus.cc:493] T 2ee490db32d343e595c6811f56447cbe P d58a60e9e7074a77958093fc5a665af1 [term 2 FOLLOWER]: Starting forced leader election (received explicit request)
I20260710 11:04:13.686726  4083 raft_consensus.cc:3060] T 2ee490db32d343e595c6811f56447cbe P d58a60e9e7074a77958093fc5a665af1 [term 2 FOLLOWER]: Advancing to term 3
I20260710 11:04:13.691401  4083 raft_consensus.cc:515] T 2ee490db32d343e595c6811f56447cbe P d58a60e9e7074a77958093fc5a665af1 [term 3 FOLLOWER]: Starting forced leader election with config: opid_index: -1 OBSOLETE_local: false peers { permanent_uuid: "d58a60e9e7074a77958093fc5a665af1" member_type: VOTER last_known_addr { host: "127.3.94.193" port: 45729 } } peers { permanent_uuid: "959d730267a8418183a76d073cc832e5" member_type: VOTER last_known_addr { host: "127.3.94.194" port: 45377 } } peers { permanent_uuid: "ff73f1d1d4484e2c9bd32527c9d57126" member_type: VOTER last_known_addr { host: "127.3.94.195" port: 36847 } }
I20260710 11:04:13.692945  4083 leader_election.cc:290] T 2ee490db32d343e595c6811f56447cbe P d58a60e9e7074a77958093fc5a665af1 [CANDIDATE]: Term 3 election: Requested vote from peers 959d730267a8418183a76d073cc832e5 (127.3.94.194:45377), ff73f1d1d4484e2c9bd32527c9d57126 (127.3.94.195:36847)
I20260710 11:04:13.693989  4158 tablet_service.cc:1917] Received RequestConsensusVote() RPC: tablet_id: "2ee490db32d343e595c6811f56447cbe" candidate_uuid: "d58a60e9e7074a77958093fc5a665af1" candidate_term: 3 candidate_status { last_received { term: 2 index: 2 } } ignore_live_leader: true dest_uuid: "959d730267a8418183a76d073cc832e5"
I20260710 11:04:13.694108  4231 tablet_service.cc:1917] Received RequestConsensusVote() RPC: tablet_id: "2ee490db32d343e595c6811f56447cbe" candidate_uuid: "d58a60e9e7074a77958093fc5a665af1" candidate_term: 3 candidate_status { last_received { term: 2 index: 2 } } ignore_live_leader: true dest_uuid: "ff73f1d1d4484e2c9bd32527c9d57126"
I20260710 11:04:13.694752  4158 raft_consensus.cc:3060] T 2ee490db32d343e595c6811f56447cbe P 959d730267a8418183a76d073cc832e5 [term 2 FOLLOWER]: Advancing to term 3
I20260710 11:04:13.694826  4231 raft_consensus.cc:3055] T 2ee490db32d343e595c6811f56447cbe P ff73f1d1d4484e2c9bd32527c9d57126 [term 2 LEADER]: Stepping down as leader of term 2
I20260710 11:04:13.695196  4231 raft_consensus.cc:740] T 2ee490db32d343e595c6811f56447cbe P ff73f1d1d4484e2c9bd32527c9d57126 [term 2 LEADER]: Becoming Follower/Learner. State: Replica: ff73f1d1d4484e2c9bd32527c9d57126, State: Running, Role: LEADER
I20260710 11:04:13.695890  4231 consensus_queue.cc:260] T 2ee490db32d343e595c6811f56447cbe P ff73f1d1d4484e2c9bd32527c9d57126 [NON_LEADER]: Queue going to NON_LEADER mode. State: All replicated index: 0, Majority replicated index: 2, Committed index: 2, Last appended: 2.2, Last appended by leader: 2, Current term: 2, Majority size: -1, State: 0, Mode: NON_LEADER, active raft config: opid_index: -1 OBSOLETE_local: false peers { permanent_uuid: "d58a60e9e7074a77958093fc5a665af1" member_type: VOTER last_known_addr { host: "127.3.94.193" port: 45729 } } peers { permanent_uuid: "959d730267a8418183a76d073cc832e5" member_type: VOTER last_known_addr { host: "127.3.94.194" port: 45377 } } peers { permanent_uuid: "ff73f1d1d4484e2c9bd32527c9d57126" member_type: VOTER last_known_addr { host: "127.3.94.195" port: 36847 } }
I20260710 11:04:13.696798  4231 raft_consensus.cc:3060] T 2ee490db32d343e595c6811f56447cbe P ff73f1d1d4484e2c9bd32527c9d57126 [term 2 FOLLOWER]: Advancing to term 3
I20260710 11:04:13.699620  4158 raft_consensus.cc:2468] T 2ee490db32d343e595c6811f56447cbe P 959d730267a8418183a76d073cc832e5 [term 3 FOLLOWER]: Leader election vote request: Granting yes vote for candidate d58a60e9e7074a77958093fc5a665af1 in term 3.
