I20260710 11:04:07.366813 22573 raft_consensus.cc:359] T 85663eda209648009092648d5d907a67 P eed8b588c8e34ffd964e1cf9670faa96 [term 0 FOLLOWER]: Replica starting. Triggering 0 pending ops. Active config: opid_index: -1 OBSOLETE_local: false peers { permanent_uuid: "eed8b588c8e34ffd964e1cf9670faa96" member_type: VOTER last_known_addr { host: "127.21.63.65" port: 43173 } } peers { permanent_uuid: "3ccb622d86bc40e98dc8a45f20decd11" member_type: VOTER last_known_addr { host: "127.21.63.66" port: 44389 } } peers { permanent_uuid: "9bd7a8d9cd6c44259b68ed36c9c6d0c6" member_type: VOTER last_known_addr { host: "127.21.63.67" port: 37185 } }
I20260710 11:04:07.379745 22573 raft_consensus.cc:385] T 85663eda209648009092648d5d907a67 P eed8b588c8e34ffd964e1cf9670faa96 [term 0 FOLLOWER]: Consensus starting up: Expiring failure detector timer to make a prompt election more likely
I20260710 11:04:07.380076 22573 raft_consensus.cc:740] T 85663eda209648009092648d5d907a67 P eed8b588c8e34ffd964e1cf9670faa96 [term 0 FOLLOWER]: Becoming Follower/Learner. State: Replica: eed8b588c8e34ffd964e1cf9670faa96, State: Initialized, Role: FOLLOWER
I20260710 11:04:07.380877 22573 consensus_queue.cc:260] T 85663eda209648009092648d5d907a67 P eed8b588c8e34ffd964e1cf9670faa96 [NON_LEADER]: Queue going to NON_LEADER mode. State: All replicated index: 0, Majority replicated index: 0, Committed index: 0, Last appended: 0.0, Last appended by leader: 0, Current term: 0, Majority size: -1, State: 0, Mode: NON_LEADER, active raft config: opid_index: -1 OBSOLETE_local: false peers { permanent_uuid: "eed8b588c8e34ffd964e1cf9670faa96" member_type: VOTER last_known_addr { host: "127.21.63.65" port: 43173 } } peers { permanent_uuid: "3ccb622d86bc40e98dc8a45f20decd11" member_type: VOTER last_known_addr { host: "127.21.63.66" port: 44389 } } peers { permanent_uuid: "9bd7a8d9cd6c44259b68ed36c9c6d0c6" member_type: VOTER last_known_addr { host: "127.21.63.67" port: 37185 } }
I20260710 11:04:07.395772 22446 tablet_service.cc:1511] Processing CreateTablet for tablet 1d05e39a4e84414288817f97b52af8ef (DEFAULT_TABLE table=test-workload [id=0f26ed9071c64f81894ea5ad2b13eb8a]), partition=RANGE (key) PARTITION 1717986912 <= VALUES < 1932735276
I20260710 11:04:07.396776 22518 tablet_service.cc:1511] Processing CreateTablet for tablet 1d05e39a4e84414288817f97b52af8ef (DEFAULT_TABLE table=test-workload [id=0f26ed9071c64f81894ea5ad2b13eb8a]), partition=RANGE (key) PARTITION 1717986912 <= VALUES < 1932735276
I20260710 11:04:07.397835 22573 ts_tablet_manager.cc:1434] T 85663eda209648009092648d5d907a67 P eed8b588c8e34ffd964e1cf9670faa96: Time spent starting tablet: real 0.035s	user 0.007s	sys 0.000s
I20260710 11:04:07.398149 22518 data_dirs.cc:400] Could only allocate 1 dirs of requested 3 for tablet 1d05e39a4e84414288817f97b52af8ef. 1 dirs total, 0 dirs full, 0 dirs failed
I20260710 11:04:07.398248 22446 data_dirs.cc:400] Could only allocate 1 dirs of requested 3 for tablet 1d05e39a4e84414288817f97b52af8ef. 1 dirs total, 0 dirs full, 0 dirs failed
I20260710 11:04:07.400326 22408 heartbeater.cc:499] Master 127.21.63.126:38797 was elected leader, sending a full tablet report...
I20260710 11:04:07.415452 22572 tablet_bootstrap.cc:492] T 178c0a3ac98d4582a36c7d357f56140b P 3ccb622d86bc40e98dc8a45f20decd11: No bootstrap required, opened a new log
I20260710 11:04:07.415961 22572 ts_tablet_manager.cc:1403] T 178c0a3ac98d4582a36c7d357f56140b P 3ccb622d86bc40e98dc8a45f20decd11: Time spent bootstrapping tablet: real 0.091s	user 0.012s	sys 0.023s
I20260710 11:04:07.418908 22572 raft_consensus.cc:359] T 178c0a3ac98d4582a36c7d357f56140b P 3ccb622d86bc40e98dc8a45f20decd11 [term 0 FOLLOWER]: Replica starting. Triggering 0 pending ops. Active config: opid_index: -1 OBSOLETE_local: false peers { permanent_uuid: "eed8b588c8e34ffd964e1cf9670faa96" member_type: VOTER last_known_addr { host: "127.21.63.65" port: 43173 } } peers { permanent_uuid: "3ccb622d86bc40e98dc8a45f20decd11" member_type: VOTER last_known_addr { host: "127.21.63.66" port: 44389 } } peers { permanent_uuid: "9bd7a8d9cd6c44259b68ed36c9c6d0c6" member_type: VOTER last_known_addr { host: "127.21.63.67" port: 37185 } }
I20260710 11:04:07.419654 22571 tablet_bootstrap.cc:492] T 0797ca991f934f7d856b2be89c921568 P 9bd7a8d9cd6c44259b68ed36c9c6d0c6: No bootstrap required, opened a new log
I20260710 11:04:07.419682 22572 raft_consensus.cc:385] T 178c0a3ac98d4582a36c7d357f56140b P 3ccb622d86bc40e98dc8a45f20decd11 [term 0 FOLLOWER]: Consensus starting up: Expiring failure detector timer to make a prompt election more likely
I20260710 11:04:07.420233 22572 raft_consensus.cc:740] T 178c0a3ac98d4582a36c7d357f56140b P 3ccb622d86bc40e98dc8a45f20decd11 [term 0 FOLLOWER]: Becoming Follower/Learner. State: Replica: 3ccb622d86bc40e98dc8a45f20decd11, State: Initialized, Role: FOLLOWER
I20260710 11:04:07.420336 22571 ts_tablet_manager.cc:1403] T 0797ca991f934f7d856b2be89c921568 P 9bd7a8d9cd6c44259b68ed36c9c6d0c6: Time spent bootstrapping tablet: real 0.093s	user 0.015s	sys 0.006s
I20260710 11:04:07.421291 22572 consensus_queue.cc:260] T 178c0a3ac98d4582a36c7d357f56140b P 3ccb622d86bc40e98dc8a45f20decd11 [NON_LEADER]: Queue going to NON_LEADER mode. State: All replicated index: 0, Majority replicated index: 0, Committed index: 0, Last appended: 0.0, Last appended by leader: 0, Current term: 0, Majority size: -1, State: 0, Mode: NON_LEADER, active raft config: opid_index: -1 OBSOLETE_local: false peers { permanent_uuid: "eed8b588c8e34ffd964e1cf9670faa96" member_type: VOTER last_known_addr { host: "127.21.63.65" port: 43173 } } peers { permanent_uuid: "3ccb622d86bc40e98dc8a45f20decd11" member_type: VOTER last_known_addr { host: "127.21.63.66" port: 44389 } } peers { permanent_uuid: "9bd7a8d9cd6c44259b68ed36c9c6d0c6" member_type: VOTER last_known_addr { host: "127.21.63.67" port: 37185 } }
I20260710 11:04:07.424422 22571 raft_consensus.cc:359] T 0797ca991f934f7d856b2be89c921568 P 9bd7a8d9cd6c44259b68ed36c9c6d0c6 [term 0 FOLLOWER]: Replica starting. Triggering 0 pending ops. Active config: opid_index: -1 OBSOLETE_local: false peers { permanent_uuid: "eed8b588c8e34ffd964e1cf9670faa96" member_type: VOTER last_known_addr { host: "127.21.63.65" port: 43173 } } peers { permanent_uuid: "9bd7a8d9cd6c44259b68ed36c9c6d0c6" member_type: VOTER last_known_addr { host: "127.21.63.67" port: 37185 } } peers { permanent_uuid: "3ccb622d86bc40e98dc8a45f20decd11" member_type: VOTER last_known_addr { host: "127.21.63.66" port: 44389 } }
I20260710 11:04:07.425215 22571 raft_consensus.cc:385] T 0797ca991f934f7d856b2be89c921568 P 9bd7a8d9cd6c44259b68ed36c9c6d0c6 [term 0 FOLLOWER]: Consensus starting up: Expiring failure detector timer to make a prompt election more likely
I20260710 11:04:07.425536 22571 raft_consensus.cc:740] T 0797ca991f934f7d856b2be89c921568 P 9bd7a8d9cd6c44259b68ed36c9c6d0c6 [term 0 FOLLOWER]: Becoming Follower/Learner. State: Replica: 9bd7a8d9cd6c44259b68ed36c9c6d0c6, State: Initialized, Role: FOLLOWER
I20260710 11:04:07.426482 22571 consensus_queue.cc:260] T 0797ca991f934f7d856b2be89c921568 P 9bd7a8d9cd6c44259b68ed36c9c6d0c6 [NON_LEADER]: Queue going to NON_LEADER mode. State: All replicated index: 0, Majority replicated index: 0, Committed index: 0, Last appended: 0.0, Last appended by leader: 0, Current term: 0, Majority size: -1, State: 0, Mode: NON_LEADER, active raft config: opid_index: -1 OBSOLETE_local: false peers { permanent_uuid: "eed8b588c8e34ffd964e1cf9670faa96" member_type: VOTER last_known_addr { host: "127.21.63.65" port: 43173 } } peers { permanent_uuid: "9bd7a8d9cd6c44259b68ed36c9c6d0c6" member_type: VOTER last_known_addr { host: "127.21.63.67" port: 37185 } } peers { permanent_uuid: "3ccb622d86bc40e98dc8a45f20decd11" member_type: VOTER last_known_addr { host: "127.21.63.66" port: 44389 } }
I20260710 11:04:07.428391 22573 tablet_bootstrap.cc:492] T 0797ca991f934f7d856b2be89c921568 P eed8b588c8e34ffd964e1cf9670faa96: Bootstrap starting.
I20260710 11:04:07.431355 22557 heartbeater.cc:499] Master 127.21.63.126:38797 was elected leader, sending a full tablet report...
I20260710 11:04:07.432184 22572 ts_tablet_manager.cc:1434] T 178c0a3ac98d4582a36c7d357f56140b P 3ccb622d86bc40e98dc8a45f20decd11: Time spent starting tablet: real 0.016s	user 0.007s	sys 0.007s
I20260710 11:04:07.432924 22483 heartbeater.cc:499] Master 127.21.63.126:38797 was elected leader, sending a full tablet report...
I20260710 11:04:07.430308 22371 tablet_service.cc:1511] Processing CreateTablet for tablet 10260210b8a14e9295fcfd70016e35ef (DEFAULT_TABLE table=test-workload [id=0f26ed9071c64f81894ea5ad2b13eb8a]), partition=RANGE (key) PARTITION 1932735276 <= VALUES
I20260710 11:04:07.439579 22371 data_dirs.cc:400] Could only allocate 1 dirs of requested 3 for tablet 10260210b8a14e9295fcfd70016e35ef. 1 dirs total, 0 dirs full, 0 dirs failed
I20260710 11:04:07.439738 22572 tablet_bootstrap.cc:492] T 0797ca991f934f7d856b2be89c921568 P 3ccb622d86bc40e98dc8a45f20decd11: Bootstrap starting.
I20260710 11:04:07.443547 22573 tablet_bootstrap.cc:654] T 0797ca991f934f7d856b2be89c921568 P eed8b588c8e34ffd964e1cf9670faa96: Neither blocks nor log segments found. Creating new log.
I20260710 11:04:07.445747 22571 ts_tablet_manager.cc:1434] T 0797ca991f934f7d856b2be89c921568 P 9bd7a8d9cd6c44259b68ed36c9c6d0c6: Time spent starting tablet: real 0.025s	user 0.006s	sys 0.000s
I20260710 11:04:07.445791 22572 tablet_bootstrap.cc:654] T 0797ca991f934f7d856b2be89c921568 P 3ccb622d86bc40e98dc8a45f20decd11: Neither blocks nor log segments found. Creating new log.
I20260710 11:04:07.446990 22571 tablet_bootstrap.cc:492] T 35678664549945cab17da0469c01e507 P 9bd7a8d9cd6c44259b68ed36c9c6d0c6: Bootstrap starting.
I20260710 11:04:07.453969 22571 tablet_bootstrap.cc:654] T 35678664549945cab17da0469c01e507 P 9bd7a8d9cd6c44259b68ed36c9c6d0c6: Neither blocks nor log segments found. Creating new log.
I20260710 11:04:07.460338 22518 tablet_service.cc:1511] Processing CreateTablet for tablet 10260210b8a14e9295fcfd70016e35ef (DEFAULT_TABLE table=test-workload [id=0f26ed9071c64f81894ea5ad2b13eb8a]), partition=RANGE (key) PARTITION 1932735276 <= VALUES
I20260710 11:04:07.460705 22446 tablet_service.cc:1511] Processing CreateTablet for tablet 10260210b8a14e9295fcfd70016e35ef (DEFAULT_TABLE table=test-workload [id=0f26ed9071c64f81894ea5ad2b13eb8a]), partition=RANGE (key) PARTITION 1932735276 <= VALUES
I20260710 11:04:07.461848 22518 data_dirs.cc:400] Could only allocate 1 dirs of requested 3 for tablet 10260210b8a14e9295fcfd70016e35ef. 1 dirs total, 0 dirs full, 0 dirs failed
I20260710 11:04:07.462639 22446 data_dirs.cc:400] Could only allocate 1 dirs of requested 3 for tablet 10260210b8a14e9295fcfd70016e35ef. 1 dirs total, 0 dirs full, 0 dirs failed
I20260710 11:04:07.471801 22573 tablet_bootstrap.cc:492] T 0797ca991f934f7d856b2be89c921568 P eed8b588c8e34ffd964e1cf9670faa96: No bootstrap required, opened a new log
I20260710 11:04:07.472645 22573 ts_tablet_manager.cc:1403] T 0797ca991f934f7d856b2be89c921568 P eed8b588c8e34ffd964e1cf9670faa96: Time spent bootstrapping tablet: real 0.051s	user 0.014s	sys 0.005s
I20260710 11:04:07.476684 22573 raft_consensus.cc:359] T 0797ca991f934f7d856b2be89c921568 P eed8b588c8e34ffd964e1cf9670faa96 [term 0 FOLLOWER]: Replica starting. Triggering 0 pending ops. Active config: opid_index: -1 OBSOLETE_local: false peers { permanent_uuid: "eed8b588c8e34ffd964e1cf9670faa96" member_type: VOTER last_known_addr { host: "127.21.63.65" port: 43173 } } peers { permanent_uuid: "9bd7a8d9cd6c44259b68ed36c9c6d0c6" member_type: VOTER last_known_addr { host: "127.21.63.67" port: 37185 } } peers { permanent_uuid: "3ccb622d86bc40e98dc8a45f20decd11" member_type: VOTER last_known_addr { host: "127.21.63.66" port: 44389 } }
I20260710 11:04:07.483342 22573 raft_consensus.cc:385] T 0797ca991f934f7d856b2be89c921568 P eed8b588c8e34ffd964e1cf9670faa96 [term 0 FOLLOWER]: Consensus starting up: Expiring failure detector timer to make a prompt election more likely
I20260710 11:04:07.483678 22573 raft_consensus.cc:740] T 0797ca991f934f7d856b2be89c921568 P eed8b588c8e34ffd964e1cf9670faa96 [term 0 FOLLOWER]: Becoming Follower/Learner. State: Replica: eed8b588c8e34ffd964e1cf9670faa96, State: Initialized, Role: FOLLOWER
I20260710 11:04:07.482218 22572 tablet_bootstrap.cc:492] T 0797ca991f934f7d856b2be89c921568 P 3ccb622d86bc40e98dc8a45f20decd11: No bootstrap required, opened a new log
I20260710 11:04:07.484571 22572 ts_tablet_manager.cc:1403] T 0797ca991f934f7d856b2be89c921568 P 3ccb622d86bc40e98dc8a45f20decd11: Time spent bootstrapping tablet: real 0.045s	user 0.021s	sys 0.022s
I20260710 11:04:07.486114 22573 consensus_queue.cc:260] T 0797ca991f934f7d856b2be89c921568 P eed8b588c8e34ffd964e1cf9670faa96 [NON_LEADER]: Queue going to NON_LEADER mode. State: All replicated index: 0, Majority replicated index: 0, Committed index: 0, Last appended: 0.0, Last appended by leader: 0, Current term: 0, Majority size: -1, State: 0, Mode: NON_LEADER, active raft config: opid_index: -1 OBSOLETE_local: false peers { permanent_uuid: "eed8b588c8e34ffd964e1cf9670faa96" member_type: VOTER last_known_addr { host: "127.21.63.65" port: 43173 } } peers { permanent_uuid: "9bd7a8d9cd6c44259b68ed36c9c6d0c6" member_type: VOTER last_known_addr { host: "127.21.63.67" port: 37185 } } peers { permanent_uuid: "3ccb622d86bc40e98dc8a45f20decd11" member_type: VOTER last_known_addr { host: "127.21.63.66" port: 44389 } }
I20260710 11:04:07.488330 22572 raft_consensus.cc:359] T 0797ca991f934f7d856b2be89c921568 P 3ccb622d86bc40e98dc8a45f20decd11 [term 0 FOLLOWER]: Replica starting. Triggering 0 pending ops. Active config: opid_index: -1 OBSOLETE_local: false peers { permanent_uuid: "eed8b588c8e34ffd964e1cf9670faa96" member_type: VOTER last_known_addr { host: "127.21.63.65" port: 43173 } } peers { permanent_uuid: "9bd7a8d9cd6c44259b68ed36c9c6d0c6" member_type: VOTER last_known_addr { host: "127.21.63.67" port: 37185 } } peers { permanent_uuid: "3ccb622d86bc40e98dc8a45f20decd11" member_type: VOTER last_known_addr { host: "127.21.63.66" port: 44389 } }
I20260710 11:04:07.489038 22572 raft_consensus.cc:385] T 0797ca991f934f7d856b2be89c921568 P 3ccb622d86bc40e98dc8a45f20decd11 [term 0 FOLLOWER]: Consensus starting up: Expiring failure detector timer to make a prompt election more likely
I20260710 11:04:07.489357 22572 raft_consensus.cc:740] T 0797ca991f934f7d856b2be89c921568 P 3ccb622d86bc40e98dc8a45f20decd11 [term 0 FOLLOWER]: Becoming Follower/Learner. State: Replica: 3ccb622d86bc40e98dc8a45f20decd11, State: Initialized, Role: FOLLOWER
I20260710 11:04:07.489784 22573 ts_tablet_manager.cc:1434] T 0797ca991f934f7d856b2be89c921568 P eed8b588c8e34ffd964e1cf9670faa96: Time spent starting tablet: real 0.017s	user 0.007s	sys 0.000s
I20260710 11:04:07.490260 22572 consensus_queue.cc:260] T 0797ca991f934f7d856b2be89c921568 P 3ccb622d86bc40e98dc8a45f20decd11 [NON_LEADER]: Queue going to NON_LEADER mode. State: All replicated index: 0, Majority replicated index: 0, Committed index: 0, Last appended: 0.0, Last appended by leader: 0, Current term: 0, Majority size: -1, State: 0, Mode: NON_LEADER, active raft config: opid_index: -1 OBSOLETE_local: false peers { permanent_uuid: "eed8b588c8e34ffd964e1cf9670faa96" member_type: VOTER last_known_addr { host: "127.21.63.65" port: 43173 } } peers { permanent_uuid: "9bd7a8d9cd6c44259b68ed36c9c6d0c6" member_type: VOTER last_known_addr { host: "127.21.63.67" port: 37185 } } peers { permanent_uuid: "3ccb622d86bc40e98dc8a45f20decd11" member_type: VOTER last_known_addr { host: "127.21.63.66" port: 44389 } }
I20260710 11:04:07.490932 22573 tablet_bootstrap.cc:492] T ce0f62baf603429fb815e38f35cf3141 P eed8b588c8e34ffd964e1cf9670faa96: Bootstrap starting.
I20260710 11:04:07.492208 22571 tablet_bootstrap.cc:492] T 35678664549945cab17da0469c01e507 P 9bd7a8d9cd6c44259b68ed36c9c6d0c6: No bootstrap required, opened a new log
I20260710 11:04:07.492666 22571 ts_tablet_manager.cc:1403] T 35678664549945cab17da0469c01e507 P 9bd7a8d9cd6c44259b68ed36c9c6d0c6: Time spent bootstrapping tablet: real 0.046s	user 0.011s	sys 0.001s
I20260710 11:04:07.492722 22572 ts_tablet_manager.cc:1434] T 0797ca991f934f7d856b2be89c921568 P 3ccb622d86bc40e98dc8a45f20decd11: Time spent starting tablet: real 0.008s	user 0.006s	sys 0.000s
I20260710 11:04:07.494064 22572 tablet_bootstrap.cc:492] T 85663eda209648009092648d5d907a67 P 3ccb622d86bc40e98dc8a45f20decd11: Bootstrap starting.
I20260710 11:04:07.496058 22571 raft_consensus.cc:359] T 35678664549945cab17da0469c01e507 P 9bd7a8d9cd6c44259b68ed36c9c6d0c6 [term 0 FOLLOWER]: Replica starting. Triggering 0 pending ops. Active config: opid_index: -1 OBSOLETE_local: false peers { permanent_uuid: "eed8b588c8e34ffd964e1cf9670faa96" member_type: VOTER last_known_addr { host: "127.21.63.65" port: 43173 } } peers { permanent_uuid: "3ccb622d86bc40e98dc8a45f20decd11" member_type: VOTER last_known_addr { host: "127.21.63.66" port: 44389 } } peers { permanent_uuid: "9bd7a8d9cd6c44259b68ed36c9c6d0c6" member_type: VOTER last_known_addr { host: "127.21.63.67" port: 37185 } }
I20260710 11:04:07.496867 22571 raft_consensus.cc:385] T 35678664549945cab17da0469c01e507 P 9bd7a8d9cd6c44259b68ed36c9c6d0c6 [term 0 FOLLOWER]: Consensus starting up: Expiring failure detector timer to make a prompt election more likely
I20260710 11:04:07.497149 22571 raft_consensus.cc:740] T 35678664549945cab17da0469c01e507 P 9bd7a8d9cd6c44259b68ed36c9c6d0c6 [term 0 FOLLOWER]: Becoming Follower/Learner. State: Replica: 9bd7a8d9cd6c44259b68ed36c9c6d0c6, State: Initialized, Role: FOLLOWER
I20260710 11:04:07.498183 22571 consensus_queue.cc:260] T 35678664549945cab17da0469c01e507 P 9bd7a8d9cd6c44259b68ed36c9c6d0c6 [NON_LEADER]: Queue going to NON_LEADER mode. State: All replicated index: 0, Majority replicated index: 0, Committed index: 0, Last appended: 0.0, Last appended by leader: 0, Current term: 0, Majority size: -1, State: 0, Mode: NON_LEADER, active raft config: opid_index: -1 OBSOLETE_local: false peers { permanent_uuid: "eed8b588c8e34ffd964e1cf9670faa96" member_type: VOTER last_known_addr { host: "127.21.63.65" port: 43173 } } peers { permanent_uuid: "3ccb622d86bc40e98dc8a45f20decd11" member_type: VOTER last_known_addr { host: "127.21.63.66" port: 44389 } } peers { permanent_uuid: "9bd7a8d9cd6c44259b68ed36c9c6d0c6" member_type: VOTER last_known_addr { host: "127.21.63.67" port: 37185 } }
I20260710 11:04:07.498735 22573 tablet_bootstrap.cc:654] T ce0f62baf603429fb815e38f35cf3141 P eed8b588c8e34ffd964e1cf9670faa96: Neither blocks nor log segments found. Creating new log.
I20260710 11:04:07.501650 22572 tablet_bootstrap.cc:654] T 85663eda209648009092648d5d907a67 P 3ccb622d86bc40e98dc8a45f20decd11: Neither blocks nor log segments found. Creating new log.
I20260710 11:04:07.502867 22571 ts_tablet_manager.cc:1434] T 35678664549945cab17da0469c01e507 P 9bd7a8d9cd6c44259b68ed36c9c6d0c6: Time spent starting tablet: real 0.010s	user 0.007s	sys 0.002s
I20260710 11:04:07.503844 22571 tablet_bootstrap.cc:492] T 85663eda209648009092648d5d907a67 P 9bd7a8d9cd6c44259b68ed36c9c6d0c6: Bootstrap starting.
I20260710 11:04:07.510844 22571 tablet_bootstrap.cc:654] T 85663eda209648009092648d5d907a67 P 9bd7a8d9cd6c44259b68ed36c9c6d0c6: Neither blocks nor log segments found. Creating new log.
I20260710 11:04:07.524752 22571 tablet_bootstrap.cc:492] T 85663eda209648009092648d5d907a67 P 9bd7a8d9cd6c44259b68ed36c9c6d0c6: No bootstrap required, opened a new log
I20260710 11:04:07.525339 22571 ts_tablet_manager.cc:1403] T 85663eda209648009092648d5d907a67 P 9bd7a8d9cd6c44259b68ed36c9c6d0c6: Time spent bootstrapping tablet: real 0.022s	user 0.012s	sys 0.004s
I20260710 11:04:07.527276 22573 tablet_bootstrap.cc:492] T ce0f62baf603429fb815e38f35cf3141 P eed8b588c8e34ffd964e1cf9670faa96: No bootstrap required, opened a new log
I20260710 11:04:07.527357 22572 tablet_bootstrap.cc:492] T 85663eda209648009092648d5d907a67 P 3ccb622d86bc40e98dc8a45f20decd11: No bootstrap required, opened a new log
I20260710 11:04:07.527894 22572 ts_tablet_manager.cc:1403] T 85663eda209648009092648d5d907a67 P 3ccb622d86bc40e98dc8a45f20decd11: Time spent bootstrapping tablet: real 0.034s	user 0.019s	sys 0.011s
I20260710 11:04:07.527894 22573 ts_tablet_manager.cc:1403] T ce0f62baf603429fb815e38f35cf3141 P eed8b588c8e34ffd964e1cf9670faa96: Time spent bootstrapping tablet: real 0.037s	user 0.020s	sys 0.000s
I20260710 11:04:07.528334 22571 raft_consensus.cc:359] T 85663eda209648009092648d5d907a67 P 9bd7a8d9cd6c44259b68ed36c9c6d0c6 [term 0 FOLLOWER]: Replica starting. Triggering 0 pending ops. Active config: opid_index: -1 OBSOLETE_local: false peers { permanent_uuid: "eed8b588c8e34ffd964e1cf9670faa96" member_type: VOTER last_known_addr { host: "127.21.63.65" port: 43173 } } peers { permanent_uuid: "3ccb622d86bc40e98dc8a45f20decd11" member_type: VOTER last_known_addr { host: "127.21.63.66" port: 44389 } } peers { permanent_uuid: "9bd7a8d9cd6c44259b68ed36c9c6d0c6" member_type: VOTER last_known_addr { host: "127.21.63.67" port: 37185 } }
I20260710 11:04:07.529088 22571 raft_consensus.cc:385] T 85663eda209648009092648d5d907a67 P 9bd7a8d9cd6c44259b68ed36c9c6d0c6 [term 0 FOLLOWER]: Consensus starting up: Expiring failure detector timer to make a prompt election more likely
I20260710 11:04:07.529397 22571 raft_consensus.cc:740] T 85663eda209648009092648d5d907a67 P 9bd7a8d9cd6c44259b68ed36c9c6d0c6 [term 0 FOLLOWER]: Becoming Follower/Learner. State: Replica: 9bd7a8d9cd6c44259b68ed36c9c6d0c6, State: Initialized, Role: FOLLOWER
I20260710 11:04:07.530253 22571 consensus_queue.cc:260] T 85663eda209648009092648d5d907a67 P 9bd7a8d9cd6c44259b68ed36c9c6d0c6 [NON_LEADER]: Queue going to NON_LEADER mode. State: All replicated index: 0, Majority replicated index: 0, Committed index: 0, Last appended: 0.0, Last appended by leader: 0, Current term: 0, Majority size: -1, State: 0, Mode: NON_LEADER, active raft config: opid_index: -1 OBSOLETE_local: false peers { permanent_uuid: "eed8b588c8e34ffd964e1cf9670faa96" member_type: VOTER last_known_addr { host: "127.21.63.65" port: 43173 } } peers { permanent_uuid: "3ccb622d86bc40e98dc8a45f20decd11" member_type: VOTER last_known_addr { host: "127.21.63.66" port: 44389 } } peers { permanent_uuid: "9bd7a8d9cd6c44259b68ed36c9c6d0c6" member_type: VOTER last_known_addr { host: "127.21.63.67" port: 37185 } }
I20260710 11:04:07.530964 22573 raft_consensus.cc:359] T ce0f62baf603429fb815e38f35cf3141 P eed8b588c8e34ffd964e1cf9670faa96 [term 0 FOLLOWER]: Replica starting. Triggering 0 pending ops. Active config: opid_index: -1 OBSOLETE_local: false peers { permanent_uuid: "eed8b588c8e34ffd964e1cf9670faa96" member_type: VOTER last_known_addr { host: "127.21.63.65" port: 43173 } } peers { permanent_uuid: "3ccb622d86bc40e98dc8a45f20decd11" member_type: VOTER last_known_addr { host: "127.21.63.66" port: 44389 } } peers { permanent_uuid: "9bd7a8d9cd6c44259b68ed36c9c6d0c6" member_type: VOTER last_known_addr { host: "127.21.63.67" port: 37185 } }
I20260710 11:04:07.531172 22572 raft_consensus.cc:359] T 85663eda209648009092648d5d907a67 P 3ccb622d86bc40e98dc8a45f20decd11 [term 0 FOLLOWER]: Replica starting. Triggering 0 pending ops. Active config: opid_index: -1 OBSOLETE_local: false peers { permanent_uuid: "eed8b588c8e34ffd964e1cf9670faa96" member_type: VOTER last_known_addr { host: "127.21.63.65" port: 43173 } } peers { permanent_uuid: "3ccb622d86bc40e98dc8a45f20decd11" member_type: VOTER last_known_addr { host: "127.21.63.66" port: 44389 } } peers { permanent_uuid: "9bd7a8d9cd6c44259b68ed36c9c6d0c6" member_type: VOTER last_known_addr { host: "127.21.63.67" port: 37185 } }
I20260710 11:04:07.531759 22573 raft_consensus.cc:385] T ce0f62baf603429fb815e38f35cf3141 P eed8b588c8e34ffd964e1cf9670faa96 [term 0 FOLLOWER]: Consensus starting up: Expiring failure detector timer to make a prompt election more likely
I20260710 11:04:07.531859 22572 raft_consensus.cc:385] T 85663eda209648009092648d5d907a67 P 3ccb622d86bc40e98dc8a45f20decd11 [term 0 FOLLOWER]: Consensus starting up: Expiring failure detector timer to make a prompt election more likely
I20260710 11:04:07.532122 22573 raft_consensus.cc:740] T ce0f62baf603429fb815e38f35cf3141 P eed8b588c8e34ffd964e1cf9670faa96 [term 0 FOLLOWER]: Becoming Follower/Learner. State: Replica: eed8b588c8e34ffd964e1cf9670faa96, State: Initialized, Role: FOLLOWER
I20260710 11:04:07.532189 22572 raft_consensus.cc:740] T 85663eda209648009092648d5d907a67 P 3ccb622d86bc40e98dc8a45f20decd11 [term 0 FOLLOWER]: Becoming Follower/Learner. State: Replica: 3ccb622d86bc40e98dc8a45f20decd11, State: Initialized, Role: FOLLOWER
I20260710 11:04:07.532404 22571 ts_tablet_manager.cc:1434] T 85663eda209648009092648d5d907a67 P 9bd7a8d9cd6c44259b68ed36c9c6d0c6: Time spent starting tablet: real 0.007s	user 0.006s	sys 0.000s
I20260710 11:04:07.533619 22571 tablet_bootstrap.cc:492] T 178c0a3ac98d4582a36c7d357f56140b P 9bd7a8d9cd6c44259b68ed36c9c6d0c6: Bootstrap starting.
I20260710 11:04:07.533057 22572 consensus_queue.cc:260] T 85663eda209648009092648d5d907a67 P 3ccb622d86bc40e98dc8a45f20decd11 [NON_LEADER]: Queue going to NON_LEADER mode. State: All replicated index: 0, Majority replicated index: 0, Committed index: 0, Last appended: 0.0, Last appended by leader: 0, Current term: 0, Majority size: -1, State: 0, Mode: NON_LEADER, active raft config: opid_index: -1 OBSOLETE_local: false peers { permanent_uuid: "eed8b588c8e34ffd964e1cf9670faa96" member_type: VOTER last_known_addr { host: "127.21.63.65" port: 43173 } } peers { permanent_uuid: "3ccb622d86bc40e98dc8a45f20decd11" member_type: VOTER last_known_addr { host: "127.21.63.66" port: 44389 } } peers { permanent_uuid: "9bd7a8d9cd6c44259b68ed36c9c6d0c6" member_type: VOTER last_known_addr { host: "127.21.63.67" port: 37185 } }
I20260710 11:04:07.533058 22573 consensus_queue.cc:260] T ce0f62baf603429fb815e38f35cf3141 P eed8b588c8e34ffd964e1cf9670faa96 [NON_LEADER]: Queue going to NON_LEADER mode. State: All replicated index: 0, Majority replicated index: 0, Committed index: 0, Last appended: 0.0, Last appended by leader: 0, Current term: 0, Majority size: -1, State: 0, Mode: NON_LEADER, active raft config: opid_index: -1 OBSOLETE_local: false peers { permanent_uuid: "eed8b588c8e34ffd964e1cf9670faa96" member_type: VOTER last_known_addr { host: "127.21.63.65" port: 43173 } } peers { permanent_uuid: "3ccb622d86bc40e98dc8a45f20decd11" member_type: VOTER last_known_addr { host: "127.21.63.66" port: 44389 } } peers { permanent_uuid: "9bd7a8d9cd6c44259b68ed36c9c6d0c6" member_type: VOTER last_known_addr { host: "127.21.63.67" port: 37185 } }
I20260710 11:04:07.535477 22572 ts_tablet_manager.cc:1434] T 85663eda209648009092648d5d907a67 P 3ccb622d86bc40e98dc8a45f20decd11: Time spent starting tablet: real 0.007s	user 0.004s	sys 0.003s
I20260710 11:04:07.536495 22572 tablet_bootstrap.cc:492] T 35678664549945cab17da0469c01e507 P 3ccb622d86bc40e98dc8a45f20decd11: Bootstrap starting.
I20260710 11:04:07.537703 22573 ts_tablet_manager.cc:1434] T ce0f62baf603429fb815e38f35cf3141 P eed8b588c8e34ffd964e1cf9670faa96: Time spent starting tablet: real 0.009s	user 0.006s	sys 0.000s
I20260710 11:04:07.538843 22573 tablet_bootstrap.cc:492] T 35678664549945cab17da0469c01e507 P eed8b588c8e34ffd964e1cf9670faa96: Bootstrap starting.
I20260710 11:04:07.540833 22571 tablet_bootstrap.cc:654] T 178c0a3ac98d4582a36c7d357f56140b P 9bd7a8d9cd6c44259b68ed36c9c6d0c6: Neither blocks nor log segments found. Creating new log.
I20260710 11:04:07.542908 22572 tablet_bootstrap.cc:654] T 35678664549945cab17da0469c01e507 P 3ccb622d86bc40e98dc8a45f20decd11: Neither blocks nor log segments found. Creating new log.
I20260710 11:04:07.548593 22573 tablet_bootstrap.cc:654] T 35678664549945cab17da0469c01e507 P eed8b588c8e34ffd964e1cf9670faa96: Neither blocks nor log segments found. Creating new log.
I20260710 11:04:07.553490 22571 tablet_bootstrap.cc:492] T 178c0a3ac98d4582a36c7d357f56140b P 9bd7a8d9cd6c44259b68ed36c9c6d0c6: No bootstrap required, opened a new log
I20260710 11:04:07.554316 22571 ts_tablet_manager.cc:1403] T 178c0a3ac98d4582a36c7d357f56140b P 9bd7a8d9cd6c44259b68ed36c9c6d0c6: Time spent bootstrapping tablet: real 0.021s	user 0.014s	sys 0.004s
I20260710 11:04:07.554924 22579 raft_consensus.cc:493] T 35678664549945cab17da0469c01e507 P 9bd7a8d9cd6c44259b68ed36c9c6d0c6 [term 0 FOLLOWER]: Starting pre-election (no leader contacted us within the election timeout)
I20260710 11:04:07.555620 22579 raft_consensus.cc:515] T 35678664549945cab17da0469c01e507 P 9bd7a8d9cd6c44259b68ed36c9c6d0c6 [term 0 FOLLOWER]: Starting pre-election with config: opid_index: -1 OBSOLETE_local: false peers { permanent_uuid: "eed8b588c8e34ffd964e1cf9670faa96" member_type: VOTER last_known_addr { host: "127.21.63.65" port: 43173 } } peers { permanent_uuid: "3ccb622d86bc40e98dc8a45f20decd11" member_type: VOTER last_known_addr { host: "127.21.63.66" port: 44389 } } peers { permanent_uuid: "9bd7a8d9cd6c44259b68ed36c9c6d0c6" member_type: VOTER last_known_addr { host: "127.21.63.67" port: 37185 } }
I20260710 11:04:07.558678 22571 raft_consensus.cc:359] T 178c0a3ac98d4582a36c7d357f56140b P 9bd7a8d9cd6c44259b68ed36c9c6d0c6 [term 0 FOLLOWER]: Replica starting. Triggering 0 pending ops. Active config: opid_index: -1 OBSOLETE_local: false peers { permanent_uuid: "eed8b588c8e34ffd964e1cf9670faa96" member_type: VOTER last_known_addr { host: "127.21.63.65" port: 43173 } } peers { permanent_uuid: "3ccb622d86bc40e98dc8a45f20decd11" member_type: VOTER last_known_addr { host: "127.21.63.66" port: 44389 } } peers { permanent_uuid: "9bd7a8d9cd6c44259b68ed36c9c6d0c6" member_type: VOTER last_known_addr { host: "127.21.63.67" port: 37185 } }
I20260710 11:04:07.559790 22571 raft_consensus.cc:385] T 178c0a3ac98d4582a36c7d357f56140b P 9bd7a8d9cd6c44259b68ed36c9c6d0c6 [term 0 FOLLOWER]: Consensus starting up: Expiring failure detector timer to make a prompt election more likely
I20260710 11:04:07.560173 22571 raft_consensus.cc:740] T 178c0a3ac98d4582a36c7d357f56140b P 9bd7a8d9cd6c44259b68ed36c9c6d0c6 [term 0 FOLLOWER]: Becoming Follower/Learner. State: Replica: 9bd7a8d9cd6c44259b68ed36c9c6d0c6, State: Initialized, Role: FOLLOWER
I20260710 11:04:07.561086 22571 consensus_queue.cc:260] T 178c0a3ac98d4582a36c7d357f56140b P 9bd7a8d9cd6c44259b68ed36c9c6d0c6 [NON_LEADER]: Queue going to NON_LEADER mode. State: All replicated index: 0, Majority replicated index: 0, Committed index: 0, Last appended: 0.0, Last appended by leader: 0, Current term: 0, Majority size: -1, State: 0, Mode: NON_LEADER, active raft config: opid_index: -1 OBSOLETE_local: false peers { permanent_uuid: "eed8b588c8e34ffd964e1cf9670faa96" member_type: VOTER last_known_addr { host: "127.21.63.65" port: 43173 } } peers { permanent_uuid: "3ccb622d86bc40e98dc8a45f20decd11" member_type: VOTER last_known_addr { host: "127.21.63.66" port: 44389 } } peers { permanent_uuid: "9bd7a8d9cd6c44259b68ed36c9c6d0c6" member_type: VOTER last_known_addr { host: "127.21.63.67" port: 37185 } }
I20260710 11:04:07.562507 22573 tablet_bootstrap.cc:492] T 35678664549945cab17da0469c01e507 P eed8b588c8e34ffd964e1cf9670faa96: No bootstrap required, opened a new log
I20260710 11:04:07.563162 22573 ts_tablet_manager.cc:1403] T 35678664549945cab17da0469c01e507 P eed8b588c8e34ffd964e1cf9670faa96: Time spent bootstrapping tablet: real 0.025s	user 0.015s	sys 0.004s
I20260710 11:04:07.567654 22573 raft_consensus.cc:359] T 35678664549945cab17da0469c01e507 P eed8b588c8e34ffd964e1cf9670faa96 [term 0 FOLLOWER]: Replica starting. Triggering 0 pending ops. Active config: opid_index: -1 OBSOLETE_local: false peers { permanent_uuid: "eed8b588c8e34ffd964e1cf9670faa96" member_type: VOTER last_known_addr { host: "127.21.63.65" port: 43173 } } peers { permanent_uuid: "3ccb622d86bc40e98dc8a45f20decd11" member_type: VOTER last_known_addr { host: "127.21.63.66" port: 44389 } } peers { permanent_uuid: "9bd7a8d9cd6c44259b68ed36c9c6d0c6" member_type: VOTER last_known_addr { host: "127.21.63.67" port: 37185 } }
I20260710 11:04:07.568655 22573 raft_consensus.cc:385] T 35678664549945cab17da0469c01e507 P eed8b588c8e34ffd964e1cf9670faa96 [term 0 FOLLOWER]: Consensus starting up: Expiring failure detector timer to make a prompt election more likely
I20260710 11:04:07.569034 22573 raft_consensus.cc:740] T 35678664549945cab17da0469c01e507 P eed8b588c8e34ffd964e1cf9670faa96 [term 0 FOLLOWER]: Becoming Follower/Learner. State: Replica: eed8b588c8e34ffd964e1cf9670faa96, State: Initialized, Role: FOLLOWER
I20260710 11:04:07.570185 22573 consensus_queue.cc:260] T 35678664549945cab17da0469c01e507 P eed8b588c8e34ffd964e1cf9670faa96 [NON_LEADER]: Queue going to NON_LEADER mode. State: All replicated index: 0, Majority replicated index: 0, Committed index: 0, Last appended: 0.0, Last appended by leader: 0, Current term: 0, Majority size: -1, State: 0, Mode: NON_LEADER, active raft config: opid_index: -1 OBSOLETE_local: false peers { permanent_uuid: "eed8b588c8e34ffd964e1cf9670faa96" member_type: VOTER last_known_addr { host: "127.21.63.65" port: 43173 } } peers { permanent_uuid: "3ccb622d86bc40e98dc8a45f20decd11" member_type: VOTER last_known_addr { host: "127.21.63.66" port: 44389 } } peers { permanent_uuid: "9bd7a8d9cd6c44259b68ed36c9c6d0c6" member_type: VOTER last_known_addr { host: "127.21.63.67" port: 37185 } }
I20260710 11:04:07.577364 22573 ts_tablet_manager.cc:1434] T 35678664549945cab17da0469c01e507 P eed8b588c8e34ffd964e1cf9670faa96: Time spent starting tablet: real 0.014s	user 0.004s	sys 0.004s
I20260710 11:04:07.578815 22573 tablet_bootstrap.cc:492] T 178c0a3ac98d4582a36c7d357f56140b P eed8b588c8e34ffd964e1cf9670faa96: Bootstrap starting.
I20260710 11:04:07.587621 22571 ts_tablet_manager.cc:1434] T 178c0a3ac98d4582a36c7d357f56140b P 9bd7a8d9cd6c44259b68ed36c9c6d0c6: Time spent starting tablet: real 0.033s	user 0.018s	sys 0.013s
I20260710 11:04:07.590306 22573 tablet_bootstrap.cc:654] T 178c0a3ac98d4582a36c7d357f56140b P eed8b588c8e34ffd964e1cf9670faa96: Neither blocks nor log segments found. Creating new log.
I20260710 11:04:07.591215 22579 leader_election.cc:290] T 35678664549945cab17da0469c01e507 P 9bd7a8d9cd6c44259b68ed36c9c6d0c6 [CANDIDATE]: Term 1 pre-election: Requested pre-vote from peers eed8b588c8e34ffd964e1cf9670faa96 (127.21.63.65:43173), 3ccb622d86bc40e98dc8a45f20decd11 (127.21.63.66:44389)
I20260710 11:04:07.592542 22571 tablet_bootstrap.cc:492] T ce0f62baf603429fb815e38f35cf3141 P 9bd7a8d9cd6c44259b68ed36c9c6d0c6: Bootstrap starting.
I20260710 11:04:07.596690 22383 tablet_service.cc:1917] Received RequestConsensusVote() RPC: tablet_id: "35678664549945cab17da0469c01e507" candidate_uuid: "9bd7a8d9cd6c44259b68ed36c9c6d0c6" candidate_term: 1 candidate_status { last_received { term: 0 index: 0 } } ignore_live_leader: false dest_uuid: "eed8b588c8e34ffd964e1cf9670faa96" is_pre_election: true
I20260710 11:04:07.597859 22383 raft_consensus.cc:2468] T 35678664549945cab17da0469c01e507 P eed8b588c8e34ffd964e1cf9670faa96 [term 0 FOLLOWER]: Leader pre-election vote request: Granting yes vote for candidate 9bd7a8d9cd6c44259b68ed36c9c6d0c6 in term 0.
I20260710 11:04:07.600036 22496 leader_election.cc:304] T 35678664549945cab17da0469c01e507 P 9bd7a8d9cd6c44259b68ed36c9c6d0c6 [CANDIDATE]: Term 1 pre-election: Election decided. Result: candidate won. Election summary: received 2 responses out of 3 voters: 2 yes votes; 0 no votes. yes voters: 9bd7a8d9cd6c44259b68ed36c9c6d0c6, eed8b588c8e34ffd964e1cf9670faa96; no voters: 
I20260710 11:04:07.601274 22579 raft_consensus.cc:2804] T 35678664549945cab17da0469c01e507 P 9bd7a8d9cd6c44259b68ed36c9c6d0c6 [term 0 FOLLOWER]: Leader pre-election won for term 1
I20260710 11:04:07.601739 22579 raft_consensus.cc:493] T 35678664549945cab17da0469c01e507 P 9bd7a8d9cd6c44259b68ed36c9c6d0c6 [term 0 FOLLOWER]: Starting leader election (no leader contacted us within the election timeout)
I20260710 11:04:07.602164 22579 raft_consensus.cc:3060] T 35678664549945cab17da0469c01e507 P 9bd7a8d9cd6c44259b68ed36c9c6d0c6 [term 0 FOLLOWER]: Advancing to term 1
I20260710 11:04:07.603521 22573 tablet_bootstrap.cc:492] T 178c0a3ac98d4582a36c7d357f56140b P eed8b588c8e34ffd964e1cf9670faa96: No bootstrap required, opened a new log
I20260710 11:04:07.604065 22573 ts_tablet_manager.cc:1403] T 178c0a3ac98d4582a36c7d357f56140b P eed8b588c8e34ffd964e1cf9670faa96: Time spent bootstrapping tablet: real 0.026s	user 0.010s	sys 0.010s
I20260710 11:04:07.607232 22573 raft_consensus.cc:359] T 178c0a3ac98d4582a36c7d357f56140b P eed8b588c8e34ffd964e1cf9670faa96 [term 0 FOLLOWER]: Replica starting. Triggering 0 pending ops. Active config: opid_index: -1 OBSOLETE_local: false peers { permanent_uuid: "eed8b588c8e34ffd964e1cf9670faa96" member_type: VOTER last_known_addr { host: "127.21.63.65" port: 43173 } } peers { permanent_uuid: "3ccb622d86bc40e98dc8a45f20decd11" member_type: VOTER last_known_addr { host: "127.21.63.66" port: 44389 } } peers { permanent_uuid: "9bd7a8d9cd6c44259b68ed36c9c6d0c6" member_type: VOTER last_known_addr { host: "127.21.63.67" port: 37185 } }
I20260710 11:04:07.608042 22573 raft_consensus.cc:385] T 178c0a3ac98d4582a36c7d357f56140b P eed8b588c8e34ffd964e1cf9670faa96 [term 0 FOLLOWER]: Consensus starting up: Expiring failure detector timer to make a prompt election more likely
I20260710 11:04:07.608357 22573 raft_consensus.cc:740] T 178c0a3ac98d4582a36c7d357f56140b P eed8b588c8e34ffd964e1cf9670faa96 [term 0 FOLLOWER]: Becoming Follower/Learner. State: Replica: eed8b588c8e34ffd964e1cf9670faa96, State: Initialized, Role: FOLLOWER
I20260710 11:04:07.609277 22573 consensus_queue.cc:260] T 178c0a3ac98d4582a36c7d357f56140b P eed8b588c8e34ffd964e1cf9670faa96 [NON_LEADER]: Queue going to NON_LEADER mode. State: All replicated index: 0, Majority replicated index: 0, Committed index: 0, Last appended: 0.0, Last appended by leader: 0, Current term: 0, Majority size: -1, State: 0, Mode: NON_LEADER, active raft config: opid_index: -1 OBSOLETE_local: false peers { permanent_uuid: "eed8b588c8e34ffd964e1cf9670faa96" member_type: VOTER last_known_addr { host: "127.21.63.65" port: 43173 } } peers { permanent_uuid: "3ccb622d86bc40e98dc8a45f20decd11" member_type: VOTER last_known_addr { host: "127.21.63.66" port: 44389 } } peers { permanent_uuid: "9bd7a8d9cd6c44259b68ed36c9c6d0c6" member_type: VOTER last_known_addr { host: "127.21.63.67" port: 37185 } }
I20260710 11:04:07.615067 22573 ts_tablet_manager.cc:1434] T 178c0a3ac98d4582a36c7d357f56140b P eed8b588c8e34ffd964e1cf9670faa96: Time spent starting tablet: real 0.011s	user 0.004s	sys 0.003s
I20260710 11:04:07.616183 22573 tablet_bootstrap.cc:492] T c1744099eb9c45b591ee68814b64ef4c P eed8b588c8e34ffd964e1cf9670faa96: Bootstrap starting.
I20260710 11:04:07.616816 22571 tablet_bootstrap.cc:654] T ce0f62baf603429fb815e38f35cf3141 P 9bd7a8d9cd6c44259b68ed36c9c6d0c6: Neither blocks nor log segments found. Creating new log.
I20260710 11:04:07.617947 22579 raft_consensus.cc:515] T 35678664549945cab17da0469c01e507 P 9bd7a8d9cd6c44259b68ed36c9c6d0c6 [term 1 FOLLOWER]: Starting leader election with config: opid_index: -1 OBSOLETE_local: false peers { permanent_uuid: "eed8b588c8e34ffd964e1cf9670faa96" member_type: VOTER last_known_addr { host: "127.21.63.65" port: 43173 } } peers { permanent_uuid: "3ccb622d86bc40e98dc8a45f20decd11" member_type: VOTER last_known_addr { host: "127.21.63.66" port: 44389 } } peers { permanent_uuid: "9bd7a8d9cd6c44259b68ed36c9c6d0c6" member_type: VOTER last_known_addr { host: "127.21.63.67" port: 37185 } }
I20260710 11:04:07.623476 22573 tablet_bootstrap.cc:654] T c1744099eb9c45b591ee68814b64ef4c P eed8b588c8e34ffd964e1cf9670faa96: Neither blocks nor log segments found. Creating new log.
I20260710 11:04:07.623831 22383 tablet_service.cc:1917] Received RequestConsensusVote() RPC: tablet_id: "35678664549945cab17da0469c01e507" candidate_uuid: "9bd7a8d9cd6c44259b68ed36c9c6d0c6" candidate_term: 1 candidate_status { last_received { term: 0 index: 0 } } ignore_live_leader: false dest_uuid: "eed8b588c8e34ffd964e1cf9670faa96"
I20260710 11:04:07.624431 22383 raft_consensus.cc:3060] T 35678664549945cab17da0469c01e507 P eed8b588c8e34ffd964e1cf9670faa96 [term 0 FOLLOWER]: Advancing to term 1
I20260710 11:04:07.635874 22579 leader_election.cc:290] T 35678664549945cab17da0469c01e507 P 9bd7a8d9cd6c44259b68ed36c9c6d0c6 [CANDIDATE]: Term 1 election: Requested vote from peers eed8b588c8e34ffd964e1cf9670faa96 (127.21.63.65:43173), 3ccb622d86bc40e98dc8a45f20decd11 (127.21.63.66:44389)
I20260710 11:04:07.634990 22383 raft_consensus.cc:2468] T 35678664549945cab17da0469c01e507 P eed8b588c8e34ffd964e1cf9670faa96 [term 1 FOLLOWER]: Leader election vote request: Granting yes vote for candidate 9bd7a8d9cd6c44259b68ed36c9c6d0c6 in term 1.
I20260710 11:04:07.638576 22496 leader_election.cc:304] T 35678664549945cab17da0469c01e507 P 9bd7a8d9cd6c44259b68ed36c9c6d0c6 [CANDIDATE]: Term 1 election: Election decided. Result: candidate won. Election summary: received 2 responses out of 3 voters: 2 yes votes; 0 no votes. yes voters: 9bd7a8d9cd6c44259b68ed36c9c6d0c6, eed8b588c8e34ffd964e1cf9670faa96; no voters: 
I20260710 11:04:07.639928 22579 raft_consensus.cc:2804] T 35678664549945cab17da0469c01e507 P 9bd7a8d9cd6c44259b68ed36c9c6d0c6 [term 1 FOLLOWER]: Leader election won for term 1
I20260710 11:04:07.640506 22579 raft_consensus.cc:697] T 35678664549945cab17da0469c01e507 P 9bd7a8d9cd6c44259b68ed36c9c6d0c6 [term 1 LEADER]: Becoming Leader. State: Replica: 9bd7a8d9cd6c44259b68ed36c9c6d0c6, State: Running, Role: LEADER
I20260710 11:04:07.641398 22579 consensus_queue.cc:237] T 35678664549945cab17da0469c01e507 P 9bd7a8d9cd6c44259b68ed36c9c6d0c6 [LEADER]: Queue going to LEADER mode. State: All replicated index: 0, Majority replicated index: 0, Committed index: 0, Last appended: 0.0, Last appended by leader: 0, Current term: 1, Majority size: 2, State: 0, Mode: LEADER, active raft config: opid_index: -1 OBSOLETE_local: false peers { permanent_uuid: "eed8b588c8e34ffd964e1cf9670faa96" member_type: VOTER last_known_addr { host: "127.21.63.65" port: 43173 } } peers { permanent_uuid: "3ccb622d86bc40e98dc8a45f20decd11" member_type: VOTER last_known_addr { host: "127.21.63.66" port: 44389 } } peers { permanent_uuid: "9bd7a8d9cd6c44259b68ed36c9c6d0c6" member_type: VOTER last_known_addr { host: "127.21.63.67" port: 37185 } }
I20260710 11:04:07.643232 22577 raft_consensus.cc:493] T 85663eda209648009092648d5d907a67 P eed8b588c8e34ffd964e1cf9670faa96 [term 0 FOLLOWER]: Starting pre-election (no leader contacted us within the election timeout)
I20260710 11:04:07.644127 22577 raft_consensus.cc:515] T 85663eda209648009092648d5d907a67 P eed8b588c8e34ffd964e1cf9670faa96 [term 0 FOLLOWER]: Starting pre-election with config: opid_index: -1 OBSOLETE_local: false peers { permanent_uuid: "eed8b588c8e34ffd964e1cf9670faa96" member_type: VOTER last_known_addr { host: "127.21.63.65" port: 43173 } } peers { permanent_uuid: "3ccb622d86bc40e98dc8a45f20decd11" member_type: VOTER last_known_addr { host: "127.21.63.66" port: 44389 } } peers { permanent_uuid: "9bd7a8d9cd6c44259b68ed36c9c6d0c6" member_type: VOTER last_known_addr { host: "127.21.63.67" port: 37185 } }
I20260710 11:04:07.650480 22458 tablet_service.cc:1917] Received RequestConsensusVote() RPC: tablet_id: "35678664549945cab17da0469c01e507" candidate_uuid: "9bd7a8d9cd6c44259b68ed36c9c6d0c6" candidate_term: 1 candidate_status { last_received { term: 0 index: 0 } } ignore_live_leader: false dest_uuid: "3ccb622d86bc40e98dc8a45f20decd11" is_pre_election: true
I20260710 11:04:07.651626 22457 tablet_service.cc:1917] Received RequestConsensusVote() RPC: tablet_id: "35678664549945cab17da0469c01e507" candidate_uuid: "9bd7a8d9cd6c44259b68ed36c9c6d0c6" candidate_term: 1 candidate_status { last_received { term: 0 index: 0 } } ignore_live_leader: false dest_uuid: "3ccb622d86bc40e98dc8a45f20decd11"
W20260710 11:04:07.653178 22497 leader_election.cc:343] T 35678664549945cab17da0469c01e507 P 9bd7a8d9cd6c44259b68ed36c9c6d0c6 [CANDIDATE]: Term 1 election: Tablet error from VoteRequest() call to peer 3ccb622d86bc40e98dc8a45f20decd11 (127.21.63.66:44389): Illegal state: must be running to vote when last-logged opid is not known
W20260710 11:04:07.654601 22497 leader_election.cc:343] T 35678664549945cab17da0469c01e507 P 9bd7a8d9cd6c44259b68ed36c9c6d0c6 [CANDIDATE]: Term 1 pre-election: Tablet error from VoteRequest() call to peer 3ccb622d86bc40e98dc8a45f20decd11 (127.21.63.66:44389): Illegal state: must be running to vote when last-logged opid is not known
I20260710 11:04:07.655195 22577 leader_election.cc:290] T 85663eda209648009092648d5d907a67 P eed8b588c8e34ffd964e1cf9670faa96 [CANDIDATE]: Term 1 pre-election: Requested pre-vote from peers 3ccb622d86bc40e98dc8a45f20decd11 (127.21.63.66:44389), 9bd7a8d9cd6c44259b68ed36c9c6d0c6 (127.21.63.67:37185)
I20260710 11:04:07.656039 22572 tablet_bootstrap.cc:492] T 35678664549945cab17da0469c01e507 P 3ccb622d86bc40e98dc8a45f20decd11: No bootstrap required, opened a new log
I20260710 11:04:07.657582 22572 ts_tablet_manager.cc:1403] T 35678664549945cab17da0469c01e507 P 3ccb622d86bc40e98dc8a45f20decd11: Time spent bootstrapping tablet: real 0.121s	user 0.039s	sys 0.060s
I20260710 11:04:07.659679 22578 raft_consensus.cc:493] T 85663eda209648009092648d5d907a67 P 3ccb622d86bc40e98dc8a45f20decd11 [term 0 FOLLOWER]: Starting pre-election (no leader contacted us within the election timeout)
I20260710 11:04:07.660372 22578 raft_consensus.cc:515] T 85663eda209648009092648d5d907a67 P 3ccb622d86bc40e98dc8a45f20decd11 [term 0 FOLLOWER]: Starting pre-election with config: opid_index: -1 OBSOLETE_local: false peers { permanent_uuid: "eed8b588c8e34ffd964e1cf9670faa96" member_type: VOTER last_known_addr { host: "127.21.63.65" port: 43173 } } peers { permanent_uuid: "3ccb622d86bc40e98dc8a45f20decd11" member_type: VOTER last_known_addr { host: "127.21.63.66" port: 44389 } } peers { permanent_uuid: "9bd7a8d9cd6c44259b68ed36c9c6d0c6" member_type: VOTER last_known_addr { host: "127.21.63.67" port: 37185 } }
I20260710 11:04:07.660772 22572 raft_consensus.cc:359] T 35678664549945cab17da0469c01e507 P 3ccb622d86bc40e98dc8a45f20decd11 [term 0 FOLLOWER]: Replica starting. Triggering 0 pending ops. Active config: opid_index: -1 OBSOLETE_local: false peers { permanent_uuid: "eed8b588c8e34ffd964e1cf9670faa96" member_type: VOTER last_known_addr { host: "127.21.63.65" port: 43173 } } peers { permanent_uuid: "3ccb622d86bc40e98dc8a45f20decd11" member_type: VOTER last_known_addr { host: "127.21.63.66" port: 44389 } } peers { permanent_uuid: "9bd7a8d9cd6c44259b68ed36c9c6d0c6" member_type: VOTER last_known_addr { host: "127.21.63.67" port: 37185 } }
I20260710 11:04:07.661494 22572 raft_consensus.cc:385] T 35678664549945cab17da0469c01e507 P 3ccb622d86bc40e98dc8a45f20decd11 [term 0 FOLLOWER]: Consensus starting up: Expiring failure detector timer to make a prompt election more likely
I20260710 11:04:07.661834 22572 raft_consensus.cc:740] T 35678664549945cab17da0469c01e507 P 3ccb622d86bc40e98dc8a45f20decd11 [term 0 FOLLOWER]: Becoming Follower/Learner. State: Replica: 3ccb622d86bc40e98dc8a45f20decd11, State: Initialized, Role: FOLLOWER
I20260710 11:04:07.662592 22572 consensus_queue.cc:260] T 35678664549945cab17da0469c01e507 P 3ccb622d86bc40e98dc8a45f20decd11 [NON_LEADER]: Queue going to NON_LEADER mode. State: All replicated index: 0, Majority replicated index: 0, Committed index: 0, Last appended: 0.0, Last appended by leader: 0, Current term: 0, Majority size: -1, State: 0, Mode: NON_LEADER, active raft config: opid_index: -1 OBSOLETE_local: false peers { permanent_uuid: "eed8b588c8e34ffd964e1cf9670faa96" member_type: VOTER last_known_addr { host: "127.21.63.65" port: 43173 } } peers { permanent_uuid: "3ccb622d86bc40e98dc8a45f20decd11" member_type: VOTER last_known_addr { host: "127.21.63.66" port: 44389 } } peers { permanent_uuid: "9bd7a8d9cd6c44259b68ed36c9c6d0c6" member_type: VOTER last_known_addr { host: "127.21.63.67" port: 37185 } }
I20260710 11:04:07.670476 22458 tablet_service.cc:1917] Received RequestConsensusVote() RPC: tablet_id: "85663eda209648009092648d5d907a67" candidate_uuid: "eed8b588c8e34ffd964e1cf9670faa96" candidate_term: 1 candidate_status { last_received { term: 0 index: 0 } } ignore_live_leader: false dest_uuid: "3ccb622d86bc40e98dc8a45f20decd11" is_pre_election: true
I20260710 11:04:07.671550 22458 raft_consensus.cc:2468] T 85663eda209648009092648d5d907a67 P 3ccb622d86bc40e98dc8a45f20decd11 [term 0 FOLLOWER]: Leader pre-election vote request: Granting yes vote for candidate eed8b588c8e34ffd964e1cf9670faa96 in term 0.
I20260710 11:04:07.675246 22578 leader_election.cc:290] T 85663eda209648009092648d5d907a67 P 3ccb622d86bc40e98dc8a45f20decd11 [CANDIDATE]: Term 1 pre-election: Requested pre-vote from peers eed8b588c8e34ffd964e1cf9670faa96 (127.21.63.65:43173), 9bd7a8d9cd6c44259b68ed36c9c6d0c6 (127.21.63.67:37185)
I20260710 11:04:07.675760 22348 leader_election.cc:304] T 85663eda209648009092648d5d907a67 P eed8b588c8e34ffd964e1cf9670faa96 [CANDIDATE]: Term 1 pre-election: Election decided. Result: candidate won. Election summary: received 2 responses out of 3 voters: 2 yes votes; 0 no votes. yes voters: 3ccb622d86bc40e98dc8a45f20decd11, eed8b588c8e34ffd964e1cf9670faa96; no voters: 
I20260710 11:04:07.677134 22577 raft_consensus.cc:2804] T 85663eda209648009092648d5d907a67 P eed8b588c8e34ffd964e1cf9670faa96 [term 0 FOLLOWER]: Leader pre-election won for term 1
I20260710 11:04:07.677659 22577 raft_consensus.cc:493] T 85663eda209648009092648d5d907a67 P eed8b588c8e34ffd964e1cf9670faa96 [term 0 FOLLOWER]: Starting leader election (no leader contacted us within the election timeout)
I20260710 11:04:07.678141 22577 raft_consensus.cc:3060] T 85663eda209648009092648d5d907a67 P eed8b588c8e34ffd964e1cf9670faa96 [term 0 FOLLOWER]: Advancing to term 1
I20260710 11:04:07.697492 22571 tablet_bootstrap.cc:492] T ce0f62baf603429fb815e38f35cf3141 P 9bd7a8d9cd6c44259b68ed36c9c6d0c6: No bootstrap required, opened a new log
